INSERT INTO `furniture` (`id`, `public_name`, `item_name`, `type`, `width`, `length`, `stack_height`, `can_stack`, `can_sit`, `is_walkable`, `sprite_id`, `allow_recycle`, `allow_trade`, `allow_marketplace_sell`, `allow_gift`, `allow_inventory_stack`, `interaction_type`, `interaction_modes_count`, `vending_ids`) VALUES
(20247, 'runway_display name', 'runway_display', 's', 1, 1, 1, '0', '0', '0', 3457, '1', '1', '1', '1', '1', 'default', 1, '0'),
(20248, 'runway_bigchr_5 name', 'runway_bigchr_5', 's', 1, 1, 0.8, '1', '1', '0', 3463, '1', '1', '1', '1', '1', 'default', 1, '0'),
(20249, 'runway_bigchr_4 name', 'runway_bigchr_4', 's', 1, 1, 0.8, '1', '1', '0', 3435, '1', '1', '1', '1', '1', 'default', 1, '0'),
(20250, 'VIP Duvan', 'hc3_dc', 's', 1, 3, 1, '0', '0', '0', 3461, '1', '1', '1', '1', '1', 'bed', 1, '0'),
(20252, 'Glass Table', 'hc2_sofatbl', 's', 2, 2, 0.5, '1', '0', '0', 3434, '1', '1', '1', '1', '1', 'default', 1, '0'),
(20253, 'runway_stool name', 'runway_stool', 's', 1, 1, 1.2, '0', '1', '0', 3442, '1', '1', '1', '1', '1', 'default', 1, '0'),
(20254, 'runway_dvdr name', 'runway_dvdr', 's', 2, 1, 1, '0', '0', '0', 3456, '1', '1', '1', '1', '1', 'default', 1, '0'),
(20255, 'runway_block_2 name', 'runway_block_2', 's', 2, 2, 0.8, '1', '0', '1', 3443, '1', '1', '1', '1', '1', 'default', 10, '0'),
(20256, 'runway_bigchr_1 name', 'runway_bigchr_1', 's', 1, 1, 0.8, '0', '1', '0', 3462, '1', '1', '1', '1', '1', 'default', 1, '0'),
(20257, 'Black Lamp', 'hc2_biglamp', 's', 1, 1, 1, '0', '0', '0', 3446, '1', '1', '1', '1', '1', 'default', 2, '0'),
(20258, 'Leather Sofa', 'hc2_sofa', 's', 2, 1, 1, '0', '1', '0', 3452, '1', '1', '1', '1', '1', 'default', 1, '0'),
(20259, 'Trendy Rug', 'hc2_carpet', 's', 3, 5, 0, '1', '0', '1', 3440, '1', '1', '1', '1', '1', 'default', 1, '0'),
(20260, 'runway_block_1 name', 'runway_block_1', 's', 2, 2, 0.8, '1', '0', '1', 3433, '1', '1', '1', '1', '1', 'default', 10, '0'),
(20261, 'runway_bench name', 'runway_bench', 's', 2, 1, 1.4, '0', '1', '0', 3464, '1', '1', '1', '1', '1', 'default', 1, '0'),
(20262, 'runway_chair_2 name', 'runway_chair_2', 's', 1, 1, 1.4, '0', '1', '0', 3429, '1', '1', '1', '1', '1', 'default', 1, '0'),
(20263, 'ads_cheetos name', 'ads_cheetos', 's', 1, 1, 1, '0', '0', '0', 3453, '1', '1', '1', '1', '1', 'vendingmachine', 1, '51, 52'),
(20264, 'VIP Coffee Table', 'hc3_table', 's', 2, 2, 0.5, '1', '0', '0', 3466, '1', '1', '1', '1', '1', 'default', 1, '0'),
(20265, 'runway_bigchr_3 name', 'runway_bigchr_3', 's', 1, 1, 0.8, '1', '1', '0', 3454, '1', '1', '1', '1', '1', 'default', 1, '0'),
(20266, 'VIP Stool', 'hc3_stool', 's', 1, 1, 1.7, '0', '1', '0', 3448, '1', '1', '1', '1', '1', 'default', 1, '0'),
(20267, 'VIP Sofa', 'hc3_sofa', 's', 2, 1, 1, '0', '1', '0', 3441, '1', '1', '1', '1', '1', 'default', 1, '0'),
(20268, 'runway_bigchr_2 name', 'runway_bigchr_2', 's', 1, 1, 0.8, '1', '1', '0', 3427, '1', '1', '1', '1', '1', 'default', 1, '0'),
(20269, 'Leather Armchair', 'hc2_armchair', 's', 1, 1, 1, '1', '1', '0', 3436, '1', '1', '1', '1', '1', 'default', 1, '0'),
(20270, 'runway_table_2 name', 'runway_table_2', 's', 2, 1, 1, '0', '0', '0', 3444, '1', '1', '1', '1', '1', 'default', 1, '0'),
(20271, 'runway_table_1 name', 'runway_table_1', 's', 3, 2, 1, '1', '0', '0', 3460, '1', '1', '1', '1', '1', 'default', 3, '0'),
(20272, 'runway_manqn_1 name', 'runway_manqn_1', 's', 1, 1, 1, '0', '0', '0', 3437, '1', '1', '1', '1', '1', 'default', 5, '0'),
(20273, 'Leather Duvan', 'hc2_dvn', 's', 1, 3, 1, '0', '0', '0', 3459, '1', '1', '1', '1', '1', 'bed', 1, '0'),
(20274, 'VIP Light', 'hc3_light', 's', 2, 1, 0, '1', '0', '1', 3465, '1', '1', '1', '1', '1', 'default', 2, '0'),
(20275, 'VIP Shelves', 'hc3_shelf', 's', 3, 1, 1.75, '1', '0', '0', 3438, '1', '1', '1', '1', '1', 'default', 2, '0'),
(20276, 'runway_head name', 'runway_head', 's', 1, 1, 1, '1', '0', '0', 3432, '1', '1', '1', '1', '1', 'default', 7, '0'),
(20277, 'runway_manqn_2 name', 'runway_manqn_2', 's', 1, 1, 1, '0', '0', '0', 3467, '1', '1', '1', '1', '1', 'default', 5, '0'),
(20278, 'Black Divider', 'hc2_divider', 's', 1, 3, 1, '0', '0', '0', 3449, '1', '1', '1', '1', '1', 'default', 1, '0'),
(20279, 'Espresso Machine', 'hc2_coffee', 's', 1, 1, 1, '0', '0', '0', 3450, '1', '1', '1', '1', '1', 'vendingmachine', 0, '9,8,14,15,6,10,11,12,17,13'),
(20280, 'Service Trolley', 'hc2_cart', 's', 1, 1, 1, '0', '0', '0', 3430, '1', '1', '1', '1', '1', 'default', 1, '0'),
(20281, 'VIP Bar Desk', 'hc3_bard', 's', 2, 1, 1.05, '1', '0', '0', 3445, '1', '1', '1', '1', '1', 'default', 1, '0'),
(20282, 'VIP Lamp', 'hc3_hugelamp', 's', 1, 1, 0, '1', '0', '1', 3447, '1', '1', '1', '1', '1', 'default', 2, '0'),
(20283, 'VIP Divider', 'hc3_divider', 's', 1, 3, 1, '0', '0', '0', 3431, '1', '1', '1', '1', '1', 'default', 1, '0'),
(20284, 'Black Vase', 'hc2_vase', 's', 1, 1, 1, '0', '0', '0', 3428, '1', '1', '1', '1', '1', 'default', 1, '0'),
(20285, 'runway_chair_1 name', 'runway_chair_1', 's', 1, 1, 1.4, '0', '1', '0', 3451, '1', '1', '1', '1', '1', 'default', 1, '0'),
(20286, 'Green been vines', 'garden_wall', 'i', 0, 0, 1, '1', '0', '0', 4325, '1', '1', '1', '1', '1', 'default', 3, '0'),
(20287, 'ads_tv_yle name', 'ads_tv_yle', 'i', 0, 0, 1, '1', '0', '0', 4326, '1', '1', '1', '1', '1', 'default', 2, '0'),
(20288, 'VIP Wall Art', 'hc3_walldeco', 'i', 0, 0, 1, '1', '0', '0', 4329, '1', '1', '1', '1', '1', 'default', 10, '0'),
(20289, 'runway_shelf name', 'runway_shelf', 'i', 0, 0, 1, '1', '0', '0', 4327, '1', '1', '1', '1', '1', 'default', 4, '0'),
(20290, 'ads_nokia_x6 name', 'ads_nokia_x6', 'i', 0, 0, 1, '1', '0', '0', 4330, '1', '1', '1', '1', '1', 'default', 2, '0'),
(20291, 'ads_target_wall name', 'ads_target_wall', 'i', 0, 0, 1, '1', '0', '0', 4332, '1', '1', '1', '1', '1', 'default', 1, '0'),
(20292, 'runway_fabric name', 'runway_fabric', 'i', 0, 0, 1, '1', '0', '0', 4331, '1', '1', '1', '1', '1', 'default', 8, '0'),
(20293, 'ads_latrobe_flag name', 'ads_latrobe_flag', 'i', 0, 0, 1, '1', '0', '0', 4328, '1', '1', '1', '1', '1', 'default', 1, '0'),
(20295, 'Camera', 'camera', 's', 1, 1, 1, '0', '0', '0', 263, '1', '1', '1', '1', '1', 'default', 1, '0'),
(20296, 'Holly', 'holly', 'i', 0, 0, 0, '1', '0', '0', 4001, '1', '1', '1', '1', '1', 'default', 1, '0'),
(20297, 'Wedding Arch', 'wed_arch', 's', 3, 1, 0.001, '1', '0', '1', 3483, '1', '1', '1', '1', '1', 'default', 2, '0'),
(20298, 'Wedding Plant', 'wed_plant', 's', 1, 1, 1, '0', '0', '0', 3482, '1', '1', '1', '1', '1', 'default', 2, '0'),
(20299, 'Wetting Ice Sculpture', 'wed_icesculp', 's', 1, 1, 3, '0', '0', '0', 3488, '1', '1', '1', '1', '1', 'default', 2, '0'),
(20300, 'Wedding Car', 'wed_carsofa', 's', 2, 1, 1.25, '0', '1', '0', 3493, '1', '1', '1', '1', '1', 'default', 1, '0'),
(20301, 'Terrier', 'a0 pet3', 's', 1, 1, 1, '1', '0', '0', 4026, '0', '0', '0', '0', '0', 'pet', 0, '0'),
(20303, 'Bear', 'a0 pet4', 's', 1, 1, 1, '1', '0', '0', 4027, '0', '0', '0', '0', '0', 'pet', 0, '0'),
(20304, 'Cat', 'a0 pet1', 's', 1, 1, 1, '1', '0', '0', 453, '0', '0', '0', '0', '0', 'pet', 0, '0'),
(20305, 'Dog', 'a0 pet0', 's', 1, 1, 1, '1', '0', '0', 452, '0', '0', '0', '0', '0', 'pet', 0, '0'),
(20306, 'Crocodile', 'a0 pet2', 's', 1, 1, 1, '1', '0', '0', 1290, '0', '0', '0', '0', '0', 'pet', 0, '0'),
(20313, 'cmp_fish_bk name', 'cmp_fish_bk', 's', 1, 2, 1, '0', '0', '0', 3469, '1', '1', '1', '1', '1', 'default', 2, '0'),
(20314, 'cmp_fish_g name', 'cmp_fish_g', 's', 1, 2, 1, '0', '0', '0', 3475, '1', '1', '1', '1', '1', 'default', 2, '0'),
(20315, 'cmp_fish_gr name', 'cmp_fish_gr', 's', 1, 2, 1, '0', '0', '0', 3474, '1', '1', '1', '1', '1', 'default', 2, '0'),
(20316, 'cmp_fish_r name', 'cmp_fish_r', 's', 1, 2, 1, '0', '0', '0', 3477, '1', '1', '1', '1', '1', 'default', 2, '0'),
(20317, 'cmp_fish_s name', 'cmp_fish_s', 's', 1, 2, 1, '0', '0', '0', 3468, '1', '1', '1', '1', '1', 'default', 2, '0'),
(20323, 'fball_trophy name', 'fball_trophy', 's', 1, 1, 1, '0', '0', '0', 3505, '1', '1', '1', '1', '1', 'trophy', 1, '0'),
(20324, 'fball_audbench name', 'fball_audbench', 's', 4, 1, 1, '0', '1', '0', 3500, '1', '1', '1', '1', '1', 'default', 3, '0'),
(20325, 'fball_ball name', 'fball_ball', 's', 1, 1, 0, '0', '0', '1', 3508, '1', '1', '1', '1', '1', 'ball', 2, '0'),
(20326, 'fball_ball2 name', 'fball_ball2', 's', 1, 1, 0, '0', '0', '1', 3510, '1', '1', '1', '1', '1', 'ball', 2, '0'),
(20327, 'fball_ball3 name', 'fball_ball3', 's', 1, 1, 0, '0', '0', '1', 3497, '1', '1', '1', '1', '1', 'ball', 2, '0'),
(20328, 'fball_ball4 name', 'fball_ball4', 's', 1, 1, 0, '0', '0', '1', 3521, '1', '1', '1', '1', '1', 'ball', 2, '0'),
(20329, 'fball_ball5 name', 'fball_ball5', 's', 1, 1, 0, '0', '0', '1', 3518, '1', '1', '1', '1', '1', 'ball', 2, '0'),
(20330, 'fball_bench name', 'fball_bench', 's', 3, 1, 1, '0', '1', '0', 3494, '1', '1', '1', '1', '1', 'default', 1, '0'),
(20331, 'fball_cote name', 'fball_cote', 's', 3, 1, 0, '0', '0', '0', 3507, '1', '1', '1', '1', '1', 'default', 1, '0'),
(20332, 'fball_crnr name', 'fball_crnr', 's', 1, 1, 1, '0', '0', '0', 3503, '1', '1', '1', '1', '1', 'default', 1, '0'),
(20333, 'fball_fnc1 name', 'fball_fnc1', 's', 1, 1, 1, '0', '0', '0', 3501, '1', '1', '1', '1', '1', 'default', 1, '0'),
(20334, 'fball_fnc3 name', 'fball_fnc3', 's', 1, 3, 1, '0', '0', '0', 3495, '1', '1', '1', '1', '1', 'default', 1, '0'),
(20335, 'fball_goal_b name', 'fball_goal_b', 's', 3, 1, 0.001, '1', '0', '1', 3515, '1', '1', '1', '1', '1', 'fball_goal', 1, '0'),
(20336, 'fball_goal_g', 'fball_goal_g', 's', 3, 1, 0, '1', '0', '1', 3519, '1', '1', '1', '1', '1', 'fball_goal', 1, '0'),
(20337, 'fball_goal_r name', 'fball_goal_r', 's', 3, 1, 0, '1', '0', '1', 3514, '1', '1', '1', '1', '1', 'fball_goal', 1, '0'),
(20338, 'fball_goal_y name', 'fball_goal_y', 's', 3, 1, 0, '1', '0', '1', 3523, '1', '1', '1', '1', '1', 'fball_goal', 1, '0'),
(20339, 'fball_light name', 'fball_light', 's', 1, 1, 1, '0', '0', '0', 3499, '1', '1', '1', '1', '1', 'default', 2, '0'),
(20340, 'fball_gate name', 'fball_gate', 's', 1, 1, 0, '0', '0', '1', 3516, '1', '1', '1', '1', '1', '', 1, '0'),
(20341, 'fball_counter name', 'fball_counter', 's', 2, 1, 1, '0', '0', '0', 3525, '1', '1', '1', '1', '1', 'scoreboard', 2, '0'),
(20342, 'fball_ptch0', 'fball_ptch0', 's', 3, 3, 0, '1', '0', '0', 3520, '1', '1', '1', '1', '1', 'default', 1, '0'),
(20343, 'fball_ptch1', 'fball_ptch1', 's', 3, 3, 0, '1', '0', '0', 3524, '1', '1', '1', '1', '1', 'default', 1, '0'),
(20344, 'fball_ptch2 name', 'fball_ptch2', 's', 3, 3, 0, '1', '0', '0', 3511, '1', '1', '1', '1', '1', 'default', 1, '0'),
(20345, 'fball_ptch3 name', 'fball_ptch3', 's', 3, 3, 0, '1', '0', '0', 3513, '1', '1', '1', '1', '1', 'default', 1, '0'),
(20346, 'fball_ptch4 name', 'fball_ptch4', 's', 3, 3, 0, '1', '0', '0', 3504, '1', '1', '1', '1', '1', 'default', 1, '0'),
(20347, 'fball_ptch5 name', 'fball_ptch5', 's', 3, 3, 0, '1', '0', '0', 3498, '1', '1', '1', '1', '1', 'default', 1, '0'),
(20348, 'fball_ptch6 name', 'fball_ptch6', 's', 3, 3, 0, '1', '0', '0', 3517, '1', '1', '1', '1', '1', 'default', 1, '0'),
(20349, 'fball_ptch7 name', 'fball_ptch7', 's', 3, 3, 0, '1', '0', '0', 3509, '1', '1', '1', '1', '1', 'default', 1, '0'),
(20350, 'fball_ptch8 name', 'fball_ptch8', 's', 3, 3, 0, '1', '0', '0', 3502, '1', '1', '1', '1', '1', 'default', 1, '0'),
(20351, 'fball_score_b', 'fball_score_b', 's', 1, 1, 1, '0', '0', '0', 3496, '1', '1', '1', '1', '1', 'default', 1, '0'),
(20352, 'fball_score_g', 'fball_score_g', 's', 1, 1, 1, '0', '0', '0', 3512, '1', '1', '1', '1', '1', 'default', 1, '0'),
(20353, 'fball_score_r', 'fball_score_r', 's', 1, 1, 1, '0', '0', '0', 3522, '1', '1', '1', '1', '1', 'default', 1, '0'),
(20354, 'fball_score_y', 'fball_score_y', 's', 1, 1, 1, '0', '0', '0', 3506, '1', '1', '1', '1', '1', 'default', 1, '0'),
(20392, 'Cereal', 'ads_chocapic', 's', 2, 1, 1, '0', '0', '0', 3486, '1', '1', '1', '1', '1', 'default', 1, '0'),
(20393, 'TV Chocapic', 'ads_tv_chocapic_01', 'i', 0, 0, 0, '0', '0', '0', 4335, '1', '1', '1', '1', '1', 'default', 1, '0'),
(20394, 'Poster Super Pop', 'ads_super_pop', 'i', 0, 0, 0, '0', '0', '0', 4333, '1', '1', '1', '1', '1', 'default', 1, '0'),
(20395, 'Caja Fiesta', 'party_crate1_1', 's', 0, 1, 1, '0', '0', '0', 3487, '1', '1', '1', '1', '1', 'default', 1, '0'),
(20396, 'Caja Fiesta', 'party_crate1_2', 's', 0, 1, 1, '0', '0', '0', 3489, '1', '1', '1', '1', '1', 'default', 1, '0'),
(20397, 'Caja Fiesta', 'party_crate1_3', 's', 0, 1, 1, '0', '0', '0', 3481, '1', '1', '1', '1', '1', 'default', 1, '0'),
(20398, 'Caja Fiesta', 'party_crate1_4', 's', 0, 1, 1, '0', '0', '0', 3485, '1', '1', '1', '1', '1', 'default', 1, '0'),
(20399, 'Caja Fiesta', 'party_crate2_1', 's', 0, 1, 1, '0', '0', '0', 3480, '1', '1', '1', '1', '1', 'default', 1, '0'),
(20400, 'Caja Fiesta', 'party_crate2_2', 's', 0, 1, 1, '0', '0', '0', 3490, '1', '1', '1', '1', '1', 'default', 1, '0'),
(20401, 'Caja Fiesta', 'party_crate2_3', 's', 0, 1, 1, '0', '0', '0', 3491, '1', '1', '1', '1', '1', 'default', 1, '0'),
(20402, 'Caja Fiesta', 'party_crate2_4', 's', 0, 1, 1, '0', '0', '0', 3492, '1', '1', '1', '1', '1', 'default', 1, '0'),
(20403, 'Stereo Fiesta', 'party_djset', 's', 1, 3, 3, '0', '0', '0', 3484, '1', '1', '1', '1', '1', 'default', 1, '0'),
(20404, 'Efecto Lido', 'avatar_effect29', 'e', 1, 1, 1, '0', '0', '0', 29, '1', '1', '1', '1', '1', 'default', 1, '0'),
(20415, 'Vikingo', 'avatar_effect27', 'e', 1, 1, 1, '0', '0', '0', 27, '1', '1', '1', '1', '1', 'default', 1, '0'),
(20425, 'Silla CapriSun', 'ads_capri_chair', 's', 0, 1, 1, '0', '1', '0', 3535, '1', '1', '1', '1', '1', 'default', 1, '0'),
(20426, 'Tubo De Lava Capri', 'ads_capri_lava', 's', 0, 1, 1, '0', '0', '0', 3536, '1', '1', '1', '1', '1', 'default', 1, '0'),
(20427, 'Arbolito Sun', 'ads_capri_tree', 's', 2, 1, 1, '0', '0', '0', 3546, '1', '1', '1', '1', '1', 'default', 1, '0'),
(20428, 'Pac-Sun', 'ads_capri_arcade', 's', 2, 1, 1, '0', '0', '0', 3553, '1', '1', '1', '1', '1', 'default', 1, '0'),
(20450, 'Trofeo Pulgar', 'prizetrophy_thumb', 's', 1, 1, 1, '0', '0', '0', 3410, '1', '1', '1', '1', '0', 'trophy', 1, '0'),
(20600, 'Spiders', 'a0 pet8', 's', 1, 1, 1, '1', '0', '0', 3817, '0', '0', '0', '0', '0', 'pet', 0, '0'),
(20601, 'Frogs', 'a0 pet11', 's', 1, 1, 1, '1', '0', '0', 1532, '0', '0', '0', '0', '0', 'pet', 0, '0'),
(20602, 'Chicks', 'a0 pet10', 's', 1, 1, 1, '1', '0', '0', 1532, '0', '0', '0', '0', '0', 'pet', 0, '0'),
(20917, 'cmp_fish_s name', 'cmp_fish_s', 's', 1, 2, 1, '0', '0', '0', 3468, '1', '1', '1', '1', '1', 'default', 2, '0'),
(21001, 'Bast??n de mando', 'avatar_effect26', 'e', 1, 1, 1, '0', '0', '0', 26, '0', '0', '1', '0', '0', 'default', 1, '0'),
(21002, 'Llamaradas', 'avatar_effect25', 'e', 1, 1, 1, '0', '0', '0', 25, '0', '0', '1', '0', '0', 'default', 1, '0'),
(21003, 'Bajo Lluvia', 'avatar_effect24', 'e', 1, 1, 1, '0', '0', '0', 24, '0', '0', '1', '0', '0', 'default', 1, '0'),
(21004, 'Levitaci??n', 'avatar_effect23', 'e', 1, 1, 1, '0', '0', '0', 23, '0', '0', '1', '0', '0', 'default', 1, '0'),
(21213, 'cmp_fish_bk name', 'cmp_fish_bk', 's', 1, 2, 1, '0', '0', '0', 3469, '1', '1', '1', '1', '1', 'default', 2, '0'),
(21214, 'cmp_fish_g name', 'cmp_fish_g', 's', 1, 2, 1, '0', '0', '0', 3475, '1', '1', '1', '1', '1', 'default', 2, '0'),
(21215, 'cmp_fish_gr name', 'cmp_fish_gr', 's', 1, 2, 1, '0', '0', '0', 3474, '1', '1', '1', '1', '1', 'default', 2, '0'),
(21216, 'cmp_fish_r name', 'cmp_fish_r', 's', 1, 2, 1, '0', '0', '0', 3477, '1', '1', '1', '1', '1', 'default', 2, '0'),
(21217, 'cmp_fish_s name', 'cmp_fish_s', 's', 1, 2, 1, '0', '0', '0', 3468, '1', '1', '1', '1', '1', 'default', 2, '0'),
(21298, 'cmp_fish_b name', 'cmp_fish_b', 's', 1, 2, 1, '0', '0', '0', 3472, '1', '1', '1', '1', '1', 'default', 2, '0'),
(25354, 'bw_boat', 'bw_boat', 's', 2, 2, 1, '1', '1', '0', 3527, '1', '1', '1', '1', '1', 'default', 2, '0'),
(25355, 'bw_lgchair', 'bw_lgchair', 's', 1, 1, 3, '0', '1', '0', 3529, '1', '1', '1', '1', '1', 'default', 1, '0'),
(25357, 'bw_sofa', 'bw_sofa', 's', 2, 1, 1, '1', '1', '0', 3533, '1', '1', '1', '1', '1', 'default', 4, '0'),
(25359, 'bw_fin', 'bw_fin', 's', 1, 1, 1, '1', '0', '0', 3538, '1', '1', '1', '1', '1', 'default', 2, '0'),
(25360, 'bw_ccnuts', 'bw_ccnuts', 's', 1, 1, 1, '0', '0', '0', 3539, '1', '1', '1', '1', '1', 'default', 1, '0'),
(25361, 'bw_shower', 'bw_shower', 's', 1, 1, 2, '1', '0', '0', 3540, '1', '1', '1', '1', '1', 'default', 2, '0'),
(25362, 'bw_water_2', 'bw_water_2', 's', 2, 2, 0.1, '1', '0', '1', 3541, '1', '1', '1', '1', '1', '', 1, '0'),
(25363, 'bw_croc', 'bw_croc', 's', 1, 3, 1, '1', '1', '0', 3542, '1', '1', '1', '1', '1', 'default', 2, '0'),
(25364, 'bw_sboard', 'bw_sboard', 's', 2, 1, 0, '0', '0', '0', 3543, '1', '1', '1', '1', '1', 'default', 1, '0'),
(25365, 'bw_chair', 'bw_chair', 's', 1, 1, 0.8, '1', '1', '0', 3544, '1', '1', '1', '1', '1', 'default', 4, '0'),
(25366, 'bw_table', 'bw_table', 's', 2, 2, 1, '1', '0', '0', 3545, '1', '1', '1', '1', '1', 'default', 2, '0'),
(25367, 'bw_ball', 'bw_ball', 's', 1, 1, 1, '0', '0', '1', 3547, '1', '1', '1', '1', '1', 'ball', 2, '0'),
(25368, 'bw_mttrss', 'bw_mttrss', 's', 1, 3, 0.8, '1', '1', '0', 3548, '1', '1', '1', '1', '1', 'default', 2, '0'),
(25369, 'bw_van', 'bw_van', 's', 2, 2, 1, '0', '1', '0', 3549, '1', '1', '1', '1', '1', 'default', 1, '0'),
(25371, 'bw_fnc_crnr', 'bw_fnc crnr', 's', 1, 2, 1, '1', '0', '0', 3551, '1', '1', '1', '1', '1', 'default', 2, '0'),
(25372, 'bw_fnc', 'bw_fnc', 's', 2, 1, 1, '1', '0', '0', 3552, '1', '1', '1', '1', '1', 'default', 2, '0'),
(29281, 'wf_act_move_rotate', 'wf_act_move_rotate', 's', 1, 1, 0.5, '1', '0', '0', 3663, '1', '1', '1', '1', '1', 'wired', 1, '0'),
(29282, 'wf_wire2', 'wf_wire2', 's', 1, 1, 0, '0', '0', '0', 3664, '1', '1', '1', '1', '1', 'wired', 1, '0'),
(29283, 'wf_cnd_time_more_than', 'wf_cnd_time_more_than', 's', 1, 1, 0.5, '1', '0', '0', 3665, '1', '1', '1', '1', '1', 'wired', 1, '0'),
(29284, 'wf_colortile', 'wf_colortile', 's', 1, 1, 0.1, '0', '0', '1', 3666, '1', '1', '1', '1', '1', 'wired', 1, '0'),
(29285, 'wf_floor_switch2', 'wf_floor_switch2', 's', 1, 1, 1, '0', '0', '0', 3667, '1', '1', '1', '1', '1', 'wired', 4, '0'),
(29286, 'wf_trg_state_changed', 'wf_trg_state_changed', 's', 1, 1, 0.5, '1', '0', '0', 3668, '1', '1', '1', '1', '1', 'wired', 1, '0'),
(29287, 'wf_xtra_random', 'wf_xtra_random', 's', 1, 1, 0.5, '1', '0', '0', 3669, '1', '1', '1', '1', '1', 'wired', 1, '0'),
(29288, 'wf_xtra_unseen', 'wf_xtra_unseen', 's', 1, 1, 0.5, '1', '0', '0', 3670, '1', '1', '1', '1', '1', 'wired', 1, '0'),
(29289, 'wf_trg_periodically', 'wf_trg_periodically', 's', 1, 1, 0.5, '1', '0', '0', 3671, '1', '1', '1', '1', '1', 'wired', 1, '0'),
(29290, 'wf_pyramid', 'wf_pyramid', 's', 1, 1, 0.1, '0', '0', '0', 3672, '1', '1', '1', '1', '1', 'gate', 1, '0'),
(29291, 'wf_trg_score_achieved', 'wf_trg_score_achieved', 's', 1, 1, 0.5, '1', '0', '0', 3673, '1', '1', '1', '1', '1', 'wired', 1, '0'),
(29292, 'wf_act_teleport_to', 'wf_act_teleport_to', 's', 1, 1, 0.5, '1', '0', '0', 3674, '1', '1', '1', '1', '1', 'wired', 1, '0'),
(29293, 'wf_trg_says_something', 'wf_trg_says_something', 's', 1, 1, 0.5, '1', '0', '0', 3675, '1', '1', '1', '1', '1', 'wired', 1, '0'),
(29294, 'wf_colorwheel', 'wf_colorwheel', 's', 1, 1, 1, '0', '0', '0', 3676, '1', '1', '1', '1', '1', 'dice', 1, '0'),
(29295, 'wf_wire4', 'wf_wire4', 's', 1, 1, 0, '0', '0', '0', 3677, '1', '1', '1', '1', '1', 'wired', 1, '0'),
(29296, 'wf_trg_walks_off_furni', 'wf_trg_walks_off_furni', 's', 1, 1, 0.5, '1', '0', '0', 3678, '1', '1', '1', '1', '1', 'wired', 1, '0'),
(29297, 'wf_trg_at_given_time', 'wf_trg_at_given_time', 's', 1, 1, 0.5, '1', '0', '0', 3679, '1', '1', '1', '1', '1', 'wired', 1, '0'),
(29298, 'wf_trg_game_ends', 'wf_trg_game_ends', 's', 1, 1, 0.5, '1', '0', '0', 3680, '1', '1', '1', '1', '1', 'wired', 1, '0'),
(29299, 'wf_act_show_message', 'wf_act_show_message', 's', 1, 1, 0.5, '1', '0', '0', 3681, '1', '1', '1', '1', '1', 'wired', 1, '0'),
(29300, 'wf_cnd_time_less_than', 'wf_cnd_time_less_than', 's', 1, 1, 0.5, '1', '0', '0', 3682, '1', '1', '1', '1', '1', 'wired', 1, '0'),
(29301, 'wf_trg_enter_room', 'wf_trg_enter_room', 's', 1, 1, 0.5, '1', '0', '0', 3683, '1', '1', '1', '1', '1', 'wired', 1, '0'),
(29303, 'wf_act_toggle_state', 'wf_act_toggle_state', 's', 1, 1, 0.5, '1', '0', '0', 3685, '1', '1', '1', '1', '1', 'wired', 1, '0'),
(29304, 'wf_firegate', 'wf_firegate', 's', 1, 1, 0.1, '0', '0', '0', 3686, '1', '1', '1', '1', '1', 'gate', 1, '0'),
(29305, 'wf_ringplate', 'wf_ringplate', 's', 1, 1, 0.1, '0', '0', '1', 3687, '1', '1', '1', '1', '1', 'wired', 1, '0'),
(29306, 'wf_pressureplate', 'wf_pressureplate', 's', 1, 1, 0.1, '0', '0', '1', 3688, '1', '1', '1', '1', '1', 'wired', 1, '0'),
(29307, 'wf_glowball', 'wf_glowball', 's', 1, 1, 1, '0', '0', '0', 3689, '1', '1', '1', '1', '1', 'wired', 2, '0'),
(29309, 'wf_act_reset_timers', 'wf_act_reset_timers', 's', 1, 1, 0.5, '1', '0', '0', 3691, '1', '1', '1', '1', '1', 'wired', 1, '0'),
(29310, 'wf_cnd_furnis_hv_avtrs', 'wf_cnd_furnis_hv_avtrs', 's', 1, 1, 0.5, '1', '0', '0', 3692, '1', '1', '1', '1', '1', 'wired', 1, '0'),
(29311, 'wf_arrowplate', 'wf_arrowplate', 's', 1, 1, 0.1, '0', '0', '1', 3693, '1', '1', '1', '1', '1', 'wired', 1, '0'),
(29312, 'wf_cnd_trggrer_on_frn', 'wf_cnd_trggrer_on_frn', 's', 1, 1, 0.5, '1', '0', '0', 3694, '1', '1', '1', '1', '1', 'wired', 1, '0'),
(29313, 'wf_cnd_match_snapshot', 'wf_cnd_match_snapshot', 's', 1, 1, 0.5, '1', '0', '0', 3695, '1', '1', '1', '1', '1', 'wired', 1, '0'),
(29314, 'wf_wire1', 'wf_wire1', 's', 1, 1, 0, '0', '0', '0', 3696, '1', '1', '1', '1', '1', 'wired', 1, '0'),
(29315, 'wf_act_give_score', 'wf_act_give_score', 's', 1, 1, 0.5, '1', '0', '0', 3697, '1', '1', '1', '1', '1', 'wired', 1, '0'),
(29316, 'wf_wire3', 'wf_wire3', 's', 1, 1, 0, '0', '0', '0', 3698, '1', '1', '1', '1', '1', 'wired', 1, '0'),
(29317, 'wf_glassdoor', 'wf_glassdoor', 's', 1, 1, 0.1, '0', '0', '0', 3699, '1', '1', '1', '1', '1', 'gate', 2, '0'),
(29318, 'wf_act_match_to_sshot', 'wf_act_match_to_sshot', 's', 1, 1, 0.5, '1', '0', '0', 3700, '1', '1', '1', '1', '1', 'wired', 1, '0'),
(29319, 'wf_floor_switch1', 'wf_floor_switch1', 's', 1, 1, 1, '0', '0', '0', 3701, '1', '1', '1', '1', '1', 'wired', 2, '0'),
(29320, 'wf_trg_game_starts', 'wf_trg_game_starts', 's', 1, 1, 0.5, '1', '0', '0', 3702, '1', '1', '1', '1', '1', 'wired', 1, '0'),
(29321, 'wf_trg_walks_on_furni', 'wf_trg_walks_on_furni', 's', 1, 1, 0.5, '1', '0', '0', 3703, '1', '1', '1', '1', '1', 'wired', 1, '0'),
(30150, 'ads_sunnyvend', 'ads_sunnyvend', 's', 1, 1, 2, '1', '0', '0', 3815, '1', '1', '1', '1', '1', 'vendingmachine', 2, '61'),
(30151, 'ads_leaf_teleport', 'ads_leaf_teleport', 's', 1, 1, 0.001, '0', '0', '0', 3814, '1', '1', '1', '1', '1', 'teleport', 1, '0'),
(30250, 'limo_w_back', 'limo_w_back', 's', 2, 1, 1, '0', '1', '0', 3822, '1', '1', '1', '1', '1', 'default', 2, '0'),
(30251, 'limo_w_front', 'limo_w_front', 's', 2, 1, 1, '0', '0', '0', 3823, '1', '1', '1', '1', '1', 'default', 2, '0'),
(30252, 'limo_w_mid', 'limo_w_mid', 's', 1, 2, 1, '0', '1', '0', 3819, '1', '1', '1', '1', '1', 'default', 2, '0'),
(30253, 'limo_w_mid2', 'limo_w_mid2', 's', 2, 1, 0.4, '0', '', '0', 3820, '1', '1', '1', '1', '1', 'default', 2, '0'),
(39911, 'prison_dvdr2', 'prison_dvdr2', 's', 2, 1, 3.5, '1', '0', '0', 3532, '1', '1', '1', '1', '1', 'default', 4, '0'),
(39912, 'prison_gate', 'prison_gate', 's', 1, 1, 0.1, '0', '0', '0', 3526, '1', '1', '1', '1', '1', 'gate', 1, '0'),
(39913, 'prison_dvdr1', 'prison_dvdr1', 's', 1, 1, 3.5, '1', '0', '0', 3534, '1', '1', '1', '1', '1', 'default', 1, '0'),
(39914, 'prison_stone', 'prison_stone', 's', 1, 1, 1, '0', '0', '0', 3537, '1', '1', '1', '1', '1', 'default', 1, '0'),
(39915, 'prison_tower', 'prison_tower', 's', 1, 1, 3, '1', '0', '1', 3531, '1', '1', '1', '1', '1', 'default', 2, '0'),
(39916, 'prison_crnr', 'prison_crnr', 's', 1, 1, 3.5, '1', '0', '0', 3528, '1', '1', '1', '1', '1', 'default', 1, '0'),
(39917, 'hc3_stereo', 'hc3_stereo', 's', 3, 1, 1, '1', '0', '0', 3470, '1', '1', '1', '1', '1', 'default', 1, '0'),
(39918, 'Jarr?n VIP', 'hc3_vase', 's', 0, 1, 1, '0', '0', '0', 3185, '1', '1', '1', '1', '1', 'default', 1, '0'),
(40000, 'limo_b_front', 'limo_b_front', 's', 2, 1, 1, '0', '0', '0', 3837, '1', '1', '1', '1', '1', 'default', 2, '0'),
(40001, 'limo_b_mid', 'limo_b_mid', 's', 2, 1, 1, '0', '1', '0', 3838, '1', '1', '1', '1', '1', 'default', 2, '0'),
(40002, 'limo_b_mid2', 'limo_b_mid2', 's', 2, 1, 0.4, '0', '0', '1', 3836, '1', '1', '1', '1', '1', 'default', 2, '0'),
(40003, 'limo_b_mid3', 'limo_b_mid3', 's', 2, 1, 1, '0', '0', '0', 3835, '1', '1', '1', '1', '1', 'vendingmachine', 1, '24'),
(40004, 'limo_b_back', 'limo_b_back', 's', 2, 1, 1, '0', '1', '0', 3840, '1', '1', '1', '1', '1', 'default', 2, '0'),
(40005, 'cine_star', 'cine_star', 's', 1, 1, 1, '1', '0', '0', 3839, '1', '1', '1', '1', '1', 'default', 1, '0'),
(40006, 'prizetrophy_cine', 'prizetrophy_cine', 's', 1, 1, 1, '1', '0', '0', 3833, '1', '1', '1', '1', '1', 'trophy', 1, '0'),
(40007, 'cine_vipsing', 'cine_vipsing', 's', 3, 1, 1, '1', '0', '0', 3834, '1', '1', '1', '1', '1', 'default', 2, '0'),
(40008, 'cine_screen', 'cine_screen', 's', 1, 8, 1, '0', '0', '0', 3842, '1', '1', '1', '1', '1', 'default', 7, '0'),
(40009, 'cine_curtain', 'cine_curtain', 's', 1, 8, 0.01, '0', '0', '1', 3841, '1', '1', '1', '1', '1', 'default', 2, '0'),
(40010, 'theatre_seat_g', 'theatre_seat_g', 's', 1, 1, 1, '0', '1', '0', 3843, '1', '1', '1', '1', '1', 'default', 5, '0'),
(40011, 'theatre_seat_b', 'theatre_seat_b', 's', 1, 1, 1, '0', '1', '0', 3846, '1', '1', '1', '1', '1', 'default', 5, '0'),
(40012, 'wf_box', 'wf_box', 's', 1, 1, 1, '1', '0', '0', 3853, '1', '1', '1', '1', '1', 'default', 2, '0'),
(40013, 'cine_tile', 'cine_tile', 's', 1, 1, 0.01, '0', '0', '1', 3844, '1', '1', '1', '1', '1', 'default', 2, '0'),
(40014, 'cine_projector', 'cine_projector', 's', 1, 1, 1, '0', '0', '0', 3852, '1', '1', '1', '1', '1', 'default', 2, '0'),
(40015, 'cine_ticket_booth', 'cine_ticket_booth', 's', 0, 1, 0.01, '0', '0', '1', 3851, '1', '1', '1', '1', '1', 'default', 1, '0'),
(40016, 'cine_bench', 'cine_bench', 's', 3, 1, 1, '0', '1', '0', 3849, '1', '1', '1', '1', '1', 'default', 1, '0'),
(40017, 'cine_bench_g', 'cine_bench_g', 's', 3, 1, 1, '0', '1', '0', 3850, '1', '1', '1', '1', '1', 'default', 1, '0'),
(40018, 'cine_bench_b', 'cine_bench_b', 's', 3, 1, 1, '0', '1', '0', 3845, '1', '1', '1', '1', '1', 'default', 1, '0'),
(40019, 'cine_popcorn', 'cine_popcorn', 's', 1, 1, 2, '0', '0', '0', 3848, '1', '1', '1', '1', '1', 'vendingmachine', 1, '73'),
(40020, 'cine_roof', 'cine_roof', 's', 3, 3, 0.01, '0', '0', '1', 3847, '1', '1', '1', '1', '1', 'default', 5, '0'),
(40021, 'cine_light1', 'cine_light1', 'i', 1, 1, 1, '0', '0', '0', 4382, '1', '1', '1', '1', '1', 'default', 2, '0'),
(40022, 'cine_light2', 'cine_light2', 'i', 1, 1, 1, '0', '0', '0', 4383, '1', '1', '1', '1', '1', 'default', 2, '0'),
(59918, 'Vase vip', 'hc3_vase', 's', 1, 1, 1, '1', '0', '0', 3479, '1', '1', '1', '1', '1', 'default', 1, '0'),
(59919, 'Mandibula', 'bw_jaws', 'i', 0, 0, 0, '0', '0', '0', 3602, '1', '1', '1', '1', '1', 'default', 1, '0'),
(59939, 'Mandibula', 'bw_jaws', 'i', 0, 0, 0, '0', '0', '0', 3602, '1', '1', '1', '1', '1', 'default', 1, '0'),
(64245, 'fireworks_05', 'fireworks_05', 's', 1, 1, 1, '0', '0', '0', 7543, '1', '1', '1', '1', '1', 'default', 3, '0'),
(67546, 'fireworks_06', 'fireworks_06', 's', 1, 1, 1, '0', '0', '0', 7868, '1', '1', '1', '1', '1', 'default', 3, '0'),
(77701, 'bling11_block', 'bling11_block', 's', 1, 1, 2, '1', '0', '0', 3801, '1', '1', '1', '1', '1', 'default', 1, '0'),
(77702, 'bling11_dvd', 'bling11_dvd', 's', 1, 2, 1.6, '1', '0', '0', 3793, '1', '1', '1', '1', '1', 'default', 1, '0'),
(77703, 'bling11_dvn', 'bling11_dnv', 's', 1, 3, 1.2, '0', '0', '0', 3798, '1', '1', '1', '1', '1', 'bed', 1, '0'),
(77704, 'bling11_floor', 'bling11_floor', 's', 1, 1, 0.1, '1', '0', '0', 3794, '1', '1', '1', '1', '1', 'default', 9, '0'),
(77705, 'bling11_pillar', 'bling11_pillar', 's', 1, 1, 3.3, '1', '0', '0', 3802, '1', '1', '1', '1', '1', 'default', 2, '0'),
(77706, 'bling11_plant', 'bling11_plant', 's', 1, 1, 1, '0', '0', '0', 3795, '1', '1', '1', '1', '1', 'default', 2, '0'),
(77707, 'bling11_rug1', 'bling11_rug1', 's', 2, 2, 0.1, '1', '0', '1', 3788, '1', '1', '1', '1', '1', 'default', 2, '0'),
(77708, 'bling11_rug2', 'bling11_rug2', 's', 3, 3, 0.2, '1', '0', '1', 3797, '1', '1', '1', '1', '1', 'default', 1, '0'),
(77709, 'bling11_seat1', 'bling11_seat1', 's', 1, 1, 1, '0', '1', '0', 3800, '1', '1', '1', '1', '1', 'default', 1, '0'),
(77710, 'bling11_seat2', 'bling11_seat2', 's', 1, 1, 1.2, '0', '1', '0', 3799, '1', '1', '1', '1', '1', 'default', 5, '0'),
(77711, 'bling11_slot', 'bling11_slot', 's', 1, 1, 1, '0', '0', '0', 3786, '1', '1', '1', '1', '1', 'default', 2, '0'),
(77712, 'bling11_sofa', 'bling11_sofa', 's', 3, 1, 0.4, '0', '1', '0', 3790, '1', '1', '1', '1', '1', 'default', 1, '0'),
(77713, 'bling11_statue1', 'bling11_statue1', 's', 1, 1, 1, '0', '0', '0', 3791, '1', '1', '1', '1', '1', 'default', 1, '0'),
(77714, 'bling11_statue2', 'bling11_statue2', 's', 2, 2, 1, '0', '0', '0', 3785, '1', '1', '1', '1', '1', 'default', 2, '0'),
(77715, 'bling11_tele', 'bling11_tele', 's', 1, 1, 0.1, '0', '0', '0', 3789, '1', '1', '1', '1', '1', 'teleport', 1, '0'),
(77716, 'bling11_towels', 'bling11_towels', 's', 1, 1, 1, '0', '0', '0', 3787, '1', '1', '1', '1', '1', 'default', 2, '0'),
(77717, 'val11_floor', 'val11_floor', 's', 2, 2, 0.001, '1', '0', '1', 3792, '1', '1', '1', '1', '1', 'default', 1, '0'),
(77801, 'china_rabbit', 'china_rabbit', 's', 1, 1, 1, '0', '0', '0', 3796, '1', '1', '1', '1', '1', 'default', 1, '0'),
(81000, 'waasa_rug1', 'waasa_rug1', 's', 1, 1, 1, '1', '0', '0', 3899, '1', '1', '1', '1', '1', 'default', 5, '0'),
(81001, 'waasa_rug3', 'waasa_rug3', 's', 1, 1, 1, '1', '0', '0', 3900, '1', '1', '1', '1', '1', 'default', 5, '0'),
(81002, 'waasa_rug2', 'waasa_rug2', 's', 1, 1, 1, '1', '0', '0', 3901, '1', '1', '1', '1', '1', 'default', 1, '0'),
(81003, 'waasa_rug4', 'waasa_rug4', 's', 1, 1, 1, '1', '0', '0', 3902, '1', '1', '1', '1', '1', 'default', 1, '0'),
(81004, 'waasa_rug5', 'waasa_rug5', 's', 1, 1, 1, '1', '0', '0', 3903, '1', '1', '1', '1', '1', 'default', 1, '0'),
(81005, 'waasa_aquarium', 'waasa_aquarium', 's', 2, 2, 1, '1', '0', '0', 3904, '1', '1', '1', '1', '1', 'default', 1, '0'),
(83545, 'Rhino', 'a0 pet7', 's', 1, 1, 1, '1', '0', '0', 5354, '0', '0', '0', '0', '0', 'pet', 0, '0'),
(84586, 'Lion', 'a0 pet6', 's', 1, 1, 1, '1', '0', '0', 7457, '1', '1', '1', '1', '1', 'pet', 0, '0'),
(89907, 'Ventana GÃ³tica', 'gothic_st_glass', 'i', 0, 0, 1, '0', '0', '0', 4380, '1', '1', '1', '1', '1', 'default', 2, '0'),
(89908, 'Velas GÃ³ticas', 'gothic_candles', 's', 1, 1, 1, '0', '0', '0', 3825, '1', '1', '1', '1', '1', 'default', 2, '0'),
(89909, 'Cama GÃ³tica', 'gothic_bed', 's', 2, 3, 1.2, '0', '1', '0', 3824, '1', '1', '1', '1', '1', 'bed', 2, '0'),
(89910, 'Fuente GÃ³tica', 'gothic_bowl', 's', 1, 1, 1, '0', '0', '0', 3828, '1', '1', '1', '1', '1', 'default', 2, '0'),
(89911, 'Escritorio GÃ³tico', 'gothic_desk', 's', 1, 2, 1, '0', '0', '0', 3826, '1', '1', '1', '1', '1', 'default', 5, '0'),
(89912, 'Trofeo Grefusa', 'ads_grefu_trophy', 's', 1, 1, 1, '0', '0', '0', 3827, '1', '1', '1', '1', '1', 'trophy', 1, '0'),
(89945, 'cubie_rug_b', 'cubie_rug_b', 's', 2, 3, 0.1, '1', '0', '1', 9369, '1', '1', '1', '1', '1', 'default', 3, '0'),
(89946, 'cubie_lamp_p', 'cubie_lamp_p', 's', 1, 1, 1, '1', '0', '0', 9370, '1', '1', '1', '1', '1', 'default', 4, '0'),
(89947, 'cubie_shelf_3_p', 'cubie_shelf_3_p', 's', 2, 1, 1, '1', '0', '0', 9371, '1', '1', '1', '1', '1', 'default', 9, '0'),
(89948, 'cubie_shelf_4_b', 'cubie_shelf_4_b', 's', 3, 1, 1, '1', '0', '0', 9372, '1', '1', '1', '1', '1', 'default', 6, '0'),
(89949, 'cubie_shelf_1_b', 'cubie_shelf_1_b', 's', 1, 1, 1, '1', '0', '0', 9373, '1', '1', '1', '1', '1', 'default', 14, '0'),
(89950, 'cubie_shelf_1_p', 'cubie_shelf_1_p', 's', 1, 1, 1, '1', '0', '0', 9374, '1', '1', '1', '1', '1', 'default', 14, '0'),
(89951, 'cubie_chair_p', 'cubie_chair_p', 's', 1, 1, 1.2, '1', '1', '0', 9375, '1', '1', '1', '1', '1', 'default', 1, '0'),
(89952, 'cubie_shelf_4_p', 'cubie_shelf_4_p', 's', 3, 1, 1, '1', '0', '0', 9376, '1', '1', '1', '1', '1', 'default', 6, '0'),
(89953, 'cubie_bigtable_p', 'cubie_bigtable_p', 's', 2, 2, 0.5, '1', '0', '1', 9377, '1', '1', '1', '1', '1', 'default', 2, '0'),
(89954, 'cubie_shelf_0_p', 'cubie_shelf_0_p', 's', 1, 1, 0.5, '1', '0', '0', 9378, '1', '1', '1', '1', '1', 'default', 3, '0'),
(89955, 'cubie_beanbag_b', 'cubie_beanbag_b', 's', 1, 1, 1, '1', '1', '0', 9379, '1', '1', '1', '1', '1', 'default', 1, '0'),
(89956, 'cubie_chair_b', 'cubie_chair_b', 's', 1, 1, 1.2, '1', '1', '0', 9380, '1', '1', '1', '1', '1', 'default', 1, '0'),
(89957, 'cubie_bed_b', 'cubie_bed_b', 's', 1, 3, 1.8, '1', '0', '0', 9381, '1', '1', '1', '1', '1', 'bed', 1, '0'),
(89958, 'cubie_bigtable_b', 'cubie_bigtable_b', 's', 2, 2, 0.5, '1', '0', '1', 9382, '1', '1', '1', '1', '1', 'default', 2, '0'),
(89959, 'cubie_stool_b', 'cubie_stool_b', 's', 1, 1, 1.2, '1', '1', '0', 9383, '1', '1', '1', '1', '1', 'default', 3, '0'),
(89960, 'cubie_beanbag_p', 'cubie_beanbag_p', 's', 1, 1, 1, '1', '1', '0', 9384, '1', '1', '1', '1', '1', 'default', 1, '0'),
(89961, 'cubie_shelf_0_b', 'cubie_shelf_0_b', 's', 1, 1, 0.5, '1', '0', '0', 9385, '1', '1', '1', '1', '1', 'default', 3, '0'),
(89962, 'cubie_shelf_2_p', 'cubie_shelf_2_p', 's', 2, 1, 1, '1', '0', '0', 9386, '1', '1', '1', '1', '1', 'default', 17, '0'),
(89963, 'cubie_rug_p', 'cubie_rug_p', 's', 2, 3, 0.1, '1', '0', '1', 9387, '1', '1', '1', '1', '1', 'default', 3, '0'),
(89964, 'cubie_sofaseat_b', 'cubie_sofaseat_b', 's', 1, 1, 1, '1', '1', '0', 9388, '1', '1', '1', '1', '1', 'default', 1, '0'),
(89965, 'cubie_table', 'cubie_table', 's', 1, 2, 1, '1', '0', '0', 9389, '1', '1', '1', '1', '1', 'default', 1, '0'),
(89966, 'cubie_sofaseat_p', 'cubie_sofaseat_p', 's', 1, 1, 1, '1', '1', '0', 9390, '1', '1', '1', '1', '1', 'default', 1, '0'),
(89967, 'cubie_bed_p', 'cubie_bed_p', 's', 1, 3, 1.8, '1', '0', '0', 9391, '1', '1', '1', '1', '1', 'bed', 1, '0'),
(89968, 'cubie_shelf_3_b', 'cubie_shelf_3_b', 's', 2, 1, 1, '1', '0', '0', 9392, '1', '1', '1', '1', '1', 'default', 9, '0'),
(89969, 'cubie_shelf_2_b', 'cubie_shelf_2_b', 's', 2, 1, 1, '1', '0', '0', 9393, '1', '1', '1', '1', '1', 'default', 14, '0'),
(89970, 'cubie_lamp_b', 'cubie_lamp_b', 's', 1, 1, 1, '1', '0', '0', 9394, '1', '1', '1', '1', '1', 'default', 4, '0'),
(89971, 'cubie_stool_p', 'cubie_stool_p', 's', 1, 1, 1.2, '1', '1', '0', 9395, '1', '1', '1', '1', '1', 'default', 3, '0'),
(89972, 'cubie_wallshelf_b', 'cubie_wallshelf_b', 'i', 1, 1, 1, '1', '0', '0', 43831, '1', '1', '1', '1', '1', 'default', 7, '0'),
(89973, 'cubie_decklight_p', 'cubie_decklight_p', 'i', 1, 1, 1, '1', '0', '0', 4384, '1', '1', '1', '1', '1', 'default', 2, '0'),
(89974, 'cubie_wallshelf_p', 'cubie_wallshelf_p', 'i', 1, 1, 1, '1', '0', '0', 4385, '1', '1', '1', '1', '1', 'default', 7, '0'),
(89975, 'cubie_decal_0', 'cubie_decal_0', 'i', 1, 1, 1, '1', '0', '0', 4386, '1', '1', '1', '1', '1', 'default', 1, '0'),
(89976, 'cubie_decal_3', 'cubie_decal_3', 'i', 1, 1, 1, '1', '0', '0', 4387, '1', '1', '1', '1', '1', 'default', 3, '0'),
(89977, 'cubie_decal_1_p', 'cubie_decal_1_p', 'i', 1, 1, 1, '1', '0', '0', 4388, '1', '1', '1', '1', '1', 'default', 2, '0'),
(89978, 'cubie_decklight_b', 'cubie_decklight_b', 'i', 1, 1, 1, '1', '0', '0', 4389, '1', '1', '1', '1', '1', 'default', 2, '0'),
(89979, 'cubie_decal_1_b', 'cubie_decal_1_b', 'i', 1, 1, 1, '1', '0', '0', 4390, '1', '1', '1', '1', '1', 'default', 2, '0'),
(89980, 'cubie_decal_2_b', 'cubie_decal_2_b', 'i', 1, 1, 1, '1', '0', '0', 4391, '1', '1', '1', '1', '1', 'default', 2, '0'),
(89981, 'cubie_decal_3_p', 'cubie_decal_3_p', 'i', 1, 1, 1, '1', '0', '0', 4392, '1', '1', '1', '1', '1', 'default', 3, '0'),
(89982, 'cubie_decal_2_p', 'cubie_decal_2_p', 'i', 1, 1, 1, '1', '0', '0', 4393, '1', '1', '1', '1', '1', 'default', 2, '0'),
(89983, 'cubie_decal_3_b', 'cubie_decal_3_b', 'i', 1, 1, 1, '1', '0', '0', 4394, '1', '1', '1', '1', '1', 'default', 3, '0'),
(89984, 'newbie_present', 'newbie_present', 's', 1, 1, 1, '1', '0', '0', 3885, '1', '1', '1', '1', '1', 'default', 5, '0'),
(89985, 'tv_flat', 'tv_flat', 's', 2, 1, 1, '0', '0', '0', 3886, '1', '1', '1', '1', '1', 'default', 2, '0'),
(89986, 'waasa_table2', 'waasa_table2', 's', 2, 1, 1, '1', '0', '0', 3887, '1', '1', '1', '1', '1', 'default', 1, '0'),
(89987, 'computer_flatscreen', 'computer_flatscreen', 's', 1, 1, 1, '0', '0', '0', 3888, '1', '1', '1', '1', '1', 'default', 3, '0'),
(89988, 'waasa_chair', 'waasa_chair', 's', 1, 1, 1.2, '0', '1', '0', 3889, '1', '1', '1', '1', '1', 'default', 1, '0'),
(89989, 'waasa_ship2', 'waasa_ship2', 's', 2, 1, 1, '0', '0', '0', 3890, '1', '1', '1', '1', '1', 'default', 2, '0'),
(89990, 'waasa_ship1', 'waasa_ship1', 's', 1, 1, 1, '0', '0', '0', 3891, '1', '1', '1', '1', '1', 'default', 2, '0'),
(89991, 'waasa_bunk_bed', 'waasa_bunk_bed', 's', 3, 1, 1, '1', '0', '0', 3892, '1', '1', '1', '1', '1', 'default', 2, '0'),
(89992, 'computer_laptop', 'computer_laptop', 's', 1, 1, 1, '0', '0', '0', 3893, '1', '1', '1', '1', '1', 'default', 2, '0'),
(89993, 'computer_old', 'computer_old', 's', 1, 1, 1, '0', '0', '0', 3894, '1', '1', '1', '1', '1', 'default', 2, '0'),
(89994, 'waasa_table1', 'waasa_table1', 's', 1, 1, 1, '1', '0', '0', 3895, '1', '1', '1', '1', '1', 'default', 1, '0'),
(89995, 'waasa_desk', 'waasa_desk', 's', 2, 1, 1, '1', '0', '0', 3896, '1', '1', '1', '1', '1', 'default', 1, '0'),
(89996, 'waasa_wall_shelf2', 'waasa_wall_shelf2', 'i', 1, 1, 1, '1', '0', '0', 4396, '1', '1', '1', '1', '1', 'default', 2, '0'),
(89997, 'waasa_wall_shelf1', 'waasa_wall_shelf1', 'i', 1, 1, 1, '1', '0', '0', 4397, '1', '1', '1', '1', '1', 'default', 2, '0'),
(89998, 'waasa_chair_wood', 'waasa_chair_wood', 's', 1, 1, 1.2, '0', '1', '0', 3903, '1', '1', '1', '1', '1', 'default', 1, '0'),
(90002, 'easter11_basket', 'easter11_basket', 's', 1, 1, 1, '1', '0', '0', 3908, '1', '1', '1', '1', '1', 'default', 2, '0'),
(90003, 'easter11_grasspatch', 'easter11_grasspatch', 's', 2, 2, 0.001, '1', '0', '1', 3909, '1', '1', '1', '1', '1', 'default', 1, '0'),
(90008, 'easter11_tag', 'easter11_tag', 's', 1, 1, 1, '0', '0', '0', 3914, '1', '1', '1', '1', '1', 'default', 2, '0'),
(90010, 'ads_suun', 'ads_suun', 's', 1, 1, 1, '0', '0', '0', 3927, '1', '1', '1', '1', '1', 'vendingmachine', 5, '1'),
(90011, 'easter11_tuip_g', 'easter11_tuip_g', 's', 1, 1, 1, '0', '0', '0', 3915, '1', '1', '1', '1', '1', 'default', 2, '0'),
(90012, 'easter11_tuip_y', 'easter11_tuip_y', 's', 1, 1, 1, '0', '0', '0', 3916, '1', '1', '1', '1', '1', 'default', 2, '0'),
(90013, 'easter11_mushroom4', 'easter11_mushroom4', 's', 1, 1, 1, '0', '0', '0', 3917, '1', '1', '1', '1', '1', 'default', 3, '0'),
(90014, 'easter11_mushroom1', 'easter11_mushroom1', 's', 1, 1, 1, '0', '0', '0', 3918, '1', '1', '1', '1', '1', 'default', 2, '0'),
(90015, 'kuurna_sofa', 'kuurna_sofa', 's', 2, 1, 1.3, '0', '1', '0', 3919, '1', '1', '1', '1', '1', 'default', 1, '0'),
(90016, 'easter11_mushroom3', 'easter11_mushroom3', 's', 1, 1, 1, '0', '0', '0', 3920, '1', '1', '1', '1', '1', 'default', 3, '0'),
(90017, 'easter11_mushroom2', 'easter11_mushroom2', 's', 1, 1, 1, '0', '0', '0', 3921, '1', '1', '1', '1', '1', 'default', 3, '0'),
(90018, 'kuurna_lamp', 'kuurna_lamp', 's', 1, 1, 1, '0', '0', '0', 3922, '1', '1', '1', '1', '1', 'default', 2, '0'),
(90019, 'kuurna_chair', 'kuurna_chair', 's', 1, 1, 1.3, '0', '1', '0', 3923, '1', '1', '1', '1', '1', 'default', 1, '0'),
(90020, 'kuurna_mat', 'kuurna_mat', 's', 3, 2, 0.001, '1', '0', '1', 3924, '1', '1', '1', '1', '1', 'default', 1, '0'),
(90021, 'kuurna_table1', 'kuurna_table1', 's', 1, 1, 1.3, '1', '0', '0', 3925, '1', '1', '1', '1', '1', 'default', 1, '0'),
(90022, 'kuurna_table', 'kuurna_table', 's', 2, 2, 1.3, '1', '0', '0', 3926, '1', '1', '1', '1', '1', 'default', 1, '0'),
(90023, 'kuurna_chair1', 'kuurna_chair1', 's', 1, 1, 1, '0', '1', '0', 3928, '1', '1', '1', '1', '1', 'default', 1, '0'),
(90024, 'easter11_tuip_p', 'easter11_tuip_p', 's', 1, 1, 1, '0', '0', '0', 3929, '1', '1', '1', '1', '1', 'default', 2, '0'),
(90025, 'easter11_wall', 'easter11_wall', 'i', 1, 1, 1, '0', '0', '0', 4398, '1', '1', '1', '1', '1', 'default', 1, '0'),
(90026, 'ads_suunvuorow', 'ads_suunvuorow', 'i', 1, 1, 1, '0', '0', '0', 4399, '1', '1', '1', '1', '1', 'default', 1, '0'),
(90027, 'ads_volkswagen_poster', 'ads_volkswagen_poster', 'i', 1, 1, 1, '0', '1', '0', 4417, '1', '1', '1', '1', '1', 'default', 1, '0'),
(90028, 'anna_divider*1', 'anna_divider*1', 's', 1, 1, 1, '1', '0', '0', 3930, '1', '1', '1', '1', '1', 'default', 1, '0'),
(90029, 'anna_divider*2', 'anna_divider*2', 's', 1, 1, 1, '1', '0', '0', 3931, '1', '1', '1', '1', '1', 'default', 1, '0'),
(90030, 'anna_divider*3', 'anna_divider*3', 's', 1, 1, 1, '1', '0', '0', 3932, '1', '1', '1', '1', '1', 'default', 1, '0'),
(90031, 'anna_divider*4', 'anna_divider*4', 's', 1, 1, 1, '1', '0', '0', 3933, '1', '1', '1', '1', '1', 'default', 1, '0'),
(90032, 'anna_divider*5', 'anna_divider*5', 's', 1, 1, 1, '1', '0', '0', 3934, '1', '1', '1', '1', '1', 'default', 1, '0'),
(90033, 'anna_div_gate*1', 'anna_div_gate*1', 's', 1, 1, 0.01, '0', '0', '0', 3935, '1', '1', '1', '1', '1', 'gate', 1, '0'),
(90034, 'anna_div_gate*2', 'anna_div_gate*2', 's', 1, 1, 0.01, '0', '0', '0', 3936, '1', '1', '1', '1', '1', 'gate', 1, '0'),
(90035, 'anna_div_gate*3', 'anna_div_gate*3', 's', 1, 1, 0.01, '0', '0', '0', 3937, '1', '1', '1', '1', '1', 'gate', 1, '0'),
(90036, 'anna_div_gate*4', 'anna_div_gate*4', 's', 1, 1, 0.01, '0', '0', '0', 3938, '1', '1', '1', '1', '1', 'gate', 1, '0'),
(90037, 'anna_div_gate*5', 'anna_div_gate*5', 's', 1, 1, 0.01, '0', '0', '0', 3939, '1', '1', '1', '1', '1', 'gate', 1, '0'),
(90038, 'anna_chair*1', 'anna_chair*1', 's', 1, 1, 1.2, '0', '1', '0', 3940, '1', '1', '1', '1', '1', 'default', 1, '0'),
(90039, 'anna_chair*2', 'anna_chair*2', 's', 1, 1, 1.2, '0', '1', '0', 3941, '1', '1', '1', '1', '1', 'default', 1, '0'),
(90040, 'anna_chair*3', 'anna_chair*3', 's', 1, 1, 1.2, '0', '1', '0', 3942, '1', '1', '1', '1', '1', 'default', 1, '0'),
(90041, 'anna_chair*4', 'anna_chair*4', 's', 1, 1, 1.2, '0', '1', '0', 3943, '1', '1', '1', '1', '1', 'default', 1, '0'),
(90042, 'anna_chair*5', 'anna_chair*5', 's', 1, 1, 1.2, '0', '1', '0', 3944, '1', '1', '1', '1', '1', 'default', 1, '0'),
(90043, 'anna_stool*1', 'anna_stool*1', 's', 1, 1, 1.2, '0', '1', '0', 3945, '1', '1', '1', '1', '1', 'default', 1, '0'),
(90044, 'anna_stool*2', 'anna_stool*2', 's', 1, 1, 1.2, '0', '1', '0', 3946, '1', '1', '1', '1', '1', 'default', 1, '0'),
(90045, 'anna_stool*3', 'anna_stool*3', 's', 1, 1, 1.2, '0', '1', '0', 3947, '1', '1', '1', '1', '1', 'default', 1, '0'),
(90046, 'anna_stool*4', 'anna_stool*4', 's', 1, 1, 1.2, '0', '1', '0', 3948, '1', '1', '1', '1', '1', 'default', 1, '0'),
(90047, 'anna_stool*5', 'anna_stool*5', 's', 1, 1, 1.2, '0', '1', '0', 3949, '1', '1', '1', '1', '1', 'default', 1, '0'),
(90048, 'anna_table*1', 'anna_table*1', 's', 2, 2, 1, '1', '0', '0', 3950, '1', '1', '1', '1', '1', 'default', 1, '0'),
(90049, 'anna_table*2', 'anna_table*2', 's', 2, 2, 1, '1', '0', '0', 3951, '1', '1', '1', '1', '1', 'default', 1, '0'),
(90050, 'anna_table*3', 'anna_table*3', 's', 2, 2, 1, '1', '0', '0', 3952, '1', '1', '1', '1', '1', 'default', 1, '0'),
(90051, 'anna_table*4', 'anna_table*4', 's', 2, 2, 1, '1', '0', '0', 3953, '1', '1', '1', '1', '1', 'default', 1, '0'),
(90052, 'anna_table*5', 'anna_table*5', 's', 2, 2, 1, '1', '0', '0', 3954, '1', '1', '1', '1', '1', 'default', 1, '0'),
(90053, 'anna_rug*1', 'anna_rug*1', 's', 2, 2, 0.01, '1', '0', '1', 3955, '1', '1', '1', '1', '1', 'default', 4, '0'),
(90054, 'anna_rug*2', 'anna_rug*2', 's', 2, 2, 0.01, '1', '0', '1', 3956, '1', '1', '1', '1', '1', 'default', 4, '0'),
(90055, 'anna_rug*3', 'anna_rug*3', 's', 2, 2, 0.01, '1', '0', '1', 3957, '1', '1', '1', '1', '1', 'default', 4, '0'),
(90056, 'anna_rug*4', 'anna_rug*4', 's', 2, 2, 0.01, '1', '0', '1', 3958, '1', '1', '1', '1', '1', 'default', 4, '0'),
(90057, 'anna_rug*5', 'anna_rug*5', 's', 2, 2, 0.01, '1', '0', '1', 3959, '1', '1', '1', '1', '1', 'default', 4, '0'),
(90058, 'anna_sofa*1', 'anna_sofa*1', 's', 2, 1, 1.2, '0', '1', '0', 3960, '1', '1', '1', '1', '1', 'default', 3, '0'),
(90059, 'anna_sofa*2', 'anna_sofa*2', 's', 2, 1, 1.2, '0', '1', '0', 3961, '1', '1', '1', '1', '1', 'default', 3, '0'),
(90060, 'anna_sofa*3', 'anna_sofa*3', 's', 2, 1, 1.2, '0', '1', '0', 3962, '1', '1', '1', '1', '1', 'default', 3, '0'),
(90061, 'anna_sofa*4', 'anna_sofa*4', 's', 2, 1, 1.2, '0', '1', '0', 3963, '1', '1', '1', '1', '1', 'default', 3, '0'),
(90062, 'anna_sofa*5', 'anna_sofa*5', 's', 2, 1, 1.2, '0', '1', '0', 3964, '1', '1', '1', '1', '1', 'default', 3, '0'),
(90063, 'anna_pill*1', 'anna_pill*1', 's', 1, 1, 0.5, '1', '0', '0', 3965, '1', '1', '1', '1', '1', 'default', 1, '0'),
(90064, 'anna_pill*2', 'anna_pill*2', 's', 1, 1, 0.5, '1', '0', '0', 3966, '1', '1', '1', '1', '1', 'default', 1, '0'),
(90065, 'anna_pill*3', 'anna_pill*3', 's', 1, 1, 0.5, '1', '0', '0', 3967, '1', '1', '1', '1', '1', 'default', 1, '0'),
(90066, 'anna_pill*4', 'anna_pill*4', 's', 1, 1, 0.5, '1', '0', '0', 3968, '1', '1', '1', '1', '1', 'default', 1, '0'),
(90067, 'anna_pill*5', 'anna_pill*5', 's', 1, 1, 0.5, '1', '0', '0', 3969, '1', '1', '1', '1', '1', 'default', 1, '0'),
(90068, 'anna_lamp*1', 'anna_lamp*1', 's', 1, 1, 1, '0', '0', '0', 3970, '1', '1', '1', '1', '1', 'default', 2, '0'),
(90069, 'anna_lamp*2', 'anna_lamp*2', 's', 1, 1, 1, '0', '0', '0', 3971, '1', '1', '1', '1', '1', 'default', 2, '0'),
(90070, 'anna_lamp*3', 'anna_lamp*3', 's', 1, 1, 1, '0', '0', '0', 3972, '1', '1', '1', '1', '1', 'default', 2, '0'),
(90071, 'anna_lamp*4', 'anna_lamp*4', 's', 1, 1, 1, '0', '0', '0', 3973, '1', '1', '1', '1', '1', 'default', 2, '0'),
(90072, 'anna_lamp*5', 'anna_lamp*5', 's', 1, 1, 1, '0', '0', '0', 3974, '1', '1', '1', '1', '1', 'default', 2, '0'),
(90073, 'anna_div_crnr*1', 'anna_div_crnr*1', 's', 1, 1, 1, '1', '0', '0', 3975, '1', '1', '1', '1', '1', 'default', 1, '0'),
(90074, 'anna_div_crnr*2', 'anna_div_crnr*2', 's', 1, 1, 1, '1', '0', '0', 3976, '1', '1', '1', '1', '1', 'default', 1, '0'),
(90075, 'anna_div_crnr*3', 'anna_div_crnr*3', 's', 1, 1, 1, '1', '0', '0', 3977, '1', '1', '1', '1', '1', 'default', 1, '0'),
(90076, 'anna_div_crnr*4', 'anna_div_crnr*4', 's', 1, 1, 1, '1', '0', '0', 3978, '1', '1', '1', '1', '1', 'default', 1, '0'),
(90077, 'anna_div_crnr*5', 'anna_div_crnr*5', 's', 1, 1, 1, '1', '0', '0', 3979, '1', '1', '1', '1', '1', 'default', 1, '0'),
(90078, 'picnic_pillow_yel', 'picnic_pillow_yel', 's', 1, 1, 0.8, '0', '1', '0', 3981, '1', '1', '1', '1', '1', 'default', 1, '0'),
(90079, 'picnic_food1', 'picnic_food1', 's', 1, 1, 1, '1', '0', '0', 3982, '1', '1', '1', '1', '1', 'default', 1, '0'),
(90080, 'note_tag', 'note_tag', 's', 1, 1, 1, '0', '0', '0', 3983, '1', '1', '1', '1', '1', 'default', 1, '0'),
(90081, 'picnic_wfall', 'picnic_wfall', 's', 2, 2, 1, '0', '0', '0', 3984, '1', '1', '1', '1', '1', 'default', 2, '0'),
(90082, 'picnic_blanket_blu', 'picnic_blanket_blu', 's', 3, 3, 0.01, '1', '0', '1', 3985, '1', '1', '1', '1', '1', 'default', 1, '0'),
(90083, 'picnic_food3', 'picnic_food3', 's', 1, 1, 1, '0', '0', '0', 3986, '1', '1', '1', '1', '1', 'default', 1, '0'),
(90084, 'picnic_blanket', 'picnic_blanket', 's', 3, 3, 0.01, '1', '0', '1', 3987, '1', '1', '1', '1', '1', 'default', 1, '0'),
(90085, 'picnic_pillow_blu', 'picnic_pillow_blu', 's', 1, 1, 0.8, '0', '1', '0', 3988, '1', '1', '1', '1', '1', 'default', 1, '0'),
(90086, 'picnic_food2', 'picnic_food2', 's', 1, 1, 1, '0', '0', '0', 3989, '1', '1', '1', '1', '1', 'default', 1, '0'),
(90087, 'picnic_tele', 'picnic_tele', 's', 1, 1, 0.001, '0', '0', '0', 3990, '1', '1', '0', '1', '1', 'teleport', 1, '0'),
(90088, 'picnic_basket', 'picnic_basket', 's', 1, 1, 1, '0', '0', '0', 3991, '1', '1', '1', '1', '1', 'default', 1, '0'),
(90089, 'picnic_pillow', 'picnic_pillow', 's', 1, 1, 0.8, '0', '1', '0', 3992, '1', '1', '1', '1', '1', 'default', 1, '0'),
(90090, 'picnic_chair', 'picnic_chair', 's', 1, 1, 1, '0', '1', '0', 3993, '1', '1', '1', '1', '1', 'default', 1, '0'),
(90091, 'picnic_3brds', 'picnic_3brds', 's', 1, 1, 1, '0', '0', '0', 3994, '1', '1', '1', '1', '1', 'default', 1, '0'),
(95371, 'Lava', 'Lava', 's', 0, 0, 0, '0', '0', '0', 3021, '1', '1', '1', '1', '1', 'default', 1, '0'),
(95374, 'ads_grefusa_surfb', 'ads_grefusa_surfb', 'i', 0, 0, 0, '0', '0', '0', 3600, '1', '1', '1', '1', '1', 'default', 1, '0'),
(95375, 'ads_pepsi0', 'ads_pepsi0', 's', 1, 1, 3, '0', '0', '0', 3554, '1', '1', '1', '1', '1', 'vendingmachine', 1, '55'),
(95376, 'bw_fnc_p', 'bw_fnc_p', 's', 2, 1, 1, '1', '0', '0', 3569, '1', '1', '1', '1', '1', 'default', 2, '0'),
(95377, 'bw_fnc_crnr_g', 'bw_fnc_crnr_g', 's', 1, 2, 1, '1', '0', '0', 3563, '1', '1', '1', '1', '1', 'default', 2, '0'),
(95378, 'bw_sofa_p', 'bw_sofa_p', 's', 2, 1, 1, '1', '1', '1', 3567, '1', '1', '1', '1', '1', 'default', 2, '0'),
(95379, 'bw_boat_g', 'bw_boat_g', 's', 2, 2, 0.8, '1', '1', '0', 3568, '1', '1', '1', '1', '1', 'default', 2, '0'),
(95380, 'bw_mttrss_g', 'bw_mttrss_g', 's', 1, 3, 0.8, '1', '0', '0', 3558, '1', '1', '1', '1', '1', 'default', 2, '0'),
(95381, 'bw_pool_b2', 'bw_pool_b2', 's', 2, 1, 1, '1', '0', '0', 3565, '1', '1', '1', '1', '1', 'default', 2, '0'),
(95382, 'bw_pool_a2', 'bw_pool_a2', 's', 2, 1, 1, '1', '0', '0', 3564, '1', '1', '1', '1', '1', 'default', 2, '0'),
(95383, 'bw_pool_a3', 'bw_pool_a3', 's', 1, 1, 0, '1', '0', '0', 3556, '1', '1', '1', '1', '1', 'default', 2, '0'),
(95384, 'bw_pool_a1', 'bw_pool_a1', 's', 1, 1, 1, '1', '1', '0', 3577, '1', '1', '1', '1', '1', 'default', 2, '0'),
(95385, 'bw_pool_b1', 'bw_pool_b1', 's', 1, 1, 1, '1', '0', '0', 3560, '1', '1', '1', '1', '1', 'default', 2, '0'),
(95386, 'bw_fnc_crnr_p', 'bw_fnc_crnr_p', 's', 1, 2, 1, '0', '0', '0', 3576, '1', '1', '1', '1', '1', 'default', 1, '0'),
(95387, 'bw_sboard_g', 'bw_sboard_g', 's', 2, 1, 0, '0', '0', '0', 3562, '1', '1', '1', '1', '1', 'default', 1, '0'),
(95388, 'bw_sboard_p', 'bw_sboard_p', 's', 2, 1, 0, '0', '0', '0', 3571, '1', '1', '1', '1', '1', 'default', 1, '0'),
(95389, 'bw_table_g', 'bw_table_g', 's', 2, 2, 1, '1', '0', '0', 3566, '1', '1', '1', '1', '1', 'default', 2, '0'),
(95390, 'bw_table_p', 'bw_table_p', 's', 2, 1, 0, '1', '0', '0', 3578, '1', '1', '1', '1', '1', 'default', 2, '0');
INSERT INTO `furniture` (`id`, `public_name`, `item_name`, `type`, `width`, `length`, `stack_height`, `can_stack`, `can_sit`, `is_walkable`, `sprite_id`, `allow_recycle`, `allow_trade`, `allow_marketplace_sell`, `allow_gift`, `allow_inventory_stack`, `interaction_type`, `interaction_modes_count`, `vending_ids`) VALUES
(95391, 'bw_van_p', 'bw_van_p', 's', 2, 2, 1, '0', '1', '0', 3570, '1', '1', '1', '1', '1', 'default', 1, '0'),
(95392, 'bw_van_g', 'bw_van_g', 's', 2, 2, 1, '0', '1', '0', 3574, '1', '1', '1', '1', '1', 'default', 1, '0'),
(95393, 'bw_sofa_g', 'bw_sofa_g', 's', 2, 1, 1, '1', '1', '0', 3575, '1', '1', '1', '1', '1', 'default', 2, '0'),
(95394, 'bw_sofa_p', 'bw_sofa_p', 's', 2, 1, 1, '1', '1', '0', 3561, '1', '1', '1', '1', '1', 'default', 2, '0'),
(95395, 'bw_fnc_g name', 'bw_fnc_g', 's', 2, 1, 1, '1', '0', '0', 3557, '1', '1', '1', '1', '1', 'default', 2, '0'),
(95397, 'bw_tele', 'bw_tele', 's', 1, 1, 3, '0', '0', '0', 3550, '1', '1', '1', '1', '1', 'teleport', 1, '0'),
(96398, 'Nobox Rojo', 'cmp_nobox', 's', 1, 1, 1, '0', '0', '0', 3476, '1', '1', '1', '1', '1', 'default', 2, '0'),
(96399, 'Nobox Azul', 'cmp_nobox_2', 's', 1, 1, 1, '0', '0', '0', 3471, '1', '1', '1', '1', '1', 'default', 2, '0'),
(96400, 'Nobox Amarillo', 'cmp_nobox_3', 's', 1, 1, 1, '0', '0', '0', 3473, '1', '1', '1', '1', '1', 'default', 2, '0'),
(96401, 'Submarino', 'cmp_sub', 's', 7, 1, 3, '0', '0', '0', 3478, '1', '1', '1', '1', '1', 'default', 2, '0'),
(96402, '', 'newitem', 's', 1, 1, 1, '1', '0', '0', 1, '1', '1', '1', '1', '1', 'default', 1, '0'),
(97111, 'Cheetos', 'Cheester Rules!', 'e', 1, 1, 1, '0', '0', '0', 31, '0', '0', '1', '0', '0', 'default', 1, '0'),
(97222, 'Battle Ball P??rpura', '??A saltar se ha dicho!', 'e', 1, 1, 1, '0', '0', '0', 33, '0', '0', '1', '0', '0', 'default', 1, '0'),
(97333, 'Battle Ball Az??l', '??A saltar se ha dicho!', 'e', 1, 1, 1, '0', '0', '0', 34, '0', '0', '1', '0', '0', 'default', 1, '0'),
(97419, 'ktchn10_block', 'ktchn10_block', 's', 1, 1, 1, '1', '0', '0', 3589, '1', '1', '1', '1', '1', 'default', 3, '0'),
(97420, 'ktchn10_cabnt', 'ktchn10_cabnt', 'i', 1, 1, 1, '1', '0', '0', 4338, '1', '1', '1', '1', '1', 'default', 1, '0'),
(97421, 'ktchn10_pot', 'ktchn10_pot', 's', 1, 1, 1, '1', '0', '0', 3580, '1', '1', '1', '1', '1', 'default', 2, '0'),
(97422, 'ktchn10_sink', 'ktchn10_sink', 's', 2, 1, 1, '1', '0', '0', 3612, '1', '1', '1', '1', '1', 'default', 3, '0'),
(97423, 'ktchn10_stove', 'ktchn10_stove', 's', 2, 1, 1.2, '1', '0', '0', 3581, '1', '1', '1', '1', '1', 'default', 2, '0'),
(97424, 'ktchn10_tea', 'ktchn10_tea', 's', 1, 1, 1, '1', '0', '0', 3592, '1', '1', '1', '1', '1', 'default', 2, '0'),
(97444, 'Battle Ball Verde', '??A saltar se ha dicho!', 'e', 1, 1, 1, '0', '0', '0', 35, '0', '0', '1', '0', '0', 'default', 1, '0'),
(97555, 'Battle Ball Amarilla', '??A saltar se ha dicho!', 'e', 1, 1, 1, '0', '0', '0', 36, '0', '0', '1', '0', '0', 'default', 1, '0'),
(98345, 'fireworks_01', 'fireworks_01', 's', 1, 1, 1, '0', '0', '0', 6965, '1', '1', '1', '1', '1', 'default', 3, '0'),
(99000, 'qt_xm10_nest', 'qt_xm10_nest', 's', 1, 1, 1, '0', '0', '0', 3742, '1', '1', '1', '1', '1', 'default', 2, '0'),
(99001, 'qt_xm10_icedragon', 'qt_xm10_icedragon', 's', 1, 1, 1, '0', '0', '0', 3746, '1', '1', '1', '1', '1', 'default', 2, '0'),
(99002, 'qt_xm10_stone', 'qt_xm10_stone', 's', 2, 1, 1, '0', '0', '0', 3747, '1', '1', '1', '1', '1', 'default', 2, '0'),
(99003, 'qt_xm10_icetiger', 'qt_xm10_icetiger', 's', 1, 1, 1, '0', '0', '0', 3728, '1', '1', '1', '1', '1', 'default', 2, '0'),
(99004, 'qt_xm10_trex', 'qt_xm10_trex', 's', 3, 7, 1, '0', '0', '0', 3722, '1', '1', '1', '1', '1', 'default', 2, '0'),
(99005, 'qt_xm10_palm_tree', 'qt_xm10_palm_tree', 's', 1, 1, 3, '0', '0', '0', 3720, '1', '1', '1', '1', '1', 'default', 2, '0'),
(99006, 'qt_xm10_bench', 'qt_xm10_bench', 's', 2, 1, 1, '0', '0', '0', 3750, '1', '1', '1', '1', '1', 'default', 2, '0'),
(99007, 'qt_xm10_icelupin', 'qt_xm10_icelupin', 's', 1, 1, 1, '0', '0', '0', 3732, '1', '1', '1', '1', '1', 'default', 2, '0'),
(99008, 'qt_xm10_xmduck', 'qt_xm10_xmduck', 's', 1, 1, 1, '0', '0', '0', 3719, '1', '1', '1', '1', '1', 'default', 2, '0'),
(99009, 'qt_xm10_iceduck', 'qt_xm10_iceduck', 's', 1, 1, 1, '0', '0', '0', 3727, '1', '1', '1', '1', '1', 'default', 2, '0'),
(99010, 'qt_xm10_bauble1', 'qt_xm10_bauble1', 'i', 1, 1, 1, '0', '0', '0', 4365, '1', '1', '1', '1', '1', 'default', 2, '0'),
(99011, 'qt_xm10_bauble2', 'qt_xm10_bauble2', 'i', 1, 1, 1, '0', '0', '0', 4361, '1', '1', '1', '1', '1', 'default', 2, '0'),
(99012, 'qt_xm10_bauble3', 'qt_xm10_bauble3', 'i', 1, 1, 1, '0', '0', '0', 4368, '1', '1', '1', '1', '1', 'default', 2, '0'),
(99013, 'qt_xm10_iceplasto', 'qt_xm10_iceplasto', 's', 1, 1, 1, '0', '1', '0', 3730, '1', '1', '1', '1', '1', 'default', 2, '0'),
(99014, 'qt_xm10_ice_fish', 'qt_xm10_ice_fish', 's', 1, 2, 3, '0', '0', '0', 3748, '1', '1', '1', '1', '1', 'default', 2, '0'),
(99015, 'qt_xm10_gnome', 'qt_xm10_gnome', 's', 1, 2, 1, '0', '0', '0', 3726, '1', '1', '1', '1', '1', 'default', 2, '0'),
(99016, 'qt_xm10_icesilotable', 'qt_xm10_icesilotable', 's', 1, 1, 1, '0', '0', '0', 3743, '1', '1', '1', '1', '1', 'default', 2, '0'),
(99017, 'qt_xm10_iceteddy', 'qt_xm10_iceteddy', 's', 1, 1, 1, '0', '0', '0', 3734, '1', '1', '1', '1', '1', 'default', 2, '0'),
(99018, 'qt_xm10_elephant', 'qt_xm10_elephant', 's', 1, 1, 1, '0', '0', '0', 3724, '1', '1', '1', '1', '1', 'vendingmachine', 2, '0'),
(99019, 'qt_xm10_iceclubsofa', 'qt_xm10_iceclubsofa', 's', 2, 1, 1, '0', '1', '0', 3718, '1', '1', '1', '1', '1', 'default', 2, '0'),
(99020, 'es_skating_ice', 'es_skating_ice', 's', 2, 2, 0.01, '1', '0', '1', 3736, '1', '1', '1', '1', '1', 'default', 2, '0'),
(99021, 'es_sidewalk', 'es_sidewalk', 's', 2, 2, 0.2, '0', '0', '1', 3716, '1', '1', '1', '1', '1', 'default', 2, '0'),
(99022, 'es_wpost', 'es_wpost', 's', 1, 1, 1, '0', '0', '0', 3725, '1', '1', '1', '1', '1', 'default', 2, '0'),
(99023, 'es_tagging', 'es_tagging', 's', 1, 1, 3, '0', '0', '0', 3741, '1', '1', '1', '1', '1', '', 2, '0'),
(99024, 'es_santa', 'es_santa', 's', 1, 1, 1, '0', '0', '0', 3740, '1', '1', '1', '1', '1', 'default', 2, '0'),
(99025, 'es_window', 'es_window', 'i', 1, 1, 1, '0', '0', '0', 4367, '1', '1', '1', '1', '1', 'default', 2, '0'),
(99026, 'es_bench', 'es_bench', 's', 2, 1, 1, '0', '1', '0', 3712, '1', '1', '1', '1', '1', 'default', 2, '0'),
(99027, 'es_fnc_1', 'es_fnc_1', 's', 1, 1, 1, '0', '0', '0', 3729, '1', '1', '1', '1', '1', 'default', 2, '0'),
(99028, 'es_fnc_2', 'es_fnc_2', 's', 1, 1, 1, '0', '0', '0', 3714, '1', '1', '1', '1', '1', 'default', 2, '0'),
(99029, 'es_fnc_crnr', 'es_fnc_crnr', 's', 1, 1, 1, '0', '0', '0', 3721, '1', '1', '1', '1', '1', 'default', 2, '0'),
(99030, 'es_epictree', 'es_epictree', 's', 2, 2, 4, '0', '0', '0', 3723, '1', '1', '1', '1', '1', 'default', 2, '0'),
(99031, 'es_icestar_g', 'es_icestar_g', 's', 1, 1, 6, '0', '0', '0', 3731, '1', '1', '1', '1', '1', 'default', 2, '0'),
(99032, 'es_icestar_r', 'es_icestar_r', 's', 1, 1, 6, '0', '0', '0', 3745, '1', '1', '1', '1', '1', 'default', 2, '0'),
(99033, 'es_icestar_y', 'es_icestar_y', 's', 1, 1, 6, '0', '0', '0', 3749, '1', '1', '1', '1', '1', 'default', 2, '0'),
(99034, 'es_icestar', 'es_icestar', 's', 1, 1, 6, '0', '0', '0', 3713, '1', '1', '1', '1', '1', 'default', 2, '0'),
(99035, 'es_puck', 'es_puck', 's', 1, 1, 0, '0', '0', '1', 3739, '1', '1', '1', '1', '1', 'ball', 2, '0'),
(99036, 'es_roaster', 'es_roaster', 's', 1, 1, 2, '0', '0', '0', 3738, '1', '1', '1', '1', '1', 'default', 2, '0'),
(99037, 'es_lmppst', 'es_lmppst', 's', 1, 1, 4, '0', '0', '0', 3735, '1', '1', '1', '1', '1', 'default', 2, '0'),
(99038, 'es_statue', 'es_statue', 's', 1, 1, 1, '0', '0', '0', 3717, '1', '1', '1', '1', '1', 'default', 2, '0'),
(99904, 'year2011_waver_b', 'year2011_waver_b', 's', 1, 1, 1, '1', '0', '0', 3781, '1', '1', '1', '1', '1', 'default', 2, '0'),
(99905, 'year2011_waver_g', 'year2011_waver_g', 's', 1, 1, 1, '1', '0', '0', 3780, '1', '1', '1', '1', '1', 'default', 2, '0'),
(99906, 'year2011_waver_r', 'year2011_waver_r', 's', 1, 1, 1, '1', '0', '0', 3777, '1', '1', '1', '1', '1', 'default', 2, '0'),
(99907, 'year2011_waver_y', 'year2011_waver_y', 's', 1, 1, 1, '1', '0', '0', 3768, '1', '1', '1', '1', '1', 'default', 2, '0'),
(99908, 'prizetrophy_2011_y', 'prizetrophy_2011_y', 's', 1, 1, 1, '1', '0', '0', 3771, '1', '1', '1', '1', '1', 'trophy', 1, '0'),
(99909, 'prizetrophy_2011_b', 'prizetrophy_2011_b', 's', 1, 1, 1, '1', '0', '0', 3773, '1', '1', '1', '1', '1', 'trophy', 1, '0'),
(99910, 'prizetrophy_2011_r', 'prizetrophy_2011_r', 's', 1, 1, 1, '1', '0', '0', 3770, '1', '1', '1', '1', '1', 'trophy', 1, '0'),
(99911, 'prizetrophy_2011_p', 'prizetrophy_2011_p', 's', 1, 1, 1, '1', '0', '0', 3775, '1', '1', '1', '1', '1', 'trophy', 1, '0'),
(99912, 'prizetrophy_2011_g', 'prizetrophy_2011_g', 's', 1, 1, 1, '1', '0', '0', 3781, '1', '1', '1', '1', '1', 'trophy', 1, '0'),
(99913, 'prizetrophy_2011_w', 'prizetrophy_2011_w', 's', 1, 1, 1, '1', '0', '0', 3778, '1', '1', '1', '1', '1', 'trophy', 1, '0'),
(99914, 'year2011', 'year2011', 'i', 1, 1, 1, '1', '0', '0', 4373, '1', '1', '1', '1', '1', 'default', 2, '0'),
(200000, 'bling11_block', 'bling11_block', 's', 1, 1, 2, '1', '0', '0', 3801, '1', '1', '1', '1', '1', 'default', 2, '0'),
(200001, 'bling11_dvd', 'bling11_dvd', 's', 1, 2, 2, '1', '0', '0', 3793, '1', '1', '1', '1', '1', 'default', 2, '0'),
(200002, 'bling11_dvn', 'bling11_dvn', 's', 1, 3, 1.3, '1', '0', '0', 3798, '1', '1', '1', '1', '1', 'bed', 2, '0'),
(200003, 'bling11_floor', 'bling11_floor', 's', 2, 2, 0.05, '0', '0', '1', 3794, '1', '1', '1', '1', '1', 'default', 9, '0'),
(200004, 'bling11_pillar', 'bling11_pillar', 's', 1, 1, 3.1, '1', '0', '0', 3802, '1', '1', '1', '1', '1', 'default', 2, '0'),
(200005, 'bling11_plant', 'bling11_plant', 's', 1, 1, 1, '0', '0', '0', 3795, '1', '1', '1', '1', '1', 'default', 2, '0'),
(200006, 'bling11_rug1', 'bling11_rug1', 's', 2, 2, 0.05, '0', '0', '1', 3788, '1', '1', '1', '1', '1', 'default', 2, '0'),
(200007, 'bling11_rug2', 'bling11_rug2', 's', 3, 3, 0.05, '0', '0', '1', 3797, '1', '1', '1', '1', '1', 'default', 1, '0'),
(200008, 'bling11_seat1', 'bling11_seat1', 's', 1, 1, 1, '0', '1', '0', 3800, '1', '1', '1', '1', '1', 'default', 1, '0'),
(200009, 'bling11_seat1', 'bling11_seat2', 's', 1, 1, 1, '0', '1', '0', 3799, '1', '1', '1', '1', '1', 'default', 4, '0'),
(200010, 'bling11_slot', 'bling11_slot', 's', 1, 1, 2, '0', '0', '0', 3786, '1', '0', '0', '0', '1', 'default', 2, '0'),
(200011, 'bling11_sofa', 'bling11_sofa', 's', 1, 1, 1.4, '0', '1', '0', 3799, '1', '1', '1', '1', '1', 'default', 1, '0'),
(200012, 'bling11_statue1', 'bling11_statue1', 's', 1, 1, 1, '0', '0', '0', 3791, '1', '1', '1', '1', '1', 'default', 1, '0'),
(200013, 'bling11_statue2', 'bling11_statue2', 's', 2, 2, 1, '0', '0', '0', 3785, '1', '1', '1', '1', '1', 'default', 2, '0'),
(200014, 'bling11_tele', 'bling11_tele', 's', 1, 1, 0.001, '1', '0', '0', 3789, '1', '1', '1', '1', '1', 'teleport', 1, '0'),
(200015, 'bling11_towels', 'bling11_towels', 's', 1, 1, 1, '0', '0', '0', 3787, '1', '1', '1', '1', '1', 'default', 4, '0'),
(200016, 'bling11_wall1', 'bling11_wall1', 'i', 1, 1, 1, '1', '0', '0', 4374, '1', '1', '1', '1', '1', 'default', 3, '0'),
(200017, 'bling11_wall2', 'bling11_wall2', 'i', 1, 1, 1, '1', '0', '0', 4376, '1', '1', '1', '1', '1', 'default', 3, '0'),
(200018, 'bling11_wall3', 'bling11_wall3', 'i', 1, 1, 1, '1', '0', '0', 4377, '1', '1', '1', '1', '1', 'default', 3, '0'),
(200019, 'bling11_wall4', 'bling11_wall4', 'i', 1, 1, 1, '1', '0', '0', 4375, '1', '1', '1', '1', '1', 'default', 3, '0'),
(200020, 'bling11_big1', 'bling11_big1', 'i', 1, 1, 1, '1', '0', '0', 4379, '1', '1', '1', '1', '1', 'default', 3, '0'),
(200021, 'val11_floor', 'val11_floor', 's', 2, 2, 0.001, '0', '0', '1', 3792, '1', '1', '1', '1', '1', 'default', 1, '0'),
(200022, 'val11_rail', 'val11_rail', 's', 1, 2, 1, '0', '0', '0', 3812, '1', '1', '1', '1', '1', 'default', 1, '0'),
(200023, 'val11_playa', 'val11_playa', 's', 1, 1, 1, '0', '0', '0', 3804, '1', '1', '1', '1', '1', 'default', 2, '0'),
(200024, 'val11_chair', 'val11_chair', 's', 1, 1, 1, '0', '0', '1', 3806, '1', '1', '1', '1', '1', 'default', 2, '0'),
(200025, 'qt_val11_nest', 'qt_val11_nest', 's', 1, 1, 1, '0', '1', '0', 3807, '1', '1', '1', '1', '1', 'default', 2, '0'),
(200026, 'qt_val11_jellychair', 'qt_val11_jellychair', 's', 1, 1, 0.8, '0', '1', '0', 3810, '1', '1', '1', '1', '1', 'default', 2, '0'),
(200027, 'qt_val11_jellyheart', 'qt_val11_jellyheart', 's', 1, 1, 1, '0', '0', '0', 3811, '1', '1', '1', '1', '1', 'default', 2, '0'),
(200028, 'qt_val11_holoduck', 'qt_val11_holoduck', 's', 1, 1, 1, '0', '0', '0', 3803, '1', '1', '1', '1', '1', 'default', 2, '0'),
(200029, 'qt_val11_holoheart', 'qt_val11_holoheart', 's', 1, 1, 1, '0', '0', '0', 3813, '1', '1', '1', '1', '1', 'default', 2, '0'),
(200030, 'qt_val11_heartlights', 'qt_val11_heartlights', 'i', 1, 1, 1, '0', '0', '0', 4378, '1', '1', '1', '1', '1', 'default', 2, '0'),
(200031, 'qt_val11_duckformer', 'qt_val11_duckformer', 's', 1, 1, 1, '0', '0', '0', 3809, '1', '1', '1', '1', '1', 'default', 2, '0'),
(200032, 'qt_val11_discoball', 'qt_val11_discoball', 's', 1, 1, 1, '0', '0', '0', 3805, '1', '1', '1', '1', '1', 'default', 2, '0'),
(200033, 'news_terrarium', 'nest_terrarium', 's', 1, 1, 1, '0', '0', '0', 3808, '1', '1', '1', '1', '1', 'default', 2, '0'),
(292308, 'ads_hh_safe', 'ads_hh_safe', 's', 1, 1, 0, '0', '0', '0', 3684, '1', '1', '1', '1', '1', 'default', 1, '0'),
(678766, 'fireworks_04', 'fireworks_04', 's', 1, 1, 1, '0', '0', '0', 7655, '1', '1', '1', '1', '1', 'default', 3, '0'),
(758335, 'fireworks_02', 'fireworks_02', 's', 1, 1, 1, '0', '0', '0', 7755, '1', '1', '1', '1', '1', 'default', 3, '0'),
(765321, 'fireworks_03', 'fireworks_03', 's', 1, 1, 1, '0', '0', '0', 6854, '1', '1', '1', '1', '1', 'default', 3, '0'),
(766666, 'fireworks_07', 'fireworks_07', 's', 1, 1, 1, '0', '0', '0', 6563, '1', '1', '1', '1', '1', 'default', 3, '0'),
(972592, 'Efecto Escalofriante', '??Que miedo!', 'e', 1, 1, 1, '0', '0', '0', 37, '0', '0', '1', '0', '0', 'default', 1, '0'),
(2785077, 'bb_crnr', 'bb_crnr', 's', 1, 1, 1, '0', '0', '0', 3614, '1', '1', '1', '1', '1', 'default', 1, '0'),
(2785078, 'bb_score_b', 'bb_score_b', 's', 1, 1, 1, '0', '0', '0', 3615, '1', '1', '1', '1', '1', 'bb_score', 2, '0'),
(2785079, 'bb_robo', 'bb_robo', 's', 2, 2, 2, '0', '0', '0', 3616, '1', '1', '1', '1', '1', 'default', 3, '0'),
(2785080, 'bb_dragon', 'bb_dragon', 's', 3, 1, 2.5, '0', '0', '0', 3617, '1', '1', '1', '1', '1', 'default', 3, '0'),
(2785081, 'bb_ducklight', 'bb_ducklight', 's', 1, 1, 3, '0', '0', '0', 3618, '1', '1', '1', '1', '1', 'default', 8, '0'),
(2785082, 'bb_caterhead', 'bb_caterhead', 's', 1, 1, 1, '0', '0', '0', 3619, '1', '1', '1', '1', '1', 'default', 3, '0'),
(2785083, 'bb_cargobox', 'bb_cargobox', 's', 2, 1, 1, '0', '0', '0', 3620, '1', '1', '1', '1', '1', 'default', 3, '0'),
(2785084, 'bb_gate_g', 'bb_gate_g', 's', 1, 1, 0, '0', '0', '1', 3621, '1', '1', '1', '1', '1', 'bb_green_gate', 2, '0'),
(2785085, 'bb_crchair3', 'bb_crchair3', 's', 1, 1, 1, '0', '1', '0', 3622, '1', '1', '1', '1', '1', 'default', 3, '0'),
(2785086, 'bb_score_g', 'bb_score_g', 's', 1, 1, 1, '0', '0', '0', 3623, '1', '1', '1', '1', '1', 'bb_score', 1, '0'),
(2785087, 'bb_crchair', 'bb_crchair', 's', 1, 1, 1, '0', '1', '0', 3624, '1', '1', '1', '1', '1', 'default', 3, '0'),
(2785088, 'bb_crchair2', 'bb_crchair2', 's', 1, 1, 1, '0', '1', '0', 3625, '1', '1', '1', '1', '1', 'default', 3, '0'),
(2785089, 'bb_score_y', 'bb_score_y', 's', 1, 1, 1, '0', '0', '0', 3626, '1', '1', '1', '1', '1', 'bb_score', 2, '0'),
(2785090, 'bb_knj1', 'bb_knj1', 's', 2, 1, 1, '0', '0', '0', 3627, '1', '1', '1', '1', '1', 'default', 3, '0'),
(2785091, 'bb_gate_r', 'bb_gate_r', 's', 1, 1, 0, '0', '0', '1', 3628, '1', '1', '1', '1', '1', 'bb_red_gate', 2, '0'),
(2785092, 'bb_tddhnd', 'bb_tddhnd', 's', 1, 1, 1, '1', '0', '0', 3629, '1', '1', '1', '1', '1', 'default', 1, '0'),
(2785093, 'bb_lightdiv', 'bb_lightdiv', 's', 1, 1, 1, '1', '0', '0', 3630, '1', '1', '1', '1', '1', 'default', 8, '0'),
(2785094, 'bb_tddhead', 'bb_tddhead', 's', 2, 2, 2, '0', '0', '0', 3631, '1', '1', '1', '1', '1', 'default', 3, '0'),
(2785095, 'bb_pyramid', 'bb_pyramid', 's', 1, 1, 0, '0', '0', '0', 3632, '1', '1', '1', '1', '1', 'gate', 3, '0'),
(2785096, 'bb_patch1', 'bb_patch1', 's', 1, 1, 0.1, '1', '0', '1', 3633, '1', '1', '1', '1', '1', 'default', 0, '0'),
(2785097, 'bb_fnc3', 'bb_fnc3', 's', 1, 3, 1, '0', '0', '0', 3634, '1', '1', '1', '1', '1', 'default', 2, '0'),
(2785098, 'bb_gate_y', 'bb_gate_y', 's', 1, 1, 0, '0', '0', '1', 3635, '1', '1', '1', '1', '1', 'bb_yellow_gate', 1, '0'),
(2785099, 'bb_apparatus', 'bb_apparatus', 's', 2, 2, 0, '1', '0', '1', 3637, '1', '1', '1', '1', '1', 'default', 8, '0'),
(2785100, 'bb_caterbody', 'bb_caterbody', 's', 1, 1, 1.7, '1', '1', '0', 3638, '1', '1', '1', '1', '1', 'default', 3, '0'),
(2785101, 'bb_knj2', 'bb_knj2', 's', 1, 1, 2, '1', '0', '0', 3639, '1', '1', '1', '1', '1', 'default', 4, '0'),
(2785102, 'bb_fnc1', 'bb_fnc1', 's', 1, 1, 1, '0', '0', '0', 3640, '1', '1', '1', '1', '1', 'default', 2, '0'),
(2785103, 'bb_puck', 'bb_puck', 's', 1, 1, 0.6, '1', '0', '1', 3641, '1', '1', '1', '1', '1', 'ball', 3, '0'),
(2785104, 'bb_rnd_tele', 'bb_rnd_tele', 's', 1, 1, 0.3, '0', '0', '1', 3642, '1', '1', '1', '1', '1', 'default', 8000, '0'),
(2785105, 'bb_gate_b', 'bb_gate_b', 's', 1, 1, 0, '0', '0', '1', 3643, '1', '1', '1', '1', '1', 'bb_blue_gate', 1, '0'),
(2785106, 'bb_score_r', 'bb_score_r', 's', 1, 1, 1, '0', '0', '0', 3644, '1', '1', '1', '1', '1', 'bb_score', 2, '0'),
(2785107, 'bb_painimies1', 'bb_painimies1', 'i', 1, 1, 1, '0', '0', '1', 4341, '1', '1', '1', '1', '1', 'default', 3, '0'),
(2785108, 'bb_painimies2', 'bb_painimies2', 'i', 1, 1, 1, '0', '0', '1', 4342, '1', '1', '1', '1', '1', 'default', 3, '0'),
(2785109, 'bb_counter', 'bb_counter', 's', 1, 4, 0.1, '0', '0', '0', 3645, '1', '1', '1', '1', '1', 'scoreboard', 1, '0'),
(2785115, 'hween10_zombie', 'hween10_zombie', 's', 1, 1, 3, '0', '0', '0', 3636, '1', '1', '1', '1', '1', 'vendingmachine', 2, '58'),
(2785116, 'hween10_fogwall', 'hween10_fogwall', 'i', 1, 1, 1, '0', '0', '1', 4340, '1', '1', '1', '1', '1', 'default', 3, '0'),
(2785117, 'hween10_bat', 'hween10_bat', 's', 1, 1, 1, '0', '0', '0', 3662, '1', '1', '1', '1', '1', 'default', 2, '0'),
(2785118, 'hween10_card_1', 'hween10_card_1', 'i', 1, 1, 1, '1', '0', '0', 4346, '1', '1', '1', '1', '1', 'default', 1, '0'),
(2785119, 'hween10_card_2', 'hween10_card_2', 'i', 1, 1, 1, '1', '0', '0', 4350, '1', '1', '1', '1', '1', 'default', 1, '0'),
(2785120, 'hween10_card_3', 'hween10_card_3', 'i', 1, 1, 1, '1', '0', '0', 4345, '1', '1', '1', '1', '1', 'default', 1, '0'),
(2785121, 'hween10_card_4', 'hween10_card_4', 'i', 1, 1, 1, '1', '0', '0', 4347, '1', '1', '1', '1', '1', 'default', 1, '0'),
(2785122, 'hween10_card_5', 'hween10_card_5', 'i', 1, 1, 1, '1', '0', '0', 4351, '1', '1', '1', '1', '1', 'default', 1, '0'),
(2785123, 'hween10_card_6', 'hween10_card_6', 'i', 1, 1, 1, '1', '0', '0', 4348, '1', '1', '1', '1', '1', 'default', 1, '0'),
(2785124, 'hween10_chicken', 'hween10_chicken', 's', 2, 1, 3, '0', '0', '0', 3658, '1', '1', '1', '1', '1', 'default', 2, '0'),
(2785125, 'hween10_ffly', 'hween10_ffly', 's', 1, 1, 0, '0', '0', '1', 3657, '1', '1', '1', '1', '1', 'default', 2, '0'),
(2785126, 'hween10_fog', 'hween10_fog', 's', 2, 2, 0.0001, '1', '0', '1', 3652, '1', '1', '1', '1', '1', 'default', 2, '0'),
(2785127, 'hween10_jar', 'hween10_jar', 's', 1, 1, 3, '0', '0', '0', 3651, '1', '1', '1', '1', '1', 'default', 2, '0'),
(2785128, 'hween10_logs', 'hween10_logs', 's', 1, 1, 0.05, '1', '0', '1', 3656, '1', '1', '1', '1', '1', '', 1, '0'),
(2785129, 'hween10_pond', 'hween10_pond', 's', 2, 2, 0.1, '1', '0', '1', 3650, '1', '1', '1', '1', '1', '', 1, '0'),
(2785130, 'hween10_portch', 'hween10_potch', 's', 1, 1, 1, '0', '0', '1', 3661, '1', '1', '1', '1', '1', 'default', 7, '0'),
(2785131, 'hween10_skullpost', 'hween10_skullpost', 's', 1, 1, 3, '0', '0', '0', 3654, '1', '1', '1', '1', '1', 'default', 2, '0'),
(2785132, 'hween10_swamp', 'hween10_swamp', 's', 2, 2, 0.01, '0', '0', '1', 3649, '1', '1', '1', '1', '1', 'default', 1, '0'),
(2785133, 'hween10_tarot', 'hween10_tarot', 's', 1, 1, 1, '1', '0', '0', 3646, '1', '1', '1', '1', '1', 'default', 2, '0'),
(2785134, 'hween10_tele', 'hween10_tele', 's', 1, 1, 0.001, '0', '0', '0', 3659, '1', '1', '1', '1', '1', 'teleport', 2, '0'),
(2785135, 'hween10_throne', 'hween10_throne', 's', 1, 1, 1.1, '0', '1', '0', 3660, '1', '1', '1', '1', '1', 'default', 2, '0'),
(2785136, 'hween10_tree', 'hween10_tree', 's', 1, 1, 5, '1', '0', '0', 3648, '1', '1', '1', '1', '1', 'default', 2, '0'),
(2785137, 'hween10_voodoo1', 'hween10_voodoo1', 's', 1, 1, 3, '1', '0', '0', 3647, '1', '1', '1', '1', '1', 'default', 2, '0'),
(2785138, 'hween10_voodoo2', 'hween10_voodoo2', 's', 1, 1, 3, '1', '0', '0', 3653, '1', '1', '1', '1', '1', 'default', 2, '0'),
(2785139, 'hween10_voodoo3', 'hween10_voodoo3', 's', 1, 1, 3, '1', '0', '0', 3655, '1', '1', '1', '1', '1', 'default', 2, '0'),
(2785140, 'hween10_wallskull', 'hween10_wallskull', 'i', 1, 1, 4, '1', '0', '0', 4349, '1', '1', '1', '1', '1', 'default', 2, '0'),
(3568275, 'despicableme_desc', 'despicableme_desc', 'e', 1, 1, 1, '0', '0', '0', 32, '0', '0', '0', '0', '0', 'default', 1, '0'),
(3568276, 'nest_lion', 'nest_lion', 's', 1, 1, 1, '1', '0', '1', 3601, '1', '1', '1', '1', '1', 'default', 2, '0'),
(3568277, 'nest_lion2', 'nest_lion2', 's', 1, 1, 0.5, '1', '0', '1', 3587, '1', '1', '1', '1', '1', 'default', 2, '0'),
(3568278, 'nest_rhino', 'nest_rhino', 's', 1, 1, 0.2, '1', '0', '1', 3597, '1', '1', '1', '1', '1', 'default', 2, '0'),
(3568279, 'petfood14', 'petfood14', 's', 1, 1, 0, '0', '0', '1', 3599, '1', '1', '1', '1', '1', 'default', 4, '0'),
(3568280, 'petfood15', 'petfood15', 's', 1, 1, 0.1, '1', '0', '1', 3583, '1', '1', '1', '1', '1', 'default', 4, '0'),
(3568281, 'ads_mtv_tv2', 'ads_mtv_tv2', 'i', 0, 0, 0, '1', '0', '0', 4344, '1', '1', '1', '1', '1', 'default', 4, '0'),
(3568282, 'ads_mtv_bigtv2', 'ads_mtv_bigtv2', 'i', 0, 0, 0, '1', '0', '0', 4343, '1', '1', '1', '1', '1', 'default', 4, '0'),
(3568296, '', 'poster1', 'i', 0, 0, 0, '0', '0', '0', 5135, '1', '1', '1', '1', '1', 'default', 1, '0'),
(3568297, '', 'poster2', 'i', 0, 0, 0, '0', '0', '0', 5136, '1', '1', '1', '1', '1', 'default', 1, '0'),
(3568298, '', 'poster3', 'i', 0, 0, 0, '0', '0', '0', 5137, '1', '1', '1', '1', '1', 'default', 1, '0'),
(3568300, '', 'poster5', 'i', 0, 0, 0, '0', '0', '0', 5139, '1', '1', '1', '1', '1', 'default', 1, '0'),
(3568301, '', 'poster6', 'i', 0, 0, 0, '0', '0', '0', 5140, '1', '1', '1', '1', '1', 'default', 1, '0'),
(3568302, '', 'poster7', 'i', 0, 0, 0, '0', '0', '0', 5141, '1', '1', '1', '1', '1', 'default', 1, '0'),
(3568303, '', 'poster8', 'i', 0, 0, 0, '0', '0', '0', 5142, '1', '1', '1', '1', '1', 'default', 1, '0'),
(3568304, '', 'poster9', 'i', 0, 0, 0, '0', '0', '0', 5143, '1', '1', '1', '1', '1', 'default', 1, '0'),
(3568305, '', 'poster10', 'i', 0, 0, 0, '0', '0', '0', 5144, '1', '1', '1', '1', '1', 'default', 1, '0'),
(3568306, '', 'poster11', 'i', 0, 0, 0, '0', '0', '0', 5145, '1', '1', '1', '1', '1', 'default', 1, '0'),
(3568307, '', 'poster12', 'i', 0, 0, 0, '0', '0', '0', 5146, '1', '1', '1', '1', '1', 'default', 1, '0'),
(3568308, '', 'poster13', 'i', 0, 0, 0, '0', '0', '0', 5147, '1', '1', '1', '1', '1', 'default', 1, '0'),
(3568309, '', 'poster14', 'i', 0, 0, 0, '0', '0', '0', 5148, '1', '1', '1', '1', '1', 'default', 1, '0'),
(3568310, '', 'poster15', 'i', 0, 0, 0, '0', '0', '0', 5149, '1', '1', '1', '1', '1', 'default', 1, '0'),
(3568311, '', 'poster16', 'i', 0, 0, 0, '0', '0', '0', 5150, '1', '1', '1', '1', '1', 'default', 1, '0'),
(3568312, '', 'poster17', 'i', 0, 0, 0, '0', '0', '0', 5151, '1', '1', '1', '1', '1', 'default', 1, '0'),
(3568313, '', 'poster18', 'i', 0, 0, 0, '0', '0', '0', 5152, '1', '1', '1', '1', '1', 'default', 1, '0'),
(3568314, '', 'poster19', 'i', 0, 0, 0, '0', '0', '0', 5153, '1', '1', '1', '1', '1', 'default', 1, '0'),
(3568315, '', 'poster20', 'i', 0, 0, 0, '0', '0', '0', 5154, '1', '1', '1', '1', '1', 'default', 1, '0'),
(3568316, '', 'poster21', 'i', 0, 0, 0, '0', '0', '0', 5155, '1', '1', '1', '1', '1', 'default', 1, '0'),
(3568317, '', 'poster22', 'i', 0, 0, 0, '0', '0', '0', 5156, '1', '1', '1', '1', '1', 'default', 1, '0'),
(3568318, '', 'poster23', 'i', 0, 0, 0, '0', '0', '0', 5157, '1', '1', '1', '1', '1', 'default', 1, '0'),
(3568319, '', 'poster24', 'i', 0, 0, 0, '0', '0', '0', 5158, '1', '1', '1', '1', '1', 'default', 1, '0'),
(3568320, '', 'poster25', 'i', 0, 0, 0, '0', '0', '0', 5159, '1', '1', '1', '1', '1', 'default', 1, '0'),
(3568321, '', 'poster26', 'i', 0, 0, 0, '0', '0', '0', 5160, '1', '1', '1', '1', '1', 'default', 1, '0'),
(3568322, '', 'poster27', 'i', 0, 0, 0, '0', '0', '0', 5161, '1', '1', '1', '1', '1', 'default', 1, '0'),
(3568323, '', 'poster28', 'i', 0, 0, 0, '0', '0', '0', 5162, '1', '1', '1', '1', '1', 'default', 1, '0'),
(3568324, '', 'poster29', 'i', 0, 0, 0, '0', '0', '0', 5163, '1', '1', '1', '1', '1', 'default', 1, '0'),
(3568325, '', 'poster30', 'i', 0, 0, 0, '0', '0', '0', 5164, '1', '1', '1', '1', '1', 'default', 1, '0'),
(3568326, '', 'poster31', 'i', 0, 0, 0, '0', '0', '0', 5165, '1', '1', '1', '1', '1', 'default', 1, '0'),
(3568327, '', 'poster32', 'i', 0, 0, 0, '0', '0', '0', 5166, '1', '1', '1', '1', '1', 'default', 1, '0'),
(3568328, '', 'poster33', 'i', 0, 0, 0, '0', '0', '0', 5167, '1', '1', '1', '1', '1', 'default', 1, '0'),
(3568329, '', 'poster34', 'i', 0, 0, 0, '0', '0', '0', 5168, '1', '1', '1', '1', '1', 'default', 1, '0'),
(3568330, '', 'poster35', 'i', 0, 0, 0, '0', '0', '0', 5169, '1', '1', '1', '1', '1', 'default', 1, '0'),
(3568331, '', 'poster36', 'i', 0, 0, 0, '0', '0', '0', 5170, '1', '1', '1', '1', '1', 'default', 1, '0'),
(3568332, '', 'poster37', 'i', 0, 0, 0, '0', '0', '0', 5171, '1', '1', '1', '1', '1', 'default', 1, '0'),
(3568333, '', 'poster38', 'i', 0, 0, 0, '0', '0', '0', 5172, '1', '1', '1', '1', '1', 'default', 1, '0'),
(3568334, '', 'poster39', 'i', 0, 0, 0, '0', '0', '0', 5173, '1', '1', '1', '1', '1', 'default', 1, '0'),
(3568335, '', 'poster40', 'i', 0, 0, 0, '0', '0', '0', 5174, '1', '1', '1', '1', '1', 'default', 1, '0'),
(3568336, '', 'poster41', 'i', 0, 0, 0, '0', '0', '0', 5175, '1', '1', '1', '1', '1', 'default', 1, '0'),
(3568337, '', 'poster42', 'i', 0, 0, 0, '0', '0', '0', 5176, '1', '1', '1', '1', '1', 'default', 1, '0'),
(3568338, '', 'poster43', 'i', 0, 0, 0, '0', '0', '0', 5177, '1', '1', '1', '1', '1', 'default', 1, '0'),
(3568339, '', 'poster44', 'i', 0, 0, 0, '0', '0', '0', 5178, '1', '1', '1', '1', '1', 'default', 1, '0'),
(3568340, '', 'poster45', 'i', 0, 0, 0, '0', '0', '0', 5179, '1', '1', '1', '1', '1', 'default', 1, '0'),
(3568341, '', 'poster46', 'i', 0, 0, 0, '0', '0', '0', 5180, '1', '1', '1', '1', '1', 'default', 1, '0'),
(3568342, '', 'poster47', 'i', 0, 0, 0, '0', '0', '0', 5181, '1', '1', '1', '1', '1', 'default', 1, '0'),
(3568343, '', 'poster48', 'i', 0, 0, 0, '0', '0', '0', 5182, '1', '1', '1', '1', '1', 'default', 1, '0'),
(3568344, '', 'poster49', 'i', 0, 0, 0, '0', '0', '0', 5183, '1', '1', '1', '1', '1', 'default', 1, '0'),
(3568345, '', 'poster50', 'i', 0, 0, 0, '0', '0', '0', 5184, '1', '1', '1', '1', '1', 'default', 1, '0'),
(3568346, '', 'poster51', 'i', 0, 0, 0, '0', '0', '0', 5185, '1', '1', '1', '1', '1', 'default', 1, '0'),
(3568347, '', 'poster52', 'i', 0, 0, 0, '0', '0', '0', 5186, '1', '1', '1', '1', '1', 'default', 1, '0'),
(3568348, '', 'poster53', 'i', 0, 0, 0, '0', '0', '0', 5187, '1', '1', '1', '1', '1', 'default', 1, '0'),
(3568349, '', 'poster54', 'i', 0, 0, 0, '0', '0', '0', 5188, '1', '1', '1', '1', '1', 'default', 1, '0'),
(3568350, '', 'poster55', 'i', 0, 0, 0, '0', '0', '0', 5189, '1', '1', '1', '1', '1', 'default', 1, '0'),
(3568351, '', 'poster56', 'i', 0, 0, 0, '0', '0', '0', 5190, '1', '1', '1', '1', '1', 'default', 1, '0'),
(3568352, '', 'poster57', 'i', 0, 0, 0, '0', '0', '0', 5191, '1', '1', '1', '1', '1', 'default', 1, '0'),
(3568353, '', 'poster58', 'i', 0, 0, 0, '0', '0', '0', 5192, '1', '1', '1', '1', '1', 'default', 1, '0'),
(3568354, '', 'poster2005', 'i', 0, 0, 0, '0', '0', '0', 5193, '1', '1', '1', '1', '1', 'default', 1, '0'),
(3568399, '', 'poster4', 'i', 0, 0, 0, '0', '0', '0', 5138, '1', '1', '1', '1', '1', 'default', 1, '0'),
(3568401, 'exe_copier', 'exe_copier', 's', 1, 1, 1, '0', '0', '0', 9215, '1', '1', '1', '1', '1', 'default', 2, '0'),
(3568402, 'exe_glassdvdr', 'exe_glassdvdr', 's', 2, 1, 1, '0', '0', '0', 9216, '1', '1', '1', '1', '1', 'default', 2, '0'),
(3568403, 'exe_wrkdesk', 'exe_wrkdesk', 's', 2, 1, 1, '0', '0', '0', 9217, '1', '1', '1', '1', '1', 'default', 2, '0'),
(3568404, 'exe_seccam', 'exe_seccam', 's', 1, 1, 0, '0', '0', '1', 9218, '1', '1', '1', '1', '1', 'default', 2, '0'),
(3568405, 'exe_sensor', 'exe_sensor', 'i', 1, 1, 1, '0', '0', '0', 4355, '1', '1', '1', '1', '1', 'default', 2, '0'),
(2345678, 'picnic_blanket_yel', 'picnic_blanket_yel', 's', 3, 3, 0.01, '1', '0', '1', 3980, '1', '1', '1', '1', '1', 'default', 1, '0'),
(2345679, 'picnic_pillow_yel', 'picnic_pillow_yel', 's', 1, 1, 0.8, '0', '1', '0', 3981, '1', '1', '1', '1', '1', 'default', 1, '0'),
(2345610, 'picnic_food1', 'picnic_food1', 's', 1, 1, 1, '1', '0', '0', 3982, '1', '1', '1', '1', '1', 'default', 1, '0'),
(2345611, 'note_tag', 'note_tag', 's', 1, 1, 1, '0', '0', '0', 3983, '1', '1', '1', '1', '1', 'default', 1, '0'),
(2345612, 'picnic_wfall', 'picnic_wfall', 's', 2, 2, 1, '0', '0', '0', 3984, '1', '1', '1', '1', '1', 'default', 2, '0'),
(2345613, 'picnic_blanket_blu', 'picnic_blanket_blu', 's', 3, 3, 0.01, '1', '0', '1', 3985, '1', '1', '1', '1', '1', 'default', 1, '0'),
(2345614, 'picnic_food3', 'picnic_food3', 's', 1, 1, 1, '0', '0', '0', 3986, '1', '1', '1', '1', '1', 'default', 1, '0'),
(2345615, 'picnic_blanket', 'picnic_blanket', 's', 3, 3, 0.01, '1', '0', '1', 3987, '1', '1', '1', '1', '1', 'default', 1, '0'),
(2345616, 'picnic_pillow_blu', 'picnic_pillow_blu', 's', 1, 1, 0.8, '0', '1', '0', 3988, '1', '1', '1', '1', '1', 'default', 1, '0'),
(2345617, 'picnic_food2', 'picnic_food2', 's', 1, 1, 1, '0', '0', '0', 3989, '1', '1', '1', '1', '1', 'default', 1, '0'),
(2345618, 'picnic_tele', 'picnic_tele', 's', 1, 1, 0.001, '0', '0', '0', 3990, '1', '1', '0', '1', '1', 'teleport', 1, '0'),
(2345619, 'picnic_basket', 'picnic_basket', 's', 1, 1, 1, '0', '0', '0', 3991, '1', '1', '1', '1', '1', 'default', 1, '0'),
(2345620, 'picnic_pillow', 'picnic_pillow', 's', 1, 1, 0.8, '0', '1', '0', 3992, '1', '1', '1', '1', '1', 'default', 1, '0'),
(2345621, 'picnic_chair', 'picnic_chair', 's', 1, 1, 1, '0', '1', '0', 3993, '1', '1', '1', '1', '1', 'default', 1, '0'),
(2345622, 'picnic_3brds', 'picnic_3brds', 's', 1, 1, 1, '0', '0', '0', 3994, '1', '1', '1', '1', '1', 'default', 1, '0'),
(9465, 'Dragon', 'a0 pet12', 's', 1, 1, 1, '1', '0', '0', 9465, '1', '1', '1', '1', '1', 'pet', 0, '0'),
(8973465, 'dng_throne', 'dng_throne', 's', 1, 1, 1.5, '0', '1', '1', 4012, '1', '1', '1', '1', '1', 'default', 2, '0'),
(8973466, 'dng_pillar', 'dng_pillar', 's', 1, 1, 1, '0', '0', '0', 4007, '1', '1', '1', '1', '1', 'default', 1, '0'),
(8973467, 'dng_stairs', 'dng_stairs', 's', 1, 1, 1, '1', '0', '1', 4010, '1', '1', '1', '1', '1', 'default', 1, '0'),
(8973468, 'dng_block', 'dng_block', 's', 1, 1, 0.8, '1', '0', '1', 4013, '1', '1', '1', '1', '1', 'default', 1, '0'),
(8973469, 'dng_floor', 'dng_floor', 's', 2, 2, 0, '1', '0', '1', 4009, '1', '1', '1', '1', '1', 'default', 1, '0'),
(8973470, 'dng_wall', 'dng_wall', 'i', 0, 0, 0, '0', '0', '0', 4404, '1', '1', '1', '1', '1', 'default', 1, '0'),
(8973471, 'dng_treasure', 'dng_treasure', 's', 2, 2, 0, '1', '0', '1', 4011, '1', '1', '1', '1', '1', 'default', 2, '0'),
(8973472, 'dng_treasure2', 'dng_treasure2', 's', 1, 1, 0, '1', '0', '1', 4008, '1', '1', '1', '1', '1', 'default', 4, '0'),
(9037532, 'dng_ground', 'dng_ground', 's', 2, 2, 0, '0', '0', '1', 4006, '1', '1', '1', '1', '1', 'default', 4, '0'),
(9037533, 'dng_cube', 'dng_cube', 's', 1, 1, 1, '1', '0', '0', 4005, '1', '1', '1', '1', '1', 'default', 2, '0'),
(199868, 'qt_sum11_ictrolley', 'qt_sum11_ictrolley', 's', 1, 1, 1, '0', '0', '0', 4018, '1', '1', '1', '1', '1', 'default', 2, '0'),
(199869, 'qt_sum11_platfrm', 'qt_sum11_platfrm', 's', 2, 2, 1, '1', '0', '0', 4022, '1', '1', '1', '1', '1', 'default', 2, '0'),
(199870, 'qt_sum11_shell3', 'qt_sum11_shell3', 's', 1, 1, 1, '0', '0', '0', 4021, '1', '1', '1', '1', '1', 'default', 2, '0'),
(199871, 'qt_sum11_shell2', 'qt_sum11_shell2', 's', 1, 1, 1, '0', '0', '0', 4023, '1', '1', '1', '1', '1', 'default', 2, '0'),
(199872, 'qt_sum11_chair', 'qt_sum11_chair', 's', 1, 1, 1, '0', '1', '0', 4025, '1', '1', '1', '1', '1', 'default', 4, '0'),
(199873, 'qt_sum11_shell4', 'qt_sum11_shell4', 's', 1, 1, 1, '1', '0', '0', 4020, '1', '1', '1', '1', '1', 'default', 1, '0'),
(199874, 'qt_sum11_shell1', 'qt_sum11_shell1', 's', 1, 1, 1, '0', '0', '0', 4017, '1', '1', '1', '1', '1', 'default', 1, '0'),
(199875, 'qt_sum11_shell5', 'qt_sum11_shell5', 's', 1, 1, 1, '0', '0', '0', 4024, '1', '1', '1', '1', '1', 'default', 1, '0'),
(199876, 'qt_sum11_petfood', 'qt_sum11_petfood', 's', 1, 1, 1, '0', '0', '0', 4019, '1', '1', '1', '1', '1', 'default', 1, '0'),
(55901, 'prizetrophy_skate*1', 'prizetrophy_skate*1', 's', 1, 1, 1, '0', '0', '0', 4027, '1', '1', '1', '1', '1', 'trophy', 1, '0'),
(55902, 'prizetrophy_skate*2', 'prizetrophy_skate*2', 's', 1, 1, 1, '0', '0', '0', 4028, '1', '1', '1', '1', '1', 'trophy', 1, '0'),
(55903, 'prizetrophy_skate*3', 'prizetrophy_skate*3', 's', 1, 1, 1, '0', '0', '0', 4029, '1', '1', '1', '1', '1', 'trophy', 1, '0'),
(55904, 'sb_rail', 'sb_rail', 's', 1, 1, 1, '0', '0', '0', 4030, '1', '1', '1', '1', '1', 'default', 1, '0'),
(55905, 'sb_ramp', 'sb_ramp', 's', 2, 2, 1, '0', '0', '0', 4031, '1', '1', '1', '1', '1', 'default', 1, '0'),
(55906, 'sb_block', 'sb_block', 's', 2, 2, 0.7, '1', '0', '1', 4032, '1', '1', '1', '1', '1', 'default', 1, '0'),
(3267, 'mm_lamp', 'mm_lamp', 's', 1, 1, 1, '1', '0', '0', 4015, '1', '1', '1', '1', '1', 'default', 2, '0'),
(3268, 'mm_lemon_drink', 'mm_lemon_drink', 's', 1, 1, 1, '1', '0', '0', 4016, '1', '1', '1', '1', '1', 'vendingmachine', 1, '68'),
(3269, 'mm_tub', 'mm_tub', 's', 2, 1, 1, '1', '1', '0', 4026, '1', '1', '1', '1', '1', 'default', 2, '0'),
(9681, 'race_trophy', 'race_trophy', 's', 3, 3, 0.01, '1', '0', '1', 3998, '1', '1', '1', '1', '1', 'default', 1, '0'),
(9683, 'ads_kfp2statue', 'ads_kfp2statue', 's', 3, 3, 0.01, '1', '0', '1', 3999, '1', '1', '1', '1', '1', 'default', 1, '0'),
(9686, 'ads_kelloggs_statue', 'ads_kelloggs_statue', 's', 3, 3, 0.01, '1', '0', '1', 3997, '1', '1', '1', '1', '1', 'default', 1, '0'),
(9682, 'ads_kfp2_wall', 'ads_kfp2_wall', 'i', 1, 1, 1, '1', '0', '0', 4403, '1', '1', '1', '1', '1', 'default', 1, '0'),
(9684, 'ads_kfp2_tv', 'ads_kfp2_tv', 'i', 1, 1, 1, '1', '0', '0', 4402, '1', '1', '1', '1', '1', 'default', 1, '0'),
(9685, 'picture_car', 'picture_car', 'i', 1, 1, 1, '1', '0', '0', 4401, '1', '1', '1', '1', '1', 'default', 1, '0'),
(254874, 'Black Hole', 'hole', 's', 2, 2, 1, '1', '0', '0', 4071, '0', '0', '0', '0', '1', 'default', 1, '0'),
(10934, 'turtle', 'a0 pet9', 's', 1, 1, 1, '1', '0', '0', 10934, '1', '1', '1', '1', '1', 'pet', 0, '0'),
(30000, 'Monkey', 'a0 pet14', 's', 1, 1, 1, '0', '0', '0', 14, '0', '0', '0', '0', '1', 'pet', 1, '0'),
(91061, 'ads_durex_carpet', 'ads_durex_carpet', 's', 2, 3, 0.1, '1', '0', '1', 4075, '1', '1', '1', '1', '1', 'default', 2, '0'),
(91062, 'ads_durex_screen', 'ads_durex_screen', 'i', 1, 1, 1, '0', '0', '0', 4410, '1', '1', '1', '1', '1', 'default', 1, '0'),
(91063, 'ads_durex_vend', 'ads_durex_vend', 's', 1, 1, 3, '0', '0', '0', 4074, '1', '1', '1', '1', '1', 'vendingmachine', 1, '49'),
(91066, 'ads_mtv_floor', 'ads_mtv_floor', 's', 1, 1, 0.1, '1', '0', '1', 4079, '1', '1', '1', '1', '1', 'default', 1, '0'),
(91067, 'ads_mtv_wall', 'ads_mtv_wall', 'i', 1, 1, 1, '0', '0', '0', 4411, '1', '1', '1', '1', '1', 'default', 1, '0'),
(91068, 'studio_amp1', 'studio_amp1', 's', 2, 1, 2, '1', '0', '0', 4086, '1', '1', '1', '1', '1', 'default', 1, '0'),
(91069, 'studio_amp2', 'studio_amp2', 's', 2, 1, 1, '0', '0', '0', 4084, '1', '1', '1', '1', '1', 'default', 1, '0'),
(91070, 'studio_camera', 'studio_camera', 's', 1, 1, 1, '0', '0', '0', 4089, '1', '1', '1', '1', '1', 'default', 2, '0'),
(91071, 'studio_chair', 'studio_chair', 's', 1, 1, 1, '0', '1', '0', 4095, '1', '1', '1', '1', '1', 'default', 1, '0'),
(91072, 'studio_drums', 'studio_drums', 's', 3, 1, 1, '0', '0', '0', 4093, '1', '1', '1', '1', '1', 'default', 1, '0'),
(91073, 'studio_fence', 'studio_fence', 's', 1, 2, 1, '0', '0', '0', 4085, '1', '1', '1', '1', '1', 'default', 1, '0'),
(91074, 'studio_fencecr', 'studio_fencecr', 's', 1, 1, 1, '0', '0', '0', 4082, '1', '1', '1', '1', '1', 'default', 1, '0'),
(91075, 'studio_floorlight', 'studio_floorlight', 's', 1, 1, 0.1, '1', '0', '1', 4087, '1', '1', '1', '1', '1', 'default', 1, '0'),
(91076, 'studio_guitar', 'studio_guitar', 's', 1, 1, 1, '0', '0', '0', 4083, '1', '1', '1', '1', '1', 'default', 1, '0'),
(91077, 'studio_lights1', 'studio_lights1', 's', 1, 1, 1, '0', '0', '1', 4094, '1', '1', '1', '1', '1', 'default', 1, '0'),
(91078, 'studio_lights2', 'studio_lights2', 's', 1, 1, 1, '0', '0', '1', 4092, '1', '1', '1', '1', '1', 'default', 1, '0'),
(91079, 'studio_lights3', 'studio_lights3', 's', 1, 1, 1, '0', '0', '1', 4091, '1', '1', '1', '1', '1', 'default', 1, '0'),
(91080, 'studio_mixingdesk', 'studio_mixingdesk', 's', 5, 1, 1, '0', '0', '0', 4088, '1', '1', '1', '1', '1', 'default', 1, '0'),
(91081, 'studio_monitor', 'studio_monitor', 's', 1, 1, 1, '0', '0', '0', 4080, '1', '1', '1', '1', '1', 'default', 1, '0'),
(91082, 'studio_stool', 'studio_stool', 's', 1, 1, 1, '0', '1', '0', 4081, '1', '1', '1', '1', '1', 'default', 1, '0'),
(91083, 'studio_tv', 'studio_tv', 's', 1, 1, 0.1, '0', '0', '1', 4090, '1', '1', '1', '1', '1', 'default', 2, '0'),
(86003, 'lm_jackbox', 'lm_jackbox', 's', 1, 1, 1, '0', '0', '0', 4073, '1', '1', '1', '1', '1', 'default', 2, '0'),
(85000, 'coco_chair', 'coco_chair', 's', 1, 1, 1.3, '0', '1', '0', 4042, '0', '1', '0', '1', '1', 'default', 1, '0'),
(85001, 'coco_chair_c2', 'coco_chair_c2', 's', 1, 1, 1.3, '0', '1', '0', 4053, '0', '1', '0', '1', '1', 'default', 1, '0'),
(85002, 'coco_chair_c3', 'coco_chair_c3', 's', 1, 1, 1.3, '0', '1', '0', 4059, '0', '1', '0', '1', '1', 'default', 1, '0'),
(85003, 'coco_chair_c4', 'coco_chair_c4', 's', 1, 1, 1.3, '0', '1', '0', 4058, '0', '1', '0', '1', '1', 'default', 1, '0'),
(85004, 'coco_divan', 'coco_divan', 's', 2, 1, 1.5, '0', '1', '0', 4060, '0', '1', '0', '1', '1', 'default', 1, '0'),
(85005, 'coco_divan_c2', 'coco_divan_c2', 's', 2, 1, 1.5, '0', '1', '0', 4046, '0', '1', '0', '1', '1', 'default', 1, '0'),
(85006, 'coco_divan_c3', 'coco_divan_c3', 's', 2, 1, 1.5, '0', '1', '0', 4061, '0', '1', '0', '1', '1', 'default', 1, '0'),
(85007, 'coco_divan_c4', 'coco_divan_c4', 's', 2, 1, 1.5, '0', '1', '0', 4040, '0', '1', '0', '1', '1', 'default', 1, '0'),
(85008, 'coco_sofa', 'coco_sofa', 's', 3, 1, 1.1, '0', '1', '0', 4066, '0', '1', '0', '1', '1', 'default', 1, '0'),
(85009, 'coco_sofa_c2', 'coco_sofa_c2', 's', 3, 1, 1.1, '0', '1', '0', 4057, '0', '1', '0', '1', '1', 'default', 1, '0'),
(85010, 'coco_sofa_c3', 'coco_sofa_c3', 's', 3, 1, 1.1, '0', '1', '0', 4050, '0', '1', '0', '1', '1', 'default', 1, '0'),
(85011, 'coco_sofa_c4', 'coco_sofa_c4', 's', 3, 1, 1.1, '0', '1', '0', 4063, '0', '1', '0', '1', '1', 'default', 1, '0'),
(85012, 'coco_sofatable', 'coco_sofatable', 's', 1, 1, 1.4, '1', '0', '0', 4062, '0', '1', '0', '1', '1', 'default', 2, '0'),
(85013, 'coco_sofatable_c2', 'coco_sofatable_c2', 's', 1, 1, 1.4, '1', '0', '0', 4064, '0', '1', '0', '1', '1', 'default', 2, '0'),
(85014, 'coco_sofatable_c3', 'coco_sofatable_c3', 's', 1, 1, 1.4, '1', '0', '0', 4047, '0', '1', '0', '1', '1', 'default', 2, '0'),
(85015, 'coco_sofatable_c4', 'coco_sofatable_c4', 's', 1, 1, 1.4, '1', '0', '0', 4049, '0', '1', '0', '1', '1', 'default', 2, '0'),
(85016, 'coco_stool', 'coco_stool', 's', 1, 1, 1, '0', '1', '0', 4052, '0', '1', '0', '1', '1', 'default', 2, '0'),
(85017, 'coco_stool_c2', 'coco_stool_c2', 's', 1, 1, 1, '0', '1', '0', 4039, '0', '1', '0', '1', '1', 'default', 2, '0'),
(85018, 'coco_stool_c3', 'coco_stool_c3', 's', 1, 1, 1, '0', '1', '0', 4048, '0', '1', '0', '1', '1', 'default', 2, '0'),
(85019, 'coco_stool_c4', 'coco_stool_c4', 's', 1, 1, 1, '0', '1', '0', 4044, '0', '1', '0', '1', '1', 'default', 2, '0'),
(85020, 'coco_throne', 'coco_throne', 's', 1, 1, 1, '0', '1', '0', 4055, '0', '1', '0', '1', '1', 'default', 2, '0'),
(85021, 'coco_throne__c2', 'coco_throne__c2', 's', 1, 1, 1, '0', '1', '0', 4043, '0', '1', '0', '1', '1', 'default', 2, '0'),
(85022, 'coco_throne_c3', 'coco_throne_c3', 's', 1, 1, 1, '0', '1', '0', 4041, '0', '1', '0', '1', '1', 'default', 2, '0'),
(85023, 'coco_throne_c4', 'coco_throne_c4', 's', 1, 1, 1, '0', '1', '0', 4065, '0', '1', '0', '1', '1', 'default', 2, '0'),
(85024, 'coco_patch', 'coco_patch', 's', 2, 3, 0.1, '1', '0', '1', 4045, '0', '1', '0', '1', '1', 'default', 2, '0'),
(85025, 'coco_stick', 'coco_stick', 's', 1, 1, 2, '0', '0', '0', 4054, '0', '1', '0', '1', '1', 'default', 2, '0'),
(85026, 'coco_table', 'coco_table', 's', 2, 3, 0.5, '1', '0', '0', 4051, '0', '1', '0', '1', '1', 'default', 2, '0'),
(85027, 'coco_table2', 'coco_table2', 's', 2, 3, 0.8, '1', '0', '0', 4056, '0', '1', '0', '1', '1', 'default', 2, '0'),
(28603, 'Monkey', 'a0 pet12', 's', 1, 1, 1, '1', '0', '', 0, '0', '0', '0', '0', '', '', 0, '0'),
(29603, 'Turttle', 'a0 pet12', 's', 1, 1, 1, '1', '0', '', 0, '0', '0', '0', '0', '', '', 0, '0'),
(99080, 'es_big3', 'es_big3', 'i', 1, 1, 0.5, '1', '0', '1', 4371, '1', '1', '1', '1', '1', 'default', 1, '0'),
(99081, 'es_big2', 'es_big2', 'i', 1, 1, 0.5, '1', '0', '1', 4372, '1', '1', '1', '1', '1', 'default', 1, '0'),
(99082, 'Freeze Ice Block', 'es_box', 's', 1, 1, 1, '1', '0', '1', 3758, '1', '1', '1', '1', '1', 'default', 1, '0'),
(99083, 'Freese Counter', 'es_counter', 's', 2, 1, 1, '0', '0', '0', 3764, '1', '1', '1', '1', '1', 'frz_counter', 1, '0'),
(99084, 'Exit Tile', 'es_exit', 's', 1, 1, 0.1, '1', '0', '1', 3759, '1', '1', '1', '1', '1', 'default', 1, '0'),
(99085, 'Blue Freeze Gate', 'es_gate_b', 's', 1, 1, 1, '0', '0', '1', 3762, '1', '1', '1', '1', '1', 'default', 1, '0'),
(99086, 'Green Freeze Gate', 'es_gate_g', 's', 1, 1, 0, '0', '0', '1', 3761, '1', '1', '1', '1', '1', 'default', 1, '0'),
(99087, 'Red Freeze Gate', 'es_gate_r', 's', 1, 1, 0, '0', '0', '1', 3760, '1', '1', '1', '1', '1', 'default', 1, '0'),
(99088, 'Yellow Freeze Gate', 'es_gate_y', 's', 1, 1, 0, '0', '0', '1', 3763, '1', '1', '1', '1', '1', 'default', 1, '0'),
(99089, 'Yellow Freeze Scoreboard', 'es_score_y', 's', 1, 1, 0, '0', '0', '0', 3767, '1', '1', '1', '1', '1', 'default', 1, '0'),
(99090, 'Red Freeze Scoreboard', 'es_score_r', 's', 1, 1, 0, '0', '0', '0', 3765, '1', '1', '1', '1', '1', 'default', 1, '0'),
(99091, 'Blue Freeze Scoreboard', 'es_score_b', 's', 1, 1, 0, '0', '0', '0', 3756, '1', '1', '1', '1', '1', 'default', 1, '0'),
(99092, 'Green Freeze Scoreboard', 'es_score_g', 's', 1, 1, 0, '0', '0', '0', 3766, '1', '1', '1', '1', '1', 'default', 1, '0'),
(99093, 'Freeze Tile', 'es_tile', 's', 1, 1, 0, '0', '0', '1', 3757, '1', '1', '1', '1', '1', 'frz_tile', 1, '0'),
(203290, 'VIP', 'club.vip', 'v', 0, 0, 0, '0', '0', '0', 10, '1', '1', '1', '1', '1', 'default', 1, '0'),
(95396, 'VIP', 'club.vip', 'v', 0, 0, 0, '0', '0', '0', 10, '1', '1', '1', '1', '1', 'default', 1, '0'),
(90551, 'school_platform', 'school_platform', 's', 1, 1, 1, '1', '0', '1', 4145, '1', '1', '1', '1', '1', 'default', 4, '0'),
(90552, 'school_locker_b', 'school_locker_b', 's', 1, 1, 0.001, '0', '0', '0', 4146, '1', '1', '1', '1', '1', 'teleport', 1, '0'),
(90553, 'school_locker_r_nosale', 'school_locker_r_nosale', 's', 1, 1, 1, '0', '0', '0', 4147, '1', '1', '1', '1', '1', 'teleport', 1, '0'),
(90554, 'school_toilet_stall', 'school_toilet_stall', 's', 1, 1, 1, '0', '1', '0', 4148, '1', '1', '1', '1', '1', 'teleport', 1, '0'),
(90555, 'school_stuff_06', 'school_stuff_06', 's', 1, 1, 1, '0', '0', '0', 4149, '1', '1', '1', '1', '1', 'default', 1, '0'),
(90556, 'school_locker_r', 'school_locker_r', 's', 1, 1, 0.001, '0', '0', '0', 4150, '1', '1', '1', '1', '1', 'teleport', 1, '0'),
(90557, 'school_bus', 'school_bus', 's', 2, 4, 1, '0', '1', '0', 4151, '1', '1', '1', '1', '1', 'default', 1, '0'),
(90558, 'school_table', 'school_table', 's', 3, 2, 1, '1', '0', '0', 4152, '1', '1', '1', '1', '1', 'default', 1, '0'),
(90559, 'school_bench', 'school_bench', 's', 3, 1, 1, '0', '1', '0', 4153, '1', '1', '1', '1', '1', 'default', 1, '0'),
(90560, 'school_console', 'school_console', 's', 1, 1, 1, '0', '0', '0', 4154, '1', '1', '1', '1', '1', 'default', 1, '0'),
(90561, 'school_stuff_01', 'school_stuff_01', 's', 1, 1, 1, '0', '0', '0', 4155, '1', '1', '1', '1', '1', 'default', 1, '0'),
(90562, 'school_stuff_05', 'school_stuff_05', 's', 1, 1, 1, '0', '0', '0', 4156, '1', '1', '1', '1', '1', 'default', 1, '0'),
(90563, 'school_floor', 'school_floor', 's', 2, 2, 0.001, '0', '0', '1', 4157, '1', '1', '1', '1', '1', 'default', 1, '0'),
(90564, 'school_locker_b_nosale', 'school_locker_b_nosale', 's', 1, 1, 1, '0', '0', '0', 4158, '1', '1', '1', '1', '1', 'teleport', 1, '0'),
(90565, 'school_stuff_02', 'school_stuff_02', 's', 1, 1, 1, '0', '0', '0', 4159, '1', '1', '1', '1', '1', 'default', 1, '0'),
(90566, 'school_stuff_04', 'school_stuff_04', 's', 1, 1, 1, '0', '0', '0', 4160, '1', '1', '1', '1', '1', 'default', 1, '0'),
(90567, 'school_stuff_03', 'school_stuff_03', 's', 1, 1, 1, '0', '0', '0', 4161, '1', '1', '1', '1', '1', 'default', 1, '0'),
(90568, 'school_chalkboard', 'school_chalkboard', 'i', 0, 0, 1, '0', '0', '0', 4418, '1', '1', '1', '1', '1', 'default', 4, '0'),
(90569, 'school_urinal', 'school_urinal', 'i', 0, 0, 1, '0', '0', '0', 4419, '1', '1', '1', '1', '1', 'default', 2, '0'),
(90570, 'school_wall', 'school_wall', 'i', 0, 0, 1, '0', '0', '0', 4420, '1', '1', '1', '1', '1', 'default', 1, '0'),
(90571, 'school_charts', 'school_charts', 'i', 0, 0, 1, '0', '0', '0', 4421, '1', '1', '1', '1', '1', 'default', 3, '0'),
(90572, 'school_toilet_wall', 'school_toilet_wall', 'i', 0, 0, 1, '0', '0', '0', 4422, '1', '1', '1', '1', '1', 'default', 5, '0'),
(20604, 'Black+Yellow USVA Wallrug', 'usva2_wallrug', 'i', 0, 0, 0, '1', '0', '0', 4417, '1', '1', '1', '1', '1', 'default', 1, '0'),
(20605, 'Green USVA Rug', 'usva3_rug', 's', 0, 0, 0, '1', '0', '0', 4108, '1', '1', '1', '1', '1', 'default', 1, '0'),
(20606, 'Blue USVA Sofa', 'usva5_sofa', 's', 2, 1, 1, '0', '1', '0', 4109, '1', '1', '1', '1', '1', 'default', 1, '0'),
(20607, 'Red USVA Table Lamp', 'usva4_lamble', 's', 0, 0, 0, '1', '0', '0', 4110, '1', '1', '1', '1', '1', 'default', 2, '0'),
(20608, 'Green USVA Block Shelf', 'usva3_shelf', 's', 0, 0, 2, '1', '0', '0', 4111, '1', '1', '1', '1', '1', 'default', 3, '0'),
(20609, 'White USVA Rug', 'usva_rug', 's', 0, 0, 0, '1', '0', '0', 4112, '1', '1', '1', '1', '1', 'default', 1, '0'),
(20610, 'Yellow USVA table', 'usva2_table', 's', 0, 0, 0, '1', '0', '0', 4113, '1', '1', '1', '1', '1', 'default', 1, '0'),
(20611, 'White USVA Shelf', 'usva_shelf2', 's', 1, 1, 2, '1', '0', '0', 4114, '1', '1', '1', '1', '1', 'default', 3, '0'),
(20612, 'Red USVA Sofa', 'usva4_sofa', 's', 2, 1, 1, '0', '1', '0', 4115, '1', '1', '1', '1', '1', 'default', 1, '0'),
(20613, 'Pink USVA table', 'usva_table', 's', 0, 0, 0, '1', '0', '0', 4116, '1', '1', '1', '1', '1', 'default', 1, '0'),
(20614, 'Blue USVA Table', 'usva5_table', 's', 0, 0, 0, '1', '0', '0', 4117, '1', '1', '1', '1', '1', 'default', 1, '0'),
(20615, 'Pink USVA Table Lamp', 'usva_lamble', 's', 0, 0, 0, '1', '0', '0', 4118, '1', '1', '1', '1', '1', 'default', 2, '0'),
(20616, 'Yellow USVA Sofa', 'usva2_sofa', 's', 2, 1, 1, '0', '1', '0', 4119, '1', '1', '1', '1', '1', 'default', 1, '0'),
(20617, 'Yellow USVA Chair', 'usva2_chair', 's', 0, 0, 0, '1', '1', '0', 4120, '1', '1', '1', '1', '1', 'default', 1, '0'),
(20618, 'Pink USVA Lamp', 'usva_lamp', 's', 0, 0, 0, '1', '0', '0', 4121, '1', '1', '1', '1', '1', 'default', 2, '0'),
(20619, 'Black USVA Shelf', 'usva2_shelf2', 's', 0, 0, 2, '1', '0', '0', 4122, '1', '1', '1', '1', '1', 'default', 3, '0'),
(20620, 'Pink USVA Chair', 'usva_chair', 's', 0, 0, 0, '1', '1', '0', 4123, '1', '1', '1', '1', '1', 'default', 1, '0'),
(20621, 'Blue USVA Desk Lamp', 'usva5_lamble', 's', 0, 0, 0, '1', '0', '0', 4124, '1', '1', '1', '1', '1', 'default', 2, '0'),
(20622, 'Yellow USVA Lamp', 'usva2_lamp', 's', 0, 0, 0, '1', '0', '0', 4125, '1', '1', '1', '1', '1', 'default', 2, '0'),
(20623, 'Red USVA Chair', 'usva4_chair', 's', 0, 0, 0, '1', '1', '0', 4126, '1', '1', '1', '1', '1', 'default', 1, '0'),
(20624, 'Green USVA Shelf', 'usva3_shelf2', 's', 0, 0, 2, '1', '0', '0', 4127, '1', '1', '1', '1', '1', 'default', 3, '0'),
(20625, 'Green USVA Table', 'usva3_table', 's', 0, 0, 0, '1', '0', '0', 4128, '1', '1', '1', '1', '1', 'default', 1, '0'),
(20626, 'Black USVA Rug', 'usva2_rug', 's', 0, 0, 0, '1', '0', '0', 4129, '1', '1', '1', '1', '1', 'default', 1, '0'),
(20627, 'Red USVA table', 'usva4_table', 's', 0, 0, 0, '1', '0', '0', 4130, '1', '1', '1', '1', '1', 'default', 1, '0'),
(20628, 'Blue USVA Lamp', 'usva5_lamp', 's', 0, 0, 0, '1', '0', '0', 4131, '1', '1', '1', '1', '1', 'default', 2, '0'),
(20629, 'Green USVA Chair', 'usva3_chair', 's', 0, 0, 0, '1', '1', '0', 4132, '1', '1', '1', '1', '1', 'default', 1, '0'),
(20630, 'Green USVA Table Lamp', 'usva3_lamble', 's', 0, 0, 0, '1', '0', '0', 4133, '1', '1', '1', '1', '1', 'default', 2, '0'),
(20631, 'Pink USVA Sofa', 'usva_sofa', 's', 2, 1, 1, '0', '1', '0', 4134, '1', '1', '1', '1', '1', 'default', 1, '0'),
(20632, 'White USVA Block Shelf', 'usva_shelf', 's', 1, 1, 1, '0', '0', '0', 4135, '1', '1', '1', '1', '1', 'default', 3, '0'),
(20633, 'Red USVA Lamp', 'usva4_lamp', 's', 0, 0, 0, '1', '0', '0', 4136, '1', '1', '1', '1', '1', 'default', 2, '0'),
(20634, 'Yellow USVA Table Lamp', 'usva2_lamble', 's', 0, 0, 0, '1', '0', '0', 4137, '1', '1', '1', '1', '1', 'default', 2, '0'),
(20635, 'Green USVA Lamp', 'usva3_lamp', 's', 0, 0, 0, '1', '0', '0', 4138, '1', '1', '1', '1', '1', 'default', 2, '0'),
(20636, 'Red USVA Rug', 'usva4_rug', 's', 0, 0, 0, '1', '0', '0', 4139, '1', '1', '1', '1', '1', 'default', 1, '0');
INSERT INTO `furniture` (`id`, `public_name`, `item_name`, `type`, `width`, `length`, `stack_height`, `can_stack`, `can_sit`, `is_walkable`, `sprite_id`, `allow_recycle`, `allow_trade`, `allow_marketplace_sell`, `allow_gift`, `allow_inventory_stack`, `interaction_type`, `interaction_modes_count`, `vending_ids`) VALUES
(20637, 'Black USVA Block Shelf', 'usva2_shelf', 's', 0, 0, 2, '1', '0', '0', 4140, '1', '1', '1', '1', '1', 'default', 3, '0'),
(20638, 'Green USVA Sofa', 'usva3_sofa', 's', 2, 1, 1, '0', '1', '0', 4141, '1', '1', '1', '1', '1', 'default', 1, '0'),
(20639, 'Blue USVA Rug', 'usva5_rug', 's', 0, 0, 0, '1', '0', '0', 4142, '1', '1', '1', '1', '1', 'default', 1, '0'),
(20640, 'Blue USVA Chair', 'usva5_chair', 's', 0, 0, 0, '1', '1', '0', 4143, '1', '1', '1', '1', '1', 'default', 1, '0'),
(20641, 'White+Blue USVA Wallrug', 'usva5_wallrug', 'i', 1, 1, 1, '1', '0', '0', 4413, '1', '1', '1', '1', '1', 'default', 1, '0'),
(20642, 'Green USVA Wallrug', 'usva3_wallrug', 'i', 1, 1, 1, '1', '0', '0', 4414, '1', '1', '1', '1', '1', 'default', 1, '0'),
(20643, 'White+Pink USVA Wallrug', 'usva_wallrug', 'i', 1, 1, 1, '1', '0', '0', 4415, '1', '1', '1', '1', '1', 'default', 1, '0'),
(20644, 'Red USVA Wallrug', 'usva4_wallrug', 'i', 1, 1, 1, '1', '0', '0', 4416, '1', '1', '1', '1', '1', 'default', 1, '0'),
(2124013, 'Sand Dragon', 'qt_sum11_dragon', 's', 1, 1, 0.001, '0', '0', '0', 2124013, '1', '1', '1', '1', '1', 'default', 2, '0'),
(110001, 'rare pet9', 'a0 pet9', 's', 1, 1, 1, '1', '0', '0', 10934, '1', '1', '1', '1', '1', 'pet', 0, '0');

-- --------------------------------------------------------

--
-- Estructura de tabla para la tabla `fuserights`
--

CREATE TABLE IF NOT EXISTS `fuserights` (
  `rank` int(11) unsigned NOT NULL,
  `fuse` varchar(50) NOT NULL,
  KEY `rank` (`rank`)
) ENGINE=MyISAM DEFAULT CHARSET=latin1;

--
-- Volcar la base de datos para la tabla `fuserights`
--

INSERT INTO `fuserights` (`rank`, `fuse`) VALUES
(1, 'fuse_room_queue_default'),
(1, 'fuse_buy_credits'),
(1, 'fuse_login'),
(1, 'default'),
(1, 'fuse_trade'),
(3, 'fuse_mod'),
(6, 'fuse_admin'),
(7, 'fuse_sysadmin'),
(3, 'fuse_enter_any_room'),
(1, 'fuse_club_dances'),
(3, 'fuse_housekeeping_login'),
(4, 'fuse_chatlogs'),
(3, 'fuse_alert'),
(3, 'fuse_kick'),
(4, 'fuse_ban'),
(6, 'fuse_housekeeping_catalog'),
(4, 'fuse_housekeeping_moderation'),
(6, 'fuse_housekeeping_sitemanagement'),
(4, 'fuse_any_room_rights'),
(6, 'fuse_ignore_maintenance'),
(4, 'fuse_mute'),
(3, 'fuse_roomkick'),
(3, 'fuse_roomalert'),
(4, 'fuse_enter_full_rooms');

-- --------------------------------------------------------

--
-- Estructura de tabla para la tabla `fuserights_subs`
--

CREATE TABLE IF NOT EXISTS `fuserights_subs` (
  `sub` varchar(120) NOT NULL,
  `fuse` text NOT NULL,
  KEY `sub` (`sub`)
) ENGINE=MyISAM DEFAULT CHARSET=latin1;

--
-- Volcar la base de datos para la tabla `fuserights_subs`
--

INSERT INTO `fuserights_subs` (`sub`, `fuse`) VALUES
('habbo_club', 'default'),
('habbo_club', 'fuse_can_create_more_rooms'),
('habbo_club', 'fuse_furni_chooser'),
('habbo_club', 'fuse_habbo_chooser'),
('habbo_club', 'fuse_larger_wardrobe'),
('habbo_club', 'fuse_large_marketplace_token_batch'),
('habbo_club', 'fuse_priority_access'),
('habbo_club', 'fuse_room_queue_club'),
('habbo_club', 'fuse_super_extended_buddylist'),
('habbo_club', 'fuse_use_club_badge'),
('habbo_club', 'fuse_use_club_catalog'),
('habbo_club', 'fuse_use_club_dance'),
('habbo_club', 'fuse_use_club_outfits'),
('habbo_club', 'fuse_use_special_room_layouts'),
('habbo_club', 'fuse_use_wardrobe'),
('habbo_club', 'pockethabbo_messenger_allowed'),
('habbo_vip', 'enter_all_public_rooms'),
('habbo_vip', 'fuse_use_vip_outfits'),
('habbo_vip', 'fuse_use_vip_badge'),
('habbo_vip', 'fuse_use_vip_room_layouts'),
('habbo_vip', 'fuse_use_vip_wardrobe'),
('habbo_vip', 'enter_all_public_rooms_vip');

-- --------------------------------------------------------

--
-- Estructura de tabla para la tabla `groups_details`
--

CREATE TABLE IF NOT EXISTS `groups_details` (
  `id` int(10) NOT NULL AUTO_INCREMENT,
  `name` varchar(45) COLLATE latin1_general_ci NOT NULL,
  `description` varchar(200) COLLATE latin1_general_ci NOT NULL,
  `ownerid` int(10) NOT NULL,
  `roomid` int(10) NOT NULL,
  `created` varchar(50) COLLATE latin1_general_ci NOT NULL,
  `badge` text COLLATE latin1_general_ci NOT NULL,
  `type` int(1) NOT NULL DEFAULT '0',
  `recommended` int(1) NOT NULL DEFAULT '0',
  `views` int(15) NOT NULL,
  `pane` smallint(1) NOT NULL DEFAULT '0',
  `topics` smallint(1) NOT NULL DEFAULT '0',
  `bg` varchar(210) COLLATE latin1_general_ci NOT NULL DEFAULT 'b_bg_colour_08',
  PRIMARY KEY (`id`,`name`),
  KEY `bg` (`bg`)
) ENGINE=MyISAM  DEFAULT CHARSET=latin1 COLLATE=latin1_general_ci AUTO_INCREMENT=4 ;

--
-- Volcar la base de datos para la tabla `groups_details`
--

INSERT INTO `groups_details` (`id`, `name`, `description`, `ownerid`, `roomid`, `created`, `badge`, `type`, `recommended`, `views`, `pane`, `topics`, `bg`) VALUES
(1, 'Doraemon & Joan', 'Son los mejores coders y los dueos de win pack !!!!!', 1, 0, '', 'b1203Xs05015s05013s09114', 0, 0, 3, 0, 0, 'b_bg_colour_08'),
(2, 'Friki', 'El Grupo Oficial del Hotel Unete Ya que esperas , No Seas Lammers & Unete !!!', 2, 0, '', 'b1203Xs05015s05013s09114', 0, 0, 2, 0, 0, 'b_bg_colour_08'),
(3, 'H4ck3r', 'juuujujujuujujuju', 5, 0, '', 'b1203Xs05015s05013s09114', 0, 0, 2, 0, 0, 'b_bg_colour_08');

-- --------------------------------------------------------

--
-- Estructura de tabla para la tabla `groups_links`
--

CREATE TABLE IF NOT EXISTS `groups_links` (
  `id` int(20) NOT NULL AUTO_INCREMENT,
  `groupid` int(20) NOT NULL,
  `short` varchar(50) NOT NULL,
  PRIMARY KEY (`id`)
) ENGINE=MyISAM DEFAULT CHARSET=latin1 AUTO_INCREMENT=1 ;

--
-- Volcar la base de datos para la tabla `groups_links`
--


-- --------------------------------------------------------

--
-- Estructura de tabla para la tabla `groups_memberships`
--

CREATE TABLE IF NOT EXISTS `groups_memberships` (
  `userid` int(10) NOT NULL,
  `groupid` int(10) NOT NULL,
  `member_rank` enum('3','2','1') COLLATE latin1_general_ci NOT NULL DEFAULT '3',
  `is_current` enum('0','1') COLLATE latin1_general_ci NOT NULL DEFAULT '0',
  `is_pending` enum('0','1') COLLATE latin1_general_ci NOT NULL DEFAULT '0'
) ENGINE=MyISAM DEFAULT CHARSET=latin1 COLLATE=latin1_general_ci;

--
-- Volcar la base de datos para la tabla `groups_memberships`
--

INSERT INTO `groups_memberships` (`userid`, `groupid`, `member_rank`, `is_current`, `is_pending`) VALUES
(1, 1, '2', '1', '0'),
(2, 2, '2', '1', '0'),
(5, 3, '2', '1', '0');

-- --------------------------------------------------------

--
-- Estructura de tabla para la tabla `help_subjects`
--

CREATE TABLE IF NOT EXISTS `help_subjects` (
  `id` int(11) unsigned NOT NULL AUTO_INCREMENT,
  `caption` varchar(100) NOT NULL,
  PRIMARY KEY (`id`)
) ENGINE=MyISAM  DEFAULT CHARSET=latin1 AUTO_INCREMENT=6 ;

--
-- Volcar la base de datos para la tabla `help_subjects`
--

INSERT INTO `help_subjects` (`id`, `caption`) VALUES
(1, 'Phoenix - General'),
(2, 'Credits, Pixels and Achievements'),
(3, 'Catalogue and Furniture'),
(4, 'Rooms'),
(5, 'Infobus');

-- --------------------------------------------------------

--
-- Estructura de tabla para la tabla `help_topics`
--

CREATE TABLE IF NOT EXISTS `help_topics` (
  `id` int(11) unsigned NOT NULL AUTO_INCREMENT,
  `subject` int(11) unsigned NOT NULL DEFAULT '1',
  `title` varchar(50) NOT NULL,
  `body` text NOT NULL,
  `known_issue` enum('0','1','2') NOT NULL DEFAULT '0',
  PRIMARY KEY (`id`)
) ENGINE=MyISAM  DEFAULT CHARSET=latin1 AUTO_INCREMENT=14 ;

--
-- Volcar la base de datos para la tabla `help_topics`
--

INSERT INTO `help_topics` (`id`, `subject`, `title`, `body`, `known_issue`) VALUES
(1, 1, 'What is Phoenix Hotel?', 'uberHotel is a test platform for the new Habbo Hotel Emulator, UberEmulator. We are using this hotel to test and verify the stability, performance, and functionality of the server. This means the hotel will only be available temporarily, and certain features may be missing or broken.', '2'),
(2, 1, 'Missing/broken features', 'This article will be updated to reflect an overview of features that are missing or broken.', '2'),
(3, 2, 'How do I get Credits?', 'You can receive credits in a multitude of ways:\r\n\r\n* By signing up to Uber you receive some credits to get you started.\r\n* You will recieve credit updates at preset intervals.\r\n* You can play games and take part in events and competitions for prizes and credits.\r\n* You can trade other users for credits.', '1'),
(4, 2, 'How do I get Pixels?', 'You automatically receive pixels every now and then. You can exchange these for effects, special pixel offers, and credits. You also receive pixels by completing achievements.', '1'),
(5, 2, 'What are achievements and how do I get them?', 'Achievements are special tasks you can complete in the hotel which will give you a certain amount of pixels and a cool badge as reward.', '1'),
(6, 2, 'Are all achievements available on Uber?', 'We have not yet added all achievements. The ones that are available can be seen under the ''Achievements'' tab in your inventory.', '0'),
(7, 1, 'Staff on Uber', 'Uber is being maintained and moderated by a relatively small staff team. They are here to make sure everything works correctly and to help our players and keep them safe.\r\n\r\nIn general we do not have any staff openings; if we are looking for staff it will be announced on the homepage, or we will approach players we deem capable.', '2'),
(8, 3, 'I have a suggestion for new furniture!', 'We do NOT accept any requests for custom furniture or anything along those lines, we only use furniture that is available on the official hotels. If you have suggestions for new furniture, try contacting Habbo. They might like your idea!', '0'),
(9, 3, 'Why is this piece of furniture missing?', 'We may have not added all furniture yet or we may have purposely decided not to put it up for sale. Please do not contact us about this - we are constantly adding new furniture.', '1'),
(10, 5, 'Where is the Infobus?', 'The infobus is currently available in the navigator, although bugged.', '1'),
(11, 3, 'Stacking-related issues', 'The stacking system is a sensitive and complicated mechanism that still requires some work. There is generally no need to report any problems regarding stacking to us, as we are aware of problems relating to it.\r\n\r\nIf there are problems with stacking relating to a specific piece of furniture, then please submit a suggestion or bug report on our UserVoice forum.', '1'),
(12, 1, 'Support Tickets & User Reports', 'We would just like to urge that the ticket system you will find in this help tool and when reporting users is only intended for SERIOUS requests. Yes, it works, and there is no need to test it. Any requests that are offensive, spam, or in anyway inappropriate may result in a ban.\r\n\r\nAlso, when submitting a help request, please keep in mind that it must be in English.', '2');

-- --------------------------------------------------------

--
-- Estructura de tabla para la tabla `items`
--

CREATE TABLE IF NOT EXISTS `items` (
  `id` int(10) unsigned NOT NULL,
  `user_id` int(10) NOT NULL,
  `room_id` int(10) unsigned NOT NULL DEFAULT '0',
  `base_item` int(10) unsigned NOT NULL,
  `extra_data` text NOT NULL,
  `x` int(11) NOT NULL DEFAULT '0',
  `y` int(11) NOT NULL DEFAULT '0',
  `z` double NOT NULL DEFAULT '0',
  `rot` int(11) NOT NULL DEFAULT '0',
  `wall_pos` varchar(100) NOT NULL,
  PRIMARY KEY (`id`),
  UNIQUE KEY `id` (`id`) USING BTREE,
  KEY `userid` (`user_id`) USING BTREE,
  KEY `roomid` (`room_id`)
) ENGINE=MyISAM DEFAULT CHARSET=latin1;

--
-- Volcar la base de datos para la tabla `items`
--


-- --------------------------------------------------------

--
-- Estructura de tabla para la tabla `item_id_generator`
--

CREATE TABLE IF NOT EXISTS `item_id_generator` (
  `id_generator` int(10) unsigned NOT NULL,
  KEY `id_generator` (`id_generator`)
) ENGINE=MyISAM DEFAULT CHARSET=latin1;

--
-- Volcar la base de datos para la tabla `item_id_generator`
--

INSERT INTO `item_id_generator` (`id_generator`) VALUES
(5992);

-- --------------------------------------------------------

--
-- Estructura de tabla para la tabla `linkfilter`
--

CREATE TABLE IF NOT EXISTS `linkfilter` (
  `externalsite` varchar(80) NOT NULL,
  PRIMARY KEY (`externalsite`),
  KEY `site` (`externalsite`)
) ENGINE=MyISAM DEFAULT CHARSET=latin1;

--
-- Volcar la base de datos para la tabla `linkfilter`
--


-- --------------------------------------------------------

--
-- Estructura de tabla para la tabla `messenger_categorys`
--

CREATE TABLE IF NOT EXISTS `messenger_categorys` (
  `id` int(10) NOT NULL AUTO_INCREMENT,
  `name` varchar(50) NOT NULL,
  `owner_id` int(20) NOT NULL,
  PRIMARY KEY (`id`)
) ENGINE=MyISAM DEFAULT CHARSET=latin1 AUTO_INCREMENT=1 ;

--
-- Volcar la base de datos para la tabla `messenger_categorys`
--


-- --------------------------------------------------------

--
-- Estructura de tabla para la tabla `messenger_friendships`
--

CREATE TABLE IF NOT EXISTS `messenger_friendships` (
  `user_one_id` int(10) unsigned NOT NULL,
  `user_two_id` int(10) unsigned NOT NULL,
  `category` int(11) NOT NULL,
  KEY `user_one_id` (`user_one_id`)
) ENGINE=MyISAM DEFAULT CHARSET=latin1;

--
-- Volcar la base de datos para la tabla `messenger_friendships`
--

INSERT INTO `messenger_friendships` (`user_one_id`, `user_two_id`, `category`) VALUES
(1, 3, 0),
(3, 1, 0),
(1, 40, 0),
(40, 1, 0),
(41, 1, 0),
(1, 41, 0),
(42, 1, 0),
(1, 42, 0),
(42, 40, 0),
(40, 42, 0),
(10, 1, 0),
(1, 10, 0),
(43, 1, 0),
(1, 43, 0);

-- --------------------------------------------------------

--
-- Estructura de tabla para la tabla `messenger_log`
--

CREATE TABLE IF NOT EXISTS `messenger_log` (
  `username` varchar(30) NOT NULL,
  `receiver` varchar(30) DEFAULT NULL,
  `mtime` time NOT NULL DEFAULT '00:00:00',
  `message` varchar(200) NOT NULL,
  `invite` tinyint(1) NOT NULL DEFAULT '0'
) ENGINE=MyISAM DEFAULT CHARSET=latin1;

--
-- Volcar la base de datos para la tabla `messenger_log`
--


-- --------------------------------------------------------

--
-- Estructura de tabla para la tabla `messenger_requests`
--

CREATE TABLE IF NOT EXISTS `messenger_requests` (
  `from_id` int(10) unsigned NOT NULL,
  `to_id` int(10) unsigned NOT NULL,
  `id` int(11) unsigned NOT NULL AUTO_INCREMENT,
  PRIMARY KEY (`id`)
) ENGINE=MyISAM  DEFAULT CHARSET=latin1 AUTO_INCREMENT=39 ;

--
-- Volcar la base de datos para la tabla `messenger_requests`
--


-- --------------------------------------------------------

--
-- Estructura de tabla para la tabla `moderation_presets`
--

CREATE TABLE IF NOT EXISTS `moderation_presets` (
  `id` int(10) unsigned NOT NULL AUTO_INCREMENT,
  `enabled` enum('0','1') NOT NULL DEFAULT '1',
  `type` enum('message','roommessage') NOT NULL DEFAULT 'message',
  `message` text NOT NULL,
  PRIMARY KEY (`id`)
) ENGINE=MyISAM DEFAULT CHARSET=latin1 AUTO_INCREMENT=1 ;

--
-- Volcar la base de datos para la tabla `moderation_presets`
--


-- --------------------------------------------------------

--
-- Estructura de tabla para la tabla `moderation_tickets`
--

CREATE TABLE IF NOT EXISTS `moderation_tickets` (
  `id` int(10) unsigned NOT NULL AUTO_INCREMENT,
  `score` int(11) NOT NULL,
  `type` int(11) NOT NULL,
  `status` enum('open','picked','resolved','abusive','invalid','deleted') NOT NULL DEFAULT 'open',
  `sender_id` int(10) unsigned NOT NULL,
  `reported_id` int(10) unsigned NOT NULL,
  `moderator_id` int(10) unsigned NOT NULL,
  `message` text NOT NULL,
  `room_id` int(10) unsigned NOT NULL,
  `room_name` varchar(100) NOT NULL,
  `timestamp` double NOT NULL,
  PRIMARY KEY (`id`)
) ENGINE=MyISAM DEFAULT CHARSET=latin1 AUTO_INCREMENT=1 ;

--
-- Volcar la base de datos para la tabla `moderation_tickets`
--


-- --------------------------------------------------------

--
-- Estructura de tabla para la tabla `navigator_flatcats`
--

CREATE TABLE IF NOT EXISTS `navigator_flatcats` (
  `id` int(11) NOT NULL AUTO_INCREMENT,
  `caption` varchar(100) NOT NULL,
  `enabled` enum('0','1') NOT NULL DEFAULT '1',
  `min_rank` int(11) NOT NULL DEFAULT '1',
  PRIMARY KEY (`id`)
) ENGINE=MyISAM  DEFAULT CHARSET=latin1 AUTO_INCREMENT=16 ;

--
-- Volcar la base de datos para la tabla `navigator_flatcats`
--

INSERT INTO `navigator_flatcats` (`id`, `caption`, `enabled`, `min_rank`) VALUES
(15, 'No Category', '1', 1),
(1, 'Phoenix Staff Rooms', '1', 4),
(2, 'Competition Category', '0', 1),
(3, 'unused competition category', '0', 1),
(4, 'Themed & RPG Rooms', '1', 1),
(5, 'Restaurant, Bar & Night Club Rooms', '1', 1),
(6, 'Club & Group Rooms', '1', 1),
(7, 'Chat, Chill & Discussion Rooms', '1', 1),
(8, 'Maze & Theme Park Rooms', '1', 1),
(9, 'Trading & Shopping Rooms', '1', 1),
(10, 'Gaming & Race Rooms', '1', 1),
(11, 'Hair Salons & Modelling Rooms', '1', 1),
(12, 'Help Centre, Guide & Service Rooms', '1', 1),
(13, 'School, Daycare & Adoption Rooms', '1', 1),
(14, 'All Other Rooms', '1', 1);

-- --------------------------------------------------------

--
-- Estructura de tabla para la tabla `navigator_pubcats`
--

CREATE TABLE IF NOT EXISTS `navigator_pubcats` (
  `id` int(11) NOT NULL AUTO_INCREMENT,
  `caption` varchar(100) NOT NULL,
  `enabled` enum('0','1') NOT NULL DEFAULT '1',
  PRIMARY KEY (`id`)
) ENGINE=MyISAM  DEFAULT CHARSET=latin1 AUTO_INCREMENT=6 ;

--
-- Volcar la base de datos para la tabla `navigator_pubcats`
--

INSERT INTO `navigator_pubcats` (`id`, `caption`, `enabled`) VALUES
(1, 'Cafes and Restaurants', '1'),
(2, 'Lounges and Entertainment', '1'),
(3, 'Pubs and Clubs', '1'),
(4, 'Outside Spaces & Swimming Pools', '1');

-- --------------------------------------------------------

--
-- Estructura de tabla para la tabla `navigator_publics`
--

CREATE TABLE IF NOT EXISTS `navigator_publics` (
  `id` int(11) NOT NULL AUTO_INCREMENT,
  `ordernum` int(11) NOT NULL DEFAULT '1',
  `bannertype` enum('0','1') NOT NULL COMMENT '0 = big, 1 = normal',
  `caption` varchar(100) NOT NULL,
  `image` text NOT NULL,
  `image_type` enum('internal','external') NOT NULL DEFAULT 'internal',
  `room_id` int(10) unsigned NOT NULL,
  `category_id` int(11) NOT NULL DEFAULT '0',
  `category_parent_id` int(11) NOT NULL DEFAULT '-1',
  PRIMARY KEY (`id`)
) ENGINE=MyISAM  DEFAULT CHARSET=latin1 AUTO_INCREMENT=9 ;

--
-- Volcar la base de datos para la tabla `navigator_publics`
--

INSERT INTO `navigator_publics` (`id`, `ordernum`, `bannertype`, `caption`, `image`, `image_type`, `room_id`, `category_id`, `category_parent_id`) VALUES
(1, 1, '1', 'Hotel Reception', 'newbie_lobby', 'internal', 1, 0, 2),
(2, 3, '1', 'Theatredrome', 'theatredrome_xmas', 'internal', 2, 0, 2),
(3, 8, '1', 'The Orient', '', 'internal', 3, 0, 3),
(4, 6, '1', 'Picnic Area', 'picnic', 'internal', 4, 0, 4),
(5, 5, '1', 'Tea Room', 'tearoom', 'internal', 5, 0, 1),
(6, 7, '1', 'Dusty Lounge', 'dusty_lounge', 'internal', 6, 0, 2),
(7, 4, '1', 'Uber Cinema', 'habbo_cinema', 'internal', 7, 0, -1);

-- --------------------------------------------------------

--
-- Estructura de tabla para la tabla `permissions_ranks`
--

CREATE TABLE IF NOT EXISTS `permissions_ranks` (
  `rank` int(1) unsigned NOT NULL,
  `cmd_update_permissions` enum('1','0') NOT NULL,
  `cmd_update_settings` enum('1','0') NOT NULL,
  `cmd_update_bots` enum('1','0') NOT NULL,
  `cmd_update_catalogue` enum('1','0') NOT NULL,
  `cmd_update_navigator` enum('1','0') NOT NULL,
  `cmd_update_items` enum('1','0') NOT NULL,
  `cmd_award` enum('1','0') NOT NULL,
  `cmd_coords` enum('1','0') NOT NULL,
  `cmd_override` enum('1','0') NOT NULL,
  `cmd_coins` enum('1','0') NOT NULL,
  `cmd_pixels` enum('1','0') NOT NULL,
  `cmd_ha` enum('1','0') NOT NULL,
  `cmd_hal` enum('1','0') NOT NULL,
  `cmd_freeze` enum('1','0') NOT NULL,
  `cmd_enable` enum('1','0') NOT NULL,
  `cmd_roommute` enum('1','0') NOT NULL,
  `cmd_setspeed` enum('1','0') NOT NULL,
  `cmd_masscredits` enum('1','0') NOT NULL,
  `cmd_globalcredits` enum('1','0') NOT NULL,
  `cmd_roombadge` enum('1','0') NOT NULL,
  `cmd_massbadge` enum('1','0') NOT NULL,
  `cmd_userinfo` enum('1','0') NOT NULL,
  `cmd_shutdown` enum('1','0') NOT NULL,
  `cmd_givebadge` enum('1','0') NOT NULL,
  `cmd_invisible` enum('1','0') NOT NULL,
  `cmd_ban` enum('1','0') NOT NULL,
  `cmd_superban` enum('1','0') NOT NULL,
  `cmd_roomkick` enum('1','0') NOT NULL,
  `cmd_roomalert` enum('1','0') NOT NULL,
  `cmd_mute` enum('1','0') NOT NULL,
  `cmd_unmute` enum('1','0') NOT NULL,
  `cmd_alert` enum('1','0') NOT NULL,
  `cmd_motd` enum('1','0') NOT NULL,
  `cmd_kick` enum('1','0') NOT NULL,
  `cmd_update_filter` enum('1','0') NOT NULL,
  `acc_anyroomrights` enum('1','0') NOT NULL,
  `acc_anyroomowner` enum('1','0') NOT NULL,
  `acc_supporttool` enum('1','0') NOT NULL,
  `acc_chatlogs` enum('1','0') NOT NULL,
  `acc_enter_fullrooms` enum('1','0') NOT NULL,
  `acc_enter_anyroom` enum('1','0') NOT NULL,
  `acc_restrictedrooms` enum('1','0') NOT NULL,
  `acc_unkickable` enum('1','0') NOT NULL,
  `acc_unbannable` enum('1','0') NOT NULL,
  `cmd_removebadge` enum('1','0') NOT NULL DEFAULT '0',
  `cmd_summon` enum('1','0') NOT NULL DEFAULT '0',
  `cmd_update_bans` enum('1','0') NOT NULL DEFAULT '0',
  PRIMARY KEY (`rank`),
  UNIQUE KEY `rank` (`rank`) USING BTREE
) ENGINE=InnoDB DEFAULT CHARSET=utf8;

--
-- Volcar la base de datos para la tabla `permissions_ranks`
--

INSERT INTO `permissions_ranks` (`rank`, `cmd_update_permissions`, `cmd_update_settings`, `cmd_update_bots`, `cmd_update_catalogue`, `cmd_update_navigator`, `cmd_update_items`, `cmd_award`, `cmd_coords`, `cmd_override`, `cmd_coins`, `cmd_pixels`, `cmd_ha`, `cmd_hal`, `cmd_freeze`, `cmd_enable`, `cmd_roommute`, `cmd_setspeed`, `cmd_masscredits`, `cmd_globalcredits`, `cmd_roombadge`, `cmd_massbadge`, `cmd_userinfo`, `cmd_shutdown`, `cmd_givebadge`, `cmd_invisible`, `cmd_ban`, `cmd_superban`, `cmd_roomkick`, `cmd_roomalert`, `cmd_mute`, `cmd_unmute`, `cmd_alert`, `cmd_motd`, `cmd_kick`, `cmd_update_filter`, `acc_anyroomrights`, `acc_anyroomowner`, `acc_supporttool`, `acc_chatlogs`, `acc_enter_fullrooms`, `acc_enter_anyroom`, `acc_restrictedrooms`, `acc_unkickable`, `acc_unbannable`, `cmd_removebadge`, `cmd_summon`, `cmd_update_bans`) VALUES
(1, '1', '0', '0', '0', '0', '0', '0', '0', '0', '0', '0', '0', '0', '0', '0', '0', '0', '0', '0', '0', '0', '0', '0', '0', '0', '0', '0', '0', '0', '0', '0', '0', '0', '0', '0', '0', '0', '0', '0', '0', '0', '0', '0', '0', '0', '0', '0'),
(2, '1', '0', '0', '0', '0', '0', '0', '0', '0', '0', '0', '0', '0', '0', '0', '0', '0', '0', '0', '0', '0', '0', '0', '0', '0', '0', '0', '0', '0', '0', '0', '0', '0', '0', '0', '0', '0', '0', '0', '0', '0', '0', '0', '0', '0', '0', '0'),
(3, '1', '0', '0', '0', '0', '0', '0', '0', '0', '0', '0', '0', '0', '0', '0', '0', '0', '0', '0', '0', '0', '0', '0', '0', '0', '0', '0', '0', '0', '0', '0', '0', '0', '0', '0', '0', '0', '0', '0', '0', '0', '0', '0', '0', '0', '0', '0'),
(4, '1', '0', '0', '0', '0', '0', '0', '0', '0', '0', '0', '0', '0', '0', '0', '0', '0', '0', '0', '0', '0', '0', '0', '0', '0', '0', '0', '0', '0', '0', '0', '0', '0', '0', '0', '0', '0', '0', '0', '0', '0', '0', '0', '0', '0', '0', '0'),
(5, '1', '0', '0', '0', '0', '0', '0', '0', '0', '0', '0', '0', '0', '0', '0', '1', '0', '0', '0', '0', '0', '0', '0', '0', '0', '0', '0', '1', '1', '1', '1', '1', '0', '1', '0', '1', '0', '1', '1', '1', '1', '1', '1', '1', '0', '0', '0'),
(6, '1', '0', '0', '0', '0', '0', '1', '1', '1', '1', '0', '1', '1', '0', '1', '1', '0', '1', '1', '1', '1', '0', '0', '1', '0', '1', '1', '1', '1', '1', '1', '1', '1', '1', '1', '1', '1', '1', '1', '1', '1', '1', '1', '1', '0', '0', '0'),
(7, '1', '1', '1', '1', '1', '1', '1', '1', '1', '1', '1', '1', '1', '1', '1', '1', '1', '1', '1', '1', '1', '1', '1', '1', '1', '1', '1', '1', '1', '1', '1', '1', '1', '1', '1', '1', '1', '1', '1', '1', '1', '1', '1', '1', '0', '0', '0');

-- --------------------------------------------------------

--
-- Estructura de tabla para la tabla `permissions_users`
--

CREATE TABLE IF NOT EXISTS `permissions_users` (
  `userid` int(11) unsigned NOT NULL,
  `cmd_update_permissions` enum('1','0') NOT NULL,
  `cmd_update_settings` enum('1','0') NOT NULL,
  `cmd_update_bots` enum('1','0') NOT NULL,
  `cmd_update_catalogue` enum('1','0') NOT NULL,
  `cmd_update_navigator` enum('1','0') NOT NULL,
  `cmd_update_items` enum('1','0') NOT NULL,
  `cmd_award` enum('1','0') NOT NULL,
  `cmd_coords` enum('1','0') NOT NULL,
  `cmd_override` enum('1','0') NOT NULL,
  `cmd_coins` enum('1','0') NOT NULL,
  `cmd_pixels` enum('1','0') NOT NULL,
  `cmd_ha` enum('1','0') NOT NULL,
  `cmd_hal` enum('1','0') NOT NULL,
  `cmd_freeze` enum('1','0') NOT NULL,
  `cmd_enable` enum('1','0') NOT NULL,
  `cmd_roommute` enum('1','0') NOT NULL,
  `cmd_setspeed` enum('1','0') NOT NULL,
  `cmd_masscredits` enum('1','0') NOT NULL,
  `cmd_globalcredits` enum('1','0') NOT NULL,
  `cmd_roombadge` enum('1','0') NOT NULL,
  `cmd_massbadge` enum('1','0') NOT NULL,
  `cmd_userinfo` enum('1','0') NOT NULL,
  `cmd_shutdown` enum('1','0') NOT NULL,
  `cmd_givebadge` enum('1','0') NOT NULL,
  `cmd_invisible` enum('1','0') NOT NULL,
  `cmd_ban` enum('1','0') NOT NULL,
  `cmd_superban` enum('1','0') NOT NULL,
  `cmd_roomkick` enum('1','0') NOT NULL,
  `cmd_roomalert` enum('1','0') NOT NULL,
  `cmd_mute` enum('1','0') NOT NULL,
  `cmd_unmute` enum('1','0') NOT NULL,
  `cmd_alert` enum('1','0') NOT NULL,
  `cmd_motd` enum('1','0') NOT NULL,
  `cmd_kick` enum('1','0') NOT NULL,
  `cmd_update_filter` enum('1','0') NOT NULL,
  `acc_anyroomrights` enum('1','0') NOT NULL,
  `acc_anyroomowner` enum('1','0') NOT NULL,
  `acc_supporttool` enum('1','0') NOT NULL,
  `acc_chatlogs` enum('1','0') NOT NULL,
  `acc_enter_fullrooms` enum('1','0') NOT NULL,
  `acc_enter_anyroom` enum('1','0') NOT NULL,
  `acc_restrictedrooms` enum('1','0') NOT NULL,
  `acc_unkickable` enum('1','0') NOT NULL,
  `acc_unbannable` enum('1','0') NOT NULL,
  `cmd_removebadge` enum('1','0') NOT NULL DEFAULT '0',
  `cmd_summon` enum('1','0') NOT NULL DEFAULT '0',
  `cmd_update_bans` enum('1','0') NOT NULL DEFAULT '0',
  PRIMARY KEY (`userid`),
  UNIQUE KEY `userid` (`userid`) USING BTREE
) ENGINE=InnoDB DEFAULT CHARSET=utf8;

--
-- Volcar la base de datos para la tabla `permissions_users`
--


-- --------------------------------------------------------

--
-- Estructura de tabla para la tabla `quests`
--

CREATE TABLE IF NOT EXISTS `quests` (
  `id` int(10) unsigned NOT NULL AUTO_INCREMENT,
  `type` varchar(100) NOT NULL,
  `action` varchar(100) NOT NULL,
  `needofcount` int(10) NOT NULL DEFAULT '1',
  `enabled` enum('0','1') NOT NULL DEFAULT '1',
  `level_num` int(10) NOT NULL DEFAULT '1',
  `pixel_reward` int(10) NOT NULL DEFAULT '50',
  PRIMARY KEY (`id`)
) ENGINE=MyISAM  DEFAULT CHARSET=latin1 AUTO_INCREMENT=25 ;

--
-- Volcar la base de datos para la tabla `quests`
--

INSERT INTO `quests` (`id`, `type`, `action`, `needofcount`, `enabled`, `level_num`, `pixel_reward`) VALUES
(1, 'room_builder', 'MOVE_ITEM', 3, '1', 1, 50),
(2, 'identity', 'CHANGE_FIGURE', 1, '1', 1, 50),
(3, 'social', 'CHAT_WITH_SOMEONE', 1, '1', 6, 50),
(4, 'social', 'REQUEST_FRIEND', 1, '1', 2, 50),
(5, 'social', 'GIVE_RESPECT', 1, '1', 3, 50),
(7, 'room_builder', 'ROTATE_ITEM', 3, '1', 2, 50),
(6, 'social', 'DANCE', 1, '1', 5, 50),
(8, 'social', 'WAVE', 1, '1', 4, 50),
(9, 'room_builder', 'STACKITEM', 3, '1', 3, 50),
(10, 'room_builder', 'PICKUPITEM', 1, '1', 4, 50),
(11, 'room_builder', 'PLACEWALLPAPER', 1, '1', 7, 50),
(12, 'room_builder', 'SWITCHSTATE', 3, '1', 6, 50),
(13, 'room_builder', 'PLACEFLOOR', 1, '1', 8, 50),
(14, 'room_builder', 'PLACEITEM', 1, '1', 5, 50),
(15, 'social', 'ENTEROTHERSROOM', 1, '1', 1, 50),
(16, 'identity', 'WEARBADGE', 1, '1', 3, 50),
(17, 'identity', 'CHANGEMOTTO', 1, '1', 2, 50),
(18, 'explore', 'FINDLIFEGUARDTOWER', 1, '1', 1, 50),
(19, 'explore', 'SWIM', 1, '1', 2, 50),
(20, 'explore', 'FINDSURFBOARD', 1, '1', 3, 50),
(21, 'explore', 'FINDBEETLE', 1, '1', 4, 50),
(22, 'explore', 'FINDNEONFLOOR', 1, '1', 5, 50),
(23, 'explore', 'FINDDISCOBALL', 1, '1', 6, 50),
(24, 'explore', 'FINDJUKEBOX', 1, '1', 7, 50);

-- --------------------------------------------------------

--
-- Estructura de tabla para la tabla `ranks`
--

CREATE TABLE IF NOT EXISTS `ranks` (
  `id` int(11) unsigned NOT NULL AUTO_INCREMENT,
  `name` varchar(50) NOT NULL,
  `badgeid` varchar(5) DEFAULT NULL,
  PRIMARY KEY (`id`)
) ENGINE=MyISAM  DEFAULT CHARSET=latin1 AUTO_INCREMENT=8 ;

--
-- Volcar la base de datos para la tabla `ranks`
--

INSERT INTO `ranks` (`id`, `name`, `badgeid`) VALUES
(1, 'User', NULL),
(2, 'VIP', 'VIP'),
(3, 'Silver Hobba', 'NWB'),
(4, 'Gold Hobba', 'HBA'),
(5, 'Super Hobba', 'HBA'),
(6, 'Moderator', 'ADM'),
(7, 'Administrator', 'ADM');

-- --------------------------------------------------------

--
-- Estructura de tabla para la tabla `rooms`
--

CREATE TABLE IF NOT EXISTS `rooms` (
  `id` int(10) unsigned NOT NULL AUTO_INCREMENT,
  `roomtype` enum('public','private') NOT NULL DEFAULT 'private',
  `caption` varchar(100) NOT NULL DEFAULT 'Room',
  `owner` varchar(75) NOT NULL DEFAULT '',
  `description` varchar(255) NOT NULL DEFAULT '',
  `category` int(11) NOT NULL DEFAULT '0',
  `state` enum('open','locked','password') NOT NULL DEFAULT 'open',
  `users_now` int(11) NOT NULL DEFAULT '0',
  `users_max` int(11) NOT NULL DEFAULT '25',
  `model_name` varchar(50) NOT NULL,
  `public_ccts` varchar(50) NOT NULL DEFAULT '',
  `score` int(11) NOT NULL DEFAULT '0',
  `tags` varchar(100) NOT NULL DEFAULT '',
  `icon_bg` int(11) NOT NULL DEFAULT '1',
  `icon_fg` int(11) NOT NULL DEFAULT '0',
  `icon_items` varchar(50) NOT NULL DEFAULT '',
  `password` varchar(30) NOT NULL DEFAULT '',
  `wallpaper` varchar(10) NOT NULL DEFAULT '0.0',
  `floor` varchar(10) NOT NULL DEFAULT '0.0',
  `landscape` varchar(10) NOT NULL DEFAULT '0.0',
  `allow_pets` enum('0','1') NOT NULL DEFAULT '1',
  `allow_pets_eat` enum('0','1') NOT NULL DEFAULT '0',
  `allow_walkthrough` enum('0','1') NOT NULL DEFAULT '0',
  `allow_hidewall` enum('0','1') NOT NULL DEFAULT '0',
  `wallsize` int(11) NOT NULL,
  `floorsize` int(11) NOT NULL,
  `allow_rightsoverride` enum('0','1') NOT NULL,
  PRIMARY KEY (`id`)
) ENGINE=MyISAM  DEFAULT CHARSET=latin1 AUTO_INCREMENT=1069 ;

--
-- Volcar la base de datos para la tabla `rooms`
--

INSERT INTO `rooms` (`id`, `roomtype`, `caption`, `owner`, `description`, `category`, `state`, `users_now`, `users_max`, `model_name`, `public_ccts`, `score`, `tags`, `icon_bg`, `icon_fg`, `icon_items`, `password`, `wallpaper`, `floor`, `landscape`, `allow_pets`, `allow_pets_eat`, `allow_walkthrough`, `allow_hidewall`, `wallsize`, `floorsize`, `allow_rightsoverride`) VALUES
(1, 'public', '¡Bienvenid@ a WinHotel!', '', 'Sala de Bienvenida Oficial de WinPack.', 0, 'open', 0, 50, 'newbie_lobby', 'hh_room_nlobby', 0, '', 1, 0, '', '', '0.0', '0.0', '0.0', '1', '0', '0', '0', 0, 0, '0'),
(2, 'public', 'Teatro', '', 'Disfruta Aquí De Los Mejores Momentos.', 0, 'open', 0, 50, 'theater', 'hh_room_theater', 0, '', 1, 0, '', '', '0.0', '0.0', '0.0', '1', '0', '0', '0', 0, 0, '0'),
(3, 'public', 'Club Oriental', '', 'Ven y relájate aquí.', 0, 'open', 0, 30, 'orient', 'hh_room_orient', 0, '', 1, 0, '', '', '0.0', '0.0', '0.0', '1', '0', '0', '0', 0, 0, '0'),
(4, 'public', 'La Azotea', '', 'Ven de picnic a esta sala!', 0, 'open', 0, 50, 'picnic', 'hh_room_picnic', 0, '', 1, 0, '', '', '0.0', '0.0', '0.0', '1', '0', '0', '0', 0, 0, '0'),
(5, 'public', 'Zona Del Té', '', 'Ven y disfruta.', 0, 'open', 0, 30, 'tearoom', 'hh_room_tearoom', 0, '', 1, 0, '', '', '0.0', '0.0', '0.0', '1', '0', '0', '0', 0, 0, '0'),
(6, 'public', 'Saloncito', '', 'El salón más original.', 0, 'open', 0, 30, 'dusty_lounge', 'hh_room_dustylounge', 0, '', 1, 0, '', '', '0.0', '0.0', '0.0', '1', '0', '0', '0', 0, 0, '0'),
(7, 'public', '\0', '', 'Pasa los mejores momentos aquí.', 0, 'open', 0, 50, 'cinema_a', 'hh_room_cinema', 0, '', 1, 0, '', '', '0.0', '0.0', '0.0', '1', '0', '0', '0', 0, 0, '0'),
(1055, 'private', 'Territorio Doraemon', 'Doraemon', '¡Una Sala pre-decorada!', 0, 'open', 0, 25, 'model_f', '', 0, '', 1, 0, '', '', '210', '110', '0.0', '1', '0', '0', '0', 0, 0, '0'),
(1056, 'private', 'Wired - X Time - X estate', 'Doraemon', '', 0, 'open', 0, 25, 'model_c', '', 0, '', 1, 0, '', '', '0.0', '0.0', '0.0', '1', '0', '0', '0', 0, 0, '0'),
(1057, 'private', 'WRD', 'Doraemon', '', 0, 'open', 0, 25, 'model_a', '', 0, '', 1, 0, '', '', '0.0', '0.0', '0.0', '1', '0', '0', '0', 0, 0, '0'),
(1058, 'private', 'Wired: On Enter - Toogle', 'Doraemon', '', 0, 'open', 0, 25, 'model_a', '', 0, '', 1, 0, '', '', '0.0', '0.0', '0.0', '1', '0', '0', '0', 0, 0, '0'),
(1059, 'private', 'Freeze Palace', 'Doraemon', '', 0, 'open', 0, 25, 'model_a', '', 0, '', 1, 0, '', '', '0.0', '0.0', '0.0', '1', '0', '0', '0', 0, 0, '0'),
(1060, 'private', 'Territorio XjonhithaxX', 'XjonhithaxX', '¡Una Sala pre-decorada!', 0, 'open', 0, 25, 'model_f', '', 0, '', 1, 0, '', '', '210', '110', '0.0', '1', '0', '0', '0', 0, 0, '0'),
(1061, 'private', 'xdd', 'XjonhithaxX', '', 0, 'open', 0, 25, 'model_a', '', 0, '', 1, 0, '', '', '0.0', '0.0', '0.0', '1', '0', '0', '0', 0, 0, '0'),
(1062, 'private', 'Territorio Chocolate', 'Chocolate', '¡Una Sala pre-decorada!', 0, 'open', 1, 25, 'model_f', '', 0, '', 1, 0, '', '', '210', '110', '0.0', '1', '0', '0', '0', 0, 0, '0'),
(1063, 'private', 'Territorio KiKi', 'Monky', '¡Una Sala pre-decorada!', 0, 'open', 0, 25, 'model_f', '', 0, '', 1, 0, '', '', '210', '110', '0.0', '1', '0', '0', '0', 0, 0, '0'),
(1064, 'private', 'xxxxxxx', 'Monky', '', 0, 'open', 0, 25, 'model_a', '', 0, '', 1, 0, '', '', '0.0', '0.0', '0.0', '1', '0', '0', '0', 0, 0, '0'),
(1065, 'private', 'Territorio H4ck3r', 'H4ck3r', '¡Una Sala pre-decorada!', 0, 'open', 0, 25, 'model_f', '', 0, '', 1, 0, '', '', '210', '110', '0.0', '1', '0', '0', '0', 0, 0, '0'),
(1066, 'private', 'Territorio Cloud', 'Cloud', '¡Una Sala pre-decorada!', 0, 'open', 0, 25, 'model_f', '', 0, '', 1, 0, '', '', '210', '110', '0.0', '1', '0', '0', '0', 0, 0, '0'),
(1067, 'private', 'Territorio Vichous', 'Edgeworth', '¡Una Sala pre-decorada!', 0, 'open', 0, 25, 'model_f', '', 0, '', 1, 0, '', '', '210', '110', '0.0', '1', '0', '0', '0', 0, 0, '0'),
(1068, 'private', 'sdfsdf', 'Edgeworth', '', 0, 'open', 0, 25, 'model_a', '', 0, '', 1, 0, '', '', '0.0', '0.0', '0.0', '1', '0', '0', '0', 0, 0, '0');

-- --------------------------------------------------------

--
-- Estructura de tabla para la tabla `room_ads`
--

CREATE TABLE IF NOT EXISTS `room_ads` (
  `id` int(10) unsigned NOT NULL AUTO_INCREMENT,
  `ad_image` text NOT NULL,
  `ad_image_orig` text NOT NULL,
  `ad_link` text NOT NULL,
  `views` int(11) NOT NULL DEFAULT '0',
  `views_limit` int(11) NOT NULL DEFAULT '0' COMMENT '0 = unlimited',
  `enabled` enum('0','1') NOT NULL DEFAULT '1',
  PRIMARY KEY (`id`)
) ENGINE=MyISAM DEFAULT CHARSET=latin1 AUTO_INCREMENT=1 ;

--
-- Volcar la base de datos para la tabla `room_ads`
--


-- --------------------------------------------------------

--
-- Estructura de tabla para la tabla `room_items`
--

CREATE TABLE IF NOT EXISTS `room_items` (
  `id` int(10) unsigned NOT NULL AUTO_INCREMENT,
  `room_id` int(10) unsigned NOT NULL,
  `base_item` int(10) unsigned NOT NULL,
  `extra_data` text NOT NULL,
  `x` int(11) NOT NULL,
  `y` int(11) NOT NULL,
  `z` double NOT NULL,
  `rot` int(11) NOT NULL,
  `wall_pos` varchar(100) NOT NULL,
  KEY `id` (`id`)
) ENGINE=MyISAM  DEFAULT CHARSET=latin1 AUTO_INCREMENT=5992 ;

--
-- Volcar la base de datos para la tabla `room_items`
--

INSERT INTO `room_items` (`id`, `room_id`, `base_item`, `extra_data`, `x`, `y`, `z`, `rot`, `wall_pos`) VALUES
(5849, 1055, 90023, '0', 6, 8, 0, 2, ''),
(5844, 1055, 1185, '0', 4, 8, 0, 0, ''),
(5846, 1055, 90018, '1', 5, 7, 0, 0, ''),
(5847, 1055, 90018, '1', 6, 7, 0, 0, ''),
(5845, 1055, 90015, '0', 6, 3, 0, 4, ''),
(5848, 1055, 90021, '0', 5, 8, 0, 0, ''),
(5850, 1055, 1694, '0', 0, 0, 0, 0, ':w=4,2 l=23,68 r'),
(5867, 1056, 29317, '0', 7, 10, 0, 0, ''),
(5864, 1056, 29289, '0', 5, 5, 0, 0, ''),
(5870, 1056, 29317, '0', 10, 10, 0, 0, ''),
(5869, 1056, 29317, '0', 9, 10, 0, 0, ''),
(5868, 1056, 29317, '0', 8, 10, 0, 0, ''),
(5866, 1056, 29317, '0', 6, 10, 0, 0, ''),
(5865, 1056, 29303, '0', 5, 5, 0.5, 0, ''),
(5873, 1057, 427, '0', 8, 12, 0, 2, ''),
(5877, 1057, 431, '1', 8, 4, 0, 2, ''),
(5876, 1057, 430, '0', 8, 6, 0, 2, ''),
(5875, 1057, 429, '0', 8, 8, 0, 2, ''),
(5874, 1057, 428, '0', 8, 10, 0, 2, ''),
(5879, 1057, 29303, '1', 4, 13, 0.5, 0, ''),
(5878, 1057, 29289, '1', 4, 13, 0, 0, ''),
(5885, 1058, 29301, '0', 11, 1, 0, 0, ''),
(5881, 1058, 380, '0', 7, 8, 0, 2, ''),
(5880, 1058, 380, '0', 7, 10, 0, 2, ''),
(5886, 1058, 29303, '0', 11, 1, 0.5, 0, ''),
(5884, 1058, 380, '0', 7, 12, 0, 2, ''),
(5883, 1058, 380, '0', 7, 4, 0, 2, ''),
(5882, 1058, 380, '0', 7, 6, 0, 2, ''),
(5887, 1058, 29293, '1', 9, 1, 0, 0, ''),
(5890, 1059, 99089, '', 4, 3, 0, 0, ''),
(5891, 1059, 99092, '', 4, 2, 0, 0, ''),
(5892, 1059, 99085, '', 10, 10, 0, 0, ''),
(5893, 1059, 99088, '', 8, 10, 0, 0, ''),
(5894, 1059, 99086, '', 6, 10, 0, 0, ''),
(5895, 1059, 99087, '', 4, 10, 0, 0, ''),
(5896, 1059, 99084, '', 4, 5, 0, 0, ''),
(5897, 1059, 99083, '0', 9, 1, 0, 2, ''),
(5902, 1059, 99082, '', 11, 9, 0, 0, ''),
(5903, 1059, 99082, '', 9, 9, 0, 0, ''),
(5904, 1059, 99082, '', 7, 9, 0, 0, ''),
(5905, 1059, 99082, '', 5, 9, 0, 0, ''),
(5906, 1059, 99082, '', 5, 10, 0, 0, ''),
(5907, 1059, 99082, '', 7, 10, 0, 0, ''),
(5908, 1059, 99082, '', 9, 10, 0, 0, ''),
(5909, 1059, 99082, '', 11, 10, 0, 0, ''),
(5910, 1059, 99082, '', 11, 11, 0, 0, ''),
(5911, 1059, 99082, '', 11, 12, 0, 0, ''),
(5912, 1059, 99082, '', 11, 13, 0, 0, ''),
(5913, 1059, 99082, '', 10, 12, 0, 0, ''),
(5914, 1059, 99093, '', 10, 11, 0, 0, ''),
(5915, 1059, 99093, '', 10, 13, 0, 0, ''),
(5916, 1059, 99093, '', 9, 13, 0, 0, ''),
(5917, 1059, 99093, '', 9, 12, 0, 0, ''),
(5918, 1059, 99093, '', 9, 11, 0, 0, ''),
(5919, 1059, 99093, '', 8, 11, 0, 0, ''),
(5920, 1059, 99093, '', 8, 12, 0, 0, ''),
(5921, 1059, 99093, '', 8, 13, 0, 0, ''),
(5922, 1059, 99093, '', 7, 13, 0, 0, ''),
(5923, 1059, 99093, '', 7, 12, 0, 0, ''),
(5924, 1059, 99093, '', 7, 11, 0, 0, ''),
(5925, 1059, 99093, '', 6, 11, 0, 0, ''),
(5926, 1059, 99093, '', 6, 12, 0, 0, ''),
(5927, 1059, 99093, '', 6, 13, 0, 0, ''),
(5928, 1059, 99093, '', 5, 13, 0, 0, ''),
(5929, 1059, 99093, '', 5, 12, 0, 0, ''),
(5930, 1059, 99093, '', 5, 11, 0, 0, ''),
(5931, 1059, 99093, '', 4, 11, 0, 0, ''),
(5933, 1059, 99093, '', 4, 13, 0, 0, ''),
(5932, 1059, 99093, '', 4, 12, 0, 0, ''),
(5889, 1059, 99090, '', 4, 4, 0, 0, ''),
(5888, 1059, 99091, '', 4, 1, 0, 0, ''),
(5849, 1063, 90023, '', 6, 8, 0, 2, ''),
(5977, 1064, 29289, '', 9, 3, 0, 0, ''),
(5976, 1064, 29301, '1', 9, 3, 0, 0, ''),
(5974, 1062, 29301, '', 3, 6, 0, 0, ''),
(5962, 1061, 20329, '11', 8, 1, 0, 0, ''),
(5961, 1061, 2785091, '1', 10, 9, 0, 2, ''),
(5960, 1061, 99085, '1', 7, 8, 0, 0, ''),
(5959, 1061, 99093, '', 7, 9, 0, 0, ''),
(5958, 1061, 99020, '', 4, 12, 0, 0, ''),
(5975, 1062, 29292, '', 3, 7, 0, 2, ''),
(5973, 1062, 20631, '', 3, 9, 0, 2, ''),
(5844, 1063, 1185, '', 4, 8, 0, 0, ''),
(5846, 1063, 90018, '', 5, 7, 0, 0, ''),
(5847, 1063, 90018, '', 6, 7, 0, 0, ''),
(5845, 1063, 90015, '', 5, 9, 0, 0, ''),
(5848, 1063, 90021, '', 5, 8, 0, 0, ''),
(5850, 1063, 1694, '', 0, 0, 0, 0, ':w=4,2 l=23,68 r'),
(5978, 1064, 1148, '', 9, 3, 1, 0, ''),
(5846, 1062, 90018, '', 3, 8, 0, 0, ''),
(5847, 1062, 90018, '', 4, 8, 0, 0, ''),
(5849, 1065, 90023, '', 6, 8, 0, 2, ''),
(5844, 1065, 1185, '', 4, 8, 0, 0, ''),
(5846, 1065, 90018, '', 5, 7, 0, 0, ''),
(5847, 1065, 90018, '', 6, 7, 0, 0, ''),
(5845, 1065, 90015, '', 5, 9, 0, 0, ''),
(5848, 1065, 90021, '', 5, 8, 0, 0, ''),
(5850, 1065, 1694, '', 0, 0, 0, 0, ':w=4,2 l=23,68 r'),
(5849, 1066, 90023, '', 6, 8, 0, 2, ''),
(5844, 1066, 1185, '', 4, 8, 0, 0, ''),
(5846, 1066, 90018, '', 5, 7, 0, 0, ''),
(5847, 1066, 90018, '', 6, 7, 0, 0, ''),
(5845, 1066, 90015, '', 5, 9, 0, 0, ''),
(5848, 1066, 90021, '', 5, 8, 0, 0, ''),
(5850, 1066, 1694, '', 0, 0, 0, 0, ':w=4,2 l=23,68 r'),
(5849, 1067, 90023, '', 6, 8, 0, 2, ''),
(5844, 1067, 1185, '', 4, 8, 0, 0, ''),
(5846, 1067, 90018, '', 5, 7, 0, 0, ''),
(5847, 1067, 90018, '', 6, 7, 0, 0, ''),
(5845, 1067, 90015, '', 5, 9, 0, 0, ''),
(5848, 1067, 90021, '', 5, 8, 0, 0, ''),
(5850, 1067, 1694, '', 0, 0, 0, 0, ':w=4,2 l=23,68 r'),
(5982, 1068, 29284, '1', 7, 11, 0, 0, ''),
(5981, 1068, 29306, '', 9, 12, 0, 0, ''),
(5980, 1068, 29292, '1', 11, 7, 0, 2, ''),
(5979, 1068, 29321, '1', 10, 7, 0, 2, ''),
(5986, 1068, 29293, '', 9, 6, 0, 0, ''),
(5983, 1068, 99093, '0', 10, 6, 0, 0, ''),
(5990, 1068, 29293, '', 9, 7, 0, 0, ''),
(5988, 1068, 29293, '', 10, 5, 0, 0, ''),
(5989, 1068, 29293, '', 9, 5, 0, 0, ''),
(5987, 1068, 29293, '', 11, 5, 0, 0, ''),
(5985, 1068, 99084, '', 8, 9, 0, 0, ''),
(5984, 1068, 99083, '0', 7, 5, 0, 0, ''),
(5991, 1068, 20325, '11', 5, 10, 0, 0, '');

-- --------------------------------------------------------

--
-- Estructura de tabla para la tabla `room_items_moodlight`
--

CREATE TABLE IF NOT EXISTS `room_items_moodlight` (
  `item_id` int(10) unsigned NOT NULL,
  `enabled` enum('0','1') NOT NULL DEFAULT '0',
  `current_preset` int(11) NOT NULL,
  `preset_one` text NOT NULL,
  `preset_two` text NOT NULL,
  `preset_three` text NOT NULL,
  KEY `item_id` (`item_id`)
) ENGINE=MyISAM DEFAULT CHARSET=latin1;

--
-- Volcar la base de datos para la tabla `room_items_moodlight`
--


-- --------------------------------------------------------

--
-- Estructura de tabla para la tabla `room_models`
--

CREATE TABLE IF NOT EXISTS `room_models` (
  `id` varchar(100) NOT NULL,
  `door_x` int(11) NOT NULL,
  `door_y` int(11) NOT NULL,
  `door_z` double NOT NULL,
  `door_dir` int(4) NOT NULL DEFAULT '2',
  `heightmap` text NOT NULL,
  `public_items` text NOT NULL,
  `club_only` enum('0','1') NOT NULL DEFAULT '0',
  PRIMARY KEY (`id`)
) ENGINE=MyISAM DEFAULT CHARSET=latin1;

--
-- Volcar la base de datos para la tabla `room_models`
--

INSERT INTO `room_models` (`id`, `door_x`, `door_y`, `door_z`, `door_dir`, `heightmap`, `public_items`, `club_only`) VALUES
('model_a', 3, 5, 0, 2, 'xxxxxxxxxxxx\r\nxxxx00000000\r\nxxxx00000000\r\nxxxx00000000\r\nxxxx00000000\r\nxxxx00000000\r\nxxxx00000000\r\nxxxx00000000\r\nxxxx00000000\r\nxxxx00000000\r\nxxxx00000000\r\nxxxx00000000\r\nxxxx00000000\r\nxxxx00000000\r\nxxxxxxxxxxxx\r\nxxxxxxxxxxxx', '', '0'),
('model_b', 0, 5, 0, 2, 'xxxxxxxxxxxx\r\nxxxxx0000000\r\nxxxxx0000000\r\nxxxxx0000000\r\nxxxxx0000000\r\nx00000000000\r\nx00000000000\r\nx00000000000\r\nx00000000000\r\nx00000000000\r\nx00000000000\r\nxxxxxxxxxxxx\r\nxxxxxxxxxxxx\r\nxxxxxxxxxxxx\r\nxxxxxxxxxxxx\r\nxxxxxxxxxxxx', '', '0'),
('model_c', 4, 7, 0, 2, 'xxxxxxxxxxxx\r\nxxxxxxxxxxxx\r\nxxxxxxxxxxxx\r\nxxxxxxxxxxxx\r\nxxxxxxxxxxxx\r\nxxxxx000000x\r\nxxxxx000000x\r\nxxxxx000000x\r\nxxxxx000000x\r\nxxxxx000000x\r\nxxxxx000000x\r\nxxxxxxxxxxxx\r\nxxxxxxxxxxxx\r\nxxxxxxxxxxxx\r\nxxxxxxxxxxxx\r\nxxxxxxxxxxxx', '', '0'),
('model_d', 4, 7, 0, 2, 'xxxxxxxxxxxx\r\nxxxxx000000x\r\nxxxxx000000x\r\nxxxxx000000x\r\nxxxxx000000x\r\nxxxxx000000x\r\nxxxxx000000x\r\nxxxxx000000x\r\nxxxxx000000x\r\nxxxxx000000x\r\nxxxxx000000x\r\nxxxxx000000x\r\nxxxxx000000x\r\nxxxxx000000x\r\nxxxxx000000x\r\nxxxxxxxxxxxx', '', '0'),
('model_e', 1, 5, 0, 2, 'xxxxxxxxxxxx\r\nxxxxxxxxxxxx\r\nxxxxxxxxxxxx\r\nxx0000000000\r\nxx0000000000\r\nxx0000000000\r\nxx0000000000\r\nxx0000000000\r\nxx0000000000\r\nxx0000000000\r\nxx0000000000\r\nxxxxxxxxxxxx\r\nxxxxxxxxxxxx\r\nxxxxxxxxxxxx\r\nxxxxxxxxxxxx\r\nxxxxxxxxxxxx', '', '0'),
('model_f', 2, 5, 0, 2, 'xxxxxxxxxxxx\r\nxxxxxxx0000x\r\nxxxxxxx0000x\r\nxxx00000000x\r\nxxx00000000x\r\nxxx00000000x\r\nxxx00000000x\r\nx0000000000x\r\nx0000000000x\r\nx0000000000x\r\nx0000000000x\r\nxxxxxxxxxxxx\r\nxxxxxxxxxxxx\r\nxxxxxxxxxxxx\r\nxxxxxxxxxxxx\r\nxxxxxxxxxxxx', '', '0'),
('model_i', 0, 10, 0, 2, 'xxxxxxxxxxxxxxxxx\r\nx0000000000000000\r\nx0000000000000000\r\nx0000000000000000\r\nx0000000000000000\r\nx0000000000000000\r\nx0000000000000000\r\nx0000000000000000\r\nx0000000000000000\r\nx0000000000000000\r\nx0000000000000000\r\nx0000000000000000\r\nx0000000000000000\r\nx0000000000000000\r\nx0000000000000000\r\nx0000000000000000\r\nx0000000000000000\r\nx0000000000000000\r\nx0000000000000000\r\nx0000000000000000\r\nx0000000000000000\r\nx0000000000000000\r\nx0000000000000000\r\nx0000000000000000\r\nx0000000000000000\r\nx0000000000000000\r\nx0000000000000000\r\nxxxxxxxxxxxxxxxxx', '', '0'),
('model_j', 0, 10, 0, 2, 'xxxxxxxxxxxxxxxxxxxxx\r\nxxxxxxxxxxx0000000000\r\nxxxxxxxxxxx0000000000\r\nxxxxxxxxxxx0000000000\r\nxxxxxxxxxxx0000000000\r\nxxxxxxxxxxx0000000000\r\nxxxxxxxxxxx0000000000\r\nx00000000000000000000\r\nx00000000000000000000\r\nx00000000000000000000\r\nx00000000000000000000\r\nx00000000000000000000\r\nx00000000000000000000\r\nx00000000000000000000\r\nx00000000000000000000\r\nx00000000000000000000\r\nx00000000000000000000\r\nx0000000000xxxxxxxxxx\r\nx0000000000xxxxxxxxxx\r\nx0000000000xxxxxxxxxx\r\nx0000000000xxxxxxxxxx\r\nx0000000000xxxxxxxxxx\r\nx0000000000xxxxxxxxxx\r\nxxxxxxxxxxxxxxxxxxxxx', '', '0'),
('model_k', 0, 13, 0, 2, 'xxxxxxxxxxxxxxxxxxxxxxxxx\r\nxxxxxxxxxxxxxxxxx00000000\r\nxxxxxxxxxxxxxxxxx00000000\r\nxxxxxxxxxxxxxxxxx00000000\r\nxxxxxxxxxxxxxxxxx00000000\r\nxxxxxxxxx0000000000000000\r\nxxxxxxxxx0000000000000000\r\nxxxxxxxxx0000000000000000\r\nxxxxxxxxx0000000000000000\r\nx000000000000000000000000\r\nx000000000000000000000000\r\nx000000000000000000000000\r\nx000000000000000000000000\r\nx000000000000000000000000\r\nx000000000000000000000000\r\nx000000000000000000000000\r\nx000000000000000000000000\r\nxxxxxxxxx0000000000000000\r\nxxxxxxxxx0000000000000000\r\nxxxxxxxxx0000000000000000\r\nxxxxxxxxx0000000000000000\r\nxxxxxxxxx0000000000000000\r\nxxxxxxxxx0000000000000000\r\nxxxxxxxxx0000000000000000\r\nxxxxxxxxx0000000000000000\r\nxxxxxxxxx0000000000000000\r\nxxxxxxxxx0000000000000000\r\nxxxxxxxxxxxxxxxxxxxxxxxxx', '', '0'),
('model_l', 0, 16, 0, 2, 'xxxxxxxxxxxxxxxxxxxxx\r\nx00000000000000000000\r\nx00000000000000000000\r\nx00000000000000000000\r\nx00000000000000000000\r\nx00000000000000000000\r\nx00000000000000000000\r\nx00000000000000000000\r\nx00000000000000000000\r\nx00000000xxxx00000000\r\nx00000000xxxx00000000\r\nx00000000xxxx00000000\r\nx00000000xxxx00000000\r\nx00000000xxxx00000000\r\nx00000000xxxx00000000\r\nx00000000xxxx00000000\r\nx00000000xxxx00000000\r\nx00000000xxxx00000000\r\nx00000000xxxx00000000\r\nx00000000xxxx00000000\r\nx00000000xxxx00000000\r\nxxxxxxxxxxxxxxxxxxxxx', '', '0'),
('model_m', 0, 15, 0, 2, 'xxxxxxxxxxxxxxxxxxxxxxxxxxxxx\r\nxxxxxxxxxxx00000000xxxxxxxxxx\r\nxxxxxxxxxxx00000000xxxxxxxxxx\r\nxxxxxxxxxxx00000000xxxxxxxxxx\r\nxxxxxxxxxxx00000000xxxxxxxxxx\r\nxxxxxxxxxxx00000000xxxxxxxxxx\r\nxxxxxxxxxxx00000000xxxxxxxxxx\r\nxxxxxxxxxxx00000000xxxxxxxxxx\r\nxxxxxxxxxxx00000000xxxxxxxxxx\r\nxxxxxxxxxxx00000000xxxxxxxxxx\r\nxxxxxxxxxxx00000000xxxxxxxxxx\r\nx0000000000000000000000000000\r\nx0000000000000000000000000000\r\nx0000000000000000000000000000\r\nx0000000000000000000000000000\r\nx0000000000000000000000000000\r\nx0000000000000000000000000000\r\nx0000000000000000000000000000\r\nx0000000000000000000000000000\r\nxxxxxxxxxxx00000000xxxxxxxxxx\r\nxxxxxxxxxxx00000000xxxxxxxxxx\r\nxxxxxxxxxxx00000000xxxxxxxxxx\r\nxxxxxxxxxxx00000000xxxxxxxxxx\r\nxxxxxxxxxxx00000000xxxxxxxxxx\r\nxxxxxxxxxxx00000000xxxxxxxxxx\r\nxxxxxxxxxxx00000000xxxxxxxxxx\r\nxxxxxxxxxxx00000000xxxxxxxxxx\r\nxxxxxxxxxxx00000000xxxxxxxxxx\r\nxxxxxxxxxxx00000000xxxxxxxxxx\r\nxxxxxxxxxxxxxxxxxxxxxxxxxxxxx', '', '0'),
('model_n', 0, 16, 0, 2, 'xxxxxxxxxxxxxxxxxxxxx\r\nx00000000000000000000\r\nx00000000000000000000\r\nx00000000000000000000\r\nx00000000000000000000\r\nx00000000000000000000\r\nx00000000000000000000\r\nx000000xxxxxxxx000000\r\nx000000x000000x000000\r\nx000000x000000x000000\r\nx000000x000000x000000\r\nx000000x000000x000000\r\nx000000x000000x000000\r\nx000000x000000x000000\r\nx000000xxxxxxxx000000\r\nx00000000000000000000\r\nx00000000000000000000\r\nx00000000000000000000\r\nx00000000000000000000\r\nx00000000000000000000\r\nx00000000000000000000\r\nxxxxxxxxxxxxxxxxxxxxx', '', '0'),
('model_g', 1, 7, 1, 2, 'xxxxxxxxxxxx\r\nxxxxxxxxxxxx\r\nxxxxxxx00000\r\nxxxxxxx00000\r\nxxxxxxx00000\r\nxx1111000000\r\nxx1111000000\r\nxx1111000000\r\nxx1111000000\r\nxx1111000000\r\nxxxxxxx00000\r\nxxxxxxx00000\r\nxxxxxxx00000\r\nxxxxxxxxxxxx\r\nxxxxxxxxxxxx\r\nxxxxxxxxxxxx\r\nxxxxxxxxxxxx', '', '1'),
('model_q', 10, 4, 2, 2, 'xxxxxxxxxxxxxxxxxxx\r\nxxxxxxxxxxx22222222\r\nxxxxxxxxxxx22222222\r\nxxxxxxxxxxx22222222\r\nxxxxxxxxxxx22222222\r\nxxxxxxxxxxx22222222\r\nxxxxxxxxxxx22222222\r\nx222222222222222222\r\nx222222222222222222\r\nx222222222222222222\r\nx222222222222222222\r\nx222222222222222222\r\nx222222222222222222\r\nx2222xxxxxxxxxxxxxx\r\nx2222xxxxxxxxxxxxxx\r\nx2222211111xx000000\r\nx222221111110000000\r\nx222221111110000000\r\nx2222211111xx000000\r\nxx22xxx1111xxxxxxxx\r\nxx11xxx1111xxxxxxxx\r\nx1111xx1111xx000000\r\nx1111xx111110000000\r\nx1111xx111110000000\r\nx1111xx1111xx000000\r\nxxxxxxxxxxxxxxxxxxx', '', '1'),
('model_o', 0, 18, 1, 2, 'xxxxxxxxxxxxxxxxxxxxxxxxx\r\nxxxxxxxxxxxxx11111111xxxx\r\nxxxxxxxxxxxxx11111111xxxx\r\nxxxxxxxxxxxxx11111111xxxx\r\nxxxxxxxxxxxxx11111111xxxx\r\nxxxxxxxxxxxxx11111111xxxx\r\nxxxxxxxxxxxxx11111111xxxx\r\nxxxxxxxxxxxxx11111111xxxx\r\nxxxxxxxxxxxxx00000000xxxx\r\nxxxxxxxxx0000000000000000\r\nxxxxxxxxx0000000000000000\r\nxxxxxxxxx0000000000000000\r\nxxxxxxxxx0000000000000000\r\nxxxxxxxxx0000000000000000\r\nxxxxxxxxx0000000000000000\r\nx111111100000000000000000\r\nx111111100000000000000000\r\nx111111100000000000000000\r\nx111111100000000000000000\r\nx111111100000000000000000\r\nx111111100000000000000000\r\nx111111100000000000000000\r\nx111111100000000000000000\r\nxxxxxxxxx0000000000000000\r\nxxxxxxxxx0000000000000000\r\nxxxxxxxxx0000000000000000\r\nxxxxxxxxx0000000000000000\r\nxxxxxxxxxxxxxxxxxxxxxxxxx', '', '1'),
('model_r', 10, 4, 3, 2, 'xxxxxxxxxxxxxxxxxxxxxxxxx\r\nxxxxxxxxxxx33333333333333\r\nxxxxxxxxxxx33333333333333\r\nxxxxxxxxxxx33333333333333\r\nxxxxxxxxxx333333333333333\r\nxxxxxxxxxxx33333333333333\r\nxxxxxxxxxxx33333333333333\r\nxxxxxxx333333333333333333\r\nxxxxxxx333333333333333333\r\nxxxxxxx333333333333333333\r\nxxxxxxx333333333333333333\r\nxxxxxxx333333333333333333\r\nxxxxxxx333333333333333333\r\nx4444433333xxxxxxxxxxxxxx\r\nx4444433333xxxxxxxxxxxxxx\r\nx44444333333222xx000000xx\r\nx44444333333222xx000000xx\r\nxxx44xxxxxxxx22xx000000xx\r\nxxx33xxxxxxxx11xx000000xx\r\nxxx33322222211110000000xx\r\nxxx33322222211110000000xx\r\nxxxxxxxxxxxxxxxxx000000xx\r\nxxxxxxxxxxxxxxxxx000000xx\r\nxxxxxxxxxxxxxxxxx000000xx\r\nxxxxxxxxxxxxxxxxx000000xx\r\nxxxxxxxxxxxxxxxxxxxxxxxxx', '', '1'),
('model_p', 0, 23, 2, 2, 'xxxxxxxxxxxxxxxxxxx\r\nxxxxxxx222222222222\r\nxxxxxxx222222222222\r\nxxxxxxx222222222222\r\nxxxxxxx222222222222\r\nxxxxxxx222222222222\r\nxxxxxxx222222222222\r\nxxxxxxx22222222xxxx\r\nxxxxxxx11111111xxxx\r\nx222221111111111111\r\nx222221111111111111\r\nx222221111111111111\r\nx222221111111111111\r\nx222221111111111111\r\nx222221111111111111\r\nx222221111111111111\r\nx222221111111111111\r\nx2222xx11111111xxxx\r\nx2222xx00000000xxxx\r\nx2222xx000000000000\r\nx2222xx000000000000\r\nx2222xx000000000000\r\nx2222xx000000000000\r\n22222xx000000000000\r\nx2222xx000000000000\r\nxxxxxxxxxxxxxxxxxxx', '', '1'),
('model_h', 4, 4, 1, 2, 'xxxxxxxxxxxx\r\nxxxxxxxxxxxx\r\nxxxxx111111x\r\nxxxxx111111x\r\nxxxxx111111x\r\nxxxxx111111x\r\nxxxxx111111x\r\nxxxxx000000x\r\nxxxxx000000x\r\nxxx00000000x\r\nxxx00000000x\r\nxxx00000000x\r\nxxx00000000x\r\nxxxxxxxxxxxx\r\nxxxxxxxxxxxx\r\nxxxxxxxxxxxx', '', '1'),
('old_skool', 2, 1, 0, 2, 'xx0xxxxxxxxxxxxxx\r\n0000000xxx00000xx\r\n0000000x0000000xx\r\n0000000xxxxxxxxxx\r\n0000000000000000x\r\n0000000000000000x\r\n0000000000000000x\r\n0000000000000000x\r\n0000000000000000x\r\n0000000000000000x\r\n0000000000000000x\r\n0000000000000000x\r\n0000000000000000x\r\n0000000000000000x\r\n0000000000000000x\r\n0000000000000000x\r\n0000000000000000x\r\n0000000000000000x\r\n00000000000000000\r\n0000000000000000x\r\n0000000000000000x\r\n0000000000000000x\r\n0000000000000000x\r\n0000000000000000x\r\n0000000000000000x', 'SLHk49mobiles_chair3QBPAHHHk410mobiles_chair3RBPAHHHk411mobiles_chair3SBPAHHHk412mobiles_chair3PCPAHHHe101mobiles_chair1IRBHPAHe1010mobiles_chair1RBRBHPAHe110mobiles_chair1HSBHJHb111mobiles_table2ISBHHHc112mobiles_table3JSBHHHe113mobiles_chair1KSBHRAHb1110mobiles_table2RBSBHHHc1111mobiles_table3SBSBHHHa121mobiles_table1IPCHHHd122mobiles_table4JPCHHHe129mobiles_chair1QBPCHJHa1210mobiles_table1RBPCHHHd1211mobiles_table4SBPCHHHe1212mobiles_chair1PCPCHRAHe131mobiles_chair1IQCHHHe1311mobiles_chair1SBQCHHHe150mobiles_chair1HSCHPAHe170mobiles_chair1HQDHJHb171mobiles_table2IQDHHHc172mobiles_table3JQDHHHe173mobiles_chair1KQDHRAHa181mobiles_table1IRDHHHd182mobiles_table4JRDHHHe192mobiles_chair1JSDHHHe211mobiles_chair1IQEHPAHb216mobiles_table2RAQEHHHc217mobiles_table3SAQEHHHe2112mobiles_chair1PCQEHPAHe220mobiles_chair1HREHJHb221mobiles_table2IREHHHc222mobiles_table3JREHHHe223mobiles_chair1KREHRAHe225mobiles_chair1QAREHJHa226mobiles_table1RAREHHHd227mobiles_table4SAREHHHe228mobiles_chair1PBREHRAHe2211mobiles_chair1SBREHJHb2212mobiles_table2PCREHHHc2213mobiles_table3QCREHHHe2214mobiles_chair1RCREHRAHa231mobiles_table1ISEHHHd232mobiles_table4JSEHHHa2312mobiles_table1PCSEHHHd2313mobiles_table4QCSEHHHe241mobiles_chair1IPFHHHe247mobiles_chair1SAPFHPAHe2413mobiles_chair1QCPFHH', '0'),
('pizza', 5, 27, 1, 2, 'xxxxxxxxx0000000\r\nx11111x1xx000000\r\n11xxxxx111x00000\r\n11x1111111xx0000\r\n11x1111111100000\r\nxxx1111111100000\r\n1111111111100000\r\n1111111111100000\r\n1111111111100000\r\n1111111111100000\r\n1111111111100000\r\n1111111111100000\r\n1111111111100000\r\n1111111111100000\r\n1111111111100000\r\n1111111111100000\r\n1111111111100000\r\n11111111111xxxxx\r\n1111111111xxxxxx\r\n1111111111111111\r\n1111111111111111\r\n1111111111111111\r\n1111111111111111\r\n1111111111111111\r\n1111111111111111\r\n11xx11xx11111111\r\nxxxx11xxxxxxxxxx\r\nxxxx11xxxxxxxxxx', 'QGHa015pizza_plant1SCHHJHe314pizza_sofa1RCKHPAHE315pizza_sofa2SCKHPAHc515pizza_tableSCQAHJHb60pizza_plant2HRAIJHf614pizza_sofa3RCRAHHHF615pizza_sofa4SCRAHHHd81pizza_chairIPBIPAHd82pizza_chairJPBIPAHc102pizza_tableJRBIJHe1014pizza_sofa1RCRBHPAHE1015pizza_sofa2SCRBHPAHd111pizza_chairISBIHHd112pizza_chairJSBIHHc1215pizza_tableSCPCHJHf1314pizza_sofa3RCQCHHHF1315pizza_sofa4SCQCHHHd161pizza_chairIPDIPAHd162pizza_chairJPDIPAHc182pizza_tableJRDIJHd191pizza_chairISDIHHd192pizza_chairJSDIHHd2111pizza_chairSBQEIJHd2114pizza_chairRCQEIRAHd2211pizza_chairSBREIJHc2213pizza_tableQCREIHHd2214pizza_chairRCREIRAHa250pizza_plant1HQFIJHa2515pizza_plant1SCQFIJ', '0'),
('pub_a', 15, 25, 0, 2, 'xxxxxxxxxxxxxxxxxxxxxxxxx\r\nxxxxxxxxx2222222211111xxx\r\nxxxxxxxxx2222222211111xxx\r\nxxxxxxxxx2222222211111xxx\r\nxxxxxxxxx2222222211111xxx\r\nxxxxxxxxx2222222222111xxx\r\nxxxxxxxxx2222222222111xxx\r\nxxxxxxxxx2222222222000xxx\r\nxxxxxxxxx2222222222000xxx\r\nxxxxxxxxx2222222222000xxx\r\nxxxxxxxxx2222222222000xxx\r\nx333333332222222222000xxx\r\nx333333332222222222000xxx\r\nx333333332222222222000xxx\r\nx333333332222222222000xxx\r\nx333333332222222222000xxx\r\nx333332222222222222000xxx\r\nx333332222222222222000xxx\r\nx333332222222222222000xxx\r\nx333332222222222222000xxx\r\nx333333332222222222000xxx\r\nxxxxx31111112222222000xxx\r\nxxxxx31111111000000000xxx\r\nxxxxx31111111000000000xxx\r\nxxxxx31111111000000000xxx\r\nxxxxx31111111000000000xxx\r\nxxxxxxxxxxxxxxx00xxxxxxxx\r\nxxxxxxxxxxxxxxx00xxxxxxxx\r\nxxxxxxxxxxxxxxx00xxxxxxxx\r\nxxxxxxxxxxxxxxx00xxxxxxxx\r\nxxxxxxxxxxxxxxxxxxxxxxxxx', 'SWHS119pub_sofa2SDIIPAHs120pub_sofaPEIIPAHs121pub_sofaQEIIPAHq211bardesk1SBJJHHc212pub_chairPCJJRAHQ311bardesk2SBKJHHq411bardesk1SBPAJHHc412pub_chairPCPAJRAHQ511bardesk2SBQAJHHf518pub_fenceRDQAJIHq611bardesk1SBRAJHHc612pub_chairPCRAJRAHf618pub_fenceRDRAJHHQ711bardesk2SBSAJHHf718pub_fenceRDSAJHHq811bardesk1SBPBJHHc812pub_chairPCPBJRAHf818pub_fenceRDPBJHHw910bardesk4RBQBJHHW911bardesk3SBQBJHHf918pub_fenceRDQBJHHf1018pub_fenceRDRBJHHC112pub_chair2JSBKPAHC113pub_chair2KSBKPAHC115pub_chair2QASBKPAHC116pub_chair2RASBKPAHf118pub_fencePBSBKIHf1118pub_fenceRDSBJHHf128pub_fencePBPCKHHf1218pub_fenceRDPCJHHf138pub_fencePBQCKHHC139pub_chair2QBQCJJHk1314pub_chair3RCQCJJHT1315pub_table2SCQCJIHk1316pub_chair3PDQCJRAHf1318pub_fenceRDQCJHHf148pub_fencePBRCKJHC149pub_chair2QBRCJJHk1414pub_chair3RCRCJJHT1415pub_table2SCRCJJHk1416pub_chair3PDRCJRAHf1418pub_fenceRDRCJHHt151pub_tableISCKHHf155pub_fenceQASCKIHf1518pub_fenceRDSCJHHS161pub_sofa2IPDKJHf165pub_fenceQAPDKHHf1618pub_fenceRDPDJHHs171pub_sofaIQDKJHf175pub_fenceQAQDKHHk1713pub_chair3QCQDJPAHk1714pub_chair3RCQDJPAHk1715pub_chair3SCQDJPAHk1716pub_chair3PDQDJPAHf1718pub_fenceRDQDJHHs181pub_sofaIRDKJHf185pub_fenceQARDKHHT1813pub_table2QCRDJQAHT1814pub_table2RCRDJRAHT1815pub_table2SCRDJRAHT1816pub_table2PDRDJPAHf1818pub_fenceRDRDJHHs192pub_sofaJSDKHHS193pub_sofa2KSDKHHf195pub_fenceQASDKHHk1913pub_chair3QCSDJHHk1914pub_chair3RCSDJHHk1915pub_chair3SCSDJHHk1916pub_chair3PDSDJHHf1918pub_fenceRDSDJHHf201pub_fenceIPEKQAHf202pub_fenceJPEKRAHf203pub_fenceKPEKRAHf204pub_fencePAPEKRAHf205pub_fenceQAPEKKHf2018pub_fenceRDPEJHHS217pub_sofa2SAQEIPAHs218pub_sofaPBQEIPAHf2112pub_fencePCQEJQAHf2113pub_fenceQCQEJRAHf2114pub_fenceRCQEJRAHf2115pub_fenceSCQEJRAHf2116pub_fencePDQEJRAHf2117pub_fenceQDQEJRAHf2118pub_fenceRDQEJKHS226pub_sofa2RAREIJHt2215pub_tableSCREHHHC2216pub_chair2PDREHPAHC2217pub_chair2QDREHPAHs236pub_sofaRASEIJHT238pub_table2PBSEIIHs246pub_sofaRAPFIJHT248pub_table2PBPFIHHs256pub_sofaRAQFIJHT258pub_table2PBQFIJ', '0'),
('newbie_lobby', 2, 11, 0, 2, 'xxxxxxxxxxxxxxxx000000\r\nxxxxx0xxxxxxxxxx000000\r\nxxxxx00000000xxx000000\r\nxxxxx000000000xx000000\r\n0000000000000000000000\r\n0000000000000000000000\r\n0000000000000000000000\r\n0000000000000000000000\r\n0000000000000000000000\r\nxxxxx000000000000000xx\r\nxxxxx000000000000000xx\r\nx0000000000000000000xx\r\nx0000000000000000xxxxx\r\nxxxxxx00000000000xxxxx\r\nxxxxxxx0000000000xxxxx\r\nxxxxxxxx000000000xxxxx\r\nxxxxxxxx000000000xxxxx\r\nxxxxxxxx000000000xxxxx\r\nxxxxxxxx000000000xxxxx\r\nxxxxxxxx000000000xxxxx\r\nxxxxxxxx000000000xxxxx\r\nxxxxxx00000000000xxxxx\r\nxxxxxx00000000000xxxxx\r\nxxxxxx00000000000xxxxx\r\nxxxxxx00000000000xxxxx\r\nxxxxxx00000000000xxxxx\r\nxxxxx000000000000xxxxx\r\nxxxxx000000000000xxxxx', 'SOHa016crl_lampPDHHHHy017crl_sofa2cQDHHPAHw018crl_sofa2bRDHHPAHv019crl_sofa2aSDHHPAHa020crl_lampPEHHHHb116crl_chairPDIHJHa27crl_lampSAJHHHa211crl_lampSBJHHHb216crl_chairPDJHJHc35crl_pillarQAKHHHb37crl_chairSAKHJHu39crl_table1bQBKHHHs311crl_sofa1cSBKHRAHb316crl_chairPDKHJHA319crl_table2bSDKHHHz320crl_table2aPEKHHHa40crl_lampHPAHHHy41crl_sofa2cIPAHPAHw42crl_sofa2bJPAHPAHv43crl_sofa2aKPAHPAHa44crl_lampPAPAHHHt49crl_table1aQBPAHHHr411crl_sofa1bSBPAHRAHh415crl_wall2aSCPAHHHa416crl_lampPDPAHHHb50crl_chairHQAHJHb57crl_chairSAQAHJHq511crl_sofa1aSBQAHRAHA62crl_table2bJRAHHHz63crl_table2aKRAHHHa611crl_lampSBRAHHHb70crl_chairHSAHJHa80crl_lampHPBHHHD81crl_sofa3cIPBHHHC82crl_sofa3bJPBHHHB83crl_sofa3aKPBHHHa84crl_lampPAPBHHHo819crl_barchair2SDPBHHHp820crl_tablebarPEPBHHHo821crl_barchair2QEPBHHHE95crl_pillar2QAQBHHHc99crl_pillarQBQBHHHP158crl_desk1aPBSCHHHO159crl_deskiQBSCHHHN1510crl_deskhRBSCHHHM1610crl_deskgRBPDHHHL1710crl_deskfRBQDHHHK1810crl_deskeRBRDHHHK1910crl_deskeRBSDHHHK2010crl_deskeRBPEHHHK2110crl_deskeRBQEHHHK2210crl_deskeRBREHHHK2310crl_deskeRBSEHHHG247crl_wallbSAPFHHHK2410crl_deskeRBPFHHHF257crl_wallaSAQFHHHH258crl_desk1bPBQFHHHI259crl_desk1cQBQFHHHJ2510crl_desk1dRBQFHHHd2712crl_lamp2PCSFHHHf2713crl_cabinet2QCSFHHHe2714crl_cabinet1RCSFHHHd2715crl_lamp2SCSFHH', '0'),
('tearoom', 21, 19, 1, 6, 'xxxxxxxxxxxxxxxxxxxxxx\r\nxxxxxxxx3333x33333333x\r\n333333xx3333x33333333x\r\n3333333x3333x33333333x\r\n3333333x3333x33333333x\r\n3333333xxxxxx33333333x\r\n333333333333333333333x\r\n333333333333333333333x\r\n333333333333333333333x\r\n333333333333333333333x\r\n33333333222x333333333x\r\n33333333222x333333333x\r\n33333333222x333333333x\r\n33333333222x333333333x\r\n33333333111x333333333x\r\n33333333111x333333333x\r\n33333333111x333333333x\r\nxxxxxxxx111xxxxxxxxxxx\r\n11111111111111111111xx\r\n1111111111111111111111\r\n1111111111111111111111\r\n11111111111111111111xx', 'QIHh113hardwoodsofa1QCIKPAHi114hardwoodsofa2RCIKPAHj115hardwoodsofa3SCIKPAHc116teabambooPDIKHHh118hardwoodsofa1RDIKPAHi119hardwoodsofa2SDIKPAHj120hardwoodsofa3PEIKPAHl313teasmalltable1QCKKHHk315teasmalltable2SCKKHHl318teasmalltable1RDKKHHk320teasmalltable2PEKKHHe62teastoolJRAKPAHe63teastoolKRAKPAHf68chinastoolredPBRAKPAHf69chinastoolredQBRAKPAHf610chinastoolredRBRAKPAHf611chinastoolredSBRAKPAHa82teatable1JPBKHHb83teatable2KPBKHHm92teastool2JQBKHHm93teastool2KQBKHHe916teastoolPDQBKPAHe917teastoolQDQBKPAHa1116teatable1PDSBKHHb1117teatable2QDSBKHHe122teastoolJPCKPAHe123teastoolKPCKPAHm1216teastool2PDPCKHHm1217teastool2QDPCKHHa142teatable1JRCKHHb143teatable2KRCKHHm152teastool2JSCKHHm153teastool2KSCKHHd180teavaseHRDIHHg190chinastoolgreenHSDIJHg200chinastoolgreenHPEIJHd210teavaseHQEIH', '0'),
('rooftop', 17, 12, 4, 2, '44xxxxxxxxxxxxxxxxxx\r\n444xxxxxxxxxxx444444\r\n4444xxxxxxxxxx444444\r\n44444xxxx4xxxx444444\r\n444444xxx44xxx444444\r\n44444444444444444444\r\n44444444444444444444\r\n44444444444444444444\r\n44444444xx44xx44xx44\r\n44444444xx44xx44xx44\r\n44444444444444444444\r\n44444444444444444444\r\n44444444444444444444\r\nx444444x444444xx4444\r\nx444444x444444xx333x\r\nx444444x444444xx222x\r\nx444444x444444xx11xx\r\nx444444x444444xxxxxx', 'PKHa10rooftop_minichairHIPAPAHd116rooftop_flatcurbPDIPAPAHe117rooftop_flatcurb2QDIPAPAHc20rooftop_rodtableHJPAHHa21rooftop_minichairIJPARAHa30rooftop_minichairHKPAHHd416rooftop_flatcurbPDPAPAHHe417rooftop_flatcurb2QDPAPAHHa62rooftop_minichairJRAPAPAHa71rooftop_minichairISAPAJHc72rooftop_rodtableJSAPAHHa73rooftop_minichairKSAPARAHa82rooftop_minichairJPBPAHHa90rooftop_minichairHQBPAPAHb100rooftop_emptytableHRBPAHHa110rooftop_minichairHSBPAHHd131rooftop_flatcurbIQCPAJHd136rooftop_flatcurbRAQCPARAHd138rooftop_flatcurbPBQCPAJHd1313rooftop_flatcurbQCQCPARAHf141rooftop_flatcurb3IRCPAJHf146rooftop_flatcurb3RARCPARAHf148rooftop_flatcurb3PBRCPAJHf1413rooftop_flatcurb3QCRCPARAHf151rooftop_flatcurb3ISCPAJHf156rooftop_flatcurb3RASCPARAHf158rooftop_flatcurb3PBSCPAJHf1513rooftop_flatcurb3QCSCPARAHf161rooftop_flatcurb3IPDPAJHf166rooftop_flatcurb3RAPDPARAHf168rooftop_flatcurb3PBPDPAJHf1613rooftop_flatcurb3QCPDPARAHg171rooftop_flatcurb4IQDPAHHf172rooftop_flatcurb3JQDPAHHf173rooftop_flatcurb3KQDPAHHf174rooftop_flatcurb3PAQDPAHHf175rooftop_flatcurb3QAQDPAHHh176rooftop_flatcurb5RAQDPAHHg178rooftop_flatcurb4PBQDPAHHf179rooftop_flatcurb3QBQDPAHHf1710rooftop_flatcurb3RBQDPAHHf1711rooftop_flatcurb3SBQDPAHHf1712rooftop_flatcurb3PCQDPAHHh1713rooftop_flatcurb5QCQDPAH', '0'),
('rooftop_2', 4, 9, 0, 2, 'x0000x000\r\nxxxxxx000\r\n000000000\r\n000000000\r\n000000000\r\n000000000\r\n000000000\r\n000000000\r\n000000000\r\n000000000\r\nxxx000xxx\r\nxxx000xxx', 'RDHk08rooftop_bigchairPBHHPAHl18rooftop_bigtablePBIHHHj20rooftop_sofabHJHPAHi21rooftop_sofaIJHPAHk28rooftop_bigchairPBJHHHk38rooftop_bigchairPBKHPAHl48rooftop_bigtablePBPAHHHj50rooftop_sofabHQAHHHi51rooftop_sofaIQAHHHk58rooftop_bigchairPBQAHHHj60rooftop_sofabHRAHPAHi61rooftop_sofaIRAHPAHj67rooftop_sofabSARAHPAHi68rooftop_sofaPBRAHPAHj90rooftop_sofabHQBHHHi91rooftop_sofaIQBHHHj97rooftop_sofabSAQBHHHi98rooftop_sofaPBQBHH', '0'),
('star_lounge', 37, 36, 0, 2, 'xxxxxxxxxxxxxxxxxxxxxxxxxxxxxxxxxxxxxxxxxxxxxxxxxx\r\nxxxxxxxxxxxxxxxxxxxxxxxxxxxxxxxxxxxxxxxxxxxxxxxxxx\r\nxxxxxxxxxxxxxxxxxxxxxxxxxxxxxxxxxxxxxxxxxxxxxxxxxx\r\nxxxxxxxxxxxxxxxxxxxxxxxxxxxxxxxxxxxxxxxxxxxxxxxxxx\r\nxxxxxxxxxxxxxxxxxxxxxxxxxxxxxxxxxxxxxxxxxxxxxxxxxx\r\nxxxxxxxxxxxxxxxxxxxxxxxxxxxxxxxxxxxxxxxxxxxxxxxxxx\r\nxxxxxxxxxxxxxxxxxxxxxxxxxxxxxxxxxxxxxxxxxxxxxxxxxx\r\nxxxxxxxxxxxxxxxxxxxxxxxxxxxxxxxxxxxxxxxxxxxxxxxxxx\r\nxxxxxxxxxxxxxxxxxxxxxxxxxxxxxxxxxxxxxxxxxxxxxxxxxx\r\nxxxxxxxxxxxxxxxxxxxxxxxxxxxxxxxxxxxxxxxxxxxxxxxxxx\r\nxxxxxxxxxxxxxxxxxxxxxxxxxxxxxxxxxxxxxxxxxxxxxxxxxx\r\nxxxxxxxxxxxxxxxxxxxxxxxxxxxxxxxxxxxxxxxxxxxxxxxxxx\r\nxxxxxxxxxxxxxxxxxxxxxxxxxxxxxxxxxxxxxxxxxxxxxxxxxx\r\nxxxxxxxxxxxxxxxxxxxxxxxxxxxxxxxxxxxxxxxxxxxxxxxxxx\r\nxxxxxxxxxxxxxxxxxxxxxxxxxxxxxxxxxxxxxxxxxxxxxxxxxx\r\nxxxxxxxxxxxxxxxxxxxxx2222x4444442222xxxxxxxxxxxxxx\r\nxxxxxxxxxxxxxxxxxxxxx22222x444x32222xxxxxxxxxxxxxx\r\nxxxxxxxxxxxxxxxxxxxxx22222xx4xx22222xxxxxxxxxxxxxx\r\nxxxxxxxxxxxxxxxxxxxxx222222222222222xxxxxxxxxxxxxx\r\nxxxxxxxxxxxxxxxxxxxxx222222222222222xxxxxxxxxxxxxx\r\nxxxxxxxxxxxxxxxxxxxxx222222222222222xxxxxxxxxxxxxx\r\nxxxxxxxxxxxxxxxxxxxxx222222222222222xxxxxxxxxxxxxx\r\nxxxxxxxxxxxxxxxxxxxxx222222222222222xxxxxxxxxxxxxx\r\nxxxxxxxxxxxxxxxxxxxxx222222222222222xxxxxxxxxxxxxx\r\nxxxxxxxxxxxxxxxxxxxxx22222222222222211111xxxxxxxxx\r\nxxxxxxxxxxxxxxxxxxxxx22222222222222211111xxxxxxxxx\r\nxxxxxxxxxxxxxxxxxxxxx22222222222222211111xxxxxxxxx\r\nxxxxxxxxxxxxxxxxxxxxx22222222222222211111xxxxxxxxx\r\nxxxxxxxxxxxxxxxxxxxxx22222222222222222111xxxxxxxxx\r\nxxxxxxxxxxxxxxxxxxxxx22222222222222222111xxxxxxxxx\r\nxxxxxxxxxxxxxxxx3333x22222222222222xxxxxxxxxxxxxxx\r\nxxxxxxxxxxxxxxxx3333x22222222222222xxxxxxxxxxxxxxx\r\nxxxxxxxxxxxxxxxx3333x22222222221111xxxxxxxxxxxxxxx\r\nxxxxxxxxxxxxxxxx3333xx2x22222220000xxxxxxxxxxxxxxx\r\nxxxxxxxxxxxxxxxx333333332222222000000xxxxxxxxxxxxx\r\nxxxxxxxxxxxxxxxx333333332222222x0000000xxxxxxxxxxx\r\nxxxxxxxxxxxxxxxxx33333332222222x0000000xxxxxxxxxxx\r\nxxxxxxxxxxxxxxxxxxxxxxxxx222222000000xxxxxxxxxxxxx\r\nxxxxxxxxxxxxxxxxxxxxxxxxxxxxxxxxxxxxxxxxxxxxxxxxxx\r\nxxxxxxxxxxxxxxxxxxxxxxxxxxxxxxxxxxxxxxxxxxxxxxxxxx\r\nxxxxxxxxxxxxxxxxxxxxxxxxxxxxxxxxxxxxxxxxxxxxxxxxxx\r\nxxxxxxxxxxxxxxxxxxxxxxxxxxxxxxxxxxxxxxxxxxxxxxxxxx\r\nxxxxxxxxxxxxxxxxxxxxxxxxxxxxxxxxxxxxxxxxxxxxxxxxxx\r\nxxxxxxxxxxxxxxxxxxxxxxxxxxxxxxxxxxxxxxxxxxxxxxxxxx\r\nxxxxxxxxxxxxxxxxxxxxxxxxxxxxxxxxxxxxxxxxxxxxxxxxxx\r\nxxxxxxxxxxxxxxxxxxxxxxxxxxxxxxxxxxxxxxxxxxxxxxxxxx\r\nxxxxxxxxxxxxxxxxxxxxxxxxxxxxxxxxxxxxxxxxxxxxxxxxxx\r\nxxxxxxxxxxxxxxxxxxxxxxxxxxxxxxxxxxxxxxxxxxxxxxxxxx\r\nxxxxxxxxxxxxxxxxxxxxxxxxxxxxxxxxxxxxxxxxxxxxxxxxxx\r\nxxxxxxxxxxxxxxxxxxxxxxxxxxxxxxxxxxxxxxxxxxxxxxxxxx', 'PXHk1521star_tableQESCJHHa1522star_sofaRESCJPAHb1523star_sofa2SESCJPAHz1524palmPFSCJHHb1621star_sofa2QEPDJJHQ1632dj1PHPDJHHW1633dj2QHPDJHHE1634dj3RHPDJHHa1721star_sofaQEQDJJHm1728star_microphonePGQDPAHHb1821star_sofa2QERDJJHa1835star_sofaSHRDJRAHa1921star_sofaQESDJJHb1935star_sofa2SHSDJRAHb2021star_sofa2QEPEJJHb2024star_sofa2PFPEJJHa2032star_sofaPHPEJRAHa2035star_sofaSHPEJRAHa2121star_sofaQEQEJJHa2124star_sofaPFQEJJHb2132star_sofa2PHQEJRAHb2135star_sofa2SHQEJRAHc2221star_sofachairQEREJJHk2224star_tablePFREJHHb2225star_sofa2QFREJHHa2226star_sofaRFREJHHb2230star_sofa2RGREJHHa2231star_sofaSGREJHHk2232star_tablePHREJHHk2235star_tableSHREJHHz2321palmQESEJHHa2335star_sofaSHSEJRAHp2422bar10REPFJHHb2435star_sofa2SHPFJRAHa2437star_sofaQIPFIPAHb2438star_sofa2RIPFIPAHa2439star_sofaSIPFIPAHb2440star_sofa2PJPFIPAHo2522bar9REQFJHHb2525star_sofa2QFQFJHHa2526star_sofaRFQFJHHb2530star_sofa2RGQFJHHa2531star_sofaSGQFJHHa2535star_sofaSHQFJRAHb2536star_sofa2PIQFIJHi2622bar8RERFJHHX2625palm1QFRFJHHV2626palm3RFRFJHHC2630palm2RGRFJHHB2631palm4SGRFJHHb2635star_sofa2SHRFJRAHa2636star_sofaPIRFIJHk2639star_tableSIRFIHHk2640star_tablePJRFIHHu2722bar7RESFJHHa2725star_sofaQFSFJPAHb2726star_sofa2RFSFJPAHa2730star_sofaRGSFJPAHb2731star_sofa2SGSFJPAHk2735star_tableSHSFJHHz2736palmPISFIHHk2737star_tableQISFIHHy2822bar6REPGJHHt2922bar5REQGJHHk2925star_tableQFQGJHHk2926star_tableRFQGJHHk3016star_tablePDRGKHHr3022bar4RERGJHHb3116star_sofa2PDSGKJHe3122bar3RESGJHHb3125star_sofa2QFSGJHHa3126star_sofaRFSGJHHa3130star_sofaRGSGJRAHa3216star_sofaPDPHKJHw3222bar2REPHJHHB3225palm4QFPHJHHX3226palm1RFPHJHHb3230star_sofa2RGPHJRAHb3316star_sofa2PDQHKJHq3322bar1REQHJHHa3325star_sofaQFQHJPAHb3326star_sofa2RFQHJPAHa3330star_sofaRGQHJRAHa3416star_sofaPDRHKJHb3430star_sofa2RGRHJRAHV3435palm3SHRHHHHC3436palm2PIRHHHHk3516star_tablePDSHKHHa3530star_sofaRGSHJRAHb3630star_sofa2RGPIJRAHc3725star_sofachairQFQIJHHb3726star_sofa2RFQIJHHa3727star_sofaSFQIJHHb3728star_sofa2PGQIJHHa3729star_sofaQGQIJHHk3730star_tableRGQIJH', '0'),
('netcafe', 22, 12, 0, 2, 'xxxxx1111xxxxxxxxxxx1xxxx\r\nxxxxx1111111111111111xxxx\r\nxxxxx1111111111111111xxxx\r\nxxxxx1111111111111111xxxx\r\nxxxxxxxx0000000000000xxxx\r\n111111100000000000000xxxx\r\n111111100000000000000xxxx\r\n111111100000000000000xxxx\r\nxxxx11100000000000000xxxx\r\nx1xx11100000000000000xxxx\r\nx1xx11100000000000000xxxx\r\nx1xx111000000000000000000\r\nx1xx111000000000000000000\r\nxxxx111000000000000000000\r\nxxxx11100000000000000xxxx\r\nxxxx1110000000xx11111xxxx\r\nxxxxx111110000x111111xxxx\r\nxxxxxx111100001111111xxxx\r\nxxxxxx111100001111111xxxx\r\nxxxxxx111100001111111xxxx\r\nxxxxxx111100001111111xxxx\r\nxxxxxx111100001111111xxxx\r\nxxxxxx111100001111111xxxx\r\nxxxxx1111100001111111xxxx', 'RRHi06shift1RAHIPAHj07shift2SAHIPAHm110mRBIIHHl113lQCIIHHk116kPDIIHHk119kSDIIHHh35kukat6QAKIHHg36kukat5RAKIHHc312kukat2PCKIHHb313kukat1QCKIHHc319kukat2SDKIHHb320kukat1PEKIHHi412shift1PCPAHPAHj413shift2QCPAHPAHi419shift1SDPAHPAHj420shift2PEPAHPAHi50shift1HQAIPAHj51shift2IQAIPAHi52shift1JQAIPAHj53shift2KQAIPAHk715kSCSAHJHo716table2PDSAHRAHz717tablecornerQDSAHHHm718mRDSAHRAHl815lSCPBHJHo816table2PDPBHPAHl818lRDPBHRAHm94mPAQBIRAHk99kQBQBHJHp910table3RBQBHRAHz911tablecornerSBQBHHHm912mPCQBHRAHk915kSCQBHJHo916table2PDQBHJHk918kRDQBHRAHk104kPARBIRAHm109mQBRBHJHp1010table3RBRBHPAHm1012mPCRBHRAHm1015mSCRBHJHo1016table2PDRBHHHk1018kRDRBHRAHl114lPASBIRAHl119lQBSBHJHp1110table3RBSBHJHl1112lPCSBHRAHk124kPAPCIRAHl129lQBPCHJHp1210table3RBPCHHHk1212kPCPCHRAHm134mPAQCIRAHc165kukat2QAPDIHHb166kukat1RAPDIHHc167kukat2SAPDIHHb168kukat1PBPDIHHe169kukat3QBPDIHHd1615kukka2SCPDIHHf179kukat4QBQDIHHk186kRARDIRAHe189kukat3QBRDIHHs1820sofabig3PERDIRAHf199kukat4QBSDIHHn1917table1QDSDIPAHz1918tablecornerRDSDIHHr1920sofabig2PESDIRAHn2017table1QDPEIJHr2020sofabig2PEPEIRAHm216mRAQEIRAHn2117table1QDQEIHHq2120sofabig1PEQEIRAHv2316sofalittle3PDSEIHHu2317sofalittle2QDSEIHHt2318sofalittle1RDSEIHHa2320kukkaPESEIH', '0'),
('dusty_lounge', 14, 1, 2, 4, 'xxxxxxxxxxxxxx22xxxxxxxxxxxxx\r\nxxxxxxxxxx222x222x2xxxxxxxxxx\r\nxxxxxxx33322222222223xxxxxxx3\r\nxxxxxxx33322222222223xxxxxxx3\r\nxxxxxxx33322222222223x33333x3\r\nxxxxxxx33322222222223x33333x3\r\nxx111xx33322222222223xxxxxxx3\r\nxx111xxx332222222222333333333\r\nxx111xxxx32222222222333333333\r\nxx111xxxxxx222222222333333333\r\nxx111xxxxxxx1111111x333333333\r\nxx111xxxxxxx1111111x222222222\r\nxx111xxxxxx111111111111111111\r\nxx111xxxxxx111111111111111111\r\n11111xxxxxx111111111111111111\r\n11111xxxxxx111111111111111111\r\n11x11xxxxxx111111111111111111\r\n11xxxxxxxxx11111111111111111x\r\nx11xxxxxxxxx1111111x1111111xx\r\nxx11xxxxxxx111111111111111xxx\r\nxxx11xxxxxx11111111111111xxxx\r\nxxxx11111111111111111111xxxxx\r\nxxxxx11111111111111xxxxxxxxxx\r\nxxxxxxxxxxx11111111xxxxxxxxxx\r\nxxxxxxxxxxx11111111xxxxxxxxxx', 'QHHc48greenchair2PBPAKPAHd49greenchair1QBPAKPAHc68greenchair2PBRAKHHd69greenchair1QBRAKHHa620dustylampPERAKJHa628dustylampPGRAKJHc73greenchair2KSAIPAHd74greenchair1PASAIPAHc93greenchair2KQBIHHd94greenchair1PAQBIHHb1021yellowchairQERBKJHb1023yellowchairSERBKRAHb1026yellowchairRFRBKJHb1028yellowchairPGRBKRAHc1211greenchair2SBPCIJHc133greenchair2KQCIPAHd134greenchair1PAQCIPAHd1311greenchair1SBQCIJHa1411dustylampSBRCIJHc153greenchair2KSCIHHd154greenchair1PASCIHHc1511greenchair2SBSCIJHb1524yellowchairPFSCIPAHd1611greenchair1SBPDIJHb1722yellowchairREQDIJHa1724dustylampPFQDIJHb1726yellowchairRFQDIRAHa1911dustylampSBSDIJHb1924yellowchairPFSDIHHc2312greenchair2PCSEIJHc2314greenchair2RCSEIRAHd2412greenchair1PCPFIJHd2414greenchair1RCPFIRA', '0'),
('orient', 35, 22, 0, 6, 'xxxxxxxxxxxxxxxxxxxxxxxxxxxxxxxxxxxx\r\nxxxxxxxxxxxxxxxx00000000xxxxxxxxxxxx\r\nxxxxxxxxxxxxxx1000000000xxxxxxxxxxxx\r\nxxxxxxxxxxxxxx1xxxxxxxxxxxxxxxxxxxxx\r\nxxxxxxxxxxxxxx1xxxxxxxxxxxxxxxxxxxxx\r\nxxxxxxxxxxxxxx1xxxxxxxxxxxxxxxxxxxxx\r\nxxxxxxxxxxxxxx1xxxxxxxxxxxxxxxxxxxxx\r\nxxxxxxxxxxxxxx1xxxxxxxxxxxxxxxxxxxxx\r\nxxxxxxxxxxxxxx1xxxxxxxxxxxxxxxxxxxxx\r\nxxxxxxxxxxxxxx1xxxxxxxxxxxxxxxxxxxxx\r\nxxxxxxxxxxxxxx1xx000x000xx111x111xxx\r\nxxxxxxxxxxxxxx1xx000x000xxxxxx1111xx\r\nxxxxxxxxxxxxxx1xx000x000x111111111xx\r\nxxxxxxxxxxxxxx1xx000x000x111111111xx\r\nxxx111111111111xx000x000x111111111xx\r\nxxx1xxxxxxxxxxxxx000x000x111111111xx\r\nxxx1x1111111111000000000x111111111xx\r\nxxx1x1111111111000000000xx1111111xxx\r\nxxx1x11xxxxxx11000000000xx1111111100\r\nxxx111xxxxxxx11000000000011111111100\r\nxxx111xxxxxxx11000000000011111111100\r\nxxxxx1xxxxxxx11000000000011111111100\r\nxxxxx11xxxxxx11000000000xx1111111100\r\nxxxxx1111111111000000000xx1111111xxx\r\nxxxxx1111111111xx000x000x111111111xx\r\nxxxxxxxxxxxxxxxxx000x000x111111111xx\r\nxxxxxxxxxxxxxxxxx000x000x111111111xx\r\nxxxxxxxxxxxxxxxxx000x000x111111111xx\r\nxxxxxxxxxxxxxxxxx000x000x111111111xx\r\nxxxxxxxxxxxxxxxxx000x00xx11xxxx111xx\r\nxxxxxxxxxxxxxxxxxxxxxxxxxx11111111xx', 'SOHd1017benchQDRBHJHd1019benchSDRBHRAHd1021benchQERBHJHd1023benchSERBHRAHd1117benchQDSBHJHd1119benchSDSBHRAHd1121benchQESBHJHd1123benchSESBHRAHb1132koc_chairPHSBIPAHd1217benchQDPCHJHd1219benchSDPCHRAHd1221benchQEPCHJHd1223benchSEPCHRAHb1231koc_chairSGPCIJHa1232koc_tablePHPCIHHb1233koc_chairQHPCIRAHd1317benchQDQCHJHd1319benchSDQCHRAHd1321benchQEQCHJHd1323benchSEQCHRAHb1325koc_chairQFQCIPAHb1332koc_chairPHQCIHHd1417benchQDRCHJHd1419benchSDRCHRAHd1421benchQERCHJHd1423benchSERCHRAHa1425koc_tableQFRCIHHb1426koc_chairRFRCIRAHd1517benchQDSCHJHd1519benchSDSCHRAHd1521benchQESCHJHd1523benchSESCHRAHb1525koc_chairQFSCIHHb1529koc_chairQGSCIJHa1530koc_tableRGSCIHHb1531koc_chairSGSCIRAHb1630koc_chairRGPDIHHc2425chairf1QFPFIJHc2433chairf1QHPFIRAHd2517benchQDQFHJHd2519benchSDQFHRAHd2521benchQEQFHJHd2523benchSEQFHRAHc2525chairf1QFQFIJHc2533chairf1QHQFIRAHd2617benchQDRFHJHd2619benchSDRFHRAHd2621benchQERFHJHd2623benchSERFHRAHc2625chairf1QFRFIJHc2633chairf1QHRFIRAHd2717benchQDSFHJHd2719benchSDSFHRAHd2721benchQESFHJHd2723benchSESFHRAHd2817benchQDPGHJHd2819benchSDPGHRAHd2821benchQEPGHJHd2823benchSEPGHRAHd2917benchQDQGHJHd2919benchSDQGHRAHd2921benchQEQGHJHd2923benchSEQG`hFFRA', '0'),
('custom_model', 0, 0, 0, 2, 'xxxxxxxxxxxxxxxxxxxxxxxxxxxxx\r\nxxxxxxxxxxxxxxxxxxxxxxxxxxxxx\r\nxxxxxxxxxxxx0000000000000xxxx\r\nxxxxxxxxxxx000000000000000xxx\r\nxxxxxxxxxx00000000000000000xx\r\nxxxxxxxxxx00000000000000000xx\r\nxxxxxxxxxx00000000000000000xx\r\nxxxxxxxxxx11111111111111111xx\r\nxxxxxxxxxx22222222222222222xx\r\nxxxxxxxxxx22222222222222222xx\r\nxxxxxxxxxx22222222222222222xx\r\nxxxxxxxxxxxxxxxxxxxxxxxxxxxxx\r\nxxxxxxxxxxxxxxxxxxxxxxxxxxxxx', '', '0'),
('theater', 20, 27, 0, 0, 'XXXXXXXXXXXXXXXXXXXXXXX\r\nXXXXXXXXXXXXXXXXXXXXXXX\r\nXXXXXXXXXXXXXXXXXXXXXXX\r\nXXXXXXXXXXXXXXXXXXXXXXX\r\nXXXXXXXXXXXXXXXXXXXXXXX\r\nXXXXXXXXXXXXXXXXXXXXXXX\r\nXXXXXXX111111111XXXXXXX\r\nXXXXXXX11111111100000XX\r\nXXXX00X11111111100000XX\r\nXXXX00x11111111100000XX\r\n4XXX00X11111111100000XX\r\n4440000XXXXXXXXX00000XX\r\n444000000000000000000XX\r\n4XX000000000000000000XX\r\n4XX0000000000000000000X\r\n44400000000000000000000\r\n44400000000000000000000\r\n44X0000000000000000O000\r\n44X11111111111111111000\r\n44X11111111111111111000\r\n33X11111111111111111000\r\n22X11111111111111111000\r\n22X11111111111111111000\r\n22X11111111111111111000\r\n22X11111111111111111000\r\n22X11111111111111111000\r\n22211111111111111111000\r\n22211111111111111111000\r\nXXXXXXXXXXXXXXXXXXXX00X\r\nXXXXXXXXXXXXXXXXXXXX00X', 'QKHm1011micSBRBIHHd112thchair2JSBPAJHd122thchair2JPCPAJHd152thchair2JSCPAJHc156thchair1RASCHHHc157thchair1SASCHHHc158thchair1PBSCHHHc159thchair1QBSCHHHc1510thchair1RBSCHHHc1512thchair1PCSCHHHc1513thchair1QCSCHHHc1514thchair1RCSCHHHc1515thchair1SCSCHHHc1516thchair1PDSCHHHd162thchair2JPDPAJHc206thchair1RAPEIHHc207thchair1SAPEIHHc208thchair1PBPEIHHc209thchair1QBPEIHHc2010thchair1RBPEIHHc2012thchair1PCPEIHHc2013thchair1QCPEIHHc2014thchair1RCPEIHHc2015thchair1SCPEIHHc2016thchair1PDPEIHHc236thchair1RASEIHHc237thchair1SASEIHHc238thchair1PBSEIHHc239thchair1QBSEIHHc2310thchair1RBSEIHHc2312thchair1PCSEIHHc2313thchair1QCSEIHHc2314thchair1RCSEIHHc2315thchair1SCSEIHHc2316thchair1PDSEIHHc266thchair1RARFIHHc267thchair1SARFIHHc268thchair1PBRFIHHc269thchair1QBRFIHHc2610thchair1RBRFIHHc2612thchair1PCRFIHHc2613thchair1QCRFIHHc2614thchair1RCRFIHHc2615thchair1SCRFIHHc2616thchair1PDRFIH', '0'),
('picnic', 16, 5, 2, 4, 'xxxxxxxxxxxxxxxxxxxxxxxxxxxxxxxxxxxxxx\r\nxxxxxxxxxxxxxxxxxxxxxxxxxxxxxxxxxxxxxx\r\nxxxxxxxxxxxxxxxxxxxxxxxxxxxxxxxxxxxxxx\r\nxxxxxxxxxxxxxxxxxxxxxxxxxxxxxxxxxxxxxx\r\nxx22222xxxxxxxxxxxxxxxxxxxxxxxxxxxxxxx\r\n22xxxxxxxxxxxxx22xxxxxxxxxxxxxxxxxxxxx\r\n2222222222222222222x222222222222222222\r\n22222222222222222222222222222222222222\r\n22222222222222222222222222222222222222\r\n22222222222222222222222222222222222222\r\n22222222222xxx222222222222222222222222\r\n2222222222xx33x22222222222222222222222\r\n222222222xx3333x2222222222222222222222\r\n222222222x333333x222222222222222222222\r\n222222222x333333x222222222222222222222\r\n2222222222x3332x2222222222222222222222\r\n22222222222x33x22222222222222222222222\r\n22222222222222222222222222222222222222\r\n22222222222222222222222222222222222222\r\n22222222222222222222222222222222222222\r\n22222222222222222222222222222222222222\r\n22222222222222222222222222222222222222\r\n22222222222222222222222222222222222222\r\n22222222x22222xxxx22222222222222222222\r\n22222222222222xxxx22222222222222222222\r\n22222222222222xxx222222222222222222222\r\n22222222222222222222222222222222222222\r\n22222222222222222222222222222222222222\r\n22222222222222222222222222222222222222\r\n22222222222222222222222222222222222222\r\n22222222222222222222222222222222222222\r\n22222222222222222222222222222222222222\r\n22222222222222222222222222222222222222\r\n22222222222222222222222222222222222222\r\n22222222222222222222222222222222222222\r\n22222222222222222222222222222222222222\r\n22222222222222222222222222222222222222\r\n22222222222222222222222222222222222222\r\n22222222222222222222222222222222222222\r\n22222222222222222222222222222222222222\r\n22222222222222222222222222222222222222\r\n22222222222222222222222222222222222222\r\n22222222222222222222222222222222222222\r\n22222222222222222222222222222222222222', 'PcHh710hedge7RBSAJPAHh711hedge7SBSAJPAHh712hedge7PCSAJPAHh713hedge7QCSAJPAHy714hedge8RCSAJPAHs718hedge2RDSAJPAHh719hedge7SDSAJPAHh720hedge7PESAJPAHh721hedge7QESAJPAHz814hedge9RCPBJPAHz818hedge9RDPBJPAHv93hedge5KQBJPAHz103hedge9KRBJPAHc1112picnic_dummychair1PCSBKPAHc1113picnic_dummychair1QCSBKPAHc1114picnic_dummychair1RCSB`hFFPAHc1310picnic_dummychair1RBQCKJHc1315picnic_dummychair1SCQCKRAHb1321picnic_groundQEQCJPAHb147picnic_groundSARCJPAHc1410picnic_dummychair1RBRCKJHc1415picnic_dummychair1SCRCKRAHb1519picnic_groundSDSCJJHb1523picnic_groundSESCJRAHb165picnic_groundQAPDJJHb169picnic_groundQBPDJRAHL1620picnic_cloth1PEPDJJHL176picnic_cloth1RAQDJJHb1721picnic_groundQEQDJHHb187picnic_groundSARDJHHa190picnic_redbench2HSDJJHA200picnic_redbench1HPEJJHw2011hedge6SBPEJPAHh2012hedge7PCPEJPAHh2013hedge7QCPEJPAHt2014hedge3RCPEJPAHu2017hedge4QDPEJPAHh2018hedge7RDPEJPAHh2019hedge7SDPEJPAHy2020hedge8PEPEJPAHv2111hedge5SBQEJPAHM2112picnic_bench1PCQEJPAHN2113picnic_bench2QCQEJPAHO2114picnic_bench3RCQEJPAHM2117picnic_bench1QDQEJPAHN2118picnic_bench2RDQEJPAHO2119picnic_bench3SDQEJPAHv2120hedge5PEQEJPAHa220picnic_redbench2HREJJHv2211hedge5SBREJPAHv2220hedge5PEREJPAHb2225picnic_groundQFREJPAHA230picnic_redbench1HSEJJHv2311hedge5SBSEJPAHM2312picnic_bench1PCSEJJHM2319picnic_bench1SDSEJRAHv2320hedge5PESEJPAHc246picnic_dummychair1RAPFJPAHd247picnic_dummychair4SAPFJPAHe248picnic_dummychair6PBPFJPAHv2411hedge5SBPFJPAHN2412picnic_bench2PCPFJJHN2419picnic_bench2SDPFJRAHv2420hedge5PEPFJPAHb2423picnic_groundSEPFJJHb2427picnic_groundSFPFJRAHK255picnic_stumpQAQFJJHv2511hedge5SBQFJPAHN2512picnic_bench2PCQFJJHN2519picnic_bench2SDQFJRAHv2520hedge5PEQFJPAHG2524picnic_cloth2PFQFJJHK267picnic_stumpSARFJHHv2611hedge5SBRFJPAHO2612picnic_bench3PCRFJJHH2614picnic_fireplace1RCRFJHHI2616picnic_fireplace2PDRFJJHO2619picnic_bench3SDRFJRAHv2620hedge5PERFJPAHb2625picnic_groundQFRFJHHz2711hedge9SBSFJPAHQ2712picnic_lemonadePCSFJPAHz2720hedge9PESFJPAHE298picnic_firewood2PBQGJHHa300picnic_redbench2HRGJJHD308picnic_firewood1PBRGJHHA310picnic_redbench1HSGJJHD318picnic_firewood1PBSGJHHM3112picnic_bench1PCSGJPAHN3113picnic_bench2QCSGJPAHO3114picnic_bench3RCSGJPAHM3118picnic_bench1RDSGJPAHN3119picnic_bench2SDSGJPAHO3120picnic_bench3PESGJPAHf3127picnic_carrotSFSGJHHf3128picnic_carrotPGSGJHHf3129picnic_carrotQGSGJHHf3130picnic_carrotRGSGJHHf3131picnic_carrotSGSGJHHD328picnic_firewood1PBPHJHHF3212picnic_table2PCPHJJHP3214picnic_tableRCPHJJHF3218picnic_table2RDPHJJHP3220picnic_tablePEPHJJHr333hedge1KQHJPAHD338picnic_firewood1PBQHJHHM3312picnic_bench1PCQHJHHN3313picnic_bench2QCQHJHHO3314picnic_bench3RCQHJHHM3318picnic_bench1RDQHJHHN3319picnic_bench2SDQHJHHO3320picnic_bench3PEQHJHHg3327picnic_cabbageSFQHJHHg3328picnic_cabbagePGQHJHHg3329picnic_cabbageQGQHJHHv343hedge5KRHJPAHD348picnic_firewood1PBRHJHHv353hedge5KSHJPAHD358picnic_firewood1PBSHJHHv363hedge5KPIJPAHD368picnic_firewood1PBPIJHHD378picnic_firewood1PBQIJHHM3712picnic_bench1PCQIJPAHN3713picnic_bench2QCQIJPAHO3714picnic_bench3RCQIJPAHM3718picnic_bench1RDQIJPAHN3719picnic_bench2SDQIJPAHO3720picnic_bench3PEQIJPAHD388picnic_firewood1PBRIJHHF3812picnic_table2PCRIJJHP3814picnic_tableRCRIJJHF3818picnic_table2RDRIJJHP3820picnic_tablePERIJJHJ398picnic_firewood3PBSIJHHM3912picnic_bench1PCSIJHHN3913picnic_bench2QCSIJHHO3914picnic_bench3RCSIJHHM3918picnic_bench1RDSIJHHN3919picnic_bench2SDSIJHHO3920picnic_bench3PESIJH', '0'),
('cinema_a', 20, 27, 1, 0, 'xxxxxxx1xx11111111xxxxxx\r\nxxx1111111111111111xxxxx\r\nxxx111xxxx1111111111xxxx\r\nxxxx2xxxxxxxxxxxxxxxxxxx\r\nxx3x3x333311xxxxxxxxxx11\r\nxx3333333311111111111111\r\nxx3333333311111111111111\r\nxx3333333311111111122111\r\nxx3333333311x22222222111\r\nxx3333333311x22222222111\r\nxx3333333311xxxxxxxxx111\r\nxx3333333311111111111111\r\nxx3333333311111111111111\r\nxx3333333311111111111111\r\nxx3333333311111xxxx11111\r\nxx3333333311111xxxx11111\r\nxx3333333311111xxxx11111\r\nxx3333333311111xxxx11111\r\nxx3333333311111xxxx11111\r\nxx3333333311111xxxx11111\r\nxx3333333311111xxxx11111\r\n333333332111111xxxx11111\r\n333333332111111111111111\r\n333333332111111111111111\r\n333333332111111111111111\r\nxx3333332111111111111111\r\nxxxxxxxxxxxxxxxxxxx11111\r\nxxxxxxxxxxxxxxxxxxx11111\r\nxxxxxxxxxxxxxxxxxxx11111', 'PUHC42orangeJPAKHHA47loungey_chairSAPAKJHV48loungey_tablebigbPBPAKHHA49loungey_chairQBPAKRAHA52loungey_chairJQAKPAHA57loungey_chairSAQAKJHU58loungey_tablebigaPBQAKHHA59loungey_chairQBQAKRAHB62loungey_tableJRAKHHA72loungey_chairJSAKHHh713theater_chairQCSAIHHh714theater_chairRCSAIHHh715theater_chairSCSAIHHh716theater_chairPDSAIHHh717theater_chairQDSAIHHh718theater_chairRDSAIHHz721stairQESAIHHL89lightpoleQBPBKHHq813pomomaskiQCPBJJHq814pomomaskiRCPBJHHq815pomomaskiSCPBJHHq816pomomaskiPDPBJHHq817pomomaskiQDPBJHHq818pomomaskiRDPBJHHq819pomomaskiSDPBJIHz821stairQEPBIHHC92orangeJQBKHHh913theater_chairQCQBJHHh914theater_chairRCQBJHHh915theater_chairSCQBJHHh916theater_chairPDQBJHHh917theater_chairQDQBJHHh918theater_chairRDQBJHHh919theater_chairSDQBJHHh920theater_chairPEQBJHHz921stairQEQBIHHA102loungey_chairJRBKPAHA109loungey_chairQBRBKPAHB112loungey_tableJSBKHHB119loungey_tableQBSBKHHA122loungey_chairJPCKHHA129loungey_chairQBPCKHHd1217cubicb_chairQDPCIRAHc1219cubico_chairSDPCIJHd1315cubicb_chairSCQCIJHL1319lightpoleSDQCIHHd1320cubicb_chairPEQCIRAHL149lightpoleQBRCKHHA152loungey_chairJSCKPAHd1514cubicb_chairRCSCIPAHc1519cubico_chairSDSCIPAHB162loungey_tableJPDKHHA167loungey_chairSAPDKJHB168loungey_tablePBPDKJHA169loungey_chairQBPDKRAHd1613cubicb_chairQCPDIJHd1614cubicb_chairRCPDIRAHC1619orangeSDPDIHHA172loungey_chairJQDKHHA177loungey_chairSAQDKJHB178loungey_tablePBQDKJHA179loungey_chairQBQDKRAHd1719cubicb_chairSDQDIJHC182orangeJRDKHHd1814cubicb_chairRCRDIPAHK192bardesqueJSDKHHK202bardesqueJPEKIHb203bar_chairKPEKRAHL209lightpoleQBPEKHHd2014cubicb_chairRCPEIHHd2019cubicb_chairSDPEIJHc2020cubico_chairPEPEIRAHK212bardesqueJQEKIHb213bar_chairKQEKRAHd2119cubicb_chairSDQEIHHK222bardesqueJREKIHb223bar_chairKREKRAHL2216lightpolePDREIHHc2218cubico_chairRDREIHHK232bardesqueJSEKIHb233bar_chairKSEKRAHK242bardesqueJPFKIHb243bar_chairKPFKRAHK252bardesqueJQFKJ', '0'),
('the_den', 3, 22, 0, 0, '00000000xxxxxxxx\r\n0000000000000000\r\n0000000000000000\r\n000000000000xx00\r\n0000000000000000\r\n0000000000000000\r\n0000000000000000\r\nx000000000000000\r\n0000000000000000\r\n0000000000000000\r\n0000000000000000\r\n0000000000000000\r\nx000000000000000\r\nx000000000000000\r\nx000000000000000\r\nx000000000000000\r\nx000000000000000\r\nx000000000000000\r\nx000000000000000\r\nx000000000000000\r\nxxx00xxxxxxxxxxx\r\nxxx00xxxxxxxxxxx\r\nxxx00xxxxxxxxxxx\r\nGV00000000xxxxxxxx\r\n0000000000000000\r\n0000000000000000\r\n000000000000xx00\r\n0000000000000000\r\n0000000000000000\r\n0000000000000000\r\nx000000000000000\r\n0000000000000000\r\n0000000000000000\r\n0000000000000000\r\n0000000000000000\r\nx000000000000000\r\nx000000000000000\r\nx000000000000000\r\nx000000000000000\r\nx000000000000000\r\nx000000000000000\r\nx000000000000000\r\nx000000000000000\r\nxxx00xxxxxxxxxxx\r\nxxx00xxxxxxxxxxx\r\nxxx00xxxxxxxxxxx', '', '0'),
('model_s', 0, 3, 0, 2, 'xxxxxx\r\nx00000\r\nx00000\r\n000000\r\nx00000\r\nx00000\r\nx00000\r\nx00000', '', '0'),
('park_a', 2, 15, 0, 2, 'xxxxxxxxxxxxxxxxxxxxxxxxxxxxxxxxxxxxxxxxxxxx\r\nxxxxxxxxxxxxxxxxxxxxxxxxxxxxxxxxxxxxxxxxxxxx\r\nxxxxxxxxxxxxxxxxxxxxxxxxxxxxxx0xxxxxxxxxxxxx\r\nxxxxxxxxxxxxxxxxxxxxxxxxxxxxxx00xxxxxxxxxxxx\r\nxxxxxxxxxxxxx0x00xxxxxxxxxxx0x000xxxxxxxxxxx\r\nxxxxxxxxxxxx0000000000000000000000xxxxxxxxxx\r\nxxxxxxxxxxx000000000000000000000000xxxxxxxxx\r\nxxxxxxxxxxx0000000000000000000000000xxxxxxxx\r\nxxxxxxxxxxx00000000000000000000000000xxxxxxx\r\nxxxxxxxx000000000000000000000000000000xxxxxx\r\nxxxxxxx00000000000000000000000000000000xxxxx\r\nxxxxxxx000000000000000000000000000000000xxxx\r\nxxxxxxx0000000000000000000000000000000000xxx\r\nxxxxxxxxx000000000000000000000000000000000xx\r\n00000000000000000000xx00000000000000000000xx\r\n0000000000000000000xxxx00000000000xxxxxxx0xx\r\n0000000000000000000xxxx00000000000x00000xxxx\r\nxxxxx00x0000000000xxxxx0xxxxxx0000x0000000xx\r\nxxxxx0000000000000xxxxx0xx000x0000x000000xxx\r\nxxxxx0000000000000xxxxx0x000000000x00000xxxx\r\nxxxxx000000x0000000xxxx0x000000000xxx00xxxxx\r\nxxxxxxxx000x0000000xxx00xxx000000x0000xxxxxx\r\nxxxxxxxx000x000000xxxx0x0000000000000xxxxxxx\r\nxxxxxxxx000x000000011100000000000000xxxxxxxx\r\nxxxxxxxx000x00000001110000000000000xxxxxxxxx\r\nxxxxxxxxx00x0000000111x00000000x00xxxxxxxxxx\r\nxxxxxxxxxx0x0000000xxx0000000xxxxxxxxxxxxxxx\r\nxxxxxxxxxxxx000000xxxx0000000xxxxxxxxxxxxxxx\r\nxxxxxxxxxxxx000000xxx00xxxxx00xxxxxxxxxxxxxx\r\nxxxxxxxxxxxxxxxxx0xxx0xx000x00xxxxxxxxxxxxxx\r\nxxxxxxxxxxxxxxxxx0xxx0x000000xxxxxxxxxxxxxxx\r\nxxxxxxxxxxxxxxxxx0xxxxx00000xxxxxxxxxxxxxxxx\r\nxxxxxxxxxxxxxxxxx0xxxxx00xxxxxxxxxxxxxxxxxxx\r\nxxxxxxxxxxxxxxxxxxxxxxx0xxxxxxxxxxxxxxxxxxxx', 'RPHN527parkfence2SFQAHHHN529parkfence2QGQAHHHM619parkfence1SDRAHHHO620parkfence3PERAHPAHO621parkfence3QERAHPAHO622parkfence3RERAHPAHN623parkfence2SERAHPAHO624parkfence3PFRAHPAHO625parkfence3QFRAHPAHO626parkfence3RFRAHPAHM627parkfence1SFRAHJHO629parkfence3QGRAHJHN717parkfence2QDSAHHHO719parkfence3SDSAHJHO723parkfence3SESAHJHO727parkfence3SFSAHJHO729parkfence3QGSAHJHO817parkfence3QDPBHJHO819parkfence3SDPBHJHN821parkfence2QEPBHHHO823parkfence3SEPBHJHN825parkfence2QFPBHHHO827parkfence3SFPBHJHO829parkfence3QGPBHJHL98bench2PBQBHPAHK99benchQBQBHPAHO917parkfence3QDQBHJHN919parkfence2SDQBHRAHO921parkfence3QEQBHJHN923parkfence2SEQBHRAHO925parkfence3QFQBHJHN927parkfence2SFQBHRAHO929parkfence3QGQBHJHO1017parkfence3QDRBHJHO1021parkfence3QERBHJHO1025parkfence3QFRBHJHO1029parkfence3QGRBHJHL117bench2SASBHJHM1117parkfence1QDSBHPAHO1118parkfence3RDSBHPAHO1119parkfence3SDSBHPAHO1120parkfence3PESBHPAHN1121parkfence2QESBHJHO1122parkfence3RESBHPAHO1123parkfence3SESBHPAHO1124parkfence3PFSBHPAHN1125parkfence2QFSBHJHO1126parkfence3RFSBHPAHO1127parkfence3SFSBHPAHO1128parkfence3PGSBHPAHM1129parkfence1QGSBHRAHK127benchSAPCHJHL1635bench2SHPDHJHL1637bench2QIPDHPAHK1638benchRIPDHPAHK1735benchSHQDHJHL1827bench2SFRDHPAHK1828benchPGRDHPAHL1835bench2SHRDHJHL1925bench2QFSDHJHK1935benchSHSDHJHK2025benchQFPEHJHL2925bench2QFQGHPAHK2926benchRFQGHPAHL3023bench2SERGHJHK3123benchSESGHJ@`SGSBMRDPBPA0.0I2Mqueue_tile2JMPGRAH0.0I2Mqueue_tile2SAMPFSAJ0.0I2Mqueue_tile2QBMRFSAPA0.0I2Mqueue_tile2SFMSERBJ0.0I2Mqueue_tile2SCMRFPBPA0.0I2Mqueue_tile2REMPGQBH0.0I2Mqueue_tile2PGMPFRBH0.0I2Mqueue_tile2PCMPEPBH0.0I2Mqueue_tile2QGMRFRBJ0.0I2Mqueue_tile2QDMRDQBPA0.0I2Mqueue_tile2RFMRERBJ0.0I2Mqueue_tile2PFMSDRBJ0.0I2Mqueue_tile2PDMPGPBH0.0I2Mqueue_tile2RGMSFRBJ0.0I2Mqueue_tile2RAMRESAPA0.0I2Mqueue_tile2RBMPGSAH0.0I2Mqueue_tile2SDMREQBPA0.0I2Mqueue_tile2QEMRFQBPA0.0I2Mqueue_tile2RCMPFPBH0.0I2Mqueue_tile2KMRDSAPA0.0I2Mqueue_tile2PAMPESAJ0.0I2Mqueue_tile2PBMQFSAJ0.0I2Mqueue_tile2IMPGQAH0.0I2Mqueue_tile2SEMRDRBJ0.0I2Mqueue_tile2QCMREPBPA0.0I2Mqueue_tile2SGMPGRBH0.0I2Mqueue_tile2QAMQESAJ0.0I2Mqueue_tile2QFMPERBH0.0I2Mqueue_tile2RDMPEQBH0.0I2Mqueue_tile2PEMPFQBH0.0I2Mqueue_tile2', '0'),
('park_b', 11, 2, 0, 6, '0000x0000000\r\n0000xx000000\r\n000000000000\r\n00000000000x\r\n000000000000\r\n00x0000x0000', '', '0'),
('model_0', 0, 4, 0, 2, 'xxxxxxxxxxxxxxxxxxxxxxxxxxxxxxxxxxxxxxxxxxxxxxxxxxxxxxxxxxxxxxxxxxxxx\r\nx00000000xx00000000xx00000000xxxxxxxxxxxxxxxxxxxxxxxxxxxxxxxxxxxxxxxx\r\nx00000000xx00000000xx00000000xxxxxxxxxxxxxxxxxxxxxxxxxxxxxxxxxxxxxxxx\r\nx00000000xx00000000xx00000000xxxxxxxxxxxxxxxxxxxxxxxxxxxxxxxxxxxx0000\r\n000000000xx00000000xx00000000xxxxxxxxxxxxxxxxxxxxxxxxxxxxxxxxxxxx0000\r\nx00000000xx00000000xx00000000xxxxxxxxxxxxxxxxxxxxxxxxxxxxxxxxxxxx0000\r\nx00000000xx00000000xx00000000xxxxxxxxxxxxxxxxxxxxxxxxxxxxxxxxxxxx0000\r\nx00000000xx00000000xx00000000xxxxxxxxxxxxxxxxxxxxxxxxxxxxxxxxxxxxxxxx\r\nx00000000xx00000000xx00000000xxxxxxxxxxxxxxxxxxxxxxxxxxxxxxxxxxxxxxxx\r\nxxxxxxxxxxxxxxxxxxxxxxxxxxxxxxxxxxxxxxxxxxxxxxxxxxxxxxxxxxxxxxxxxxxxx', '', '1');
INSERT INTO `room_models` (`id`, `door_x`, `door_y`, `door_z`, `door_dir`, `heightmap`, `public_items`, `club_only`) VALUES
('model_v', 0, 3, 2, 2, 'xxxxxxxxxxxxxxxxxxxx\r\nx222221111111111111x\r\nx222221111111111111x\r\n2222221111111111111x\r\nx222221111111111111x\r\nx222221111111111111x\r\nx222221111111111111x\r\nxxxxxxxx1111xxxxxxxx\r\nxxxxxxxx0000xxxxxxxx\r\nx000000x0000x000000x\r\nx000000x0000x000000x\r\nx00000000000x000000x\r\nx00000000000x000000x\r\nx000000000000000000x\r\nx000000000000000000x\r\nxxxxxxxx00000000000x\r\nx000000x00000000000x\r\nx000000x0000xxxxxxxx\r\nx00000000000x000000x\r\nx00000000000x000000x\r\nx00000000000x000000x\r\nx00000000000x000000x\r\nxxxxxxxx0000x000000x\r\nx000000x0000x000000x\r\nx000000x0000x000000x\r\nx000000000000000000x\r\nx000000000000000000x\r\nx000000000000000000x\r\nx000000000000000000x\r\nxxxxxxxxxxxxxxxxxxxx', '', '1'),
('model_t', 0, 3, 2, 2, 'xxxxxxxxxxxxxxxxxxxxxxxxxxxxx\r\nx222222222222222222222222222x\r\nx222222222222222222222222222x\r\n2222222222222222222222222222x\r\nx222222222222222222222222222x\r\nx2222xxxxxx222222xxxxxxx2222x\r\nx2222xxxxxx111111xxxxxxx2222x\r\nx2222xx111111111111111xx2222x\r\nx2222xx111111111111111xx2222x\r\nx2222xx11xxx1111xxxx11xx2222x\r\nx2222xx11xxx0000xxxx11xx2222x\r\nx22222111x00000000xx11xx2222x\r\nx22222111x00000000xx11xx2222x\r\nx22222111x00000000xx11xx2222x\r\nx22222111x00000000xx11xx2222x\r\nx22222111x00000000xx11xx2222x\r\nx22222111x00000000xx11xx2222x\r\nx2222xx11xxxxxxxxxxx11xx2222x\r\nx2222xx11xxxxxxxxxxx11xx2222x\r\nx2222xx111111111111111xx2222x\r\nx2222xx111111111111111xx2222x\r\nx2222xxxxxxxxxxxxxxxxxxx2222x\r\nx2222xxxxxxxxxxxxxxxxxxx2222x\r\nx222222222222222222222222222x\r\nx222222222222222222222222222x\r\nx222222222222222222222222222x\r\nx222222222222222222222222222x\r\nxxxxxxxxxxxxxxxxxxxxxxxxxxxxx', '', '1'),
('model_x', 0, 12, 0, 2, 'xxxxxxxxxxxxxxxxxxxx\r\nx000000000000000000x\r\nx000000000000000000x\r\nx000000000000000000x\r\nx000000000000000000x\r\nx000000000000000000x\r\nx000000000000000000x\r\nxxx00xxx0000xxx00xxx\r\nx000000x0000x000000x\r\nx000000x0000x000000x\r\nx000000x0000x000000x\r\nx000000x0000x000000x\r\n0000000x0000x000000x\r\nx000000x0000x000000x\r\nx000000x0000x000000x\r\nx000000x0000x000000x\r\nx000000x0000x000000x\r\nx000000x0000x000000x\r\nx000000xxxxxx000000x\r\nx000000000000000000x\r\nx000000000000000000x\r\nx000000000000000000x\r\nx000000000000000000x\r\nx000000000000000000x\r\nx000000000000000000x\r\nxxxxxxxxxxxxxxxxxxxx', '', '1'),
('model_w', 0, 3, 2, 2, 'xxxxxxxxxxxxxxxxxxxxxxxxxxx\r\nx2222xx1111111111xx11111111\r\nx2222xx1111111111xx11111111\r\n222222111111111111111111111\r\nx22222111111111111111111111\r\nx22222111111111111111111111\r\nx22222111111111111111111111\r\nx2222xx1111111111xx11111111\r\nx2222xx1111111111xx11111111\r\nx2222xx1111111111xxxx1111xx\r\nx2222xx1111111111xxxx0000xx\r\nxxxxxxx1111111111xx00000000\r\nxxxxxxx1111111111xx00000000\r\nx22222111111111111000000000\r\nx22222111111111111000000000\r\nx22222111111111111000000000\r\nx22222111111111111000000000\r\nx2222xx1111111111xx00000000\r\nx2222xx1111111111xx00000000\r\nx2222xxxx1111xxxxxxxxxxxxxx\r\nx2222xxxx0000xxxxxxxxxxxxxx\r\nx2222x0000000000xxxxxxxxxxx\r\nx2222x0000000000xxxxxxxxxxx\r\nx2222x0000000000xxxxxxxxxxx\r\nx2222x0000000000xxxxxxxxxxx\r\nx2222x0000000000xxxxxxxxxxx\r\nx2222x0000000000xxxxxxxxxxx', '', '1'),
('model_z', 0, 9, 0, 2, 'xxxxxxxxxxxxxxxxxxxxxxxxxxxxxxx\r\nxxxxxxxxxxx00000000000000000000\r\nxxxxxxxxxxx00000000000000000000\r\nxxxxxxxxxxx00000000000000000000\r\nx00000000xx00000000000000000000\r\nx00000000xx00000000000000000000\r\nx00000000xx00000000000000000000\r\nx00000000xx00000000000000000000\r\nx00000000xx00000000000000000000\r\n000000000xx00000000000000000000\r\nx00000000xx00000000000000000000\r\nx00000000xx00000000000000000000\r\nx00000000xx00000000000000000000\r\nx00000000xx00000000000000000000\r\nx00000000xx00000000000000000000\r\nx00000000xx00000000000000000000\r\nxxxxxxxxxxx00000000000000000000\r\nxxxxxxxxxxx00000000000000000000\r\nxxxxxxxxxxx00000000000000000000\r\nxxxxxxxxxxxxxxxxxxxxxxxxxxxxxxx', '', '1'),
('model_u', 0, 17, 1, 2, 'xxxxxxxxxxxxxxxxxxxxxxxx\r\nx1111100000000000000000x\r\nx1111100000000000000000x\r\nx1111100000000000000000x\r\nx1111100000000000000000x\r\nx1111100000000000000000x\r\nx1111100000000000000000x\r\nx1111100000000000000000x\r\nx1111100000000000000000x\r\nx1111100000000000000000x\r\nx1111100000000000000000x\r\nx1111100000000000000000x\r\nx1111100000000000000000x\r\nx1111100000000000000000x\r\nx1111100000000000000000x\r\nx1111100000000000000000x\r\nx1111100000000000000000x\r\n11111100000000000000000x\r\nx1111100000000000000000x\r\nx1111100000000000000000x\r\nx1111100000000000000000x\r\nx1111100000000000000000x\r\nx1111100000000000000000x\r\nx1111100000000000000000x\r\nx1111100000000000000000x\r\nx1111100000000000000000x\r\nx1111100000000000000000x\r\nx1111100000000000000000x\r\nx1111100000000000000000x\r\nx1111100000000000000000x\r\nx1111100000000000000000x\r\nx1111100000000000000000x\r\nx1111100000000000000000x\r\nx1111100000000000000000x\r\nx1111100000000000000000x\r\nxxxxxxxxxxxxxxxxxxxxxxxx', '', '1'),
('model_y', 0, 3, 0, 2, 'xxxxxxxxxxxxxxxxxxxxxxxxxxxx\r\nx00000000xx0000000000xx0000x\r\nx00000000xx0000000000xx0000x\r\n000000000xx0000000000xx0000x\r\nx00000000xx0000000000xx0000x\r\nx00000000xx0000xx0000xx0000x\r\nx00000000xx0000xx0000xx0000x\r\nx00000000xx0000xx0000000000x\r\nx00000000xx0000xx0000000000x\r\nxxxxx0000xx0000xx0000000000x\r\nxxxxx0000xx0000xx0000000000x\r\nxxxxx0000xx0000xxxxxxxxxxxxx\r\nxxxxx0000xx0000xxxxxxxxxxxxx\r\nx00000000xx0000000000000000x\r\nx00000000xx0000000000000000x\r\nx00000000xx0000000000000000x\r\nx00000000xx0000000000000000x\r\nx0000xxxxxxxxxxxxxxxxxx0000x\r\nx0000xxxxxxxxxxxxxxxxxx0000x\r\nx00000000000000000000000000x\r\nx00000000000000000000000000x\r\nx00000000000000000000000000x\r\nx00000000000000000000000000x\r\nxxxxxxxxxxxxxxxxxxxxxxxxxxxx', '', '1'),
('model_oscar', 0, 15, 1, 2, 'xxxxxxxxxxxxxxxxxxxxxxxxxxxxxxxxxxxxxxxxxxxxxxxxxxxxxxxxxxxxxxxx\r\nxxxxxxxxxxxxxxxxxxxxxxxxxxxxxxxxxxxxxxxxxxxxxxxxxxxxxxxxxxxxxxxx\r\nxxxxxxxxx11111111xxxxxxxxxxxxxxxxxxxxxxxxxxxxxxxxxxxxxxxxxxxxxxx\r\nxxxxxxxxx11111111xxxxxxxxxxxxxxxxxxxxxxxxxxxxxxxxxxxxxxxxxxxxxxx\r\nxxxxxxxxx11111111xxxxxxxxxxxxxxxxxxxxxxxxxxxxxxxxxxxxxxxxxxxxxxx\r\nxxxxxxxxx11111111xxxxxxxxxxxxxxxxxxxxxxxxxxxxxxxxxxxxxxxxxxxxxxx\r\nxxxxxxxxx11111111xxxxxxxxxxxxxxxxxxxxxxxxxxxxxxxxxxxxxxxxxxxxxxx\r\nxxxxxxxxx11111111xxxxxxxxxxxxxxxxxxxxxxxxxxxxxxxxxxxxxxxxxxxxxxx\r\nxxxxxxxxx11111111xxxxxxxxxxxxxxxxxxxxxxxxxxxxxxxxxxxxxxxxxxxxxxx\r\nxxxxxxxxx11111111xxxxxxxxxxxxxxxxxxxxxxxxxxxxxxxxxxxxxxxxxxxxxxx\r\nxxxxxxxxxxxx11xxxxxxxxxxxxxxxxxxxxxxxxxxxxxxxxxxxxxxxxxxxxxxxxxx\r\nx1111111x11111111x00000000xxxxxxxxxxxxxxxxxxxxxxxxxxxxxxxxxxxxxx\r\nx1111111x11111111x00000000xxxxxxxxxxxxxxxxxxxxxxxxxxxxxxxxxxxxxx\r\nx1111111x11111111x00000000xxxxxxxxxxxxxxxxxxxxxxxxxxxxxxxxxxxxxx\r\nx1111111111111111100000000xxxxxxxxxxxxxxxxxxxxxxxxxxxxxxxxxxxxxx\r\nx1111111111111111100000000xxxxxxxxxxxxxxxxxxxxxxxxxxxxxxxxxxxxxx\r\nx1111111x11111111x00000000xxxxxxxxxxxxxxxxxxxxxxxxxxxxxxxxxxxxxx\r\nx1111111x11111111x00000000xxxxxxxxxxxxxxxxxxxxxxxxxxxxxxxxxxxxxx\r\nx1111111x11111111x00000000xxxxxxxxxxxxxxxxxxxxxxxxxxxxxxxxxxxxxx\r\nxxxxxxxxxxxx11xxxxxxxxxxxxxxxxxxxxxxxxxxxxxxxxxxxxxxxxxxxxxxxxxx\r\nxxxxxxxxx00000000xxxxxxxxxxxxxxxxxxxxxxxxxxxxxxxxxxxxxxxxxxxxxxx\r\nxxxxxxxxx00000000xxxxxxxxxxxxxxxxxxxxxxxxxxxxxxxxxxxxxxxxxxxxxxx\r\nxxxxxxxxx00000000xxxxxxxxxxxxxxxxxxxxxxxxxxxxxxxxxxxxxxxxxxxxxxx\r\nxxxxxxxxx00000000xxxxxxxxxxxxxxxxxxxxxxxxxxxxxxxxxxxxxxxxxxxxxxx\r\nxxxxxxxxx00000000xxxxxxxxxxxxxxxxxxxxxxxxxxxxxxxxxxxxxxxxxxxxxxx\r\nxxxxxxxxx00000000xxxxxxxxxxxxxxxxxxxxxxxxxxxxxxxxxxxxxxxxxxxxxxx\r\nxxxxxxxxx00000000xxxxxxxxxxxxxxxxxxxxxxxxxxxxxxxxxxxxxxxxxxxxxxx\r\nxxxxxxxxx00000000xxxxxxxxxxxxxxxxxxxxxxxxxxxxxxxxxxxxxxxxxxxxxxx\r\nxxxxxxxxxxxxxxxxxxxxxxxxxxxxxxxxxxxxxxxxxxxxxxxxxxxxxxxxxxxxxxxx', '', '1'),
('model_b2g', 0, 0, 0, 2, 'xxxxxxxxxxxxxx\r\nx00000x000000x\r\nx000000000000x\r\nx00000x000000x\r\nx00000x000000x\r\nx00000x000000x\r\nx00000x000000x\r\nxxx0xxx000000x\r\nx000000000000x\r\nx000000000000x\r\nx000000000000x\r\nx000000000000x\r\nx000000000000x\r\nx000000000000x\r\nx000000000000x\r\nx000000000000x\r\nx000000000000x\r\nx00000xx00000x\r\nxxxxxxxxxxxxxx', '', '1'),
('model_opening', 0, 23, 2, 2, 'xxxxxxxxxxxxxxxxxxx\r\nxxxxxxx222222222222\r\nxxxxxxx222222222222\r\nxxxxxxx222222222222\r\nxxxxxxx222222222222\r\nxxxxxxx222222222222\r\nxxxxxxx222222222222\r\nxxxxxxx222222222222\r\nxxxxxxx111111111111\r\nx222221111111111111\r\nx222221111111111111\r\nx222221111111111111\r\nx222221111111111111\r\nx222221111111111111\r\nx222221111111111111\r\nx222221111111111111\r\nx222221111111111111\r\nx2222xx111111111111\r\nx2222xx000000000000\r\nx2222xx000000000000\r\nx2222xx000000000000\r\nx2222xx000000000000\r\nx2222xx000000000000\r\n22222xx000000000000\r\nx2222xx000000000000\r\nxxxxxxxxxxxxxxxxxxx', '', '1');

-- --------------------------------------------------------

--
-- Estructura de tabla para la tabla `room_model_static`
--

CREATE TABLE IF NOT EXISTS `room_model_static` (
  `model` varchar(30) NOT NULL,
  `x` int(3) NOT NULL,
  `y` int(3) NOT NULL,
  `name` varchar(255) NOT NULL,
  `seat` int(11) NOT NULL DEFAULT '0',
  `rotation` int(3) NOT NULL DEFAULT '0'
) ENGINE=InnoDB DEFAULT CHARSET=latin1;

--
-- Volcar la base de datos para la tabla `room_model_static`
--

INSERT INTO `room_model_static` (`model`, `x`, `y`, `name`, `seat`, `rotation`) VALUES
('old_skool', 9, 4, 'mobiles_chair3', 1, 0),
('old_skool', 10, 4, 'mobiles_chair3', 1, 0),
('old_skool', 11, 4, 'mobiles_chair3', 1, 0),
('old_skool', 12, 4, 'mobiles_chair3', 1, 0),
('old_skool', 1, 10, 'mobiles_chair1', 1, 4),
('old_skool', 10, 10, 'mobiles_chair1', 1, 4),
('old_skool', 0, 11, 'mobiles_chair1', 1, 2),
('old_skool', 1, 11, 'mobiles_table2', 0, 0),
('old_skool', 2, 11, 'mobiles_table3', 0, 0),
('old_skool', 3, 11, 'mobiles_chair1', 1, 6),
('old_skool', 10, 11, 'mobiles_table2', 0, 0),
('old_skool', 11, 11, 'mobiles_table3', 0, 0),
('old_skool', 1, 12, 'mobiles_table1', 0, 0),
('old_skool', 2, 12, 'mobiles_table4', 0, 0),
('old_skool', 9, 12, 'mobiles_chair1', 1, 2),
('old_skool', 10, 12, 'mobiles_table1', 0, 0),
('old_skool', 11, 12, 'mobiles_table4', 0, 0),
('old_skool', 12, 12, 'mobiles_chair1', 1, 6),
('old_skool', 1, 13, 'mobiles_chair1', 1, 0),
('old_skool', 11, 13, 'mobiles_chair1', 1, 0),
('old_skool', 0, 15, 'mobiles_chair1', 1, 4),
('old_skool', 0, 17, 'mobiles_chair1', 1, 2),
('old_skool', 1, 17, 'mobiles_table2', 0, 0),
('old_skool', 2, 17, 'mobiles_table3', 0, 0),
('old_skool', 3, 17, 'mobiles_chair1', 1, 6),
('old_skool', 1, 18, 'mobiles_table1', 0, 0),
('old_skool', 2, 18, 'mobiles_table4', 0, 0),
('old_skool', 2, 19, 'mobiles_chair1', 1, 0),
('old_skool', 1, 21, 'mobiles_chair1', 1, 4),
('old_skool', 6, 21, 'mobiles_table2', 0, 0),
('old_skool', 7, 21, 'mobiles_table3', 0, 0),
('old_skool', 12, 21, 'mobiles_chair1', 1, 4),
('old_skool', 0, 22, 'mobiles_chair1', 1, 2),
('old_skool', 1, 22, 'mobiles_table2', 0, 0),
('old_skool', 2, 22, 'mobiles_table3', 0, 0),
('old_skool', 3, 22, 'mobiles_chair1', 1, 6),
('old_skool', 5, 22, 'mobiles_chair1', 1, 2),
('old_skool', 6, 22, 'mobiles_table1', 0, 0),
('old_skool', 7, 22, 'mobiles_table4', 0, 0),
('old_skool', 8, 22, 'mobiles_chair1', 1, 6),
('old_skool', 11, 22, 'mobiles_chair1', 1, 2),
('old_skool', 12, 22, 'mobiles_table2', 0, 0),
('old_skool', 13, 22, 'mobiles_table3', 0, 0),
('old_skool', 14, 22, 'mobiles_chair1', 1, 6),
('old_skool', 1, 23, 'mobiles_table1', 0, 0),
('old_skool', 2, 23, 'mobiles_table4', 0, 0),
('old_skool', 12, 23, 'mobiles_table1', 0, 0),
('old_skool', 13, 23, 'mobiles_table4', 0, 0),
('old_skool', 1, 24, 'mobiles_chair1', 1, 0),
('old_skool', 7, 24, 'mobiles_chair1', 1, 4),
('old_skool', 13, 24, 'mobiles_chair1', 1, 0),
('pizza', 15, 0, 'pizza_plant1', 0, 0);

-- --------------------------------------------------------

--
-- Estructura de tabla para la tabla `room_official`
--

CREATE TABLE IF NOT EXISTS `room_official` (
  `room_id` int(11) NOT NULL,
  `room_name` varchar(15) NOT NULL,
  `room_image` text NOT NULL
) ENGINE=InnoDB DEFAULT CHARSET=latin1;

--
-- Volcar la base de datos para la tabla `room_official`
--

INSERT INTO `room_official` (`room_id`, `room_name`, `room_image`) VALUES
(3, 'Salas Recomenda', 'officialrooms_es/ChupaChups1_normal_logo.png');

-- --------------------------------------------------------

--
-- Estructura de tabla para la tabla `room_rights`
--

CREATE TABLE IF NOT EXISTS `room_rights` (
  `room_id` int(10) unsigned NOT NULL,
  `user_id` int(10) unsigned NOT NULL,
  KEY `room_id` (`room_id`)
) ENGINE=MyISAM DEFAULT CHARSET=latin1;

--
-- Volcar la base de datos para la tabla `room_rights`
--


-- --------------------------------------------------------

--
-- Estructura de tabla para la tabla `server_settings`
--

CREATE TABLE IF NOT EXISTS `server_settings` (
  `motd` text NOT NULL,
  `timer` int(11) NOT NULL DEFAULT '15',
  `pixels` int(11) NOT NULL DEFAULT '15',
  `credits` int(11) NOT NULL DEFAULT '75',
  `enable_chatlogs` enum('0','1') NOT NULL DEFAULT '1',
  `enable_roomlogs` enum('0','1') NOT NULL DEFAULT '1',
  `vipclothesforhcusers` enum('1','0') NOT NULL DEFAULT '1',
  `MaxRoomsPerUser` int(4) NOT NULL DEFAULT '50',
  `enable_externalchatlinks` enum('disabled','blacklist','whitelist') NOT NULL DEFAULT 'disabled',
  `enable_securesessions` enum('1','0') NOT NULL DEFAULT '1'
) ENGINE=MyISAM DEFAULT CHARSET=latin1;

--
-- Volcar la base de datos para la tabla `server_settings`
--

INSERT INTO `server_settings` (`motd`, `timer`, `pixels`, `credits`, `enable_chatlogs`, `enable_roomlogs`, `vipclothesforhcusers`, `MaxRoomsPerUser`, `enable_externalchatlinks`, `enable_securesessions`) VALUES
('¡Hola Gente !', 15, 15, 75, '0', '0', '0', 50, 'disabled', '1');

-- --------------------------------------------------------

--
-- Estructura de tabla para la tabla `server_status`
--

CREATE TABLE IF NOT EXISTS `server_status` (
  `status` enum('0','1','2') NOT NULL DEFAULT '0',
  `users_online` int(11) NOT NULL DEFAULT '0',
  `rooms_loaded` int(11) NOT NULL DEFAULT '0',
  `server_ver` text NOT NULL,
  `stamp` double NOT NULL,
  `userpeak` int(11) NOT NULL DEFAULT '0'
) ENGINE=MyISAM DEFAULT CHARSET=latin1;

--
-- Volcar la base de datos para la tabla `server_status`
--

INSERT INTO `server_status` (`status`, `users_online`, `rooms_loaded`, `server_ver`, `stamp`, `userpeak`) VALUES
('1', 1, 1, 'WinEMU RELEASE Advanced', 1315766152, 5);

-- --------------------------------------------------------

--
-- Estructura de tabla para la tabla `site_inventory_items`
--

CREATE TABLE IF NOT EXISTS `site_inventory_items` (
  `id` int(100) NOT NULL AUTO_INCREMENT,
  `userId` int(100) NOT NULL,
  `var` varchar(100) NOT NULL,
  `skin` varchar(100) NOT NULL,
  `type` enum('Sticker','Background') NOT NULL,
  `isWaiting` enum('0','1') NOT NULL DEFAULT '0',
  PRIMARY KEY (`id`)
) ENGINE=MyISAM  DEFAULT CHARSET=latin1 COMMENT='Stickies del Sitio' AUTO_INCREMENT=590 ;

--
-- Volcar la base de datos para la tabla `site_inventory_items`
--

INSERT INTO `site_inventory_items` (`id`, `userId`, `var`, `skin`, `type`, `isWaiting`) VALUES
(1, 1, '', 's_stickers_uruguay', 'Sticker', '0'),
(2, 1, '', 'b_bg_pattern_deepred', 'Background', '0'),
(3, 1, '', 's_leafs1', 'Sticker', '0'),
(4, 1, '', 's_leafs2', 'Sticker', '0'),
(5, 1, '', 'b_bg_pattern_bricks', 'Background', '0'),
(6, 4, '', 'b_bg_pattern_clouds', 'Background', '0'),
(7, 4, '', 's_trax_disco', 'Sticker', '0'),
(45, 89, '', 's_sticker_arrow_down', 'Sticker', '0'),
(43, 89, '', 's_sticker_glasses_elton', 'Sticker', '0'),
(13, 17, '', 's_sticker_eyes_blue', 'Sticker', '1'),
(42, 89, '', 's_sticker_eyes_blue', 'Sticker', '0'),
(15, 17, '', 'b_bg_rain', 'Background', '0'),
(41, 89, '', 's_scubacapsule_anim', 'Sticker', '0'),
(33, 89, '', 'b_es_el_internardo_bg_v1', 'Background', '0'),
(29, 17, '', 's_vine2', 'Sticker', '0'),
(30, 17, '', 's_vine2', 'Sticker', '0'),
(31, 17, '', 's_vine2', 'Sticker', '0'),
(32, 17, '', 's_vine2', 'Sticker', '0'),
(46, 89, '', 'b_bg_hotel', 'Background', '0'),
(64, 6, '', 's_stickers_uruguay', 'Sticker', '0'),
(65, 6, '', 's_stickers_nicaragua', 'Sticker', '0'),
(66, 6, '', 's_stickers_elsalvador', 'Sticker', '0'),
(67, 6, '', 's_stickers_chile', 'Sticker', '0'),
(68, 6, '', 's_stickers_ecuador', 'Sticker', '0'),
(69, 6, '', 's_stickers_costarica', 'Sticker', '0'),
(70, 6, '', 's_stickers_colombia', 'Sticker', '0'),
(71, 6, '', 's_stickers_venezuela', 'Sticker', '0'),
(72, 6, '', 's_stickers_argentina', 'Sticker', '0'),
(73, 6, '', 's_stickers_bolivia', 'Sticker', '0'),
(284, 767, '', 's_icecube_small', 'Sticker', '0'),
(283, 767, '', 's_icecube_small', 'Sticker', '0'),
(282, 767, '', 's_icecube_small', 'Sticker', '0'),
(281, 767, '', 's_icecube_small', 'Sticker', '0'),
(279, 767, '', 's_icecube_small', 'Sticker', '0'),
(280, 767, '', 's_icecube_small', 'Sticker', '0'),
(86, 211, '', 's_blingblingstars', 'Sticker', '1'),
(117, 246, '', 'b_bg_pattern_bricks', 'Background', '0'),
(88, 211, '', 'b_bg_metal2', 'Background', '0'),
(118, 275, '', 'b_bg_pattern_bricks', 'Background', '0'),
(287, 767, '', 's_icecube_small', 'Sticker', '0'),
(120, 395, '', 'b_bg_serpentine_1', 'Background', '0'),
(285, 767, '', 's_icecube_small', 'Sticker', '0'),
(286, 767, '', 's_icecube_small', 'Sticker', '0'),
(274, 767, '', 's_icecube_small', 'Sticker', '0'),
(273, 767, '', 's_icecube_small', 'Sticker', '0'),
(259, 590, '', 'b_bg_serpentine_2', 'Background', '0'),
(275, 767, '', 's_icecube_small', 'Sticker', '0'),
(278, 767, '', 's_icecube_small', 'Sticker', '0'),
(277, 767, '', 's_icecube_small', 'Sticker', '0'),
(276, 767, '', 's_icecube_small', 'Sticker', '0'),
(270, 767, '', 's_icecube_small', 'Sticker', '0'),
(271, 767, '', 's_icecube_small', 'Sticker', '0'),
(272, 767, '', 's_icecube_small', 'Sticker', '0'),
(260, 765, '', 's_stickers_mexico', 'Sticker', '0'),
(261, 767, '', 'b_bg_serpentine_darkblue', 'Background', '0'),
(262, 767, '', 's_finger_push', 'Sticker', '0'),
(536, 795, '', 's_ss_bootsitjalapaset_blue', 'Sticker', '0'),
(473, 780, '', 'b_bg_serpentine_2', 'Background', '0'),
(535, 795, '', 's_ss_snowballmachine', 'Sticker', '0'),
(534, 795, '', 's_bootsitjalapaset_red', 'Sticker', '0'),
(533, 795, '', 's_ss_snowqueen', 'Sticker', '0'),
(268, 767, '', 's_icecube_small', 'Sticker', '0'),
(269, 767, '', 's_icecube_small', 'Sticker', '0'),
(244, 649, '', 's_bling_star', 'Sticker', '1'),
(243, 649, '', 's_bling_o', 'Sticker', '1'),
(242, 649, '', 's_bling_k', 'Sticker', '1'),
(162, 510, '', 's_icecube_big', 'Sticker', '1'),
(228, 649, '', 'b_bg_serpentine_darkblue', 'Background', '0'),
(227, 649, '', 'b_bg_fondo_foqb', 'Background', '0'),
(224, 398, '', 'b_bg_pattern_bobbaskulls1', 'Background', '0'),
(229, 649, '', 'b_bg_broken_glass', 'Background', '0'),
(220, 398, '', 's_ruler_horizontal', 'Sticker', '1'),
(241, 649, '', 's_bling_i', 'Sticker', '0'),
(208, 530, '', 's_ss_snowqueen', 'Sticker', '0'),
(207, 530, '', 's_sticker_pointing_hand_4', 'Sticker', '0'),
(238, 649, '', 's_bling_k', 'Sticker', '0'),
(205, 530, '', 's_blingblingstars', 'Sticker', '0'),
(232, 649, '', 's_trax_8_bit', 'Sticker', '0'),
(233, 649, '', 's_trax_bling', 'Sticker', '0'),
(234, 649, '', 's_trax_reggae', 'Sticker', '0'),
(235, 649, '', 's_bling_star', 'Sticker', '0'),
(236, 649, '', 's_bling_p', 'Sticker', '1'),
(237, 649, '', 's_bling_o', 'Sticker', '0'),
(184, 510, '', 's_scubacapsule_anim', 'Sticker', '0'),
(185, 510, '', 's_sticker_eyes_blue', 'Sticker', '1'),
(186, 510, '', 's_sticker_glasses_elton', 'Sticker', '0'),
(240, 649, '', 's_bling_x', 'Sticker', '0'),
(239, 649, '', 's_bling_e', 'Sticker', '1'),
(196, 530, '', 'b_bg_ruled_paper', 'Background', '0'),
(230, 649, '', 'b_bg_comic2', 'Background', '0'),
(231, 649, '', 's_stickers_chile', 'Sticker', '1'),
(290, 767, '', 's_leafs2', 'Sticker', '0'),
(291, 767, '', 's_leafs2', 'Sticker', '0'),
(292, 767, '', 's_leafs2', 'Sticker', '0'),
(293, 767, '', 's_leafs2', 'Sticker', '0'),
(294, 767, '', 's_leafs2', 'Sticker', '0'),
(295, 767, '', 's_leafs2', 'Sticker', '0'),
(296, 767, '', 's_leafs2', 'Sticker', '0'),
(297, 767, '', 's_leafs2', 'Sticker', '0'),
(298, 767, '', 's_leafs2', 'Sticker', '0'),
(299, 767, '', 's_leafs2', 'Sticker', '0'),
(300, 767, '', 's_leafs2', 'Sticker', '0'),
(301, 767, '', 's_leafs2', 'Sticker', '0'),
(302, 767, '', 's_blingblingstars', 'Sticker', '0'),
(537, 795, '', 's_ss_snowballmachine', 'Sticker', '0'),
(440, 780, '', 'b_bg_hotel', 'Background', '0'),
(433, 530, '', 'b_bg_pattern_hearts', 'Background', '0'),
(432, 530, '', 's_chewed_bubblegum', 'Sticker', '0'),
(307, 767, '', 's_icecube_small', 'Sticker', '0'),
(308, 767, '', 's_icecube_small', 'Sticker', '0'),
(309, 767, '', 's_icecube_small', 'Sticker', '0'),
(310, 767, '', 's_icecube_small', 'Sticker', '0'),
(311, 767, '', 's_icecube_small', 'Sticker', '0'),
(312, 767, '', 's_icecube_small', 'Sticker', '0'),
(313, 767, '', 's_icecube_small', 'Sticker', '0'),
(314, 767, '', 's_icecube_small', 'Sticker', '0'),
(315, 767, '', 's_icecube_small', 'Sticker', '0'),
(316, 767, '', 's_icecube_small', 'Sticker', '0'),
(317, 767, '', 's_icecube_small', 'Sticker', '0'),
(318, 767, '', 's_icecube_small', 'Sticker', '0'),
(319, 767, '', 's_icecube_small', 'Sticker', '0'),
(320, 767, '', 's_icecube_small', 'Sticker', '0'),
(321, 767, '', 's_icecube_small', 'Sticker', '0'),
(322, 767, '', 's_icecube_small', 'Sticker', '0'),
(323, 767, '', 's_icecube_small', 'Sticker', '0'),
(324, 767, '', 's_icecube_small', 'Sticker', '0'),
(325, 767, '', 's_icecube_small', 'Sticker', '0'),
(326, 767, '', 's_icecube_small', 'Sticker', '0'),
(327, 767, '', 's_icecube_small', 'Sticker', '0'),
(328, 767, '', 's_icecube_small', 'Sticker', '0'),
(329, 767, '', 's_icecube_small', 'Sticker', '0'),
(330, 767, '', 's_icecube_small', 'Sticker', '0'),
(331, 767, '', 's_icecube_small', 'Sticker', '0'),
(332, 767, '', 's_icecube_small', 'Sticker', '0'),
(333, 767, '', 's_icecube_small', 'Sticker', '0'),
(334, 767, '', 's_icecube_small', 'Sticker', '0'),
(335, 767, '', 's_icecube_small', 'Sticker', '0'),
(336, 767, '', 's_icecube_small', 'Sticker', '0'),
(337, 767, '', 's_icecube_small', 'Sticker', '0'),
(338, 767, '', 's_icecube_small', 'Sticker', '0'),
(339, 767, '', 's_icecube_small', 'Sticker', '0'),
(340, 767, '', 's_icecube_small', 'Sticker', '0'),
(341, 767, '', 's_icecube_small', 'Sticker', '0'),
(342, 767, '', 's_icecube_small', 'Sticker', '0'),
(343, 767, '', 's_icecube_small', 'Sticker', '0'),
(344, 767, '', 's_icecube_small', 'Sticker', '0'),
(345, 767, '', 's_icecube_small', 'Sticker', '0'),
(346, 767, '', 's_icecube_small', 'Sticker', '0'),
(347, 767, '', 's_icecube_small', 'Sticker', '0'),
(348, 767, '', 's_icecube_small', 'Sticker', '0'),
(349, 767, '', 's_icecube_small', 'Sticker', '0'),
(350, 767, '', 's_icecube_small', 'Sticker', '0'),
(351, 767, '', 's_icecube_small', 'Sticker', '0'),
(352, 767, '', 's_icecube_small', 'Sticker', '0'),
(353, 767, '', 's_icecube_small', 'Sticker', '0'),
(354, 767, '', 's_icecube_small', 'Sticker', '0'),
(355, 767, '', 's_icecube_small', 'Sticker', '0'),
(356, 767, '', 's_icecube_small', 'Sticker', '0'),
(528, 795, '', 's_sticker_pointing_hand_4', 'Sticker', '0'),
(529, 795, '', 's_sticker_pointing_hand_4', 'Sticker', '0'),
(523, 795, '', 's_scubacapsule_anim', 'Sticker', '1'),
(380, 767, '', 's_ss_snowflake2', 'Sticker', '0'),
(381, 767, '', 's_ss_snowflake2', 'Sticker', '0'),
(532, 795, '', 's_ss_snowman', 'Sticker', '1'),
(390, 767, '', 's_chain_vertical', 'Sticker', '0'),
(391, 767, '', 's_chain_vertical', 'Sticker', '0'),
(531, 795, '', 's_ss_costume_blue', 'Sticker', '1'),
(525, 795, '', 's_nail3', 'Sticker', '0'),
(397, 767, '', 's_chain_horizontal', 'Sticker', '0'),
(398, 767, '', 's_chain_horizontal', 'Sticker', '0'),
(399, 767, '', 's_chain_horizontal', 'Sticker', '0'),
(400, 767, '', 's_chain_horizontal', 'Sticker', '0'),
(425, 530, '', 'b_bg_serpentine_darkblue', 'Background', '0'),
(416, 767, '', 's_bling_o', 'Sticker', '0'),
(441, 780, '', 's_trax_latin', 'Sticker', '1'),
(478, 780, '', 's_sticker_zipper_v_tile', 'Sticker', '1'),
(479, 780, '', 's_sticker_zipper_v_tile', 'Sticker', '1'),
(480, 780, '', 's_sticker_zipper_v_tile', 'Sticker', '1'),
(489, 780, '', 's_vine2', 'Sticker', '0'),
(490, 780, '', 's_vine2', 'Sticker', '0'),
(491, 780, '', 's_vine2', 'Sticker', '0'),
(492, 780, '', 's_vine2', 'Sticker', '0'),
(499, 795, '', 'b_bg_fondo_foqb', 'Background', '0'),
(538, 795, '', 's_ss_snowtree', 'Sticker', '0'),
(544, 795, '', 's_sticker_pencil_2', 'Sticker', '1'),
(549, 795, '', 'b_bg_hotel', 'Background', '0'),
(552, 795, '', 's_sticker_zipper_h_tile', 'Sticker', '1'),
(568, 795, '', 's_sticker_hole', 'Sticker', '1'),
(571, 449, '', 's_stickers_uruguay', 'Sticker', '1'),
(572, 20, '', 's_stickers_mexico', 'Sticker', '0'),
(575, 27, '', 's_chain_horizontal', 'Sticker', '0'),
(589, 1, '', 'b_bg_metal2', 'Background', '0');

-- --------------------------------------------------------

--
-- Estructura de tabla para la tabla `site_items`
--

CREATE TABLE IF NOT EXISTS `site_items` (
  `id` int(100) NOT NULL AUTO_INCREMENT,
  `userId` int(100) NOT NULL,
  `groupId` int(10) NOT NULL,
  `position_left` int(4) NOT NULL,
  `position_top` int(4) NOT NULL,
  `position_z` int(4) NOT NULL,
  `var` varchar(100) NOT NULL,
  `skin` varchar(100) NOT NULL,
  `content` text NOT NULL,
  `type` enum('stickie','sticker','widget') NOT NULL DEFAULT 'sticker',
  PRIMARY KEY (`id`)
) ENGINE=MyISAM  DEFAULT CHARSET=latin1 COMMENT='Stickies del Sitio' AUTO_INCREMENT=19 ;

--
-- Volcar la base de datos para la tabla `site_items`
--

INSERT INTO `site_items` (`id`, `userId`, `groupId`, `position_left`, `position_top`, `position_z`, `var`, `skin`, `content`, `type`) VALUES
(1, 0, 1, 393, 9, 4, '', 'n_skin_speechbubbleskin', 'Este Elemento muestra el nombre de tu Grupo, su descripción y su Placa. ¡Haz que lo conozca todo el mundo!', 'stickie'),
(2, 0, 1, 27, 218, 3, '', 'n_skin_metalskin', '¿Qué más?<br /><br />¡Haz clic en la barra de ''Elementos'' para encontrar tu Libro de Invitados para miembros del Grupo!<br /><br />Puede servirte para comunicarte con miembros de otros Grupos o configurarlo sólo para los miembros de tu Grupo', 'stickie'),
(3, 0, 1, 26, 12, 2, '', 'n_skin_metalskin', '¡Bienvenido a la página de tu  Grupo!<br /><br />¡Aquí puedes editar la Página, elegir la Placa, crear los Datos del Grupo y hablar con el resto de miembros!<br /><br />Ahora mismo este Grupo no cuenta con más miembros. ¡Invita a un amigo!', 'stickie'),
(4, 0, 1, 420, 260, 6, '', 'n_skin_speechbubbleskin', 'Este Elemento muestra a todos los miembros del Grupo y su categoría', 'stickie'),
(5, 0, 1, 34, 552, 21, 'MemberWidget', 'w_skin_goldenskin', '', 'widget'),
(6, 0, 1, 375, 162, 25, 'GroupInfoWidget', 'w_skin_notepadskin', '', 'widget'),
(7, 0, 2, 393, 9, 4, '', 'n_skin_speechbubbleskin', 'Este Elemento muestra el nombre de tu Grupo, su descripción y su Placa. ¡Haz que lo conozca todo el mundo!', 'stickie'),
(8, 0, 2, 27, 218, 3, '', 'n_skin_metalskin', '¿Qué más?<br /><br />¡Haz clic en la barra de ''Elementos'' para encontrar tu Libro de Invitados para miembros del Grupo!<br /><br />Puede servirte para comunicarte con miembros de otros Grupos o configurarlo sólo para los miembros de tu Grupo', 'stickie'),
(9, 0, 2, 26, 12, 2, '', 'n_skin_metalskin', '¡Bienvenido a la página de tu  Grupo!<br /><br />¡Aquí puedes editar la Página, elegir la Placa, crear los Datos del Grupo y hablar con el resto de miembros!<br /><br />Ahora mismo este Grupo no cuenta con más miembros. ¡Invita a un amigo!', 'stickie'),
(10, 0, 2, 420, 260, 6, '', 'n_skin_speechbubbleskin', 'Este Elemento muestra a todos los miembros del Grupo y su categoría', 'stickie'),
(11, 0, 2, 384, 338, 5, 'MemberWidget', 'w_skin_defaultskin', '', 'widget'),
(12, 0, 2, 408, 85, 1, 'GroupInfoWidget', 'w_skin_notepadskin', '', 'widget'),
(13, 0, 3, 393, 9, 4, '', 'n_skin_speechbubbleskin', 'Este Elemento muestra el nombre de tu Grupo, su descripción y su Placa. ¡Haz que lo conozca todo el mundo!', 'stickie'),
(14, 0, 3, 27, 218, 3, '', 'n_skin_metalskin', '¿Qué más?<br /><br />¡Haz clic en la barra de ''Elementos'' para encontrar tu Libro de Invitados para miembros del Grupo!<br /><br />Puede servirte para comunicarte con miembros de otros Grupos o configurarlo sólo para los miembros de tu Grupo', 'stickie'),
(15, 0, 3, 26, 12, 2, '', 'n_skin_metalskin', '¡Bienvenido a la página de tu  Grupo!<br /><br />¡Aquí puedes editar la Página, elegir la Placa, crear los Datos del Grupo y hablar con el resto de miembros!<br /><br />Ahora mismo este Grupo no cuenta con más miembros. ¡Invita a un amigo!', 'stickie'),
(16, 0, 3, 420, 260, 6, '', 'n_skin_speechbubbleskin', 'Este Elemento muestra a todos los miembros del Grupo y su categoría', 'stickie'),
(17, 0, 3, 384, 338, 5, 'MemberWidget', 'w_skin_defaultskin', '', 'widget'),
(18, 0, 3, 408, 85, 1, 'GroupInfoWidget', 'w_skin_notepadskin', '', 'widget');

-- --------------------------------------------------------

--
-- Estructura de tabla para la tabla `site_items_categorys`
--

CREATE TABLE IF NOT EXISTS `site_items_categorys` (
  `id` int(10) NOT NULL AUTO_INCREMENT,
  `name` varchar(100) NOT NULL,
  PRIMARY KEY (`id`)
) ENGINE=MyISAM  DEFAULT CHARSET=latin1 COMMENT='Categorias de Compra' AUTO_INCREMENT=67 ;

--
-- Volcar la base de datos para la tabla `site_items_categorys`
--

INSERT INTO `site_items_categorys` (`id`, `name`) VALUES
(66, 'Banderas'),
(27, 'Trax'),
(29, 'Alfabeto Plastic'),
(30, 'Alfabeto Bling'),
(55, 'Alfabeto Madera'),
(56, 'Alfabeto Diner Azul'),
(60, 'Alfabeto Diner Verde'),
(61, 'Alfabeto Diner Rojo'),
(31, 'Construcción'),
(32, 'Locuras'),
(33, 'Maravillas'),
(34, 'Terror'),
(35, 'Ofertas'),
(36, 'Flechas'),
(37, 'Plantas'),
(38, 'Efectos'),
(39, 'SnowStorm'),
(40, 'BattleBall'),
(42, 'Personalidades'),
(44, 'Otros');

-- --------------------------------------------------------

--
-- Estructura de tabla para la tabla `site_shop_items`
--

CREATE TABLE IF NOT EXISTS `site_shop_items` (
  `id` int(100) NOT NULL AUTO_INCREMENT,
  `price` int(10) NOT NULL,
  `skin` varchar(100) NOT NULL,
  `type` enum('Sticker','Notes','Background','') NOT NULL DEFAULT 'Sticker',
  `categoryId` int(10) NOT NULL,
  `amount` int(11) NOT NULL DEFAULT '0',
  `ItemName` varchar(120) NOT NULL,
  `ItemPack` int(10) NOT NULL DEFAULT '0',
  `ItemsContent` varchar(120) NOT NULL,
  PRIMARY KEY (`id`)
) ENGINE=MyISAM  DEFAULT CHARSET=latin1 COMMENT='Stickies del Sitio' AUTO_INCREMENT=1627 ;

--
-- Volcar la base de datos para la tabla `site_shop_items`
--

INSERT INTO `site_shop_items` (`id`, `price`, `skin`, `type`, `categoryId`, `amount`, `ItemName`, `ItemPack`, `ItemsContent`) VALUES
(1460, 1, 's_stickers_uruguay', 'Sticker', 66, 0, '', 0, ''),
(1462, 1, 's_stickers_peru', 'Sticker', 66, 0, '', 0, ''),
(1456, 1, 's_stickers_paraguay', 'Sticker', 66, 0, '', 0, ''),
(1459, 1, 's_stickers_panama', 'Sticker', 66, 0, '', 0, ''),
(1454, 1, 's_stickers_nicaragua', 'Sticker', 66, 0, '', 0, ''),
(1465, 1, 's_stickers_mexico', 'Sticker', 66, 0, '', 0, ''),
(1455, 1, 's_stickers_honduras', 'Sticker', 66, 0, '', 0, ''),
(1452, 1, 's_stickers_espain', 'Sticker', 66, 0, '', 0, ''),
(1453, 1, 's_stickers_elsalvador', 'Sticker', 66, 0, '', 0, ''),
(1461, 1, 's_stickers_ecuador', 'Sticker', 66, 0, '', 0, ''),
(1458, 1, 's_stickers_costarica', 'Sticker', 66, 0, '', 0, ''),
(1464, 1, 's_stickers_colombia', 'Sticker', 66, 0, '', 0, ''),
(1467, 1, 's_stickers_chile', 'Sticker', 66, 0, '', 0, ''),
(1457, 1, 's_stickers_bolivia', 'Sticker', 66, 0, '', 0, ''),
(1466, 1, 's_stickers_argentina', 'Sticker', 66, 0, '', 0, ''),
(1463, 1, 's_stickers_venezuela', 'Sticker', 66, 0, '', 0, ''),
(303, 1, 's_trax_sfx', 'Sticker', 27, 0, 'Trax Sonidos fx', 0, ''),
(307, 1, 's_trax_disco', 'Sticker', 27, 0, 'Trax Disco', 0, ''),
(300, 1, 's_trax_8_bit', 'Sticker', 27, 0, 'Trax Habbo', 0, ''),
(305, 1, 's_trax_electro', 'Sticker', 27, 0, 'Trax Electrónica', 0, ''),
(304, 1, 's_trax_reggae', 'Sticker', 27, 0, 'Trax Reggae', 0, ''),
(301, 1, 's_trax_ambient', 'Sticker', 27, 0, 'Trax Ambiente', 0, ''),
(302, 1, 's_trax_bling', 'Sticker', 27, 0, 'Trax Bling', 0, ''),
(306, 1, 's_trax_heavy', 'Sticker', 27, 0, 'Trax Heavy', 0, ''),
(308, 1, 's_trax_latin', 'Sticker', 27, 0, 'Trax Latina', 0, ''),
(651, 1, 's_trax_rock', 'Sticker', 27, 0, 'Trax Rock', 0, ''),
(530, 1, 's_a', 'Sticker', 29, 0, 'A', 0, ''),
(539, 1, 's_b_2', 'Sticker', 29, 0, 'B', 0, ''),
(540, 1, 's_c', 'Sticker', 29, 0, 'C', 0, ''),
(552, 1, 's_d', 'Sticker', 29, 0, 'D', 0, ''),
(556, 1, 's_e', 'Sticker', 29, 0, 'E', 0, ''),
(568, 1, 's_f', 'Sticker', 29, 0, 'F', 0, ''),
(569, 1, 's_g', 'Sticker', 29, 0, 'G', 0, ''),
(573, 1, 's_h', 'Sticker', 29, 0, 'H', 0, ''),
(574, 1, 's_i', 'Sticker', 29, 0, 'I', 0, ''),
(576, 1, 's_j', 'Sticker', 29, 0, 'J', 0, ''),
(577, 1, 's_k', 'Sticker', 29, 0, 'K', 0, ''),
(578, 1, 's_l', 'Sticker', 29, 0, 'L', 0, ''),
(584, 1, 's_m', 'Sticker', 29, 0, 'M', 0, ''),
(585, 1, 's_n', 'Sticker', 29, 0, 'N', 0, ''),
(595, 1, 's_o', 'Sticker', 29, 0, 'O', 0, ''),
(597, 1, 's_p', 'Sticker', 29, 0, 'P', 0, ''),
(603, 1, 's_q', 'Sticker', 29, 0, 'Q', 0, ''),
(604, 1, 's_r', 'Sticker', 29, 0, 'R', 0, ''),
(606, 1, 's_s', 'Sticker', 29, 0, 'S', 0, ''),
(650, 1, 's_t', 'Sticker', 29, 0, 'T', 0, ''),
(652, 1, 's_u', 'Sticker', 29, 0, 'U', 0, ''),
(655, 1, 's_v', 'Sticker', 29, 0, 'V', 0, ''),
(677, 1, 's_w', 'Sticker', 29, 0, 'W', 0, ''),
(679, 1, 's_x', 'Sticker', 29, 0, 'X', 0, ''),
(690, 1, 's_y', 'Sticker', 29, 0, 'Y', 0, ''),
(691, 1, 's_z', 'Sticker', 29, 0, 'Z', 0, ''),
(533, 1, 's_a_with_circle', 'Sticker', 29, 0, 'A', 0, ''),
(534, 1, 's_a_with_dots', 'Sticker', 29, 0, 'A', 0, ''),
(596, 1, 's_o_with_dots', 'Sticker', 29, 0, 'O', 0, ''),
(554, 1, 's_dot', 'Sticker', 29, 0, 'Punto', 0, ''),
(531, 1, 's_acsent1', 'Sticker', 29, 0, 'Apóstrofe', 0, ''),
(532, 1, 's_acsent2', 'Sticker', 29, 0, 'Tilde', 0, ''),
(654, 1, 's_underscore', 'Sticker', 29, 0, 'Guión', 0, ''),
(137, 1, 's_bling_star', 'Sticker', 30, 0, 'Estrella Bling', 0, ''),
(107, 1, 's_bling_a', 'Sticker', 30, 0, 'A Bling', 0, ''),
(108, 1, 's_bling_b', 'Sticker', 30, 0, 'B Bling', 0, ''),
(109, 1, 's_bling_c', 'Sticker', 30, 0, 'C Bling', 0, ''),
(110, 1, 's_bling_d', 'Sticker', 30, 0, 'D Bling', 0, ''),
(111, 1, 's_bling_e', 'Sticker', 30, 0, 'E Bling', 0, ''),
(112, 1, 's_bling_f', 'Sticker', 30, 0, 'F Bling', 0, ''),
(113, 1, 's_bling_g', 'Sticker', 30, 0, 'G Bling', 0, ''),
(114, 1, 's_bling_h', 'Sticker', 30, 0, 'H Bling', 0, ''),
(115, 1, 's_bling_i', 'Sticker', 30, 0, 'I Bling', 0, ''),
(116, 1, 's_bling_j', 'Sticker', 30, 0, 'J Bling', 0, ''),
(117, 1, 's_bling_k', 'Sticker', 30, 0, 'K Bling', 0, ''),
(118, 1, 's_bling_l', 'Sticker', 30, 0, 'L Bling', 0, ''),
(119, 1, 's_bling_m', 'Sticker', 30, 0, 'M Bling', 0, ''),
(120, 1, 's_bling_n', 'Sticker', 30, 0, 'N Bling', 0, ''),
(121, 1, 's_bling_o', 'Sticker', 30, 0, 'O Bling', 0, ''),
(122, 1, 's_bling_p', 'Sticker', 30, 0, 'P Bling', 0, ''),
(123, 1, 's_bling_q', 'Sticker', 30, 0, 'Q Bling', 0, ''),
(124, 1, 's_bling_r', 'Sticker', 30, 0, 'R Bling', 0, ''),
(125, 1, 's_bling_s', 'Sticker', 30, 0, 'S Bling', 0, ''),
(126, 1, 's_bling_t', 'Sticker', 30, 0, 'T Bling', 0, ''),
(127, 1, 's_bling_u', 'Sticker', 30, 0, 'U Bling', 0, ''),
(128, 1, 's_bling_v', 'Sticker', 30, 0, 'V Bling', 0, ''),
(129, 1, 's_bling_w', 'Sticker', 30, 0, 'W Bling', 0, ''),
(130, 1, 's_bling_x', 'Sticker', 30, 0, 'X Bling', 0, ''),
(131, 1, 's_bling_y', 'Sticker', 30, 0, 'Y Bling', 0, ''),
(132, 1, 's_bling_z', 'Sticker', 30, 0, 'Z Bling', 0, ''),
(133, 1, 's_bling_underscore', 'Sticker', 30, 0, 'Guión Bling', 0, ''),
(139, 1, 's_bling_comma', 'Sticker', 30, 0, 'Coma Bling', 0, ''),
(138, 1, 's_bling_dot', 'Sticker', 30, 0, 'mypage.sticker.bling_dot.title', 0, ''),
(135, 1, 's_bling_exclamation', 'Sticker', 30, 0, 'Exclamación Bling', 0, ''),
(136, 1, 's_bling_question', 'Sticker', 30, 0, 'Pregunta Bling', 0, ''),
(927, 1, 's_wood_a', 'Sticker', 55, 0, '', 0, ''),
(932, 1, 's_wood_b', 'Sticker', 55, 0, '', 0, ''),
(933, 1, 's_wood_c', 'Sticker', 55, 0, '', 0, ''),
(935, 1, 's_wood_d', 'Sticker', 55, 0, '', 0, ''),
(937, 1, 's_wood_e', 'Sticker', 55, 0, '', 0, ''),
(939, 1, 's_wood_f', 'Sticker', 55, 0, '', 0, ''),
(940, 1, 's_wood_g', 'Sticker', 55, 0, '', 0, ''),
(941, 1, 's_wood_h', 'Sticker', 55, 0, '', 0, ''),
(942, 1, 's_wood_i', 'Sticker', 55, 0, '', 0, ''),
(943, 1, 's_wood_j', 'Sticker', 55, 0, '', 0, ''),
(944, 1, 's_wood_k', 'Sticker', 55, 0, '', 0, ''),
(945, 1, 's_wood_l', 'Sticker', 55, 0, '', 0, ''),
(946, 1, 's_wood_m', 'Sticker', 55, 0, '', 0, ''),
(947, 1, 's_wood_n', 'Sticker', 55, 0, '', 0, ''),
(948, 1, 's_wood_o', 'Sticker', 55, 0, '', 0, ''),
(950, 1, 's_wood_p', 'Sticker', 55, 0, '', 0, ''),
(951, 1, 's_wood_q', 'Sticker', 55, 0, '', 0, ''),
(953, 1, 's_wood_r', 'Sticker', 55, 0, '', 0, ''),
(954, 1, 's_wood_s', 'Sticker', 55, 0, '', 0, ''),
(955, 1, 's_wood_t', 'Sticker', 55, 0, '', 0, ''),
(956, 1, 's_wood_u', 'Sticker', 55, 0, '', 0, ''),
(958, 1, 's_wood_v', 'Sticker', 55, 0, '', 0, ''),
(959, 1, 's_wood_w', 'Sticker', 55, 0, '', 0, ''),
(960, 1, 's_wood_x', 'Sticker', 55, 0, '', 0, ''),
(961, 1, 's_wood_y', 'Sticker', 55, 0, '', 0, ''),
(962, 1, 's_wood_z', 'Sticker', 55, 0, '', 0, ''),
(928, 1, 's_wood_acircle', 'Sticker', 55, 0, '', 0, ''),
(931, 1, 's_wood_adots', 'Sticker', 55, 0, '', 0, ''),
(949, 1, 's_wood_odots', 'Sticker', 55, 0, '', 0, ''),
(936, 1, 's_wood_dot', 'Sticker', 55, 0, 'mypage.sticker.wood_dot.title', 0, ''),
(934, 1, 's_wood_comma', 'Sticker', 55, 0, '', 0, ''),
(938, 1, 's_wood_exclamation', 'Sticker', 55, 0, '', 0, ''),
(952, 1, 's_wood_question', 'Sticker', 55, 0, '', 0, ''),
(929, 1, 's_wood_acsent', 'Sticker', 55, 0, '', 0, ''),
(930, 1, 's_wood_acsent2', 'Sticker', 55, 0, '', 0, ''),
(957, 1, 's_wood_undermark', 'Sticker', 55, 0, '', 0, ''),
(1025, 1, 's_blue_diner_zero', 'Sticker', 56, 0, '0', 0, ''),
(1007, 1, 's_blue_diner_one', 'Sticker', 56, 0, '1', 0, ''),
(1017, 1, 's_blue_diner_two', 'Sticker', 56, 0, '2', 0, ''),
(1016, 1, 's_blue_diner_three', 'Sticker', 56, 0, '3', 0, ''),
(996, 1, 's_blue_diner_four', 'Sticker', 56, 0, '4', 0, ''),
(995, 1, 's_blue_diner_five', 'Sticker', 56, 0, '5', 0, ''),
(1014, 1, 's_blue_diner_six', 'Sticker', 56, 0, '6', 0, ''),
(1013, 1, 's_blue_diner_seven', 'Sticker', 56, 0, '7', 0, ''),
(992, 1, 's_blue_diner_eight', 'Sticker', 56, 0, '8', 0, ''),
(1005, 1, 's_blue_diner_nine', 'Sticker', 56, 0, '9', 0, ''),
(987, 1, 's_blue_diner_a', 'Sticker', 56, 0, 'A', 0, ''),
(1026, 1, 's_blue_diner_a_umlaut', 'Sticker', 56, 0, 'Ä', 0, ''),
(1027, 1, 's_blue_diner_ae', 'Sticker', 56, 0, 'AE', 0, ''),
(988, 1, 's_blue_diner_b', 'Sticker', 56, 0, 'B', 0, ''),
(989, 1, 's_blue_diner_c', 'Sticker', 56, 0, 'C', 0, ''),
(1028, 1, 's_blue_diner_c_cedilla', 'Sticker', 56, 0, 'Ç', 0, ''),
(990, 1, 's_blue_diner_d', 'Sticker', 56, 0, 'D', 0, ''),
(991, 1, 's_blue_diner_e', 'Sticker', 56, 0, 'E', 0, ''),
(1029, 1, 's_blue_diner_e_acc', 'Sticker', 56, 0, 'É', 0, ''),
(1030, 1, 's_blue_diner_e_acc_grave', 'Sticker', 56, 0, 'È', 0, ''),
(994, 1, 's_blue_diner_f', 'Sticker', 56, 0, 'F', 0, ''),
(997, 1, 's_blue_diner_g', 'Sticker', 56, 0, 'G', 0, ''),
(998, 1, 's_blue_diner_h', 'Sticker', 56, 0, 'H', 0, ''),
(999, 1, 's_blue_diner_i', 'Sticker', 56, 0, 'I', 0, ''),
(1000, 1, 's_blue_diner_j', 'Sticker', 56, 0, 'J', 0, ''),
(1001, 1, 's_blue_diner_k', 'Sticker', 56, 0, 'K', 0, ''),
(1002, 1, 's_blue_diner_l', 'Sticker', 56, 0, 'L', 0, ''),
(1003, 1, 's_blue_diner_m', 'Sticker', 56, 0, 'M', 0, ''),
(1004, 1, 's_blue_diner_n', 'Sticker', 56, 0, 'N', 0, ''),
(1006, 1, 's_blue_diner_o', 'Sticker', 56, 0, 'O', 0, ''),
(1031, 1, 's_blue_diner_o_accute', 'Sticker', 56, 0, 'Ó', 0, ''),
(1032, 1, 's_blue_diner_o_cc_grave', 'Sticker', 56, 0, 'Ò', 0, ''),
(1033, 1, 's_blue_diner_o_umlaut', 'Sticker', 56, 0, 'Ö', 0, ''),
(1008, 1, 's_blue_diner_p', 'Sticker', 56, 0, 'P', 0, ''),
(1009, 1, 's_blue_diner_q', 'Sticker', 56, 0, 'Q', 0, ''),
(1011, 1, 's_blue_diner_r', 'Sticker', 56, 0, 'R', 0, ''),
(1012, 1, 's_blue_diner_s', 'Sticker', 56, 0, 'S', 0, ''),
(1015, 1, 's_blue_diner_t', 'Sticker', 56, 0, 'T', 0, ''),
(1018, 1, 's_blue_diner_u', 'Sticker', 56, 0, 'U', 0, ''),
(1034, 1, 's_blue_diner_u_acc', 'Sticker', 56, 0, 'Ú', 0, ''),
(1035, 1, 's_blue_diner_u_acc_grave', 'Sticker', 56, 0, 'Ù', 0, ''),
(1036, 1, 's_blue_diner_u_umlaut', 'Sticker', 56, 0, 'Ü', 0, ''),
(1020, 1, 's_blue_diner_v', 'Sticker', 56, 0, 'V', 0, ''),
(1021, 1, 's_blue_diner_w', 'Sticker', 56, 0, 'W', 0, ''),
(1022, 1, 's_blue_diner_x', 'Sticker', 56, 0, 'X', 0, ''),
(1023, 1, 's_blue_diner_y', 'Sticker', 56, 0, 'Y', 0, ''),
(1024, 1, 's_blue_diner_z', 'Sticker', 56, 0, 'Z', 0, ''),
(993, 1, 's_blue_diner_exclamation', 'Sticker', 56, 0, '!', 0, ''),
(1019, 1, 's_blue_diner_upsidedown_pre', 'Sticker', 56, 0, '¿', 0, ''),
(1010, 1, 's_blue_diner_question', 'Sticker', 56, 0, '?', 0, ''),
(1075, 1, 's_green_diner_zero', 'Sticker', 60, 0, '', 0, ''),
(1057, 1, 's_green_diner_one', 'Sticker', 60, 0, '', 0, ''),
(1067, 1, 's_green_diner_two', 'Sticker', 60, 0, '', 0, ''),
(1066, 1, 's_green_diner_three', 'Sticker', 60, 0, '', 0, ''),
(1046, 1, 's_green_diner_four', 'Sticker', 60, 0, '', 0, ''),
(1045, 1, 's_green_diner_five', 'Sticker', 60, 0, '', 0, ''),
(1064, 1, 's_green_diner_six', 'Sticker', 60, 0, '', 0, ''),
(1063, 1, 's_green_diner_seven', 'Sticker', 60, 0, '', 0, ''),
(1042, 1, 's_green_diner_eight', 'Sticker', 60, 0, '', 0, ''),
(1055, 1, 's_green_diner_nine', 'Sticker', 60, 0, '', 0, ''),
(1037, 1, 's_green_diner_a', 'Sticker', 60, 0, '', 0, ''),
(1076, 1, 's_green_diner_a_umlaut', 'Sticker', 60, 0, '', 0, ''),
(1077, 1, 's_green_diner_ae', 'Sticker', 60, 0, '', 0, ''),
(1038, 1, 's_green_diner_b', 'Sticker', 60, 0, '', 0, ''),
(1039, 1, 's_green_diner_c', 'Sticker', 60, 0, '', 0, ''),
(1078, 1, 's_green_diner_c_cedilla', 'Sticker', 60, 0, '', 0, ''),
(1040, 1, 's_green_diner_d', 'Sticker', 60, 0, '', 0, ''),
(1041, 1, 's_green_diner_e', 'Sticker', 60, 0, '', 0, ''),
(1079, 1, 's_green_diner_e_acc', 'Sticker', 60, 0, '', 0, ''),
(1080, 1, 's_green_diner_e_cc_grave', 'Sticker', 60, 0, '', 0, ''),
(1044, 1, 's_green_diner_f', 'Sticker', 60, 0, '', 0, ''),
(1047, 1, 's_green_diner_g', 'Sticker', 60, 0, '', 0, ''),
(1048, 1, 's_green_diner_h', 'Sticker', 60, 0, '', 0, ''),
(1049, 1, 's_green_diner_i', 'Sticker', 60, 0, '', 0, ''),
(1050, 1, 's_green_diner_j', 'Sticker', 60, 0, '', 0, ''),
(1051, 1, 's_green_diner_k', 'Sticker', 60, 0, '', 0, ''),
(1052, 1, 's_green_diner_l', 'Sticker', 60, 0, '', 0, ''),
(1053, 1, 's_green_diner_m', 'Sticker', 60, 0, '', 0, ''),
(1054, 1, 's_green_diner_n', 'Sticker', 60, 0, '', 0, ''),
(1056, 1, 's_green_diner_o', 'Sticker', 60, 0, '', 0, ''),
(1081, 1, 's_green_diner_o_accute', 'Sticker', 60, 0, '', 0, ''),
(1082, 1, 's_green_diner_o_cc_grave', 'Sticker', 60, 0, '', 0, ''),
(1083, 1, 's_green_diner_o_umlaut', 'Sticker', 60, 0, '', 0, ''),
(1058, 1, 's_green_diner_p', 'Sticker', 60, 0, '', 0, ''),
(1059, 1, 's_green_diner_q', 'Sticker', 60, 0, '', 0, ''),
(1061, 1, 's_green_diner_r', 'Sticker', 60, 0, '', 0, ''),
(1062, 1, 's_green_diner_s', 'Sticker', 60, 0, '', 0, ''),
(1065, 1, 's_green_diner_t', 'Sticker', 60, 0, '', 0, ''),
(1068, 1, 's_green_diner_u', 'Sticker', 60, 0, '', 0, ''),
(1084, 1, 's_green_diner_u_acc', 'Sticker', 60, 0, '', 0, ''),
(1085, 1, 's_green_diner_u_acc_grave', 'Sticker', 60, 0, '', 0, ''),
(1086, 1, 's_green_diner_u_umlaut', 'Sticker', 60, 0, '', 0, ''),
(1070, 1, 's_green_diner_v', 'Sticker', 60, 0, '', 0, ''),
(1071, 1, 's_green_diner_w', 'Sticker', 60, 0, '', 0, ''),
(1072, 1, 's_green_diner_x', 'Sticker', 60, 0, '', 0, ''),
(1073, 1, 's_green_diner_y', 'Sticker', 60, 0, '', 0, ''),
(1074, 1, 's_green_diner_z', 'Sticker', 60, 0, '', 0, ''),
(1043, 1, 's_green_diner_exclamation', 'Sticker', 60, 0, '', 0, ''),
(1069, 1, 's_green_diner_upsidedown_pre', 'Sticker', 60, 0, '', 0, ''),
(1060, 1, 's_green_diner_question', 'Sticker', 60, 0, '', 0, ''),
(1125, 1, 's_red_diner_zero', 'Sticker', 61, 0, '0', 0, ''),
(1107, 1, 's_red_diner_one', 'Sticker', 61, 0, '1', 0, ''),
(1117, 1, 's_red_diner_two', 'Sticker', 61, 0, '2', 0, ''),
(1116, 1, 's_red_diner_three', 'Sticker', 61, 0, '3', 0, ''),
(1096, 1, 's_red_diner_four', 'Sticker', 61, 0, '4', 0, ''),
(1095, 1, 's_red_diner_five', 'Sticker', 61, 0, '5', 0, ''),
(1114, 1, 's_red_diner_six', 'Sticker', 61, 0, '6', 0, ''),
(1113, 1, 's_red_diner_seven', 'Sticker', 61, 0, '7', 0, ''),
(1092, 1, 's_red_diner_eight', 'Sticker', 61, 0, '8', 0, ''),
(1105, 1, 's_red_diner_nine', 'Sticker', 61, 0, '9', 0, ''),
(1087, 1, 's_red_diner_a', 'Sticker', 61, 0, 'A', 0, ''),
(1126, 1, 's_red_diner_a_umlaut', 'Sticker', 61, 0, 'Ä', 0, ''),
(1127, 1, 's_red_diner_ae', 'Sticker', 61, 0, 'AE', 0, ''),
(1088, 1, 's_red_diner_b', 'Sticker', 61, 0, 'B', 0, ''),
(1089, 1, 's_red_diner_c', 'Sticker', 61, 0, 'C', 0, ''),
(1128, 1, 's_red_diner_c_cedilla', 'Sticker', 61, 0, 'Ç', 0, ''),
(1090, 1, 's_red_diner_d', 'Sticker', 61, 0, 'D', 0, ''),
(1091, 1, 's_red_diner_e', 'Sticker', 61, 0, 'E', 0, ''),
(1129, 1, 's_red_diner_e_acc', 'Sticker', 61, 0, 'É', 0, ''),
(1130, 1, 's_red_diner_e_cc_grave', 'Sticker', 61, 0, 'È', 0, ''),
(1094, 1, 's_red_diner_f', 'Sticker', 61, 0, 'F', 0, ''),
(1097, 1, 's_red_diner_g', 'Sticker', 61, 0, 'G', 0, ''),
(1098, 1, 's_red_diner_h', 'Sticker', 61, 0, 'H', 0, ''),
(1099, 1, 's_red_diner_i', 'Sticker', 61, 0, 'I', 0, ''),
(1100, 1, 's_red_diner_j', 'Sticker', 61, 0, 'J', 0, ''),
(1101, 1, 's_red_diner_k', 'Sticker', 61, 0, 'K', 0, ''),
(1102, 1, 's_red_diner_l', 'Sticker', 61, 0, 'L', 0, ''),
(1103, 1, 's_red_diner_m', 'Sticker', 61, 0, 'M', 0, ''),
(1104, 1, 's_red_diner_n', 'Sticker', 61, 0, 'N', 0, ''),
(1106, 1, 's_red_diner_o', 'Sticker', 61, 0, 'O', 0, ''),
(1131, 1, 's_red_diner_o_accute', 'Sticker', 61, 0, 'Ó', 0, ''),
(1132, 1, 's_red_diner_o_cc_grave', 'Sticker', 61, 0, 'Ò', 0, ''),
(1133, 1, 's_red_diner_o_umlaut', 'Sticker', 61, 0, 'Ö', 0, ''),
(1108, 1, 's_red_diner_p', 'Sticker', 61, 0, 'P', 0, ''),
(1109, 1, 's_red_diner_q', 'Sticker', 61, 0, 'Q', 0, ''),
(1111, 1, 's_red_diner_r', 'Sticker', 61, 0, 'R', 0, ''),
(1112, 1, 's_red_diner_s', 'Sticker', 61, 0, 'S', 0, ''),
(1115, 1, 's_red_diner_t', 'Sticker', 61, 0, 'T', 0, ''),
(1118, 1, 's_red_diner_u', 'Sticker', 61, 0, 'U', 0, ''),
(1134, 1, 's_red_diner_u_acc', 'Sticker', 61, 0, 'Ú', 0, ''),
(1135, 1, 's_red_diner_u_acc_grave', 'Sticker', 61, 0, 'Ù', 0, ''),
(1136, 1, 's_red_diner_u_umlaut', 'Sticker', 61, 0, 'Ü', 0, ''),
(1120, 1, 's_red_diner_v', 'Sticker', 61, 0, 'V', 0, ''),
(1121, 1, 's_red_diner_w', 'Sticker', 61, 0, 'W', 0, ''),
(1122, 1, 's_red_diner_x', 'Sticker', 61, 0, 'X', 0, ''),
(1123, 1, 's_red_diner_y', 'Sticker', 61, 0, 'Y', 0, ''),
(1124, 1, 's_red_diner_z', 'Sticker', 61, 0, 'Z', 0, ''),
(1093, 1, 's_red_diner_exclamation', 'Sticker', 61, 0, '!', 0, ''),
(1119, 1, 's_red_diner_upsidedown_pre', 'Sticker', 61, 0, '¿', 0, ''),
(1110, 1, 's_red_diner_question', 'Sticker', 61, 0, '?', 0, ''),
(102, 1, 's_sticker_zipper_h_tile', 'Sticker', 31, 0, 'Cremallera', 0, ''),
(101, 1, 's_sticker_zipper_h_normal_lock', 'Sticker', 31, 0, 'Cremallera', 0, ''),
(100, 1, 's_sticker_zipper_h_end', 'Sticker', 31, 0, 'Cremallera', 0, ''),
(99, 1, 's_sticker_zipper_h_bobba_lock', 'Sticker', 31, 0, 'Cremallera', 0, ''),
(95, 1, 's_leafs2', 'Sticker', 31, 0, 'Hojas 2', 0, ''),
(94, 1, 's_leafs1', 'Sticker', 31, 0, 'Hojas', 0, ''),
(93, 1, 's_vine2', 'Sticker', 31, 0, 'Parra 2', 0, ''),
(92, 1, 's_vine', 'Sticker', 31, 0, 'Parra', 0, ''),
(50, 1, 's_ruler_vertical', 'Sticker', 31, 0, 'Regla', 0, ''),
(49, 1, 's_ruler_horizontal', 'Sticker', 31, 0, 'Regla', 0, ''),
(21, 1, 's_chain_horizontal', 'Sticker', 31, 0, 'Cadena 2', 0, ''),
(20, 1, 's_chain_vertical', 'Sticker', 31, 0, 'Cadena 1', 0, ''),
(103, 1, 's_sticker_zipper_v_tile', 'Sticker', 31, 0, 'Cremallera', 0, ''),
(104, 1, 's_sticker_zipper_v_bobba_lock', 'Sticker', 31, 0, 'Cremallera', 0, ''),
(105, 1, 's_sticker_zipper_v_end', 'Sticker', 31, 0, 'Cremallera', 0, ''),
(106, 1, 's_sticker_zipper_v_normal_lock', 'Sticker', 31, 0, 'Cremallera', 0, ''),
(678, 1, 's_wormhand', 'Sticker', 32, 0, 'Mano de gorila', 0, ''),
(714, 1, 's_sticker_gentleman', 'Sticker', 32, 0, 'Caballero', 0, ''),
(25, 1, 's_chewed_bubblegum', 'Sticker', 32, 0, 'Chicle', 0, ''),
(53, 1, 's_sticker_cactus_anim', 'Sticker', 32, 0, 'Cáctus', 0, ''),
(54, 1, 's_sticker_spaceduck', 'Sticker', 32, 0, 'Pato espacial', 0, ''),
(55, 1, 's_sticker_moonpig', 'Sticker', 32, 0, 'Cerdo volador', 0, ''),
(59, 1, 's_swimming_fish', 'Sticker', 32, 0, '¡A nadar!', 0, ''),
(66, 1, 's_sticker_boxer', 'Sticker', 32, 0, 'Boxeador', 0, ''),
(96, 1, 's_wunderfrank', 'Sticker', 32, 0, 'Frank', 0, ''),
(97, 1, 's_sticker_submarine', 'Sticker', 32, 0, 'submarino', 0, ''),
(65, 1, 's_sticker_clown_anim', 'Sticker', 32, 0, 'Payaso', 0, ''),
(16, 1, 's_blingblingstars', 'Sticker', 33, 0, 'Estrellas', 0, ''),
(17, 1, 's_blinghearts', 'Sticker', 33, 0, 'Corazones', 0, ''),
(18, 1, 's_sticker_heartbeat', 'Sticker', 33, 0, 'Latidos del corazón', 0, ''),
(56, 1, 's_sticker_catinabox', 'Sticker', 33, 0, 'Gato en una caja', 0, ''),
(58, 1, 's_bear', 'Sticker', 33, 0, 'Oso', 0, ''),
(19, 1, 's_sticker_bobbaskull', 'Sticker', 34, 0, 'calavera bobba', 0, ''),
(67, 1, 's_scubacapsule_anim', 'Sticker', 34, 0, 'Cápsula', 0, ''),
(633, 3, 'package_product_pre', '', 35, 3, 'mypage.product.hw_sticker_paper_clips.title', 0, 's_paper_clip_1,s_paper_clip_2,s_paper_clip_3'),
(710, 1, 's_sticker_flower1', 'Sticker', 35, 5, 'mypage.product.hw_package9_sticker_flower1.title', 0, ''),
(614, 3, 'package_product_pre', '', 35, 3, 'mypage.product.hw_spills.title', 0, 's_spill1,s_spill2,s_spill3'),
(707, 1, 's_icecube_big', 'Sticker', 35, 10, 'mypage.product.hw_package4_icecube_big.title', 0, ''),
(601, 1, 's_leafs2', 'Sticker', 35, 7, 'mypage.product.hw_package4_leafs1.title', 0, ''),
(600, 1, 's_vine2', 'Sticker', 35, 5, 'mypage.product.hw_package3_vine2.title', 0, ''),
(599, 1, 's_chain_horizontal', 'Sticker', 35, 5, 'mypage.product.hw_package2_chain_horizontal.title', 0, ''),
(704, 3, 'package_product_pre', '', 35, 4, 'mypage.product.hw_package15_sticker_costumes2.title', 0, 's_scubacapsule_anim,s_sticker_eyes_blue,s_sticker_glasses_elton,s_sticker_glasses_supernerd'),
(598, 1, 's_sticker_zipper_v_tile', 'Sticker', 35, 5, 'mypage.product.hw_package1_sticker_zipper_v.title', 0, ''),
(583, 2, 'package_product_pre', '', 35, 2, 'mypage.product.hw_leafs.title', 0, 's_leafs1,s_leafs2'),
(602, 1, 's_icecube_small', 'Sticker', 35, 10, 'mypage.product.hw_package6_icecube_small.title', 0, ''),
(3, 1, 's_sticker_arrow_down', 'Sticker', 36, 0, 'Flecha abajo', 0, ''),
(4, 1, 's_sticker_arrow_left', 'Sticker', 36, 0, 'Flecha izquierda', 0, ''),
(5, 1, 's_sticker_arrow_up', 'Sticker', 36, 0, 'Flecha arriba', 0, ''),
(7, 1, 's_finger_push', 'Sticker', 36, 0, 'Dedo', 0, ''),
(6, 1, 's_sticker_arrow_right', 'Sticker', 36, 0, 'Flecha derecha', 0, ''),
(8, 1, 's_sticker_pointing_hand_1', 'Sticker', 36, 0, 'Señalando 1', 0, ''),
(9, 1, 's_sticker_pointing_hand_2', 'Sticker', 36, 0, 'Señalando 2', 0, ''),
(10, 1, 's_sticker_pointing_hand_3', 'Sticker', 36, 0, 'Señalando 3', 0, ''),
(11, 1, 's_sticker_pointing_hand_4', 'Sticker', 36, 0, 'Señalando 4', 0, ''),
(22, 1, 's_nail2', 'Sticker', 36, 0, 'Clavo', 0, ''),
(23, 1, 's_nail3', 'Sticker', 36, 0, 'mypage.sticker.nail3.title', 0, ''),
(36, 1, 's_needle_1', 'Sticker', 36, 0, 'Aguja 1', 0, ''),
(37, 1, 's_needle_2', 'Sticker', 36, 0, 'Aguja 2', 0, ''),
(38, 1, 's_needle_3', 'Sticker', 36, 0, 'Aguja 3', 0, ''),
(39, 1, 's_needle_4', 'Sticker', 36, 0, 'Aguja 4', 0, ''),
(40, 1, 's_needle_5', 'Sticker', 36, 0, 'Aguja 5', 0, ''),
(89, 1, 's_sticker_flower1', 'Sticker', 37, 0, 'Flor', 0, ''),
(90, 1, 's_sticker_flower_big_yellow', 'Sticker', 37, 0, 'Flores amarillas', 0, ''),
(91, 1, 's_sticker_flower_pink', 'Sticker', 37, 0, 'Flores rosas', 0, ''),
(24, 1, 's_i_love_bobba', 'Sticker', 38, 0, 'Placa Bobba', 0, ''),
(77, 1, 's_i_love_coffee', 'Sticker', 38, 0, 'Placa Café', 0, ''),
(84, 1, 's_sticker_effect_bam', 'Sticker', 38, 0, '¡Pum!', 0, ''),
(85, 1, 's_sticker_effect_burp', 'Sticker', 38, 0, '¡Puff!', 0, ''),
(86, 1, 's_sticker_effect_woosh', 'Sticker', 38, 0, '¡Whau!', 0, ''),
(87, 1, 's_sticker_effect_zap', 'Sticker', 38, 0, '¡Flip!', 0, ''),
(88, 1, 's_sticker_effect_whoosh2', 'Sticker', 38, 0, '¡Whau 2!', 0, ''),
(697, 1, 's_icecube_small', 'Sticker', 39, 0, 'Cubito', 0, ''),
(621, 1, 's_ss_snowballmachine', 'Sticker', 39, 0, 'Máquina de bolas', 0, ''),
(575, 1, 's_icecube_big', 'Sticker', 39, 0, 'Cubito', 0, ''),
(617, 1, 's_bootsitjalapaset_red', 'Sticker', 39, 0, 'Botas y guantes', 0, ''),
(620, 1, 's_ss_hits_by_snowball', 'Sticker', 39, 0, 'Nieve', 0, ''),
(564, 1, 's_extra_ss_duck_left', 'Sticker', 39, 0, 'Pato nevado', 0, ''),
(626, 1, 's_ss_snowtree', 'Sticker', 39, 0, 'Árbol nevado', 0, ''),
(618, 1, 's_ss_costume_blue', 'Sticker', 39, 0, 'Traje, botas y guantes', 0, ''),
(565, 1, 's_extra_ss_duck_right', 'Sticker', 39, 0, 'Pato nevado', 0, ''),
(624, 1, 's_ss_snowman', 'Sticker', 39, 0, 'Muñeco de nieve', 0, ''),
(615, 1, 's_ss_bootsitjalapaset_blue', 'Sticker', 39, 0, 'Botas y guantes', 0, ''),
(619, 1, 's_ss_costume_red', 'Sticker', 39, 0, 'Traje, botas y guantes', 0, ''),
(623, 1, 's_ss_snowflake2', 'Sticker', 39, 0, 'Estrella nevada', 0, ''),
(625, 1, 's_ss_snowqueen', 'Sticker', 39, 0, 'Muñeca de nieve', 0, ''),
(62, 1, 's_battle1', 'Sticker', 40, 0, 'Batalla 1', 0, ''),
(63, 1, 's_battle3', 'Sticker', 40, 0, 'Batalla 2', 0, ''),
(566, 1, 's_eyeleft', 'Sticker', 42, 0, 'Ojo', 0, ''),
(567, 1, 's_eyeright', 'Sticker', 42, 0, 'Ojo', 0, ''),
(68, 1, 's_sticker_gurubeard_gray', 'Sticker', 42, 0, 'Barba grisácea', 0, ''),
(69, 1, 's_sticker_gurubeard_brown', 'Sticker', 42, 0, 'Barba amarronada', 0, ''),
(70, 1, 's_sticker_glasses_supernerd', 'Sticker', 42, 0, 'De científico loco', 0, ''),
(71, 1, 's_sticker_glasses_elton', 'Sticker', 42, 0, 'Gafas molonas', 0, ''),
(72, 1, 's_sticker_eyes_blue', 'Sticker', 42, 0, 'Azul...', 0, ''),
(73, 1, 's_sticker_eye_anim', 'Sticker', 42, 0, 'Ojo animado', 0, ''),
(74, 1, 's_sticker_eye_evil_anim', 'Sticker', 42, 0, 'Ojo endiablado', 0, ''),
(694, 1, 's_sticker_eraser', 'Sticker', 44, 0, 'Borrador', 0, ''),
(713, 1, 's_star', 'Sticker', 44, 0, 'Estrella', 0, ''),
(711, 1, 's_sticker_pencil', 'Sticker', 44, 0, 'Lápiz', 0, ''),
(629, 1, 's_sticker_dreamer', 'Sticker', 44, 0, 'Soñador', 0, ''),
(712, 1, 's_sticker_pencil_2', 'Sticker', 44, 0, 'Lápiz', 0, ''),
(631, 1, 's_sticker_lonewolf', 'Sticker', 44, 0, 'Lobo Solitario', 0, ''),
(634, 1, 's_sticker_prankster', 'Sticker', 44, 0, 'Bromista', 0, ''),
(635, 1, 's_sticker_romantic', 'Sticker', 44, 0, 'Romántico', 0, ''),
(15, 1, 's_redlamp', 'Sticker', 44, 0, 'Lámpara Roja', 0, ''),
(14, 1, 's_lightbulb', 'Sticker', 44, 0, 'Bombilla', 0, ''),
(26, 1, 's_bullet1', 'Sticker', 44, 0, 'Agujeros de bala', 0, ''),
(27, 1, 's_spill1', 'Sticker', 44, 0, 'Derramado 1', 0, ''),
(28, 1, 's_spill2', 'Sticker', 44, 0, 'Derramado 2', 0, ''),
(29, 1, 's_spill3', 'Sticker', 44, 0, 'Derramado 3', 0, ''),
(30, 1, 's_sticker_coffee_stain', 'Sticker', 44, 0, 'Mancha de café', 0, ''),
(31, 1, 's_sticker_hole', 'Sticker', 44, 0, 'Agujero', 0, ''),
(32, 1, 's_sticker_flames', 'Sticker', 44, 0, 'Llamas', 0, ''),
(33, 1, 's_paper_clip_1', 'Sticker', 44, 0, 'mypage.sticker.paper_clip_1.title', 0, ''),
(34, 1, 's_paper_clip_2', 'Sticker', 44, 0, 'Clip 2', 0, ''),
(35, 1, 's_paper_clip_3', 'Sticker', 44, 0, 'Clip3', 0, ''),
(41, 1, 's_highlighter_1', 'Sticker', 44, 0, 'Lo más 1', 0, ''),
(42, 1, 's_highlighter_mark5', 'Sticker', 44, 0, 'Lo más', 0, ''),
(43, 1, 's_highlighter_mark6', 'Sticker', 44, 0, 'Lo más', 0, ''),
(44, 1, 's_highlighter_mark4b', 'Sticker', 44, 0, 'Lo más', 0, ''),
(45, 1, 's_highlighter_2', 'Sticker', 44, 0, 'Lo más 2', 0, ''),
(46, 1, 's_highlighter_mark1', 'Sticker', 44, 0, 'Lo más', 0, ''),
(47, 1, 's_highlighter_mark2', 'Sticker', 44, 0, 'Lo más', 0, ''),
(48, 1, 's_highlighter_mark3', 'Sticker', 44, 0, 'Lo más', 0, ''),
(51, 1, 's_plaster', 'Sticker', 44, 0, 'Tirita', 0, ''),
(52, 1, 's_plaster2', 'Sticker', 44, 0, 'Tirita', 0, ''),
(57, 1, 's_sticker_croco', 'Sticker', 44, 0, 'cocodrilo', 0, ''),
(60, 1, 's_fish', 'Sticker', 44, 0, 'Pescado', 0, ''),
(61, 1, 's_parrot', 'Sticker', 44, 0, 'Loro', 0, ''),
(64, 1, 's_sticker_sleeping_habbo', 'Sticker', 44, 0, 'Habbo en sueños', 0, ''),
(75, 1, 's_burger', 'Sticker', 44, 0, 'Hamburguesa', 0, ''),
(76, 1, 's_juice', 'Sticker', 44, 0, 'Zumo', 0, ''),
(78, 1, 's_sticker_coffee_steam_blue', 'Sticker', 44, 0, 'Mancha de café azul', 0, ''),
(79, 1, 's_sticker_coffee_steam_grey', 'Sticker', 44, 0, 'Mancha de café gris', 0, ''),
(80, 1, 's_cassette1', 'Sticker', 44, 0, 'Cassette', 0, ''),
(81, 1, 's_cassette2', 'Sticker', 44, 0, 'Cassette', 0, ''),
(82, 1, 's_cassette3', 'Sticker', 44, 0, 'Cassette', 0, ''),
(83, 1, 's_cassette4', 'Sticker', 44, 0, 'Cassette', 0, ''),
(98, 1, 's_football', 'Sticker', 44, 0, 'Fútbol', 0, ''),
(1626, 1, 'b_bg_fondo_foqb', 'Background', 52, 0, '', 0, ''),
(1618, 1, 'b_es_el_internardo_bg_v1', 'Background', 52, 0, '', 0, ''),
(724, 1, 'b_bg_bobbaheart', 'Background', 52, 0, 'Corazón Bobba', 0, ''),
(725, 1, 'b_bg_rain', 'Background', 52, 0, 'Lluvia', 0, ''),
(726, 1, 'b_bg_serpentine_1', 'Background', 52, 0, 'Serpentina 1', 0, ''),
(727, 1, 'b_bg_serpentine_2', 'Background', 52, 0, 'Serpentina 2', 0, ''),
(728, 1, 'b_bg_serpentine_darkblue', 'Background', 52, 0, 'Serpentina Azul', 0, ''),
(729, 1, 'b_bg_serpntine_darkred', 'Background', 52, 0, 'mypage.background.bg_serpntine_darkred.title', 0, ''),
(140, 1, 'b_bg_denim', 'Background', 52, 0, 'Vaqueros', 0, ''),
(141, 1, 'b_bg_lace', 'Background', 52, 0, 'Encaje', 0, ''),
(142, 1, 'b_bg_stitched', 'Background', 52, 0, 'Bordado', 0, ''),
(143, 1, 'b_bg_wood', 'Background', 52, 0, 'Madera', 0, ''),
(144, 1, 'b_bg_cork', 'Background', 52, 0, 'Corcho', 0, ''),
(145, 1, 'b_bg_stone', 'Background', 52, 0, 'Piedra', 0, ''),
(146, 1, 'b_bg_pattern_bricks', 'Background', 52, 0, 'Ladrillos', 0, ''),
(147, 1, 'b_bg_ruled_paper', 'Background', 52, 0, 'Papel cuadriculado', 0, ''),
(148, 1, 'b_bg_grass', 'Background', 52, 0, 'Hierba', 0, ''),
(149, 1, 'b_bg_hotel', 'Background', 52, 0, 'Nubes', 0, ''),
(150, 1, 'b_bg_bubble', 'Background', 52, 0, 'Burbuja', 0, ''),
(151, 1, 'b_bg_pattern_bobbaskulls1', 'Background', 52, 0, 'Calavera Bobba', 0, ''),
(152, 1, 'b_bg_pattern_space', 'Background', 52, 0, 'Espacio', 0, ''),
(153, 1, 'b_bg_image_submarine', 'Background', 52, 0, 'Submarino', 0, ''),
(154, 1, 'b_bg_metal2', 'Background', 52, 0, 'Metal 2', 0, ''),
(155, 1, 'b_bg_broken_glass', 'Background', 52, 0, 'Cristal Roto', 0, ''),
(156, 1, 'b_bg_pattern_clouds', 'Background', 52, 0, 'Nubes', 0, ''),
(157, 1, 'b_bg_comic2', 'Background', 52, 0, 'Cómic 2', 0, ''),
(158, 1, 'b_bg_pattern_floral_01', 'Background', 52, 0, 'Floral 1', 0, ''),
(159, 1, 'b_bg_pattern_floral_02', 'Background', 52, 0, 'Floral 2', 0, ''),
(160, 1, 'b_bg_pattern_floral_03', 'Background', 52, 0, 'Floral 3', 0, ''),
(161, 1, 'b_bg_pattern_bulb', 'Background', 52, 0, 'Bombilla', 0, ''),
(162, 1, 'b_bg_pattern_cars', 'Background', 52, 0, 'Coches', 0, ''),
(164, 1, 'b_bg_pattern_plasto', 'Background', 52, 0, 'Plastic', 0, ''),
(165, 1, 'b_bg_pattern_tinyroom', 'Background', 52, 0, 'Habitación minúscula', 0, ''),
(166, 1, 'b_bg_pattern_hearts', 'Background', 52, 0, 'Corazones', 0, ''),
(167, 1, 'b_bg_pattern_abstract1', 'Background', 52, 0, 'Abstracto 1', 0, ''),
(168, 1, 'b_bg_bathroom_tile', 'Background', 52, 0, 'Azulejo', 0, ''),
(169, 1, 'b_bg_pattern_fish', 'Background', 52, 0, 'Peces', 0, ''),
(170, 1, 'b_bg_pattern_deepred', 'Background', 52, 0, 'Profundidad', 0, ''),
(171, 1, 'b_bg_colour_02', 'Background', 52, 0, '2', 0, ''),
(172, 1, 'b_bg_colour_03', 'Background', 52, 0, '3', 0, ''),
(173, 1, 'b_bg_colour_04', 'Background', 52, 0, '4', 0, ''),
(174, 1, 'b_bg_colour_05', 'Background', 52, 0, '5', 0, ''),
(175, 1, 'b_bg_colour_06', 'Background', 52, 0, '6', 0, ''),
(176, 1, 'b_bg_colour_07', 'Background', 52, 0, '7', 0, ''),
(177, 1, 'b_bg_colour_09', 'Background', 52, 0, '9', 0, ''),
(178, 1, 'b_bg_colour_10', 'Background', 52, 0, '10', 0, ''),
(179, 1, 'b_bg_colour_11', 'Background', 52, 0, '11', 0, ''),
(180, 1, 'b_bg_colour_13', 'Background', 52, 0, '13', 0, ''),
(181, 1, 'b_bg_colour_14', 'Background', 52, 0, '14', 0, ''),
(182, 1, 'b_bg_colour_15', 'Background', 52, 0, '15', 0, ''),
(183, 1, 'b_bg_colour_17', 'Background', 52, 0, '17', 0, ''),
(1, 1, 's', 'Sticker', 65, 0, 'ss', 0, '');

-- --------------------------------------------------------

--
-- Estructura de tabla para la tabla `system_config`
--

CREATE TABLE IF NOT EXISTS `system_config` (
  `id` int(10) NOT NULL AUTO_INCREMENT,
  `skey` varchar(100) COLLATE latin1_general_ci NOT NULL,
  `sval` varchar(110) COLLATE latin1_general_ci NOT NULL,
  PRIMARY KEY (`id`)
) ENGINE=MyISAM  DEFAULT CHARSET=latin1 COLLATE=latin1_general_ci AUTO_INCREMENT=55 ;

--
-- Volcar la base de datos para la tabla `system_config`
--

INSERT INTO `system_config` (`id`, `skey`, `sval`) VALUES
(1, 'server_game_port', '90'),
(2, 'server_game_maxconnections', '10000'),
(4, 'server_mus_port', '25'),
(6, 'server_mus_host', 'frikihotel.sytes.net'),
(8, 'lang', 'es'),
(9, 'welcomemessage_enable', '1'),
(10, 'wordfilter_enable', '1'),
(11, 'wordfilter_censor', '*****'),
(12, 'chatanims_enable', '1'),
(13, 'trading_enable', '1'),
(14, 'recycler_enable', '0'),
(15, 'recycler_minownertime', '10'),
(16, 'recycler_session_length', '30'),
(17, 'recycler_session_expirelength', '10080'),
(18, 'rooms_loadadvertisement_img', 'http://sgst'),
(48, 'purchase_pets', '1'),
(19, 'rooms_loadadvertisement_uri', 'http://info'),
(20, 'statuses_wave_duration', '2000'),
(21, 'statuses_carryitem_sipamount', '10'),
(22, 'statuses_carryitem_sipinterval', '10000'),
(23, 'statuses_carryitem_sipduration', '500'),
(24, 'rooms_roomban_duration', '15'),
(25, 'items_stacking_maxstackheight', '20'),
(28, 'navigator_roomsearch_maxresults', '40'),
(27, 'navigator_createroom_maxrooms', '10'),
(26, 'events_categorycount', '11'),
(29, 'navigator_opencategory_maxresults', '30'),
(30, 'navigator_favourites_maxrooms', '25'),
(31, 'events_deadevents_removeinterval', '120'),
(32, 'soundmachine_burntodisk_disktid', '1355'),
(35, 'game_bb_gamelength_seconds', '180'),
(34, 'game_scorewindow_restartgame_seconds', '1200'),
(33, 'game_countdown_seconds', '15'),
(42, 'server_remote_port', '0'),
(39, 'enableBoughtMessage', '0'),
(40, 'infobus_active', '0'),
(41, 'messenger_maxfriends', '900'),
(44, 'update_pixels', '30'),
(49, 'enableHappyHour', '0'),
(50, 'server_mus_enabled', '1'),
(51, 'users_online', '1'),
(52, 'rooms_loaded', '1'),
(53, 'ip', 'frikihotel.sytes.net'),
(54, 'lastRefreshOnline', '');

-- --------------------------------------------------------

--
-- Estructura de tabla para la tabla `system_requests`
--

CREATE TABLE IF NOT EXISTS `system_requests` (
  `id` int(20) NOT NULL AUTO_INCREMENT,
  `prosess` text CHARACTER SET latin1 COLLATE latin1_spanish_ci NOT NULL,
  `userid` int(20) NOT NULL,
  `info` text CHARACTER SET latin1 COLLATE latin1_spanish_ci NOT NULL,
  PRIMARY KEY (`id`)
) ENGINE=MyISAM  DEFAULT CHARSET=utf8 AUTO_INCREMENT=2 ;

--
-- Volcar la base de datos para la tabla `system_requests`
--


-- --------------------------------------------------------

--
-- Estructura de tabla para la tabla `system_stafflog`
--

CREATE TABLE IF NOT EXISTS `system_stafflog` (
  `id` int(5) NOT NULL AUTO_INCREMENT,
  `action` varchar(12) COLLATE latin1_general_ci NOT NULL,
  `message` text COLLATE latin1_general_ci,
  `note` text COLLATE latin1_general_ci,
  `userid` int(11) NOT NULL,
  `targetid` int(11) DEFAULT NULL,
  `timestamp` varchar(50) COLLATE latin1_general_ci DEFAULT NULL,
  PRIMARY KEY (`id`)
) ENGINE=MyISAM  DEFAULT CHARSET=latin1 COLLATE=latin1_general_ci AUTO_INCREMENT=58 ;

--
-- Volcar la base de datos para la tabla `system_stafflog`
--

INSERT INTO `system_stafflog` (`id`, `action`, `message`, `note`, `userid`, `targetid`, `timestamp`) VALUES
(1, 'Housekeeping', ' se ha conéctado con la Ip REMOTE_IP', 'login.php', 3, 0, '27-08-2011 12:43:30'),
(2, 'Housekeeping', 'Cambio de configuración del Servidor', 'server.php', 3, 0, ''),
(3, 'Housekeeping', 'Cambio de configuración del Sitio', 'cms_config.php', 3, 0, ''),
(4, 'Housekeeping', 'Cambio de configuración del Sitio', 'cms_config.php', 3, 0, ''),
(5, 'Housekeeping', ' se ha conéctado con la Ip REMOTE_IP', 'login.php', 1, 0, '28-08-2011 15:53:44'),
(6, 'Housekeeping', ' se ha conéctado con la Ip REMOTE_IP', 'login.php', 5, 0, '28-08-2011 18:33:59'),
(7, 'Housekeeping', 'Creación de un Artículo', 'news_compose.php', 5, 0, ''),
(8, 'Housekeeping', ' se ha conéctado con la Ip REMOTE_IP', 'login.php', 5, 0, '28-08-2011 19:03:39'),
(9, 'Housekeeping', ' se ha conéctado con la Ip REMOTE_IP', 'login.php', 9, 0, '29-08-2011 11:25:11'),
(10, 'Housekeeping', ' se ha conéctado con la Ip REMOTE_IP', 'login.php', 10, 0, '30-08-2011 11:28:08'),
(11, 'Housekeeping', ' se ha conéctado con la Ip REMOTE_IP', 'login.php', 1, 0, '30-08-2011 11:30:52'),
(12, 'Housekeeping', ' se ha conéctado con la Ip REMOTE_IP', 'login.php', 10, 0, '30-08-2011 16:00:51'),
(13, 'Housekeeping', ' se ha conéctado con la Ip REMOTE_IP', 'login.php', 1, 0, '30-08-2011 22:16:19'),
(14, 'Housekeeping', ' se ha conéctado con la Ip REMOTE_IP', 'login.php', 23, 0, '31-08-2011 09:55:18'),
(15, 'Housekeeping', ' se ha conéctado con la Ip REMOTE_IP', 'login.php', 1, 0, '31-08-2011 09:58:03'),
(16, 'Housekeeping', 'Cambio de configuración del Servidor en Mensaje de Bienvenida', 'welcomemsg.php', 1, 0, ''),
(17, 'Housekeeping', ' se ha conéctado con la Ip REMOTE_IP', 'login.php', 1, 0, '31-08-2011 11:29:55'),
(18, 'Housekeeping', ' se ha conéctado con la Ip REMOTE_IP', 'login.php', 9, 0, '31-08-2011 11:48:37'),
(19, 'Housekeeping', ' se ha conéctado con la Ip REMOTE_IP', 'login.php', 1, 0, '01-09-2011 09:10:23'),
(20, 'Housekeeping', ' se ha conéctado con la Ip REMOTE_IP', 'login.php', 1, 0, '02-09-2011 14:22:22'),
(21, 'Housekeeping', ' se ha conéctado con la Ip REMOTE_IP', 'login.php', 1, 0, '02-09-2011 15:13:17'),
(22, 'Housekeeping', ' se ha conéctado con la Ip REMOTE_IP', 'login.php', 1, 0, '03-09-2011 12:37:28'),
(23, 'Housekeeping', 'Cambio de configuración del Servidor', 'server.php', 1, 0, ''),
(24, 'Housekeeping', ' se ha conéctado con la Ip REMOTE_IP', 'login.php', 10, 0, '03-09-2011 13:13:44'),
(25, 'Housekeeping', ' se ha conéctado con la Ip REMOTE_IP', 'login.php', 1, 0, '03-09-2011 17:06:18'),
(26, 'Housekeeping', 'Cambio de configuración del Sitio en Cliente', 'loader.php', 1, 0, ''),
(27, 'Housekeeping', 'Cambio de configuración del Sitio en Cliente', 'loader.php', 1, 0, ''),
(28, 'Housekeeping', 'Cambio de configuración del Sitio en Cliente', 'loader.php', 1, 0, ''),
(29, 'Housekeeping', ' se ha conéctado con la Ip REMOTE_IP', 'login.php', 1, 0, '03-09-2011 20:34:00'),
(30, 'Housekeeping', 'Cambio de configuración del Sitio en Disponibilidad', 'cms_config.php', 1, 0, ''),
(31, 'Housekeeping', 'Cambio de configuración del Sitio en Cliente', 'loader.php', 1, 0, ''),
(32, 'Housekeeping', 'Cambio de configuración del Sitio en Cliente', 'loader.php', 1, 0, ''),
(33, 'Housekeeping', 'Cambio de configuración del Sitio en Cliente', 'loader.php', 1, 0, ''),
(34, 'Housekeeping', 'Cambio de configuración del Sitio en Cliente', 'loader.php', 1, 0, ''),
(35, 'Housekeeping', 'Cambio de configuración del Sitio en Cliente', 'loader.php', 1, 0, ''),
(36, 'Housekeeping', ' se ha conéctado con la Ip REMOTE_IP', 'login.php', 1, 0, '04-09-2011 11:12:59'),
(37, 'Housekeeping', ' se ha conéctado con la Ip REMOTE_IP', 'login.php', 23, 0, '04-09-2011 13:16:56'),
(38, 'Housekeeping', ' se ha conéctado con la Ip REMOTE_IP', 'login.php', 10, 0, '05-09-2011 15:47:07'),
(39, 'Housekeeping', ' se ha conéctado con la Ip REMOTE_IP', 'login.php', 1, 0, '06-09-2011 22:34:51'),
(40, 'Housekeeping', 'Cambio de configuración del Sitio en Cliente', 'loader.php', 1, 0, ''),
(41, 'Housekeeping', 'Cambio de configuración del Sitio en Cliente', 'loader.php', 1, 0, ''),
(42, 'Housekeeping', 'Cambio de configuración del Sitio en Cliente', 'loader.php', 1, 0, ''),
(43, 'Housekeeping', ' se ha conéctado con la Ip REMOTE_IP', 'login.php', 1, 0, '07-09-2011 10:48:19'),
(44, 'Housekeeping', 'Cambio de configuración del Sitio en Cliente', 'loader.php', 1, 0, ''),
(45, 'Housekeeping', 'Cambio de configuración del Sitio en Cliente', 'loader.php', 1, 0, ''),
(46, 'Housekeeping', 'Cambio de configuración del Sitio en Cliente', 'loader.php', 1, 0, ''),
(47, 'Housekeeping', 'Cambio de configuración del Sitio en Cliente', 'loader.php', 1, 0, ''),
(48, 'Housekeeping', ' se ha conéctado con la Ip REMOTE_IP', 'login.php', 1, 0, '07-09-2011 12:39:22'),
(49, 'Housekeeping', 'Cambio de configuración del Servidor', 'server.php', 1, 0, ''),
(50, 'Housekeeping', 'Cambio de configuración del Servidor', 'server.php', 1, 0, ''),
(51, 'Housekeeping', 'Cambio de configuración del Sitio en Cliente', 'loader.php', 1, 0, ''),
(52, 'Housekeeping', 'Cambio de configuración del Sitio en Cliente', 'loader.php', 1, 0, ''),
(53, 'Housekeeping', ' se ha conéctado con la Ip REMOTE_IP', 'login.php', 2, 0, '11-09-2011 23:13:30'),
(54, 'Housekeeping', 'Cambio de configuración del Sitio', 'cms_config.php', 2, 0, ''),
(55, 'Housekeeping', 'Cambio de configuración del Servidor', 'server.php', 2, 0, ''),
(56, 'Housekeeping', ' se ha conéctado con la Ip REMOTE_IP', 'login.php', 2, 0, '11-09-2011 23:42:08'),
(57, 'Housekeeping', 'Creación de un Artículo', 'news_compose.php', 2, 0, '');

-- --------------------------------------------------------

--
-- Estructura de tabla para la tabla `system_stats`
--

CREATE TABLE IF NOT EXISTS `system_stats` (
  `id` int(5) NOT NULL AUTO_INCREMENT,
  `date` timestamp NOT NULL DEFAULT CURRENT_TIMESTAMP,
  `users` int(5) NOT NULL DEFAULT '0',
  `rooms` int(5) NOT NULL DEFAULT '0',
  PRIMARY KEY (`id`)
) ENGINE=InnoDB  DEFAULT CHARSET=utf8 AUTO_INCREMENT=2 ;

--
-- Volcar la base de datos para la tabla `system_stats`
--

INSERT INTO `system_stats` (`id`, `date`, `users`, `rooms`) VALUES
(1, '2011-01-14 20:51:56', 41, 9);

-- --------------------------------------------------------

--
-- Estructura de tabla para la tabla `system_strings`
--

CREATE TABLE IF NOT EXISTS `system_strings` (
  `id` int(5) NOT NULL AUTO_INCREMENT,
  `stringid` varchar(100) COLLATE latin1_general_ci NOT NULL DEFAULT 'null',
  `var_es` varchar(610) COLLATE latin1_general_ci DEFAULT NULL,
  PRIMARY KEY (`id`,`stringid`)
) ENGINE=MyISAM  DEFAULT CHARSET=latin1 COLLATE=latin1_general_ci AUTO_INCREMENT=52 ;

--
-- Volcar la base de datos para la tabla `system_strings`
--

INSERT INTO `system_strings` (`id`, `stringid`, `var_es`) VALUES
(1, 'console_onhotelview', 'En la vista del hotel.'),
(2, 'modtool_accesserror', '?Alto! No tienes el acceso necesario para usar la MOD-Tool.'),
(3, 'modtool_actionfail', 'No se pudo completar su solicitud.'),
(4, 'modtool_rankerror', 'No puedes aplicar cambios a este usuario.'),
(5, 'modtool_usernotfound', 'El usuario se?alado no existe o no se encuentra online.'),
(6, 'room_rightsreset', 'El propietario de la Sala ha reseteado los derechos.\r\n\r\nPor favor reinicia la Sala.'),
(7, 'trading_disabled', 'El Tradeo se encuentra desactivado.'),
(8, 'trading_nottradeable', 'Lo sentimos, pero el furni no es tradeable.'),
(9, 'welcomemessage_text', '¡Hola Gente !'),
(10, 'console_inpublicroom', 'En alguna Sala p?blica.'),
(11, 'room_stafflocked', 'Lo sentimos, pero no puedes acceder a esta Sala.'),
(12, 'room_full', 'La Sala esta llena.'),
(13, 'room_infobus_closed', 'El InfoBus no se encuentra activo.'),
(14, 'scommand_hotelalert', ' '),
(15, 'scommand_failed', '?Oops! No se pudo procesar tu solicitud.'),
(16, 'scommand_success', 'Solicitud procesada con ?xito.'),
(17, 'scommand_muted', 'Has sido callado.'),
(18, 'scommand_unmuted', 'Has sido descallado.'),
(19, 'scommand_rankalert', '?Atenci?n Staffs!\r\n'),
(20, 'banreport_header', 'Reporte de Baneo para'),
(21, 'common_userrank', 'Rango'),
(22, 'common_ip', 'IP'),
(23, 'banreport_banner', 'Baneado por'),
(24, 'banreport_posted', 'Baneado el'),
(25, 'banreport_expires', 'Expira el'),
(29, 'banreport_affectedusernames', 'Usuarios afectados:'),
(26, 'banreport_reason', 'Razon'),
(27, 'banreport_ipbanflag', 'Baneo de IP'),
(28, 'banreport_staffnote', 'Nota del Staff'),
(29, 'userinfo_header', 'Informaci?n Virtual'),
(30, 'userinfo_accesserror', 'Lo sentimos, pero no puedes acceder a esta informaci?n.'),
(31, 'common_usernotfound', 'El usuario no ha sido encontrado.'),
(32, 'common_userid', 'ID'),
(33, 'common_username', 'Nombre de usuario'),
(34, 'common_usermission', 'Misi?n'),
(35, 'common_email', 'Email'),
(36, 'common_credits', 'Cr?ditos'),
(37, 'common_pixels', 'P?xeles'),
(38, 'common_tickets', 'Tickets'),
(39, 'common_birth', 'Fecha de Nacimiento'),
(40, 'common_hbirth', 'Registrado el'),
(41, 'common_online', 'Online'),
(42, 'common_yes', 'Si'),
(43, 'common_no', 'No'),
(44, 'common_location', 'Localizaci?n'),
(45, 'common_owner', 'Propietario'),
(46, 'common_room', 'Sala'),
(47, 'common_hotelview', 'En la vista del hotel.'),
(48, 'common_lastaccess', '?ltima conexi?n'),
(49, 'cfh_picked_up', 'Esta llamada ya ha sido atendida.'),
(50, 'cfh_deleted', 'Esta llamada ha sido eliminada.'),
(51, 'catalogue_reload', 'El cat?logo ha sido reecargado.\r\nPor favor reinicia el Hotel.');

-- --------------------------------------------------------

--
-- Estructura de tabla para la tabla `system_wordsfilter`
--

CREATE TABLE IF NOT EXISTS `system_wordsfilter` (
  `id` int(11) NOT NULL AUTO_INCREMENT,
  `word` varchar(100) NOT NULL,
  PRIMARY KEY (`id`)
) ENGINE=MyISAM  DEFAULT CHARSET=latin1 COMMENT='Filtro de Palabras' AUTO_INCREMENT=44 ;

--
-- Volcar la base de datos para la tabla `system_wordsfilter`
--

INSERT INTO `system_wordsfilter` (`id`, `word`) VALUES
(1, 'puto'),
(2, 'puta'),
(3, 'pendejo'),
(4, 'pendeja'),
(5, 'pito'),
(6, 'verga'),
(7, 'pene'),
(8, 'vagina'),
(9, 'cabron'),
(10, 'cabrona'),
(11, 'chingada'),
(12, 'chingados'),
(13, 'mierda'),
(14, 'popo'),
(15, 'shit'),
(16, 'motherfucker'),
(17, 'motherfuck'),
(18, 'p.u.t.o'),
(19, 'p.u.t.h.o'),
(20, 'putho'),
(21, 'mamawebo'),
(22, 'mamahuevo'),
(23, 'mmg'),
(24, 'putha'),
(25, 'putho'),
(26, 'pija'),
(27, 'dick'),
(28, 'bitch'),
(29, 'b!tch'),
(30, 'dumbass'),
(31, 'joto'),
(32, 'jotho'),
(33, 'asshole'),
(34, 'culo'),
(35, 'm.i.e.r.d.a'),
(36, 'hijo de puta'),
(37, 'hija de puta'),
(39, 'joder'),
(40, 'putas'),
(41, 'zorra'),
(42, '.com'),
(43, '.es');

-- --------------------------------------------------------

--
-- Estructura de tabla para la tabla `tele_links`
--

CREATE TABLE IF NOT EXISTS `tele_links` (
  `tele_one_id` int(10) unsigned NOT NULL,
  `tele_two_id` int(10) unsigned NOT NULL,
  KEY `tele_one_id` (`tele_one_id`)
) ENGINE=MyISAM DEFAULT CHARSET=latin1;

--
-- Volcar la base de datos para la tabla `tele_links`
--


-- --------------------------------------------------------

--
-- Estructura de tabla para la tabla `users`
--

CREATE TABLE IF NOT EXISTS `users` (
  `id` int(11) unsigned NOT NULL AUTO_INCREMENT,
  `username` varchar(50) NOT NULL,
  `real_name` varchar(100) NOT NULL DEFAULT '',
  `password` varchar(164) NOT NULL,
  `mail` varchar(50) NOT NULL DEFAULT 'defaultuser@meth0d.org',
  `auth_ticket` varchar(240) NOT NULL,
  `rank` int(11) unsigned NOT NULL DEFAULT '1',
  `credits` int(11) NOT NULL DEFAULT '50000',
  `vip_points` int(11) NOT NULL DEFAULT '0',
  `activity_points` int(11) NOT NULL DEFAULT '0',
  `activity_points_lastupdate` double NOT NULL DEFAULT '0',
  `look` varchar(160) NOT NULL DEFAULT 'hr-115-42.hd-190-1.ch-215-62.lg-285-91.sh-290-62',
  `gender` enum('M','F') NOT NULL DEFAULT 'M',
  `motto` varchar(50) NOT NULL,
  `account_created` varchar(50) NOT NULL,
  `last_online` varchar(50) NOT NULL,
  `online` enum('0','1') NOT NULL DEFAULT '0',
  `ip_last` varchar(120) NOT NULL,
  `ip_reg` varchar(120) NOT NULL,
  `home_room` int(10) unsigned NOT NULL DEFAULT '0',
  `respect` int(11) NOT NULL DEFAULT '0',
  `daily_respect_points` int(11) NOT NULL DEFAULT '3',
  `daily_pet_respect_points` int(11) NOT NULL DEFAULT '3',
  `newbie_status` int(11) NOT NULL DEFAULT '0',
  `is_muted` enum('0','1') NOT NULL DEFAULT '0',
  `mutant_penalty` enum('0','1','2') NOT NULL DEFAULT '0',
  `mutant_penalty_expire` int(11) NOT NULL DEFAULT '0',
  `block_newfriends` enum('0','1') NOT NULL DEFAULT '0',
  `hide_online` enum('0','1') NOT NULL DEFAULT '0',
  `hide_inroom` enum('0','1') NOT NULL DEFAULT '0',
  `mail_verified` varchar(6) NOT NULL DEFAULT '0',
  `vip` enum('0','1') NOT NULL DEFAULT '0',
  `birth` varchar(100) NOT NULL DEFAULT '',
  `browser` varchar(100) NOT NULL DEFAULT '',
  `web_online` varchar(100) NOT NULL,
  `rpx_name` varchar(100) NOT NULL,
  `rpxid` varchar(200) NOT NULL,
  `rpx_type` varchar(100) NOT NULL,
  `postcount` bigint(20) NOT NULL,
  `token` varchar(20) NOT NULL,
  `client_token` varchar(50) NOT NULL,
  `newsletter` enum('0','1') NOT NULL DEFAULT '1',
  `predermited` enum('Yes','No') NOT NULL DEFAULT 'Yes',
  `account_creates` int(20) NOT NULL,
  `suspend` enum('0','1') NOT NULL DEFAULT '0',
  `referid` int(120) NOT NULL DEFAULT '0',
  `name_allreadychanged` enum('0','1') NOT NULL,
  `ticket_market` int(10) NOT NULL DEFAULT '0',
  PRIMARY KEY (`id`)
) ENGINE=MyISAM  DEFAULT CHARSET=latin1 AUTO_INCREMENT=9 ;

--
-- Volcar la base de datos para la tabla `users`
--

INSERT INTO `users` (`id`, `username`, `real_name`, `password`, `mail`, `auth_ticket`, `rank`, `credits`, `vip_points`, `activity_points`, `activity_points_lastupdate`, `look`, `gender`, `motto`, `account_created`, `last_online`, `online`, `ip_last`, `ip_reg`, `home_room`, `respect`, `daily_respect_points`, `daily_pet_respect_points`, `newbie_status`, `is_muted`, `mutant_penalty`, `mutant_penalty_expire`, `block_newfriends`, `hide_online`, `hide_inroom`, `mail_verified`, `vip`, `birth`, `browser`, `web_online`, `rpx_name`, `rpxid`, `rpx_type`, `postcount`, `token`, `client_token`, `newsletter`, `predermited`, `account_creates`, `suspend`, `referid`, `name_allreadychanged`, `ticket_market`) VALUES
(1, 'Doraemon', '', 'raretrade', 'doraemonkm@gmail.com', '1', 7, 14450, 0, 15700, 1315760581, 'hd-190-3.hr-155-45.lg-281-64.ch-3111-73-64.sh-305-65', 'M', '', '08-09-2011', '11/09/2011 19:06:09', '0', '190.80.185.39', '', 1055, 0, 3, 3, 1, '0', '0', 0, '0', '0', '0', '0', '0', '25-10-1996', 'Mozilla/5.0 (Windows NT 6.1; WOW64; rv:6.0.2) Gecko/20100101 Firefox/6.0.2190.80.185.39', '1315778596', '', '8855055407', 'habboid', 0, 'a59233ca8d', '24a41a704cd48041c52a95da7d0124e781d9c398045f4', '1', 'Yes', 0, '0', 0, '0', 0),
(2, 'XjonhithaxX', '', 'jonathan1', 'jonathan---2010@hotmail.es', '2', 7, 14613, 0, 13300, 1315758885, 'hr-3020-48.lg-280-76.he-3081-1341.ea-1406-.wa-2009-1325.cc-3007-1329.cp-3124-88', 'M', '', '11-09-2011', '', '1', '200.126.122.175', '', 1060, 0, 3, 3, 1, '0', '0', 0, '0', '0', '0', '0', '0', '2-9-1995', 'Mozilla/5.0 (Windows NT 5.1) AppleWebKit/535.1 (KHTML, like Gecko) Chrome/13.0.782.220 Safari/535.12', '1315777941', '', '8030276914', 'habboid', 0, 'fea645680c', '6d4cd9179292b2d07a8033fcbe9da10a9511cb1b27aca', '1', 'Yes', 0, '0', 0, '0', 0),
(3, 'Chocolate', '', 'sabo80', 'chocolate.lupitha@hotmail.com', '3', 7, 134952, 0, 105349, 1315765201, 'ch-3050-92-92.hd-180-10.hr-831-45.he-3189-97.ea-1402-64.lg-3023-104', 'M', '', '12-09-2011', '', '0', '189.214.112.34', '', 1062, 0, 3, 3, 1, '0', '0', 0, '0', '0', '0', '0', '0', '21-7-1990', 'Mozilla/5.0 (Windows NT 5.1) AppleWebKit/535.1 (KHTML, like Gecko) Chrome/13.0.782.220 Safari/535.11', '1315784168', '', '5544142951', 'habboid', 0, '5915cf7ef6', '886679ea70c8369ff7c1f560dc3b58fd8223fa5b00195', '1', 'Yes', 0, '0', 0, '0', 0),
(5, 'H4ck3r', '', 'h4ck3rbaby', 'hgg@hbbv.com', '5', 1, 104939, 0, 100149, 1315763800, 'hr-500-38.lg-696-86.sh-3115-74.ha-3117-1339.he-3081-75.ea-1406-.fa-1206-86.ca-1810-.wa-2007-.cc-3066-74', 'M', '', '12-09-2011', '', '0', '83.55.18.165', '', 1065, 0, 3, 3, 1, '0', '0', 0, '0', '0', '0', '0', '0', '12-5-1997', 'Mozilla/5.0 (Windows NT 6.1; WOW64; rv:6.0.2) Gecko/20100101 Firefox/6.0.283.55.18.165', '1315782245', '', '0861084642', 'habboid', 0, 'c9c9128c17', '', '', 'Yes', 0, '0', 0, '0', 0),
(4, 'Monky', '', '123123', 'KiKi@hotmail.com', '4', 1, 104833, 0, 100299, 1315763459, 'wa-2006-.hr-677-31.fa-1202-1322.hd-209-1.cp-3122-1325.sh-295-67.lg-275-87', 'M', '', '12-09-2011', '11/09/2011 19:53:43', '0', '190.207.206.101', '', 1063, 0, 3, 3, 1, '0', '0', 0, '0', '0', '0', '0', '0', '2-1-1992', 'Mozilla/5.0 (Windows NT 5.1) AppleWebKit/535.1 (KHTML, like Gecko) Chrome/13.0.782.220 Safari/535.11', '1315781587', '', '9963430525', 'habboid', 0, '76c9cbb34b', '', '', 'Yes', 0, '0', 0, '1', 0),
(6, 'Cloud', '', 'diego123', 'eltrunks@hotmail.es', '6', 1, 104939, 0, 100199, 1315765352, 'lg-275-110.cc-3075-110.ch-3050-110-62.cp-3122-1338.hd-180-1.hr-831-39.ea-1401-110', 'M', '', '12-09-2011', '11/09/2011 20:28:00', '0', '186.10.79.141', '', 1066, 0, 3, 3, 1, '0', '0', 0, '0', '0', '0', '0', '0', '4-3-1991', 'Mozilla/5.0 (Windows NT 6.1) AppleWebKit/535.1 (KHTML, like Gecko) Chrome/13.0.782.220 Safari/535.11', '1315782621', '', '1368536884', 'habboid', 0, 'f92c89edd0', '', '', 'Yes', 0, '0', 0, '0', 0),
(7, 'Edgeworth', '', 'qwerty1', 'vice_elreybueno@hotmail.es', '7', 1, 104883, 0, 100299, 1315765592, 'hr-110-34.hd-3095-6.sh-3115-1341.ea-3107-1332.ca-3084-69.cc-3007-71', 'M', '', '12-09-2011', '11/09/2011 20:27:45', '0', '186.104.133.250', '', 1067, 0, 3, 3, 1, '0', '0', 0, '0', '0', '0', '0', '0', '18-12-1992', 'Mozilla/5.0 (Windows NT 6.0) AppleWebKit/535.1 (KHTML, like Gecko) Chrome/13.0.782.220 Safari/535.11', '1315782694', '', '8034008708', 'habboid', 0, '9c0d04457c', '', '', 'Yes', 0, '0', 0, '1', 0),
(8, 'Deface', '', 'wrestlemania', 'danalexis_deface@hotmail.com', '', 1, 99999, 0, 99999, 0, 'hd-207-20.ch-265-62.sh-905-82.ha-1008-.he-1608-.ea-1404-1337.ca-1817-.cc-3009-69', 'M', '', '12-09-2011', '', '0', '189.220.148.32', '', 0, 0, 3, 3, 0, '0', '0', 0, '0', '0', '0', '0', '0', '6-6-1998', 'Mozilla/5.0 (Windows NT 5.1) AppleWebKit/535.1 (KHTML, like Gecko) Chrome/13.0.782.220 Safari/535.11', '1315783369', '', '0984286630', 'habboid', 0, 'f83a819356', '', '', 'Yes', 0, '0', 0, '0', 0);

-- --------------------------------------------------------

--
-- Estructura de tabla para la tabla `user_achievements`
--

CREATE TABLE IF NOT EXISTS `user_achievements` (
  `user_id` int(10) unsigned NOT NULL,
  `achievement_id` int(10) unsigned NOT NULL,
  `achievement_level` int(11) NOT NULL,
  KEY `user_id` (`user_id`)
) ENGINE=MyISAM DEFAULT CHARSET=latin1;

--
-- Volcar la base de datos para la tabla `user_achievements`
--

INSERT INTO `user_achievements` (`user_id`, `achievement_id`, `achievement_level`) VALUES
(1, 11, 1),
(2, 11, 1),
(2, 21, 3),
(3, 11, 1),
(4, 11, 1),
(4, 9, 1),
(5, 11, 1),
(6, 11, 1),
(7, 11, 1),
(7, 9, 1);

-- --------------------------------------------------------

--
-- Estructura de tabla para la tabla `user_badges`
--

CREATE TABLE IF NOT EXISTS `user_badges` (
  `user_id` int(10) unsigned NOT NULL,
  `badge_id` varchar(100) NOT NULL,
  `badge_slot` int(11) NOT NULL DEFAULT '0',
  `iscurrent` enum('0','1') NOT NULL DEFAULT '0',
  KEY `user_id` (`user_id`)
) ENGINE=MyISAM DEFAULT CHARSET=latin1;

--
-- Volcar la base de datos para la tabla `user_badges`
--

INSERT INTO `user_badges` (`user_id`, `badge_id`, `badge_slot`, `iscurrent`) VALUES
(1, 'ACH_Login1', 0, '0'),
(1, 'Z63', 0, '0'),
(2, 'ACH_Login1', 0, '0'),
(2, 'Z63', 0, '0'),
(2, 'HC1', 0, '0'),
(2, 'ACH_VipClub1', 0, '0'),
(2, 'ACH_PetLover3', 0, '0'),
(2, 'ACH_BasicClub1', 0, '0'),
(3, 'ACH_Login1', 0, '0'),
(3, 'Z63', 0, '0'),
(4, 'ACH_Login1', 0, '0'),
(4, 'Z63', 0, '0'),
(4, 'ACH_Name1', 0, '0'),
(3, 'ACH_VipClub1', 0, '0'),
(3, 'HC1', 0, '0'),
(4, 'ACH_VipClub1', 0, '0'),
(3, 'ACH_BasicClub1', 0, '0'),
(5, 'ACH_Login1', 0, '0'),
(5, 'Z63', 0, '0'),
(5, 'ACH_VipClub1', 0, '0'),
(6, 'ACH_Login1', 0, '0'),
(6, 'Z63', 0, '0'),
(6, 'ACH_VipClub1', 0, '0'),
(7, 'ACH_Login1', 0, '0'),
(7, 'Z63', 0, '0'),
(7, 'ACH_VipClub1', 1, '0'),
(7, 'ACH_Name1', 0, '0');

-- --------------------------------------------------------

--
-- Estructura de tabla para la tabla `user_effects`
--

CREATE TABLE IF NOT EXISTS `user_effects` (
  `user_id` int(10) unsigned NOT NULL,
  `effect_id` int(11) NOT NULL DEFAULT '1',
  `total_duration` int(11) NOT NULL DEFAULT '3600',
  `is_activated` enum('0','1') NOT NULL DEFAULT '0',
  `activated_stamp` double NOT NULL DEFAULT '0',
  KEY `user_id` (`user_id`)
) ENGINE=MyISAM DEFAULT CHARSET=latin1;

--
-- Volcar la base de datos para la tabla `user_effects`
--


-- --------------------------------------------------------

--
-- Estructura de tabla para la tabla `user_favorites`
--

CREATE TABLE IF NOT EXISTS `user_favorites` (
  `user_id` int(10) unsigned NOT NULL,
  `room_id` int(10) unsigned NOT NULL,
  KEY `user_id` (`user_id`)
) ENGINE=MyISAM DEFAULT CHARSET=latin1;

--
-- Volcar la base de datos para la tabla `user_favorites`
--


-- --------------------------------------------------------

--
-- Estructura de tabla para la tabla `user_ignores`
--

CREATE TABLE IF NOT EXISTS `user_ignores` (
  `user_id` int(10) unsigned NOT NULL,
  `ignore_id` int(10) unsigned NOT NULL,
  KEY `user_id` (`user_id`)
) ENGINE=MyISAM DEFAULT CHARSET=latin1;

--
-- Volcar la base de datos para la tabla `user_ignores`
--


-- --------------------------------------------------------

--
-- Estructura de tabla para la tabla `user_info`
--

CREATE TABLE IF NOT EXISTS `user_info` (
  `user_id` int(11) NOT NULL,
  `bans` int(11) NOT NULL DEFAULT '0',
  `cautions` int(11) NOT NULL DEFAULT '0',
  `reg_timestamp` double NOT NULL DEFAULT '0',
  `login_timestamp` double NOT NULL DEFAULT '0',
  `cfhs` int(11) NOT NULL DEFAULT '0',
  `cfhs_abusive` int(11) NOT NULL DEFAULT '0',
  PRIMARY KEY (`user_id`)
) ENGINE=MyISAM DEFAULT CHARSET=latin1;

--
-- Volcar la base de datos para la tabla `user_info`
--


-- --------------------------------------------------------

--
-- Estructura de tabla para la tabla `user_items`
--

CREATE TABLE IF NOT EXISTS `user_items` (
  `id` int(10) unsigned NOT NULL AUTO_INCREMENT,
  `user_id` int(10) unsigned NOT NULL,
  `base_item` int(10) unsigned NOT NULL,
  `extra_data` text NOT NULL,
  PRIMARY KEY (`id`)
) ENGINE=MyISAM  DEFAULT CHARSET=latin1 AUTO_INCREMENT=5902 ;

--
-- Volcar la base de datos para la tabla `user_items`
--

INSERT INTO `user_items` (`id`, `user_id`, `base_item`, `extra_data`) VALUES
(5872, 1, 29317, ''),
(5871, 1, 29317, ''),
(5901, 1, 99082, ''),
(5900, 1, 99082, ''),
(5899, 1, 99082, ''),
(5898, 1, 99082, '');

-- --------------------------------------------------------

--
-- Estructura de tabla para la tabla `user_pets`
--

CREATE TABLE IF NOT EXISTS `user_pets` (
  `id` int(10) unsigned NOT NULL AUTO_INCREMENT,
  `user_id` int(10) unsigned NOT NULL,
  `room_id` int(10) unsigned NOT NULL,
  `name` varchar(32) NOT NULL DEFAULT 'Unnamed',
  `race` varchar(3) NOT NULL DEFAULT '000',
  `color` varchar(6) NOT NULL DEFAULT 'FFFFFF',
  `type` int(10) unsigned NOT NULL,
  `expirience` int(11) NOT NULL,
  `energy` int(11) NOT NULL,
  `nutrition` int(11) NOT NULL DEFAULT '100',
  `respect` int(11) NOT NULL DEFAULT '0',
  `createstamp` double NOT NULL DEFAULT '0',
  `x` int(11) NOT NULL DEFAULT '0',
  `y` int(11) NOT NULL DEFAULT '0',
  `z` double NOT NULL DEFAULT '0',
  PRIMARY KEY (`id`),
  KEY `user_id` (`user_id`)
) ENGINE=MyISAM  DEFAULT CHARSET=latin1 AUTO_INCREMENT=8 ;

--
-- Volcar la base de datos para la tabla `user_pets`
--

INSERT INTO `user_pets` (`id`, `user_id`, `room_id`, `name`, `race`, `color`, `type`, `expirience`, `energy`, `nutrition`, `respect`, `createstamp`, `x`, `y`, `z`) VALUES
(1, 2, 1061, 'xD', '0', 'FFFFFF', 14, 0, 100, 100, 0, 1315758127.76563, 0, 0, 0),
(2, 2, 1060, 'tOrtle', '0', 'FFFFFF', 9, 0, 100, 100, 0, 1315760613.32813, 0, 0, 0),
(3, 2, 1060, 'Dragonite', '0', 'FFFFFF', 12, 0, 100, 100, 0, 1315760633.09375, 0, 0, 0),
(4, 2, 1060, 'Chicken', '0', 'FFFFFF', 10, 0, 100, 100, 0, 1315760644.54687, 0, 0, 0),
(5, 2, 1060, 'Ranita', '1', 'FFFFFF', 11, 0, 100, 100, 0, 1315760651.71875, 0, 0, 0),
(6, 2, 1060, 'Aracnidus', '0', 'FFFFFF', 8, 0, 100, 100, 0, 1315760657.875, 0, 0, 0),
(7, 2, 1060, 'Ximpance', '0', 'FFFFFF', 14, 0, 100, 100, 0, 1315760667.14063, 0, 0, 0);

-- --------------------------------------------------------

--
-- Estructura de tabla para la tabla `user_presents`
--

CREATE TABLE IF NOT EXISTS `user_presents` (
  `item_id` int(10) unsigned NOT NULL,
  `base_id` int(10) unsigned NOT NULL,
  `amount` int(11) NOT NULL,
  `extra_data` text NOT NULL,
  `De` varchar(150) NOT NULL,
  `Para` varchar(150) NOT NULL,
  KEY `item_id` (`item_id`)
) ENGINE=MyISAM DEFAULT CHARSET=latin1;

--
-- Volcar la base de datos para la tabla `user_presents`
--


-- --------------------------------------------------------

--
-- Estructura de tabla para la tabla `user_quests`
--

CREATE TABLE IF NOT EXISTS `user_quests` (
  `id` int(10) unsigned NOT NULL AUTO_INCREMENT,
  `user_id` int(10) unsigned NOT NULL,
  `quest_id` int(10) unsigned NOT NULL,
  PRIMARY KEY (`id`)
) ENGINE=MyISAM DEFAULT CHARSET=latin1 AUTO_INCREMENT=1 ;

--
-- Volcar la base de datos para la tabla `user_quests`
--


-- --------------------------------------------------------

--
-- Estructura de tabla para la tabla `user_roomvisits`
--

CREATE TABLE IF NOT EXISTS `user_roomvisits` (
  `user_id` int(10) unsigned NOT NULL,
  `room_id` int(10) unsigned NOT NULL,
  `entry_timestamp` double NOT NULL,
  `exit_timestamp` double NOT NULL,
  `hour` int(11) NOT NULL,
  `minute` int(11) NOT NULL,
  KEY `user_id` (`user_id`)
) ENGINE=MyISAM DEFAULT CHARSET=latin1;

--
-- Volcar la base de datos para la tabla `user_roomvisits`
--


-- --------------------------------------------------------

--
-- Estructura de tabla para la tabla `user_stats`
--

CREATE TABLE IF NOT EXISTS `user_stats` (
  `id` int(7) NOT NULL,
  `RoomVisits` int(7) NOT NULL DEFAULT '0',
  `OnlineTime` int(7) NOT NULL DEFAULT '0',
  `Respect` int(6) NOT NULL DEFAULT '0',
  `RespectGiven` int(6) NOT NULL DEFAULT '0',
  `GiftsGiven` int(6) NOT NULL DEFAULT '0',
  `GiftsReceived` int(6) NOT NULL DEFAULT '0',
  `DailyRespectPoints` int(1) NOT NULL DEFAULT '3',
  `DailyPetRespectPoints` int(1) NOT NULL DEFAULT '3',
  `AchievementScore` int(7) NOT NULL DEFAULT '0',
  `quest_id` int(10) unsigned NOT NULL DEFAULT '0',
  `quest_progress` int(10) NOT NULL DEFAULT '0',
  `lev_builder` int(10) NOT NULL DEFAULT '0',
  `lev_social` int(10) NOT NULL DEFAULT '0',
  `lev_identity` int(10) NOT NULL DEFAULT '0',
  `lev_explore` int(10) NOT NULL DEFAULT '0',
  PRIMARY KEY (`id`)
) ENGINE=MyISAM DEFAULT CHARSET=latin1;

--
-- Volcar la base de datos para la tabla `user_stats`
--


-- --------------------------------------------------------

--
-- Estructura de tabla para la tabla `user_subscriptions`
--

CREATE TABLE IF NOT EXISTS `user_subscriptions` (
  `user_id` int(10) unsigned NOT NULL,
  `subscription_id` varchar(50) NOT NULL,
  `timestamp_activated` int(11) NOT NULL,
  `timestamp_expire` int(11) NOT NULL,
  `usedgifts` int(255) NOT NULL DEFAULT '0',
  `useddays` int(255) NOT NULL DEFAULT '1',
  KEY `user_id` (`user_id`)
) ENGINE=MyISAM DEFAULT CHARSET=latin1;

--
-- Volcar la base de datos para la tabla `user_subscriptions`
--

INSERT INTO `user_subscriptions` (`user_id`, `subscription_id`, `timestamp_activated`, `timestamp_expire`, `usedgifts`, `useddays`) VALUES
(2, 'habbo_club', 1315758098, 1326126098, 0, 1),
(2, 'habbo_vip', 1315758103, 1323534103, 0, 1),
(3, 'habbo_vip', 1315762604, 1318354604, 0, 1),
(3, 'habbo_club', 1315762608, 1318354608, 0, 1),
(4, 'habbo_vip', 1315763484, 1323539484, 0, 1),
(5, 'habbo_vip', 1315763827, 1323539827, 0, 1),
(6, 'habbo_vip', 1315764670, 1323540670, 0, 1),
(7, 'habbo_vip', 1315764706, 1323540706, 0, 1);

-- --------------------------------------------------------

--
-- Estructura de tabla para la tabla `user_tags`
--

CREATE TABLE IF NOT EXISTS `user_tags` (
  `id` int(11) NOT NULL AUTO_INCREMENT,
  `user_id` int(10) unsigned NOT NULL,
  `tag` varchar(100) NOT NULL,
  `groupid` int(11) NOT NULL DEFAULT '0',
  PRIMARY KEY (`id`),
  KEY `user_id` (`user_id`)
) ENGINE=MyISAM DEFAULT CHARSET=latin1 AUTO_INCREMENT=1 ;

--
-- Volcar la base de datos para la tabla `user_tags`
--


-- --------------------------------------------------------

--
-- Estructura de tabla para la tabla `user_wardrobe`
--

CREATE TABLE IF NOT EXISTS `user_wardrobe` (
  `user_id` int(10) unsigned NOT NULL,
  `slot_id` int(10) unsigned NOT NULL,
  `look` varchar(120) NOT NULL,
  `gender` enum('F','M') NOT NULL DEFAULT 'M',
  KEY `user_id` (`user_id`)
) ENGINE=MyISAM DEFAULT CHARSET=latin1;

--
-- Volcar la base de datos para la tabla `user_wardrobe`
--


-- --------------------------------------------------------

--
-- Estructura de tabla para la tabla `wired_items`
--

CREATE TABLE IF NOT EXISTS `wired_items` (
  `item_id` int(11) NOT NULL,
  `extra1` varchar(150) NOT NULL,
  `extra2` varchar(150) NOT NULL,
  `extra3` varchar(150) NOT NULL,
  `extra4` varchar(150) NOT NULL,
  `extra5` varchar(150) NOT NULL,
  `extra6` varchar(150) NOT NULL,
  `extra7` varchar(150) NOT NULL,
  `extra8` varchar(150) NOT NULL,
  `extra9` varchar(150) NOT NULL,
  `extra10` varchar(150) NOT NULL
) ENGINE=InnoDB DEFAULT CHARSET=latin1;

--
-- Volcar la base de datos para la tabla `wired_items`
--

INSERT INTO `wired_items` (`item_id`, `extra1`, `extra2`, `extra3`, `extra4`, `extra5`, `extra6`, `extra7`, `extra8`, `extra9`, `extra10`) VALUES
(5864, '1', '6', '0', '0', '0', '0', '0', '0', '0', '0'),
(5865, '5', '5866', '5867', '5868', '5869', '5870', '0', '0', '0', '0'),
(5878, '1', '4', '0', '0', '0', '0', '0', '0', '0', '0'),
(5879, '5', '5873', '5874', '5875', '5876', '5877', '0', '0', '0', '0'),
(5887, 'asdf', '', '', '', '', '', '', '', '', ''),
(5886, '5', '5880', '5881', '5882', '5883', '5884', '0', '0', '0', '0'),
(5975, '2', '5973', '5974', '0', '0', '0', '0', '0', '0', '0'),
(5979, '1', '5982', '0', '0', '0', '0', '0', '0', '0', '0'),
(5980, '1', '5981', '0', '0', '0', '0', '0', '0', '0', '0');

-- --------------------------------------------------------

--
-- Estructura de tabla para la tabla `wordfilter`
--

CREATE TABLE IF NOT EXISTS `wordfilter` (
  `word` varchar(100) NOT NULL,
  `replacement` varchar(100) NOT NULL,
  `strict` enum('1','0') NOT NULL,
  PRIMARY KEY (`word`),
  UNIQUE KEY `word` (`word`)
) ENGINE=MyISAM DEFAULT CHARSET=latin1;

--
-- Volcar la base de datos para la tabla `wordfilter`
--


