-- Table structure for table `items`
--

CREATE TABLE IF NOT EXISTS `items` (
  `id` int(10) NOT NULL AUTO_INCREMENT,
  `definitionid` int(10) NOT NULL,
  `ownerid` int(10) NOT NULL,
  `roomid` int(10) NOT NULL DEFAULT '0',
  `x` tinyint(3) unsigned NOT NULL DEFAULT '0',
  `y` tinyint(3) unsigned NOT NULL DEFAULT '0',
  `z` float unsigned NOT NULL DEFAULT '0',
  `rotation` tinyint(1) unsigned NOT NULL DEFAULT '0',
  `customdata` varchar(255) COLLATE latin1_general_ci DEFAULT NULL,
  `teleporterid` int(10) NOT NULL,
  `wallposition` varchar(22) COLLATE latin1_general_ci DEFAULT NULL,
  `postit_message` text COLLATE latin1_general_ci,
  PRIMARY KEY (`id`),
  UNIQUE KEY `itemid` (`id`)
) ENGINE=MyISAM  DEFAULT CHARSET=latin1 COLLATE=latin1_general_ci AUTO_INCREMENT=4386 ;

--
-- Dumping data for table `items`
--

INSERT INTO `items` (`id`, `definitionid`, `ownerid`, `roomid`, `x`, `y`, `z`, `rotation`, `customdata`, `teleporterid`, `wallposition`, `postit_message`) VALUES
(2554, 2969, 0, 105, 6, 0, 1, 4, 'o60', 0, NULL, NULL),
(2498, 2519, 0, 1, 5, 3, 0, 0, 'c53', 0, NULL, NULL),
(2496, 2367, 0, 1, 11, 2, 0, 0, 'a112', 0, NULL, NULL),
(3117, 2840, 0, 86, 9, 12, 0, 2, 'e912', 0, NULL, NULL),
(4079, 2759, 0, 79, 0, 3, 4, 0, 'a03', 0, NULL, NULL),
(2517, 2533, 0, 1, 2, 6, 0, 0, 'A26', 0, NULL, NULL),
(2515, 2509, 0, 1, 7, 5, 0, 2, 'b75', 0, NULL, NULL),
(2522, 2529, 0, 1, 1, 8, 0, 0, 'D18', 0, NULL, NULL),
(2538, 2514, 0, 1, 10, 20, 0, 0, 'K1020', 0, NULL, NULL),
(2548, 2415, 0, 1, 12, 27, 0, 0, 'd1227', 0, NULL, NULL),
(2551, 2415, 0, 1, 15, 27, 0, 0, 'd1527', 0, NULL, NULL),
(2540, 2514, 0, 1, 10, 22, 0, 0, 'K1022', 0, NULL, NULL),
(2539, 2514, 0, 1, 10, 21, 0, 0, 'K1021', 0, NULL, NULL),
(4034, 2715, 0, 75, 10, 20, 0, 2, 'k1020', 0, NULL, NULL),
(2547, 2513, 0, 1, 10, 25, 0, 0, 'J1025', 0, NULL, NULL),
(2546, 2512, 0, 1, 9, 25, 0, 0, 'I925', 0, NULL, NULL),
(2545, 2511, 0, 1, 8, 25, 0, 0, 'H825', 0, NULL, NULL),
(2531, 2510, 0, 1, 8, 15, 0, 0, 'P815', 0, NULL, NULL),
(2520, 2509, 0, 1, 0, 7, 0, 2, 'b07', 0, NULL, NULL),
(1705, 2869, 0, 89, 7, 5, 2, 4, 'b75', 0, NULL, NULL),
(2514, 2509, 0, 1, 0, 5, 0, 2, 'b05', 0, NULL, NULL),
(2537, 2514, 0, 1, 10, 19, 0, 0, 'K1019', 0, NULL, NULL),
(2536, 2514, 0, 1, 10, 18, 0, 0, 'K1018', 0, NULL, NULL),
(2985, 2681, 0, 72, 16, 3, 2, 4, 'b163', 0, NULL, NULL),
(2499, 2509, 0, 1, 7, 3, 0, 2, 'b73', 0, NULL, NULL),
(2497, 2509, 0, 1, 16, 2, 0, 2, 'b162', 0, NULL, NULL),
(2494, 2509, 0, 1, 16, 1, 0, 2, 'b161', 0, NULL, NULL),
(2549, 2508, 0, 1, 13, 27, 0, 0, 'f1327', 0, NULL, NULL),
(2550, 2507, 0, 1, 14, 27, 0, 0, 'e1427', 0, NULL, NULL),
(2528, 2506, 0, 1, 21, 8, 0, 0, 'o218', 0, NULL, NULL),
(2526, 2506, 0, 1, 19, 8, 0, 0, 'o198', 0, NULL, NULL),
(2505, 2367, 0, 1, 0, 4, 0, 0, 'a04', 0, NULL, NULL),
(2553, 2968, 0, 105, 5, 0, 1, 4, 's50', 0, NULL, NULL),
(2503, 2533, 0, 1, 19, 3, 0, 0, 'A193', 0, NULL, NULL),
(2502, 2509, 0, 1, 16, 3, 0, 2, 'b163', 0, NULL, NULL),
(2524, 2527, 0, 1, 3, 8, 0, 0, 'B38', 0, NULL, NULL),
(2516, 2521, 0, 1, 11, 5, 0, 6, 'q115', 0, NULL, NULL),
(2541, 2514, 0, 1, 10, 23, 0, 0, 'K1023', 0, NULL, NULL),
(2543, 2514, 0, 1, 10, 24, 0, 0, 'K1024', 0, NULL, NULL),
(2535, 2515, 0, 1, 10, 17, 0, 0, 'L1017', 0, NULL, NULL),
(2534, 2516, 0, 1, 10, 16, 0, 0, 'M1016', 0, NULL, NULL),
(2533, 2517, 0, 1, 10, 15, 0, 0, 'N1015', 0, NULL, NULL),
(2532, 2518, 0, 1, 9, 15, 0, 0, 'O915', 0, NULL, NULL),
(2489, 2367, 0, 1, 16, 0, 0, 0, 'a160', 0, NULL, NULL),
(3115, 2843, 0, 86, 1, 12, 0, 0, 'a112', 0, NULL, NULL),
(2493, 2367, 0, 1, 20, 0, 0, 0, 'a200', 0, NULL, NULL),
(2495, 2367, 0, 1, 7, 2, 0, 0, 'a72', 0, NULL, NULL),
(3839, 2569, 0, 2, 0, 2, 0, 2, 'A02', 0, NULL, NULL),
(2509, 2367, 0, 1, 4, 4, 0, 0, 'a44', 0, NULL, NULL),
(2513, 2367, 0, 1, 16, 4, 0, 0, 'a164', 0, NULL, NULL),
(2519, 2367, 0, 1, 11, 6, 0, 0, 'a116', 0, NULL, NULL),
(2521, 2367, 0, 1, 0, 8, 0, 0, 'a08', 0, NULL, NULL),
(2525, 2367, 0, 1, 4, 8, 0, 0, 'a48', 0, NULL, NULL),
(3301, 2874, 0, 90, 5, 3, 4, 2, 'c53', 0, NULL, NULL),
(2530, 2519, 0, 1, 9, 9, 0, 0, 'c99', 0, NULL, NULL),
(2529, 2520, 0, 1, 5, 9, 0, 0, 'E59', 0, NULL, NULL),
(2511, 2522, 0, 1, 11, 4, 0, 6, 'r114', 0, NULL, NULL),
(2501, 2523, 0, 1, 11, 3, 0, 6, 's113', 0, NULL, NULL),
(2492, 2524, 0, 1, 19, 0, 0, 4, 'v190', 0, NULL, NULL),
(2508, 2524, 0, 1, 3, 4, 0, 4, 'v34', 0, NULL, NULL),
(2491, 2525, 0, 1, 18, 0, 0, 4, 'w180', 0, NULL, NULL),
(2507, 2525, 0, 1, 2, 4, 0, 4, 'w24', 0, NULL, NULL),
(2490, 2526, 0, 1, 17, 0, 0, 4, 'y170', 0, NULL, NULL),
(2506, 2526, 0, 1, 1, 4, 0, 4, 'y14', 0, NULL, NULL),
(2523, 2528, 0, 1, 2, 8, 0, 0, 'C28', 0, NULL, NULL),
(2795, 2919, 0, 95, 1, 8, 1, 4, 'd18', 0, NULL, NULL),
(2510, 2530, 0, 1, 9, 4, 0, 0, 't94', 0, NULL, NULL),
(2500, 2531, 0, 1, 9, 3, 0, 0, 'u93', 0, NULL, NULL),
(2504, 2532, 0, 1, 20, 3, 0, 0, 'z203', 0, NULL, NULL),
(2518, 2532, 0, 1, 3, 6, 0, 0, 'z36', 0, NULL, NULL),
(2527, 2534, 0, 1, 20, 8, 0, 0, 'p208', 0, NULL, NULL),
(2512, 2535, 0, 1, 15, 4, 0, 0, 'h154', 0, NULL, NULL),
(2544, 2536, 0, 1, 7, 25, 0, 0, 'F725', 0, NULL, NULL),
(2542, 2537, 0, 1, 7, 24, 0, 0, 'G724', 0, NULL, NULL),
(2419, 2938, 0, 100, 16, 11, 2, 4, 'a1611', 0, NULL, NULL),
(4119, 2538, 0, 103, 20, 11, 0, 2, 'a2011', 0, NULL, NULL),
(4120, 2538, 0, 103, 16, 12, 0, 2, 'a1612', 0, NULL, NULL),
(3004, 2685, 0, 72, 20, 12, 0, 0, 'a2012', 0, NULL, NULL),
(4122, 2539, 0, 103, 10, 13, 0, 4, 'b1013', 0, NULL, NULL),
(4123, 2538, 0, 103, 16, 13, 0, 2, 'a1613', 0, NULL, NULL),
(4124, 2538, 0, 103, 20, 13, 0, 2, 'a2013', 0, NULL, NULL),
(4126, 2538, 0, 103, 20, 14, 0, 2, 'a2014', 0, NULL, NULL),
(4127, 2539, 0, 103, 10, 15, 0, 0, 'b1015', 0, NULL, NULL),
(3128, 2843, 0, 86, 1, 18, 0, 0, 'a118', 0, NULL, NULL),
(4129, 2538, 0, 103, 4, 18, 6, 2, 'a418', 0, NULL, NULL),
(4130, 2539, 0, 103, 11, 18, 0, 4, 'b1118', 0, NULL, NULL),
(4131, 2539, 0, 103, 10, 19, 0, 2, 'b1019', 0, NULL, NULL),
(4132, 2540, 0, 103, 11, 19, 0, 0, 'c1119', 0, NULL, NULL),
(4133, 2539, 0, 103, 12, 19, 0, 6, 'b1219', 0, NULL, NULL),
(4134, 2538, 0, 103, 18, 19, 0, 2, 'a1819', 0, NULL, NULL),
(4135, 2538, 0, 103, 22, 19, 0, 2, 'a2219', 0, NULL, NULL),
(4136, 2539, 0, 103, 11, 20, 0, 0, 'b1120', 0, NULL, NULL),
(4137, 2538, 0, 103, 18, 20, 0, 2, 'a1820', 0, NULL, NULL),
(4138, 2538, 0, 103, 22, 20, 0, 2, 'a2220', 0, NULL, NULL),
(4139, 2538, 0, 103, 4, 21, 6, 2, 'a421', 0, NULL, NULL),
(4140, 2538, 0, 103, 6, 21, 4, 2, 'a621', 0, NULL, NULL),
(4141, 2538, 0, 103, 18, 21, 0, 2, 'a1821', 0, NULL, NULL),
(4142, 2538, 0, 103, 22, 21, 0, 2, 'a2221', 0, NULL, NULL),
(4143, 2539, 0, 103, 2, 22, 9, 4, 'b222', 0, NULL, NULL),
(4144, 2538, 0, 103, 22, 22, 0, 2, 'a2222', 0, NULL, NULL),
(4145, 2539, 0, 103, 1, 23, 9, 2, 'b123', 0, NULL, NULL),
(3148, 2844, 0, 86, 2, 23, 0, 0, 'd223', 0, NULL, NULL),
(4147, 2539, 0, 103, 2, 24, 9, 0, 'b224', 0, NULL, NULL),
(4148, 2538, 0, 103, 11, 25, 2, 4, 'a1125', 0, NULL, NULL),
(4149, 2538, 0, 103, 12, 25, 2, 4, 'a1225', 0, NULL, NULL),
(4150, 2538, 0, 103, 13, 25, 2, 4, 'a1325', 0, NULL, NULL),
(4151, 2540, 0, 103, 14, 25, 2, 0, 'c1425', 0, NULL, NULL),
(2816, 2912, 0, 95, 15, 25, 1, 2, 'a1525', 0, NULL, NULL),
(4153, 2538, 0, 103, 16, 25, 2, 4, 'a1625', 0, NULL, NULL),
(4154, 2538, 0, 103, 17, 25, 2, 4, 'a1725', 0, NULL, NULL),
(4155, 2538, 0, 103, 13, 29, 2, 2, 'a1329', 0, NULL, NULL),
(4156, 2538, 0, 103, 15, 29, 2, 2, 'a1529', 0, NULL, NULL),
(4189, 2581, 0, 108, 17, 29, 1, 2, 'a1729', 0, NULL, NULL),
(4158, 2538, 0, 103, 13, 30, 2, 2, 'a1330', 0, NULL, NULL),
(4159, 2538, 0, 103, 15, 30, 2, 2, 'a1530', 0, NULL, NULL),
(4190, 2581, 0, 108, 17, 30, 1, 2, 'a1730', 0, NULL, NULL),
(3829, 2567, 0, 2, 0, 0, 0, 4, 'C00', 0, NULL, NULL),
(3830, 2568, 0, 2, 1, 0, 0, 4, 'B10', 0, NULL, NULL),
(3831, 2569, 0, 2, 2, 0, 0, 4, 'A20', 0, NULL, NULL),
(3832, 2569, 0, 2, 3, 0, 0, 4, 'A30', 0, NULL, NULL),
(3833, 2818, 0, 2, 5, 0, 0, 4, 'H50', 0, NULL, NULL),
(3834, 2571, 0, 2, 6, 0, 0, 4, 'E60', 0, NULL, NULL),
(3835, 2569, 0, 2, 7, 0, 0, 4, 'A70', 0, NULL, NULL),
(3836, 2572, 0, 2, 8, 0, 0, 4, 'F80', 0, NULL, NULL),
(3837, 2573, 0, 2, 10, 0, 0, 4, 'J100', 0, NULL, NULL),
(3838, 2568, 0, 2, 0, 1, 0, 2, 'B01', 0, NULL, NULL),
(3841, 2569, 0, 2, 0, 4, 0, 2, 'A04', 0, NULL, NULL),
(3842, 2572, 0, 2, 0, 5, 0, 2, 'F05', 0, NULL, NULL),
(3843, 2897, 0, 2, 3, 5, 0, 4, 'I35', 0, NULL, NULL),
(3844, 2575, 0, 2, 5, 5, 0, 0, 'D55', 0, NULL, NULL),
(3845, 2897, 0, 2, 8, 5, 0, 4, 'I85', 0, NULL, NULL),
(4289, 2576, 0, 62, 11, 10, 1, 0, 'm1110', 0, NULL, NULL),
(2801, 2919, 0, 95, 2, 11, 1, 0, 'd211', 0, NULL, NULL),
(2745, 2900, 0, 93, 2, 12, 0, 0, 'd212', 0, NULL, NULL),
(4292, 2577, 0, 62, 2, 15, 4, 2, 'd215', 0, NULL, NULL),
(3322, 2874, 0, 90, 6, 15, 1, 2, 'c615', 0, NULL, NULL),
(4294, 2578, 0, 62, 7, 15, 0, 0, 'c715', 0, NULL, NULL),
(4295, 2578, 0, 62, 8, 15, 0, 0, 'c815', 0, NULL, NULL),
(3323, 2874, 0, 90, 9, 15, 1, 6, 'c915', 0, NULL, NULL),
(4297, 2578, 0, 62, 10, 15, 0, 0, 'c1015', 0, NULL, NULL),
(4011, 2712, 0, 75, 12, 15, 0, 0, 'c1215', 0, NULL, NULL),
(1895, 2910, 0, 94, 13, 15, 5, 1, 'c1315', 0, NULL, NULL),
(4300, 2578, 0, 62, 14, 15, 0, 0, 'c1415', 0, NULL, NULL),
(4301, 2578, 0, 62, 15, 15, 0, 0, 'c1515', 0, NULL, NULL),
(4302, 2578, 0, 62, 16, 15, 0, 0, 'c1615', 0, NULL, NULL),
(2806, 2919, 0, 95, 2, 16, 1, 4, 'd216', 0, NULL, NULL),
(4304, 2578, 0, 62, 6, 20, 1, 0, 'c620', 0, NULL, NULL),
(4305, 2578, 0, 62, 7, 20, 1, 0, 'c720', 0, NULL, NULL),
(3590, 2785, 0, 82, 8, 20, 1, 4, 'c820', 0, NULL, NULL),
(4307, 2578, 0, 62, 9, 20, 1, 0, 'c920', 0, NULL, NULL),
(4308, 2578, 0, 62, 10, 20, 1, 0, 'c1020', 0, NULL, NULL),
(4309, 2578, 0, 62, 12, 20, 1, 0, 'c1220', 0, NULL, NULL),
(4310, 2578, 0, 62, 13, 20, 1, 0, 'c1320', 0, NULL, NULL),
(4311, 2578, 0, 62, 14, 20, 1, 0, 'c1420', 0, NULL, NULL),
(4312, 2578, 0, 62, 15, 20, 1, 0, 'c1520', 0, NULL, NULL),
(4313, 2578, 0, 62, 16, 20, 1, 0, 'c1620', 0, NULL, NULL),
(4314, 2578, 0, 62, 6, 23, 1, 0, 'c623', 0, NULL, NULL),
(4315, 2578, 0, 62, 7, 23, 1, 0, 'c723', 0, NULL, NULL),
(4316, 2578, 0, 62, 8, 23, 1, 0, 'c823', 0, NULL, NULL),
(4317, 2578, 0, 62, 9, 23, 1, 0, 'c923', 0, NULL, NULL),
(4318, 2578, 0, 62, 10, 23, 1, 0, 'c1023', 0, NULL, NULL),
(3597, 2785, 0, 82, 12, 23, 0, 2, 'c1223', 0, NULL, NULL),
(1932, 2910, 0, 94, 13, 23, 5, 3, 'c1323', 0, NULL, NULL),
(3599, 2785, 0, 82, 14, 23, 0, 6, 'c1423', 0, NULL, NULL),
(4322, 2578, 0, 62, 15, 23, 1, 0, 'c1523', 0, NULL, NULL),
(4323, 2578, 0, 62, 16, 23, 1, 0, 'c1623', 0, NULL, NULL),
(4324, 2578, 0, 62, 6, 26, 1, 0, 'c626', 0, NULL, NULL),
(4325, 2578, 0, 62, 7, 26, 1, 0, 'c726', 0, NULL, NULL),
(4326, 2578, 0, 62, 8, 26, 1, 0, 'c826', 0, NULL, NULL),
(4327, 2578, 0, 62, 9, 26, 1, 0, 'c926', 0, NULL, NULL),
(4328, 2578, 0, 62, 10, 26, 1, 0, 'c1026', 0, NULL, NULL),
(4329, 2578, 0, 62, 12, 26, 1, 0, 'c1226', 0, NULL, NULL),
(4330, 2578, 0, 62, 13, 26, 1, 0, 'c1326', 0, NULL, NULL),
(4331, 2578, 0, 62, 14, 26, 1, 0, 'c1426', 0, NULL, NULL),
(4332, 2578, 0, 62, 15, 26, 1, 0, 'c1526', 0, NULL, NULL),
(4333, 2578, 0, 62, 16, 26, 1, 0, 'c1626', 0, NULL, NULL),
(2405, 2938, 0, 100, 14, 2, 4, 2, 'a142', 0, NULL, NULL),
(262, 2579, 0, 63, 16, 2, 1, 4, 'a162', 0, NULL, NULL),
(263, 2579, 0, 63, 26, 2, 1, 4, 'a262', 0, NULL, NULL),
(264, 2579, 0, 63, 24, 3, 1, 2, 'a243', 0, NULL, NULL),
(265, 2579, 0, 63, 12, 4, 1, 2, 'a124', 0, NULL, NULL),
(266, 2579, 0, 63, 12, 6, 1, 2, 'a126', 0, NULL, NULL),
(267, 2580, 0, 63, 13, 14, 1, 6, 'b1314', 0, NULL, NULL),
(4012, 2710, 0, 75, 13, 15, 0, 6, 'b1315', 0, NULL, NULL),
(269, 2580, 0, 63, 13, 16, 1, 6, 'b1316', 0, NULL, NULL),
(270, 2579, 0, 63, 28, 27, 0, 4, 'a2827', 0, NULL, NULL),
(271, 2579, 0, 63, 27, 29, 0, 2, 'a2729', 0, NULL, NULL),
(272, 2580, 0, 63, 24, 33, 2, 6, 'b2433', 0, NULL, NULL),
(273, 2580, 0, 63, 24, 34, 2, 6, 'b2434', 0, NULL, NULL),
(274, 2580, 0, 63, 24, 35, 2, 6, 'b2435', 0, NULL, NULL),
(275, 2580, 0, 63, 21, 36, 2, 0, 'b2136', 0, NULL, NULL),
(276, 2580, 0, 63, 22, 36, 2, 0, 'b2236', 0, NULL, NULL),
(277, 2580, 0, 63, 23, 36, 2, 0, 'b2336', 0, NULL, NULL),
(4161, 2581, 0, 108, 24, 9, 3, 4, 'a249', 0, NULL, NULL),
(4162, 2581, 0, 108, 25, 9, 3, 4, 'a259', 0, NULL, NULL),
(4163, 2582, 0, 108, 28, 13, 3, 4, 'b2813', 0, NULL, NULL),
(4001, 2710, 0, 75, 29, 13, 0, 4, 'b2913', 0, NULL, NULL),
(4061, 2739, 0, 77, 3, 25, 0, 0, 'a325', 0, NULL, NULL),
(4166, 2583, 0, 108, 19, 17, 3, 6, 'e1917', 0, NULL, NULL),
(4167, 2583, 0, 108, 21, 17, 3, 2, 'e2117', 0, NULL, NULL),
(4168, 2583, 0, 108, 23, 17, 3, 6, 'e2317', 0, NULL, NULL),
(4169, 2583, 0, 108, 27, 17, 1, 4, 'e2717', 0, NULL, NULL),
(4170, 2584, 0, 108, 28, 17, 1, 4, 'd2817', 0, NULL, NULL),
(4171, 2584, 0, 108, 17, 18, 3, 2, 'd1718', 0, NULL, NULL),
(4172, 2584, 0, 108, 19, 18, 3, 6, 'd1918', 0, NULL, NULL),
(3696, 2897, 0, 84, 21, 18, 1, 2, 'd2118', 0, NULL, NULL),
(4174, 2584, 0, 108, 23, 18, 3, 6, 'd2318', 0, NULL, NULL),
(4175, 2583, 0, 108, 27, 19, 1, 0, 'e2719', 0, NULL, NULL),
(4176, 2584, 0, 108, 28, 19, 1, 0, 'd2819', 0, NULL, NULL),
(4177, 2583, 0, 108, 17, 23, 3, 2, 'e1723', 0, NULL, NULL),
(4178, 2583, 0, 108, 19, 23, 3, 6, 'e1923', 0, NULL, NULL),
(4179, 2583, 0, 108, 21, 23, 3, 2, 'e2123', 0, NULL, NULL),
(4180, 2583, 0, 108, 23, 23, 3, 6, 'e2323', 0, NULL, NULL),
(4181, 2583, 0, 108, 27, 23, 1, 4, 'e2723', 0, NULL, NULL),
(4182, 2584, 0, 108, 28, 23, 1, 4, 'd2823', 0, NULL, NULL),
(4183, 2584, 0, 108, 17, 24, 100000, 2, 'd1724', 0, NULL, NULL),
(4184, 2584, 0, 108, 19, 24, 3, 6, 'd1924', 0, NULL, NULL),
(4185, 2584, 0, 108, 21, 24, 3, 2, 'd2124', 0, NULL, NULL),
(4186, 2584, 0, 108, 23, 24, 3, 6, 'd2324', 0, NULL, NULL),
(4187, 2583, 0, 108, 27, 25, 1, 0, 'e2725', 0, NULL, NULL),
(4188, 2584, 0, 108, 28, 25, 1, 0, 'd2825', 0, NULL, NULL),
(4191, 2581, 0, 108, 17, 31, 1, 2, 'a1731', 0, NULL, NULL),
(4192, 2581, 0, 108, 21, 33, 1, 2, 'a2133', 0, NULL, NULL),
(4193, 2581, 0, 108, 26, 33, 1, 6, 'a2633', 0, NULL, NULL),
(4194, 2581, 0, 108, 21, 34, 1, 2, 'a2134', 0, NULL, NULL),
(4195, 2581, 0, 108, 26, 34, 1, 6, 'a2634', 0, NULL, NULL),
(4196, 2581, 0, 108, 17, 35, 1, 2, 'a1735', 0, NULL, NULL),
(4197, 2581, 0, 108, 21, 35, 1, 2, 'a2135', 0, NULL, NULL),
(4198, 2581, 0, 108, 26, 35, 1, 6, 'a2635', 0, NULL, NULL),
(4199, 2581, 0, 108, 17, 36, 1, 2, 'a1736', 0, NULL, NULL),
(4200, 2581, 0, 108, 21, 36, 1, 2, 'a2136', 0, NULL, NULL),
(4201, 2581, 0, 108, 26, 36, 1, 6, 'a2636', 0, NULL, NULL),
(4202, 2581, 0, 108, 15, 37, 100000, 4, 'a1537', 0, NULL, NULL),
(4203, 2581, 0, 108, 16, 37, 1, 4, 'a1637', 0, NULL, NULL),
(2601, 2585, 0, 65, 32, 21, 0, 3, 'd3221', 0, NULL, NULL),
(2602, 2586, 0, 65, 33, 21, 0, 4, 'f3321', 0, NULL, NULL),
(2603, 2586, 0, 65, 34, 21, 0, 4, 'f3421', 0, NULL, NULL),
(2604, 2586, 0, 65, 35, 21, 0, 4, 'f3521', 0, NULL, NULL),
(2605, 2586, 0, 65, 36, 21, 0, 4, 'f3621', 0, NULL, NULL),
(2606, 2587, 0, 65, 37, 21, 0, 4, 'g3721', 0, NULL, NULL),
(2607, 2588, 0, 65, 32, 22, 0, 2, 'b3222', 0, NULL, NULL),
(2608, 2589, 0, 65, 25, 23, 0, 4, 'e2523', 0, NULL, NULL),
(2609, 2586, 0, 65, 26, 23, 0, 4, 'f2623', 0, NULL, NULL),
(2610, 2586, 0, 65, 27, 23, 0, 4, 'f2723', 0, NULL, NULL),
(2611, 2586, 0, 65, 28, 23, 0, 4, 'f2823', 0, NULL, NULL),
(2612, 2587, 0, 65, 29, 23, 0, 4, 'g2923', 0, NULL, NULL),
(2613, 2590, 0, 65, 32, 23, 0, 2, 'a3223', 0, NULL, NULL),
(2614, 2591, 0, 65, 24, 24, 0, 7, 'A2424', 0, NULL, NULL),
(2615, 2897, 0, 65, 25, 24, 0, 7, 'r2524', 0, NULL, NULL),
(2616, 2818, 0, 65, 26, 24, 0, 7, 'q2624', 0, NULL, NULL),
(2617, 2594, 0, 65, 24, 25, 0, 7, 'p2425', 0, NULL, NULL),
(2618, 2595, 0, 65, 24, 26, 0, 7, 'z2426', 0, NULL, NULL),
(2619, 2594, 0, 65, 24, 27, 0, 7, 'p2427', 0, NULL, NULL),
(2620, 2594, 0, 65, 24, 28, 0, 7, 'p2428', 0, NULL, NULL),
(2621, 2596, 0, 65, 29, 28, 0, 7, 'y2928', 0, NULL, NULL),
(2622, 2594, 0, 65, 24, 29, 0, 7, 'p2429', 0, NULL, NULL),
(2623, 2597, 0, 65, 29, 29, 0, 7, 'x2929', 0, NULL, NULL),
(2624, 2594, 0, 65, 24, 30, 0, 7, 'p2430', 0, NULL, NULL),
(2625, 2598, 0, 65, 29, 30, 0, 7, 'w2930', 0, NULL, NULL),
(2626, 2599, 0, 65, 22, 31, 0, 7, 'n2231', 0, NULL, NULL),
(2627, 2599, 0, 65, 23, 31, 0, 7, 'n2331', 0, NULL, NULL),
(2628, 2600, 0, 65, 24, 31, 0, 7, 'o2431', 0, NULL, NULL),
(2629, 2601, 0, 65, 29, 31, 0, 7, 'v2931', 0, NULL, NULL),
(2630, 2589, 0, 65, 30, 31, 0, 4, 'e3031', 0, NULL, NULL),
(2632, 2586, 0, 65, 32, 31, 0, 4, 'f3231', 0, NULL, NULL),
(2633, 2586, 0, 65, 33, 31, 0, 4, 'f3331', 0, NULL, NULL),
(2634, 2586, 0, 65, 34, 31, 0, 4, 'f3431', 0, NULL, NULL),
(2635, 2586, 0, 65, 35, 31, 0, 4, 'f3531', 0, NULL, NULL),
(2636, 2586, 0, 65, 36, 31, 0, 4, 'f3631', 0, NULL, NULL),
(2637, 2602, 0, 65, 37, 31, 0, 5, 'j3731', 0, NULL, NULL),
(2638, 2603, 0, 65, 21, 32, 0, 2, 'c2132', 0, NULL, NULL),
(2639, 2604, 0, 65, 22, 32, 0, 7, 't2232', 0, NULL, NULL),
(2640, 2897, 0, 65, 30, 32, 0, 7, 'r3032', 0, NULL, NULL),
(2641, 2818, 0, 65, 31, 32, 0, 7, 'q3132', 0, NULL, NULL),
(2642, 2897, 0, 65, 33, 32, 0, 7, 'r3332', 0, NULL, NULL),
(2643, 2818, 0, 65, 34, 32, 0, 7, 'q3432', 0, NULL, NULL),
(2644, 2605, 0, 65, 37, 32, 0, 6, 'i3732', 0, NULL, NULL),
(2645, 2588, 0, 65, 21, 33, 0, 2, 'b2133', 0, NULL, NULL),
(2646, 2606, 0, 65, 22, 33, 0, 7, 's2233', 0, NULL, NULL),
(2647, 2605, 0, 65, 37, 33, 0, 6, 'i3733', 0, NULL, NULL),
(2648, 2588, 0, 65, 21, 34, 0, 2, 'b2134', 0, NULL, NULL),
(2649, 2604, 0, 65, 36, 34, 0, 7, 't3634', 0, NULL, NULL),
(2650, 2605, 0, 65, 37, 34, 0, 6, 'i3734', 0, NULL, NULL),
(2651, 2588, 0, 65, 21, 35, 0, 2, 'b2135', 0, NULL, NULL),
(2652, 2897, 0, 65, 24, 35, 0, 7, 'r2435', 0, NULL, NULL),
(2653, 2818, 0, 65, 25, 35, 0, 7, 'q2535', 0, NULL, NULL),
(2654, 2897, 0, 65, 27, 35, 0, 7, 'r2735', 0, NULL, NULL),
(2655, 2818, 0, 65, 28, 35, 0, 7, 'q2835', 0, NULL, NULL),
(2656, 2607, 0, 65, 33, 35, 0, 7, 'u3335', 0, NULL, NULL),
(2657, 2606, 0, 65, 36, 35, 0, 7, 's3635', 0, NULL, NULL),
(2658, 2605, 0, 65, 37, 35, 0, 6, 'i3735', 0, NULL, NULL),
(2659, 2608, 0, 65, 21, 36, 0, 1, 'm2136', 0, NULL, NULL),
(2660, 2609, 0, 65, 22, 36, 0, 0, 'l2236', 0, NULL, NULL),
(2661, 2609, 0, 65, 23, 36, 0, 0, 'l2336', 0, NULL, NULL),
(2662, 2609, 0, 65, 24, 36, 0, 0, 'l2436', 0, NULL, NULL),
(2663, 2609, 0, 65, 25, 36, 0, 0, 'l2536', 0, NULL, NULL),
(2664, 2609, 0, 65, 26, 36, 0, 0, 'l2636', 0, NULL, NULL),
(2665, 2609, 0, 65, 27, 36, 0, 0, 'l2736', 0, NULL, NULL),
(2666, 2610, 0, 65, 28, 36, 0, 0, 'k2836', 0, NULL, NULL),
(2667, 2605, 0, 65, 37, 36, 0, 6, 'i3736', 0, NULL, NULL),
(2668, 2604, 0, 65, 36, 37, 0, 7, 't3637', 0, NULL, NULL),
(2669, 2605, 0, 65, 37, 37, 0, 6, 'i3737', 0, NULL, NULL),
(2670, 2606, 0, 65, 36, 38, 0, 7, 's3638', 0, NULL, NULL),
(2671, 2611, 0, 65, 37, 38, 0, 6, 'h3738', 0, NULL, NULL),
(2817, 2612, 0, 67, 19, 1, 1, 4, 'S191', 0, NULL, NULL),
(2818, 2613, 0, 67, 20, 1, 1, 4, 's201', 0, NULL, NULL),
(2819, 2613, 0, 67, 21, 1, 1, 4, 's211', 0, NULL, NULL),
(2820, 2614, 0, 67, 11, 2, 2, 0, 'q112', 0, NULL, NULL),
(3611, 2808, 0, 83, 12, 2, 0, 2, 'c122', 0, NULL, NULL),
(2822, 2901, 0, 67, 11, 3, 2, 0, 'Q113', 0, NULL, NULL),
(2823, 2614, 0, 67, 11, 4, 2, 0, 'q114', 0, NULL, NULL),
(2824, 2615, 0, 67, 12, 4, 2, 6, 'c124', 0, NULL, NULL),
(2825, 2901, 0, 67, 11, 5, 2, 0, 'Q115', 0, NULL, NULL),
(2826, 2617, 0, 67, 18, 5, 2, 1, 'f185', 0, NULL, NULL),
(2827, 2614, 0, 67, 11, 6, 2, 0, 'q116', 0, NULL, NULL),
(2828, 2615, 0, 67, 12, 6, 2, 6, 'c126', 0, NULL, NULL),
(2829, 2617, 0, 67, 18, 6, 2, 0, 'f186', 0, NULL, NULL),
(2830, 2901, 0, 67, 11, 7, 2, 0, 'Q117', 0, NULL, NULL),
(2831, 2617, 0, 67, 18, 7, 2, 0, 'f187', 0, NULL, NULL),
(2832, 2614, 0, 67, 11, 8, 2, 0, 'q118', 0, NULL, NULL),
(2833, 2615, 0, 67, 12, 8, 2, 6, 'c128', 0, NULL, NULL),
(2834, 2617, 0, 67, 18, 8, 2, 0, 'f188', 0, NULL, NULL),
(2835, 2899, 0, 67, 10, 9, 2, 0, 'w109', 0, NULL, NULL),
(2836, 2898, 0, 67, 11, 9, 2, 0, 'W119', 0, NULL, NULL),
(2837, 2617, 0, 67, 18, 9, 2, 0, 'f189', 0, NULL, NULL),
(2838, 2617, 0, 67, 18, 10, 2, 0, 'f1810', 0, NULL, NULL),
(3111, 2842, 0, 86, 2, 11, 0, 0, 'c211', 0, NULL, NULL),
(3799, 2861, 0, 88, 3, 11, 1, 2, 'c311', 0, NULL, NULL),
(3800, 2861, 0, 88, 5, 11, 1, 6, 'c511', 0, NULL, NULL),
(2842, 2620, 0, 67, 6, 11, 3, 4, 'C611', 0, NULL, NULL),
(2843, 2617, 0, 67, 8, 11, 3, 1, 'f811', 0, NULL, NULL),
(2844, 2617, 0, 67, 18, 11, 2, 0, 'f1811', 0, NULL, NULL),
(2845, 2617, 0, 67, 8, 12, 3, 0, 'f812', 0, NULL, NULL),
(2846, 2617, 0, 67, 18, 12, 2, 0, 'f1812', 0, NULL, NULL),
(2847, 2617, 0, 67, 8, 13, 3, 0, 'f813', 0, NULL, NULL),
(2848, 2620, 0, 67, 9, 13, 2, 2, 'C913', 0, NULL, NULL),
(2849, 2621, 0, 67, 14, 13, 2, 2, 'k1413', 0, NULL, NULL),
(2850, 2622, 0, 67, 15, 13, 2, 1, 'T1513', 0, NULL, NULL),
(2851, 2621, 0, 67, 16, 13, 2, 6, 'k1613', 0, NULL, NULL),
(2852, 2617, 0, 67, 18, 13, 2, 0, 'f1813', 0, NULL, NULL),
(4096, 2764, 0, 79, 8, 14, 4, 2, 'f814', 0, NULL, NULL),
(2854, 2620, 0, 67, 9, 14, 2, 2, 'C914', 0, NULL, NULL),
(2855, 2621, 0, 67, 14, 14, 2, 2, 'k1414', 0, NULL, NULL),
(2856, 2622, 0, 67, 15, 14, 2, 2, 'T1514', 0, NULL, NULL),
(2857, 2621, 0, 67, 16, 14, 2, 6, 'k1614', 0, NULL, NULL),
(2858, 2617, 0, 67, 18, 14, 2, 0, 'f1814', 0, NULL, NULL),
(2859, 2623, 0, 67, 1, 15, 3, 0, 't115', 0, NULL, NULL),
(2860, 2617, 0, 67, 5, 15, 3, 1, 'f515', 0, NULL, NULL),
(2861, 2617, 0, 67, 18, 15, 2, 0, 'f1815', 0, NULL, NULL),
(2862, 2612, 0, 67, 1, 16, 3, 2, 'S116', 0, NULL, NULL),
(2863, 2617, 0, 67, 5, 16, 3, 0, 'f516', 0, NULL, NULL),
(2864, 2617, 0, 67, 18, 16, 2, 0, 'f1816', 0, NULL, NULL),
(3693, 2864, 0, 84, 1, 17, 3, 0, 's117', 0, NULL, NULL),
(4110, 2764, 0, 79, 5, 17, 4, 0, 'f517', 0, NULL, NULL),
(2867, 2621, 0, 67, 13, 17, 2, 4, 'k1317', 0, NULL, NULL),
(2868, 2621, 0, 67, 14, 17, 2, 4, 'k1417', 0, NULL, NULL),
(2869, 2621, 0, 67, 15, 17, 2, 4, 'k1517', 0, NULL, NULL),
(2870, 2621, 0, 67, 16, 17, 2, 4, 'k1617', 0, NULL, NULL),
(2871, 2617, 0, 67, 18, 17, 2, 0, 'f1817', 0, NULL, NULL),
(2872, 2613, 0, 67, 1, 18, 3, 2, 's118', 0, NULL, NULL),
(2873, 2617, 0, 67, 5, 18, 3, 0, 'f518', 0, NULL, NULL),
(2874, 2622, 0, 67, 13, 18, 2, 5, 'T1318', 0, NULL, NULL),
(2875, 2622, 0, 67, 14, 18, 2, 6, 'T1418', 0, NULL, NULL),
(2876, 2622, 0, 67, 15, 18, 2, 6, 'T1518', 0, NULL, NULL),
(2877, 2622, 0, 67, 16, 18, 2, 4, 'T1618', 0, NULL, NULL),
(2878, 2617, 0, 67, 18, 18, 2, 0, 'f1818', 0, NULL, NULL),
(2879, 2613, 0, 67, 2, 19, 3, 0, 's219', 0, NULL, NULL),
(2880, 2612, 0, 67, 3, 19, 3, 0, 'S319', 0, NULL, NULL),
(2881, 2617, 0, 67, 5, 19, 3, 0, 'f519', 0, NULL, NULL),
(2882, 2621, 0, 67, 13, 19, 2, 0, 'k1319', 0, NULL, NULL),
(4032, 2715, 0, 75, 14, 19, 0, 6, 'k1419', 0, NULL, NULL),
(2884, 2621, 0, 67, 15, 19, 2, 0, 'k1519', 0, NULL, NULL),
(2885, 2621, 0, 67, 16, 19, 2, 0, 'k1619', 0, NULL, NULL),
(2886, 2617, 0, 67, 18, 19, 2, 0, 'f1819', 0, NULL, NULL),
(2887, 2617, 0, 67, 1, 20, 3, 5, 'f120', 0, NULL, NULL),
(2888, 2617, 0, 67, 2, 20, 3, 6, 'f220', 0, NULL, NULL),
(2889, 2617, 0, 67, 3, 20, 3, 6, 'f320', 0, NULL, NULL),
(2890, 2617, 0, 67, 4, 20, 3, 6, 'f420', 0, NULL, NULL),
(2891, 2617, 0, 67, 5, 20, 3, 3, 'f520', 0, NULL, NULL),
(2892, 2617, 0, 67, 18, 20, 2, 0, 'f1820', 0, NULL, NULL),
(3698, 2862, 0, 84, 7, 21, 2, 2, 'S721', 0, NULL, NULL),
(2894, 2613, 0, 67, 8, 21, 1, 4, 's821', 0, NULL, NULL),
(2895, 2617, 0, 67, 12, 21, 2, 5, 'f1221', 0, NULL, NULL),
(2896, 2617, 0, 67, 13, 21, 2, 6, 'f1321', 0, NULL, NULL),
(4062, 2741, 0, 77, 4, 25, 0, 0, 'b425', 0, NULL, NULL),
(2899, 2617, 0, 67, 16, 21, 2, 6, 'f1621', 0, NULL, NULL),
(2900, 2617, 0, 67, 17, 21, 2, 6, 'f1721', 0, NULL, NULL),
(2901, 2617, 0, 67, 18, 21, 2, 3, 'f1821', 0, NULL, NULL),
(2902, 2612, 0, 67, 6, 22, 1, 2, 'S622', 0, NULL, NULL),
(2903, 2623, 0, 67, 15, 22, 0, 0, 't1522', 0, NULL, NULL),
(2904, 2620, 0, 67, 16, 22, 0, 4, 'C1622', 0, NULL, NULL),
(2905, 2620, 0, 67, 17, 22, 0, 4, 'C1722', 0, NULL, NULL),
(2906, 2613, 0, 67, 6, 23, 1, 2, 's623', 0, NULL, NULL),
(2907, 2622, 0, 67, 8, 23, 1, 1, 'T823', 0, NULL, NULL),
(2908, 2613, 0, 67, 6, 24, 1, 2, 's624', 0, NULL, NULL),
(2909, 2622, 0, 67, 8, 24, 1, 0, 'T824', 0, NULL, NULL),
(2910, 2613, 0, 67, 6, 25, 1, 2, 's625', 0, NULL, NULL),
(2911, 2622, 0, 67, 8, 25, 1, 2, 'T825', 0, NULL, NULL),
(4204, 2624, 0, 68, 4, 3, 7, 4, 'A43', 0, NULL, NULL),
(4205, 2624, 0, 68, 5, 3, 7, 4, 'A53', 0, NULL, NULL),
(4206, 2625, 0, 68, 2, 8, 7, 0, 'M28', 0, NULL, NULL),
(4207, 2626, 0, 68, 7, 8, 7, 2, 's78', 0, NULL, NULL),
(2735, 2897, 0, 93, 8, 8, 0, 2, 'T88', 0, NULL, NULL),
(4209, 2626, 0, 68, 9, 8, 7, 6, 's98', 0, NULL, NULL),
(4210, 2628, 0, 68, 21, 8, 8, 0, 'y218', 0, NULL, NULL),
(2691, 2781, 0, 81, 2, 9, 3, 0, 'm29', 0, NULL, NULL),
(2739, 2892, 0, 93, 7, 9, 0, 0, 's79', 0, NULL, NULL),
(4213, 2630, 0, 68, 8, 9, 7, 0, 'T89', 0, NULL, NULL),
(4214, 2629, 0, 68, 9, 9, 7, 6, 'S99', 0, NULL, NULL),
(4215, 2628, 0, 68, 21, 9, 8, 0, 'y219', 0, NULL, NULL),
(4216, 2625, 0, 68, 2, 10, 7, 0, 'M210', 0, NULL, NULL),
(4217, 2628, 0, 68, 21, 10, 8, 0, 'y2110', 0, NULL, NULL),
(4218, 2625, 0, 68, 2, 11, 7, 0, 'M211', 0, NULL, NULL),
(4219, 2628, 0, 68, 21, 11, 8, 0, 'y2111', 0, NULL, NULL),
(4220, 2625, 0, 68, 2, 12, 7, 0, 'M212', 0, NULL, NULL),
(2746, 2892, 0, 93, 7, 12, 0, 4, 's712', 0, NULL, NULL),
(2747, 2896, 0, 93, 8, 12, 0, 4, 'S812', 0, NULL, NULL),
(4223, 2631, 0, 68, 21, 12, 8, 0, 'e2112', 0, NULL, NULL),
(4224, 2625, 0, 68, 2, 13, 7, 0, 'M213', 0, NULL, NULL),
(2751, 2893, 0, 93, 7, 13, 0, 2, 't713', 0, NULL, NULL),
(2752, 2897, 0, 93, 8, 13, 0, 2, 'T813', 0, NULL, NULL),
(4227, 2631, 0, 68, 21, 13, 8, 0, 'e2113', 0, NULL, NULL),
(4228, 2625, 0, 68, 2, 14, 7, 0, 'M214', 0, NULL, NULL),
(2755, 2892, 0, 93, 7, 14, 0, 0, 's714', 0, NULL, NULL),
(2756, 2896, 0, 93, 8, 14, 0, 0, 'S814', 0, NULL, NULL),
(4231, 2631, 0, 68, 21, 14, 8, 0, 'e2114', 0, NULL, NULL),
(2703, 2781, 0, 81, 2, 15, 3, 0, 'm215', 0, NULL, NULL),
(4233, 2632, 0, 68, 21, 15, 8, 0, 'q2115', 0, NULL, NULL),
(4234, 2625, 0, 68, 2, 16, 100000, 0, 'M216', 0, NULL, NULL),
(4235, 2626, 0, 68, 12, 16, 7, 4, 's1216', 0, NULL, NULL),
(4236, 2629, 0, 68, 13, 16, 7, 4, 'S1316', 0, NULL, NULL),
(4237, 2632, 0, 68, 21, 16, 8, 0, 'q2116', 0, NULL, NULL),
(3507, 2718, 0, 76, 3, 17, 3, 2, 'a317', 0, NULL, NULL),
(4239, 2626, 0, 68, 6, 17, 7, 2, 's617', 0, NULL, NULL),
(4240, 2627, 0, 68, 7, 17, 7, 0, 't717', 0, NULL, NULL),
(4241, 2626, 0, 68, 8, 17, 7, 6, 's817', 0, NULL, NULL),
(4242, 2627, 0, 68, 12, 17, 7, 2, 't1217', 0, NULL, NULL),
(4243, 2630, 0, 68, 13, 17, 7, 2, 'T1317', 0, NULL, NULL),
(4244, 2632, 0, 68, 21, 17, 8, 0, 'q2117', 0, NULL, NULL),
(1914, 2902, 0, 94, 3, 18, 5, 0, 'a318', 0, NULL, NULL),
(4246, 2629, 0, 68, 6, 18, 7, 2, 'S618', 0, NULL, NULL),
(4247, 2630, 0, 68, 7, 18, 7, 0, 'T718', 0, NULL, NULL),
(4248, 2629, 0, 68, 8, 18, 7, 6, 'S818', 0, NULL, NULL),
(4249, 2626, 0, 68, 12, 18, 7, 0, 's1218', 0, NULL, NULL),
(4250, 2629, 0, 68, 13, 18, 7, 0, 'S1318', 0, NULL, NULL),
(4251, 2632, 0, 68, 21, 18, 8, 0, 'q2118', 0, NULL, NULL),
(3846, 2633, 0, 69, 10, 7, 2, 4, 'h107', 0, NULL, NULL),
(3847, 2633, 0, 69, 11, 7, 2, 4, 'h117', 0, NULL, NULL),
(3848, 2633, 0, 69, 12, 7, 2, 4, 'h127', 0, NULL, NULL),
(3029, 2695, 0, 73, 13, 7, 1, 0, 'h137', 0, NULL, NULL),
(3850, 2634, 0, 69, 14, 7, 2, 4, 'y147', 0, NULL, NULL),
(3851, 2635, 0, 69, 18, 7, 2, 4, 's187', 0, NULL, NULL),
(3852, 2633, 0, 69, 19, 7, 2, 4, 'h197', 0, NULL, NULL),
(3853, 2633, 0, 69, 20, 7, 2, 4, 'h207', 0, NULL, NULL),
(3854, 2633, 0, 69, 21, 7, 2, 4, 'h217', 0, NULL, NULL),
(3855, 2636, 0, 69, 14, 8, 2, 4, 'z148', 0, NULL, NULL),
(3856, 2636, 0, 69, 18, 8, 2, 4, 'z188', 0, NULL, NULL),
(3857, 2637, 0, 69, 3, 9, 2, 4, 'v39', 0, NULL, NULL),
(3858, 2636, 0, 69, 3, 10, 2, 4, 'z310', 0, NULL, NULL),
(3859, 2638, 0, 69, 12, 11, 3, 4, 'c1211', 0, NULL, NULL),
(3860, 2638, 0, 69, 13, 11, 3, 4, 'c1311', 0, NULL, NULL),
(3861, 2638, 0, 69, 14, 11, 100000, 4, 'c1411', 0, NULL, NULL),
(3862, 2638, 0, 69, 10, 13, 3, 2, 'c1013', 0, NULL, NULL),
(3863, 2638, 0, 69, 15, 13, 3, 6, 'c1513', 0, NULL, NULL),
(3864, 2639, 0, 69, 21, 13, 2, 4, 'b2113', 0, NULL, NULL),
(3865, 2639, 0, 69, 7, 14, 2, 4, 'b714', 0, NULL, NULL),
(3866, 2638, 0, 69, 10, 14, 3, 2, 'c1014', 0, NULL, NULL),
(3867, 2638, 0, 69, 15, 14, 3, 6, 'c1514', 0, NULL, NULL),
(3868, 2639, 0, 69, 19, 15, 2, 2, 'b1915', 0, NULL, NULL),
(4018, 2710, 0, 75, 23, 15, 0, 6, 'b2315', 0, NULL, NULL),
(3870, 2639, 0, 69, 5, 16, 2, 2, 'b516', 0, NULL, NULL),
(3871, 2639, 0, 69, 9, 16, 2, 6, 'b916', 0, NULL, NULL),
(3872, 2640, 0, 69, 20, 16, 2, 2, 'L2016', 0, NULL, NULL),
(3873, 2640, 0, 69, 6, 17, 2, 2, 'L617', 0, NULL, NULL),
(3874, 2639, 0, 69, 21, 17, 2, 0, 'b2117', 0, NULL, NULL),
(3875, 2639, 0, 69, 7, 18, 2, 0, 'b718', 0, NULL, NULL),
(3876, 2641, 0, 69, 0, 19, 2, 2, 'a019', 0, NULL, NULL),
(3877, 2642, 0, 69, 0, 20, 2, 2, 'A020', 0, NULL, NULL),
(3878, 2643, 0, 69, 11, 20, 2, 4, 'w1120', 0, NULL, NULL),
(3879, 2633, 0, 69, 12, 20, 2, 4, 'h1220', 0, NULL, NULL),
(3880, 2633, 0, 69, 13, 20, 2, 4, 'h1320', 0, NULL, NULL),
(3881, 2644, 0, 69, 14, 20, 2, 4, 't1420', 0, NULL, NULL),
(3882, 2645, 0, 69, 17, 20, 2, 4, 'u1720', 0, NULL, NULL),
(3883, 2633, 0, 69, 18, 20, 2, 4, 'h1820', 0, NULL, NULL),
(3884, 2633, 0, 69, 19, 20, 2, 4, 'h1920', 0, NULL, NULL),
(3885, 2634, 0, 69, 20, 20, 2, 4, 'y2020', 0, NULL, NULL),
(3886, 2637, 0, 69, 11, 21, 2, 4, 'v1121', 0, NULL, NULL),
(3887, 2646, 0, 69, 12, 21, 2, 4, 'M1221', 0, NULL, NULL),
(3888, 2647, 0, 69, 13, 21, 2, 4, 'N1321', 0, NULL, NULL),
(3889, 2648, 0, 69, 14, 21, 2, 4, 'O1421', 0, NULL, NULL),
(3890, 2646, 0, 69, 17, 21, 2, 4, 'M1721', 0, NULL, NULL),
(3891, 2647, 0, 69, 18, 21, 2, 4, 'N1821', 0, NULL, NULL),
(3892, 2648, 0, 69, 19, 21, 2, 4, 'O1921', 0, NULL, NULL),
(3893, 2637, 0, 69, 20, 21, 2, 4, 'v2021', 0, NULL, NULL),
(3894, 2641, 0, 69, 0, 22, 2, 2, 'a022', 0, NULL, NULL),
(3895, 2637, 0, 69, 11, 22, 2, 4, 'v1122', 0, NULL, NULL),
(3896, 2637, 0, 69, 20, 22, 2, 4, 'v2022', 0, NULL, NULL),
(3897, 2639, 0, 69, 25, 22, 2, 4, 'b2522', 0, NULL, NULL),
(3898, 2642, 0, 69, 0, 23, 2, 2, 'A023', 0, NULL, NULL),
(3899, 2637, 0, 69, 11, 23, 2, 4, 'v1123', 0, NULL, NULL),
(3900, 2646, 0, 69, 12, 23, 2, 2, 'M1223', 0, NULL, NULL),
(3901, 2646, 0, 69, 19, 23, 2, 6, 'M1923', 0, NULL, NULL),
(3902, 2637, 0, 69, 20, 23, 2, 4, 'v2023', 0, NULL, NULL),
(3903, 2638, 0, 69, 6, 24, 2, 4, 'c624', 0, NULL, NULL),
(3904, 2649, 0, 69, 7, 24, 2, 4, 'd724', 0, NULL, NULL),
(3905, 2650, 0, 69, 8, 24, 2, 4, 'e824', 0, NULL, NULL),
(3906, 2637, 0, 69, 11, 24, 2, 4, 'v1124', 0, NULL, NULL),
(3907, 2647, 0, 69, 12, 24, 2, 2, 'N1224', 0, NULL, NULL),
(3908, 2647, 0, 69, 19, 24, 2, 6, 'N1924', 0, NULL, NULL),
(3909, 2637, 0, 69, 20, 24, 2, 4, 'v2024', 0, NULL, NULL),
(3910, 2639, 0, 69, 23, 24, 2, 2, 'b2324', 0, NULL, NULL),
(3911, 2639, 0, 69, 27, 24, 2, 6, 'b2724', 0, NULL, NULL),
(3912, 2651, 0, 69, 5, 25, 2, 2, 'K525', 0, NULL, NULL),
(3913, 2637, 0, 69, 11, 25, 2, 4, 'v1125', 0, NULL, NULL),
(3914, 2647, 0, 69, 12, 25, 2, 2, 'N1225', 0, NULL, NULL),
(3915, 2647, 0, 69, 19, 25, 2, 6, 'N1925', 0, NULL, NULL),
(3916, 2637, 0, 69, 20, 25, 2, 4, 'v2025', 0, NULL, NULL),
(3917, 2652, 0, 69, 24, 25, 2, 2, 'G2425', 0, NULL, NULL),
(3918, 2651, 0, 69, 7, 26, 2, 0, 'K726', 0, NULL, NULL),
(3919, 2637, 0, 69, 11, 26, 2, 4, 'v1126', 0, NULL, NULL),
(3920, 2648, 0, 69, 12, 26, 2, 2, 'O1226', 0, NULL, NULL),
(3921, 2653, 0, 69, 14, 26, 2, 0, 'H1426', 0, NULL, NULL),
(3922, 2654, 0, 69, 16, 26, 2, 2, 'I1626', 0, NULL, NULL),
(3923, 2648, 0, 69, 19, 26, 2, 6, 'O1926', 0, NULL, NULL),
(3924, 2637, 0, 69, 20, 26, 2, 4, 'v2026', 0, NULL, NULL),
(3925, 2639, 0, 69, 25, 26, 2, 0, 'b2526', 0, NULL, NULL),
(3926, 2636, 0, 69, 11, 27, 2, 4, 'z1127', 0, NULL, NULL),
(3927, 2655, 0, 69, 12, 27, 2, 4, 'Q1227', 0, NULL, NULL),
(3928, 2636, 0, 69, 20, 27, 2, 4, 'z2027', 0, NULL, NULL),
(3929, 2656, 0, 69, 8, 29, 2, 0, 'E829', 0, NULL, NULL),
(3930, 2641, 0, 69, 0, 30, 2, 2, 'a030', 0, NULL, NULL),
(3931, 2657, 0, 69, 8, 30, 2, 0, 'D830', 0, NULL, NULL),
(3932, 2642, 0, 69, 0, 31, 2, 2, 'A031', 0, NULL, NULL),
(3933, 2657, 0, 69, 8, 31, 2, 0, 'D831', 0, NULL, NULL),
(3934, 2646, 0, 69, 12, 31, 2, 4, 'M1231', 0, NULL, NULL),
(3935, 2647, 0, 69, 13, 31, 2, 4, 'N1331', 0, NULL, NULL),
(3936, 2648, 0, 69, 14, 31, 2, 4, 'O1431', 0, NULL, NULL),
(3937, 2646, 0, 69, 18, 31, 2, 4, 'M1831', 0, NULL, NULL),
(3938, 2647, 0, 69, 19, 31, 2, 4, 'N1931', 0, NULL, NULL),
(3939, 2648, 0, 69, 20, 31, 2, 4, 'O2031', 0, NULL, NULL),
(3940, 2658, 0, 69, 27, 31, 2, 0, 'f2731', 0, NULL, NULL),
(3941, 2658, 0, 69, 28, 31, 2, 0, 'f2831', 0, NULL, NULL),
(3942, 2658, 0, 69, 29, 31, 2, 0, 'f2931', 0, NULL, NULL),
(3943, 2658, 0, 69, 30, 31, 2, 0, 'f3031', 0, NULL, NULL),
(3944, 2658, 0, 69, 31, 31, 2, 0, 'f3131', 0, NULL, NULL),
(3945, 2657, 0, 69, 8, 32, 2, 0, 'D832', 0, NULL, NULL),
(3946, 2659, 0, 69, 12, 32, 2, 2, 'F1232', 0, NULL, NULL),
(3947, 2660, 0, 69, 14, 32, 2, 2, 'P1432', 0, NULL, NULL),
(3948, 2659, 0, 69, 18, 32, 2, 2, 'F1832', 0, NULL, NULL),
(3949, 2660, 0, 69, 20, 32, 2, 2, 'P2032', 0, NULL, NULL),
(3950, 2661, 0, 69, 3, 33, 2, 4, 'r333', 0, NULL, NULL),
(3951, 2657, 0, 69, 8, 33, 2, 0, 'D833', 0, NULL, NULL),
(3952, 2646, 0, 69, 12, 33, 2, 0, 'M1233', 0, NULL, NULL),
(3953, 2647, 0, 69, 13, 33, 2, 0, 'N1333', 0, NULL, NULL),
(3954, 2648, 0, 69, 14, 33, 2, 0, 'O1433', 0, NULL, NULL),
(3955, 2646, 0, 69, 18, 33, 2, 0, 'M1833', 0, NULL, NULL),
(3956, 2647, 0, 69, 19, 33, 2, 0, 'N1933', 0, NULL, NULL),
(3957, 2648, 0, 69, 20, 33, 2, 0, 'O2033', 0, NULL, NULL),
(3958, 2662, 0, 69, 27, 33, 2, 0, 'g2733', 0, NULL, NULL),
(3959, 2662, 0, 69, 28, 33, 2, 0, 'g2833', 0, NULL, NULL),
(3960, 2662, 0, 69, 29, 33, 2, 0, 'g2933', 0, NULL, NULL),
(3961, 2637, 0, 69, 3, 34, 2, 4, 'v334', 0, NULL, NULL),
(3962, 2657, 0, 69, 8, 34, 2, 0, 'D834', 0, NULL, NULL),
(3963, 2637, 0, 69, 3, 35, 2, 4, 'v335', 0, NULL, NULL),
(3964, 2657, 0, 69, 8, 35, 2, 0, 'D835', 0, NULL, NULL),
(3965, 2637, 0, 69, 3, 36, 2, 4, 'v336', 0, NULL, NULL),
(3966, 2657, 0, 69, 8, 36, 2, 0, 'D836', 0, NULL, NULL),
(3967, 2657, 0, 69, 8, 37, 2, 0, 'D837', 0, NULL, NULL),
(3968, 2646, 0, 69, 12, 37, 2, 4, 'M1237', 0, NULL, NULL),
(3969, 2647, 0, 69, 13, 37, 2, 4, 'N1337', 0, NULL, NULL),
(3970, 2648, 0, 69, 14, 37, 2, 4, 'O1437', 0, NULL, NULL),
(3971, 2646, 0, 69, 18, 37, 2, 4, 'M1837', 0, NULL, NULL),
(3972, 2647, 0, 69, 19, 37, 2, 4, 'N1937', 0, NULL, NULL),
(3973, 2648, 0, 69, 20, 37, 2, 4, 'O2037', 0, NULL, NULL),
(3974, 2657, 0, 69, 8, 38, 2, 0, 'D838', 0, NULL, NULL),
(3975, 2659, 0, 69, 12, 38, 2, 2, 'F1238', 0, NULL, NULL),
(3976, 2660, 0, 69, 14, 38, 2, 2, 'P1438', 0, NULL, NULL),
(3977, 2659, 0, 69, 18, 38, 2, 2, 'F1838', 0, NULL, NULL),
(3978, 2660, 0, 69, 20, 38, 2, 2, 'P2038', 0, NULL, NULL),
(3979, 2663, 0, 69, 8, 39, 2, 0, 'J839', 0, NULL, NULL),
(3980, 2646, 0, 69, 12, 39, 2, 0, 'M1239', 0, NULL, NULL),
(3981, 2647, 0, 69, 13, 39, 2, 0, 'N1339', 0, NULL, NULL),
(3982, 2648, 0, 69, 14, 39, 2, 0, 'O1439', 0, NULL, NULL),
(3983, 2646, 0, 69, 18, 39, 2, 0, 'M1839', 0, NULL, NULL),
(3984, 2647, 0, 69, 19, 39, 2, 0, 'N1939', 0, NULL, NULL),
(3985, 2648, 0, 69, 20, 39, 2, 0, 'O2039', 0, NULL, NULL),
(675, 2664, 0, 70, 8, 9, 0, 4, 'L89', 0, NULL, NULL),
(676, 2665, 0, 70, 9, 9, 0, 4, 'K99', 0, NULL, NULL),
(677, 2664, 0, 70, 7, 11, 0, 2, 'L711', 0, NULL, NULL),
(678, 2665, 0, 70, 7, 12, 0, 2, 'K712', 0, NULL, NULL),
(679, 2664, 0, 70, 35, 16, 0, 2, 'L3516', 0, NULL, NULL),
(680, 2664, 0, 70, 37, 16, 0, 4, 'L3716', 0, NULL, NULL),
(681, 2665, 0, 70, 38, 16, 0, 4, 'K3816', 0, NULL, NULL),
(682, 2665, 0, 70, 35, 17, 0, 2, 'K3517', 0, NULL, NULL),
(683, 2664, 0, 70, 27, 18, 0, 4, 'L2718', 0, NULL, NULL),
(684, 2665, 0, 70, 28, 18, 0, 4, 'K2818', 0, NULL, NULL),
(685, 2664, 0, 70, 35, 18, 0, 2, 'L3518', 0, NULL, NULL),
(686, 2664, 0, 70, 25, 19, 0, 2, 'L2519', 0, NULL, NULL),
(687, 2665, 0, 70, 35, 19, 0, 2, 'K3519', 0, NULL, NULL),
(688, 2665, 0, 70, 25, 20, 0, 2, 'K2520', 0, NULL, NULL),
(689, 2664, 0, 70, 25, 29, 0, 4, 'L2529', 0, NULL, NULL),
(690, 2665, 0, 70, 26, 29, 0, 4, 'K2629', 0, NULL, NULL),
(691, 2664, 0, 70, 23, 30, 0, 2, 'L2330', 0, NULL, NULL),
(692, 2665, 0, 70, 23, 31, 0, 2, 'K2331', 0, NULL, NULL),
(4252, 2666, 0, 71, 33, 2, 7, 0, 'u332', 0, NULL, NULL),
(4253, 2667, 0, 71, 18, 3, 8, 4, 'b183', 0, NULL, NULL),
(4254, 2668, 0, 71, 19, 3, 8, 4, 'B193', 0, NULL, NULL),
(4255, 2667, 0, 71, 20, 3, 8, 4, 'b203', 0, NULL, NULL),
(4256, 2668, 0, 71, 21, 3, 8, 4, 'B213', 0, NULL, NULL),
(4257, 2667, 0, 71, 22, 3, 8, 4, 'b223', 0, NULL, NULL),
(4258, 2668, 0, 71, 23, 3, 8, 4, 'B233', 0, NULL, NULL),
(4259, 2669, 0, 71, 33, 3, 7, 4, 'c333', 0, NULL, NULL),
(4260, 2669, 0, 71, 32, 4, 7, 2, 'c324', 0, NULL, NULL),
(4261, 2670, 0, 71, 33, 4, 7, 0, 't334', 0, NULL, NULL),
(4262, 2669, 0, 71, 34, 4, 7, 6, 'c344', 0, NULL, NULL),
(4263, 2667, 0, 71, 16, 5, 8, 2, 'b165', 0, NULL, NULL),
(4264, 2669, 0, 71, 33, 5, 7, 0, 'c335', 0, NULL, NULL),
(2993, 2681, 0, 72, 16, 6, 0, 4, 'b166', 0, NULL, NULL),
(4266, 2667, 0, 71, 16, 7, 8, 2, 'b167', 0, NULL, NULL),
(4267, 2669, 0, 71, 35, 7, 7, 4, 'c357', 0, NULL, NULL),
(4268, 2815, 0, 71, 14, 8, 9, 0, 'f148', 0, NULL, NULL),
(4269, 2668, 0, 71, 16, 8, 8, 2, 'B168', 0, NULL, NULL),
(4270, 2666, 0, 71, 33, 8, 7, 0, 'u338', 0, NULL, NULL),
(4271, 2669, 0, 71, 34, 8, 7, 2, 'c348', 0, NULL, NULL),
(4272, 2670, 0, 71, 35, 8, 7, 0, 't358', 0, NULL, NULL),
(4273, 2669, 0, 71, 36, 8, 7, 6, 'c368', 0, NULL, NULL),
(4274, 2667, 0, 71, 14, 9, 9, 2, 'b149', 0, NULL, NULL),
(4275, 2667, 0, 71, 16, 9, 8, 2, 'b169', 0, NULL, NULL),
(4276, 2669, 0, 71, 35, 9, 7, 0, 'c359', 0, NULL, NULL),
(4277, 2668, 0, 71, 14, 10, 9, 2, 'B1410', 0, NULL, NULL),
(4278, 2668, 0, 71, 16, 10, 8, 2, 'B1610', 0, NULL, NULL),
(4279, 2667, 0, 71, 14, 11, 9, 2, 'b1411', 0, NULL, NULL),
(4280, 2667, 0, 71, 16, 11, 8, 2, 'b1611', 0, NULL, NULL),
(4281, 2668, 0, 71, 14, 12, 9, 2, 'B1412', 0, NULL, NULL),
(4282, 2668, 0, 71, 16, 12, 8, 2, 'B1612', 0, NULL, NULL),
(4283, 2672, 0, 71, 3, 13, 7, 2, 'R313', 0, NULL, NULL),
(4284, 2673, 0, 71, 4, 13, 7, 2, 'r413', 0, NULL, NULL),
(4285, 2667, 0, 71, 14, 13, 9, 2, 'b1413', 0, NULL, NULL),
(4286, 2667, 0, 71, 16, 13, 8, 2, 'b1613', 0, NULL, NULL),
(4287, 2668, 0, 71, 14, 14, 9, 2, 'B1414', 0, NULL, NULL),
(4288, 2668, 0, 71, 16, 14, 8, 2, 'B1614', 0, NULL, NULL),
(2962, 2674, 0, 72, 4, 0, 4, 4, 'j40', 0, NULL, NULL),
(2963, 2675, 0, 72, 5, 0, 4, 4, 'k50', 0, NULL, NULL),
(3603, 2806, 0, 83, 6, 0, 0, 0, 'l60', 0, NULL, NULL),
(2965, 2674, 0, 72, 7, 0, 4, 4, 'j70', 0, NULL, NULL),
(1217, 2767, 0, 80, 8, 0, 0, 4, 'k80', 0, NULL, NULL),
(2967, 2675, 0, 72, 9, 0, 4, 4, 'k90', 0, NULL, NULL),
(2968, 2676, 0, 72, 10, 0, 4, 4, 'l100', 0, NULL, NULL),
(2969, 2674, 0, 72, 11, 0, 4, 4, 'j110', 0, NULL, NULL),
(2970, 2675, 0, 72, 12, 0, 4, 4, 'k120', 0, NULL, NULL),
(2971, 2675, 0, 72, 13, 0, 4, 4, 'k130', 0, NULL, NULL),
(2972, 2675, 0, 72, 14, 0, 4, 4, 'k140', 0, NULL, NULL),
(2973, 2676, 0, 72, 15, 0, 4, 4, 'l150', 0, NULL, NULL),
(2974, 2674, 0, 72, 16, 0, 4, 4, 'j160', 0, NULL, NULL),
(2975, 2675, 0, 72, 17, 0, 4, 4, 'k170', 0, NULL, NULL),
(2310, 2926, 0, 99, 18, 0, 2, 0, 'k180', 0, NULL, NULL),
(2977, 2676, 0, 72, 19, 0, 4, 4, 'l190', 0, NULL, NULL),
(2978, 2674, 0, 72, 20, 0, 4, 4, 'j200', 0, NULL, NULL),
(2979, 2675, 0, 72, 21, 0, 4, 4, 'k210', 0, NULL, NULL),
(2980, 2676, 0, 72, 22, 0, 4, 4, 'l220', 0, NULL, NULL),
(2981, 2677, 0, 72, 7, 3, 2, 4, 'f73', 0, NULL, NULL),
(3209, 2882, 0, 91, 8, 3, 0, 0, 'g83', 0, NULL, NULL),
(3210, 2883, 0, 91, 9, 3, 0, 0, 'h93', 0, NULL, NULL),
(2984, 2680, 0, 72, 10, 3, 2, 4, 'i103', 0, NULL, NULL),
(2986, 2682, 0, 72, 17, 3, 2, 4, 'c173', 0, NULL, NULL),
(2987, 2683, 0, 72, 18, 3, 2, 4, 'd183', 0, NULL, NULL),
(2988, 2684, 0, 72, 19, 3, 2, 4, 'e193', 0, NULL, NULL),
(2989, 2677, 0, 72, 7, 6, 0, 4, 'f76', 0, NULL, NULL),
(2990, 2678, 0, 72, 8, 6, 0, 4, 'g86', 0, NULL, NULL),
(2991, 2679, 0, 72, 9, 6, 0, 4, 'h96', 0, NULL, NULL),
(2992, 2680, 0, 72, 10, 6, 0, 4, 'i106', 0, NULL, NULL),
(2994, 2682, 0, 72, 17, 6, 0, 4, 'c176', 0, NULL, NULL),
(1881, 2903, 0, 94, 18, 6, 5, 0, 'D186', 0, NULL, NULL),
(2997, 2685, 0, 72, 19, 10, 0, 4, 'a1910', 0, NULL, NULL),
(2998, 2685, 0, 72, 20, 10, 0, 4, 'a2010', 0, NULL, NULL),
(2999, 2685, 0, 72, 21, 10, 0, 4, 'a2110', 0, NULL, NULL),
(3000, 2686, 0, 72, 19, 11, 0, 0, 'n1911', 0, NULL, NULL),
(3001, 2687, 0, 72, 20, 11, 0, 0, 'o2011', 0, NULL, NULL),
(3002, 2688, 0, 72, 21, 11, 0, 0, 'p2111', 0, NULL, NULL),
(3003, 2685, 0, 72, 19, 12, 0, 0, 'a1912', 0, NULL, NULL),
(3005, 2685, 0, 72, 21, 12, 0, 0, 'a2112', 0, NULL, NULL),
(3006, 2685, 0, 72, 19, 15, 0, 4, 'a1915', 0, NULL, NULL),
(3007, 2685, 0, 72, 20, 15, 0, 4, 'a2015', 0, NULL, NULL),
(3008, 2685, 0, 72, 21, 15, 0, 4, 'a2115', 0, NULL, NULL),
(3009, 2686, 0, 72, 19, 16, 0, 0, 'n1916', 0, NULL, NULL),
(3010, 2687, 0, 72, 20, 16, 0, 0, 'o2016', 0, NULL, NULL),
(3011, 2688, 0, 72, 21, 16, 0, 0, 'p2116', 0, NULL, NULL),
(3012, 2685, 0, 72, 19, 17, 0, 0, 'a1917', 0, NULL, NULL),
(3013, 2685, 0, 72, 20, 17, 0, 0, 'a2017', 0, NULL, NULL),
(3014, 2685, 0, 72, 21, 17, 0, 0, 'a2117', 0, NULL, NULL),
(3015, 2689, 0, 72, 9, 20, 1, 2, 'm920', 0, NULL, NULL),
(3016, 2689, 0, 72, 9, 21, 1, 2, 'm921', 0, NULL, NULL),
(3017, 2689, 0, 72, 9, 22, 1, 2, 'm922', 0, NULL, NULL),
(3018, 2689, 0, 72, 9, 23, 1, 2, 'm923', 0, NULL, NULL),
(3019, 2690, 0, 73, 2, 4, 3, 0, 'C24', 0, NULL, NULL),
(3020, 2691, 0, 73, 7, 4, 3, 2, 'A74', 0, NULL, NULL),
(3021, 2692, 0, 73, 8, 4, 3, 0, 'V84', 0, NULL, NULL),
(3022, 2691, 0, 73, 9, 4, 3, 6, 'A94', 0, NULL, NULL),
(3023, 2691, 0, 73, 2, 5, 3, 4, 'A25', 0, NULL, NULL),
(2336, 2932, 0, 99, 7, 5, 1, 2, 'a75', 0, NULL, NULL),
(3025, 2693, 0, 73, 8, 5, 3, 0, 'U85', 0, NULL, NULL),
(3026, 2691, 0, 73, 9, 5, 3, 6, 'A95', 0, NULL, NULL),
(3027, 2694, 0, 73, 2, 6, 3, 0, 'B26', 0, NULL, NULL),
(3028, 2691, 0, 73, 2, 7, 3, 0, 'A27', 0, NULL, NULL),
(3030, 2695, 0, 73, 14, 7, 1, 0, 'h147', 0, NULL, NULL),
(3031, 2695, 0, 73, 15, 7, 1, 0, 'h157', 0, NULL, NULL),
(3032, 2695, 0, 73, 16, 7, 1, 0, 'h167', 0, NULL, NULL),
(3033, 2695, 0, 73, 17, 7, 1, 0, 'h177', 0, NULL, NULL),
(3034, 2695, 0, 73, 18, 7, 1, 0, 'h187', 0, NULL, NULL),
(3035, 2886, 0, 73, 21, 7, 1, 0, 'z217', 0, NULL, NULL),
(3036, 2697, 0, 73, 9, 8, 3, 0, 'L98', 0, NULL, NULL),
(3037, 2698, 0, 73, 13, 8, 2, 2, 'q138', 0, NULL, NULL),
(3038, 2698, 0, 73, 14, 8, 2, 0, 'q148', 0, NULL, NULL),
(3039, 2698, 0, 73, 15, 8, 2, 0, 'q158', 0, NULL, NULL),
(3040, 2698, 0, 73, 16, 8, 2, 0, 'q168', 0, NULL, NULL),
(2481, 2963, 0, 101, 17, 8, 1, 0, 'Q178', 0, NULL, NULL),
(3042, 2698, 0, 73, 18, 8, 2, 0, 'q188', 0, NULL, NULL),
(3043, 2698, 0, 73, 19, 8, 2, 1, 'q198', 0, NULL, NULL),
(3044, 2886, 0, 73, 21, 8, 1, 0, 'z218', 0, NULL, NULL),
(3045, 2690, 0, 73, 2, 9, 3, 0, 'C29', 0, NULL, NULL),
(3046, 2695, 0, 73, 13, 9, 2, 0, 'h139', 0, NULL, NULL),
(3047, 2695, 0, 73, 14, 9, 2, 0, 'h149', 0, NULL, NULL),
(3048, 2695, 0, 73, 15, 9, 2, 0, 'h159', 0, NULL, NULL),
(3049, 2695, 0, 73, 16, 9, 2, 0, 'h169', 0, NULL, NULL),
(3050, 2695, 0, 73, 17, 9, 2, 0, 'h179', 0, NULL, NULL),
(3051, 2695, 0, 73, 18, 9, 2, 0, 'h189', 0, NULL, NULL),
(3052, 2695, 0, 73, 19, 9, 2, 0, 'h199', 0, NULL, NULL),
(3053, 2695, 0, 73, 20, 9, 2, 0, 'h209', 0, NULL, NULL),
(3054, 2886, 0, 73, 21, 9, 1, 0, 'z219', 0, NULL, NULL),
(3055, 2691, 0, 73, 2, 10, 3, 4, 'A210', 0, NULL, NULL),
(3056, 2691, 0, 73, 9, 10, 3, 4, 'A910', 0, NULL, NULL),
(3057, 2694, 0, 73, 2, 11, 3, 0, 'B211', 0, NULL, NULL),
(3058, 2694, 0, 73, 9, 11, 3, 0, 'B911', 0, NULL, NULL),
(3059, 2691, 0, 73, 2, 12, 3, 0, 'A212', 0, NULL, NULL),
(3184, 2902, 0, 92, 9, 12, 4, 2, 'a912', 0, NULL, NULL),
(3061, 2699, 0, 73, 17, 12, 1, 6, 'd1712', 0, NULL, NULL),
(3062, 2700, 0, 73, 19, 12, 1, 2, 'c1912', 0, NULL, NULL),
(3063, 2699, 0, 73, 15, 13, 1, 2, 'd1513', 0, NULL, NULL),
(3064, 2697, 0, 73, 19, 13, 1, 0, 'L1913', 0, NULL, NULL),
(3501, 2722, 0, 76, 20, 13, 1, 6, 'd2013', 0, NULL, NULL),
(3066, 2697, 0, 73, 9, 14, 3, 0, 'L914', 0, NULL, NULL),
(3471, 2718, 0, 76, 21, 5, 3, 4, 'a215', 0, NULL, NULL),
(3068, 2699, 0, 73, 14, 15, 1, 4, 'd1415', 0, NULL, NULL),
(3069, 2700, 0, 73, 19, 15, 1, 4, 'c1915', 0, NULL, NULL),
(3070, 2694, 0, 73, 2, 16, 3, 0, 'B216', 0, NULL, NULL),
(3071, 2691, 0, 73, 7, 16, 3, 2, 'A716', 0, NULL, NULL),
(3072, 2694, 0, 73, 8, 16, 3, 2, 'B816', 0, NULL, NULL),
(3073, 2691, 0, 73, 9, 16, 3, 6, 'A916', 0, NULL, NULL),
(3074, 2699, 0, 73, 13, 16, 1, 2, 'd1316', 0, NULL, NULL),
(3075, 2699, 0, 73, 14, 16, 1, 6, 'd1416', 0, NULL, NULL),
(3689, 2861, 0, 84, 19, 16, 1, 4, 'c1916', 0, NULL, NULL),
(3478, 2718, 0, 76, 21, 7, 3, 0, 'a217', 0, NULL, NULL),
(1905, 2902, 0, 94, 7, 17, 5, 2, 'a717', 0, NULL, NULL),
(3079, 2694, 0, 73, 8, 17, 3, 2, 'B817', 0, NULL, NULL),
(1907, 2902, 0, 94, 9, 17, 5, 6, 'a917', 0, NULL, NULL),
(2392, 2924, 0, 99, 19, 17, 0, 6, 'd1917', 0, NULL, NULL),
(2807, 2915, 0, 95, 2, 18, 1, 2, 'c218', 0, NULL, NULL),
(3083, 2699, 0, 73, 14, 18, 1, 4, 'd1418', 0, NULL, NULL),
(3084, 2701, 0, 73, 2, 19, 3, 0, 'K219', 0, NULL, NULL),
(3085, 2701, 0, 73, 2, 20, 3, 1, 'K220', 0, NULL, NULL),
(3086, 2702, 0, 73, 3, 20, 3, 6, 'b320', 0, NULL, NULL),
(3087, 2697, 0, 73, 9, 20, 3, 0, 'L920', 0, NULL, NULL),
(3088, 2699, 0, 73, 14, 20, 1, 0, 'd1420', 0, NULL, NULL),
(3089, 2699, 0, 73, 19, 20, 1, 2, 'd1920', 0, NULL, NULL),
(3090, 2700, 0, 73, 20, 20, 1, 6, 'c2020', 0, NULL, NULL),
(3091, 2701, 0, 73, 2, 21, 3, 1, 'K221', 0, NULL, NULL),
(3092, 2702, 0, 73, 3, 21, 3, 6, 'b321', 0, NULL, NULL),
(3093, 2699, 0, 73, 19, 21, 1, 0, 'd1921', 0, NULL, NULL),
(3094, 2701, 0, 73, 2, 22, 3, 1, 'K222', 0, NULL, NULL),
(3095, 2702, 0, 73, 3, 22, 3, 6, 'b322', 0, NULL, NULL),
(3096, 2697, 0, 73, 16, 22, 1, 0, 'L1622', 0, NULL, NULL),
(3097, 2700, 0, 73, 18, 22, 1, 0, 'c1822', 0, NULL, NULL),
(3098, 2701, 0, 73, 2, 23, 3, 1, 'K223', 0, NULL, NULL),
(3099, 2702, 0, 73, 3, 23, 3, 6, 'b323', 0, NULL, NULL),
(3100, 2701, 0, 73, 2, 24, 3, 1, 'K224', 0, NULL, NULL),
(3101, 2702, 0, 73, 3, 24, 3, 6, 'b324', 0, NULL, NULL),
(3102, 2701, 0, 73, 2, 25, 3, 2, 'K225', 0, NULL, NULL),
(3303, 2874, 0, 90, 8, 4, 4, 6, 'c84', 0, NULL, NULL),
(3429, 2704, 0, 74, 9, 4, 3, 4, 'd94', 0, NULL, NULL),
(3621, 2808, 0, 83, 8, 6, 0, 4, 'c86', 0, NULL, NULL),
(3173, 2903, 0, 92, 9, 6, 4, 0, 'D96', 0, NULL, NULL),
(3474, 2718, 0, 76, 20, 6, 3, 2, 'a206', 0, NULL, NULL),
(3433, 2705, 0, 74, 28, 6, 3, 2, 'a286', 0, NULL, NULL),
(3434, 2703, 0, 74, 3, 7, 1, 4, 'c37', 0, NULL, NULL),
(3435, 2704, 0, 74, 4, 7, 1, 4, 'd47', 0, NULL, NULL),
(3787, 2861, 0, 88, 3, 9, 1, 2, 'c39', 0, NULL, NULL),
(3437, 2704, 0, 74, 4, 9, 1, 0, 'd49', 0, NULL, NULL),
(3438, 2706, 0, 74, 21, 10, 3, 2, 'b2110', 0, NULL, NULL),
(3439, 2706, 0, 74, 23, 10, 3, 6, 'b2310', 0, NULL, NULL),
(3440, 2706, 0, 74, 26, 10, 3, 2, 'b2610', 0, NULL, NULL),
(3441, 2706, 0, 74, 28, 10, 3, 6, 'b2810', 0, NULL, NULL),
(2364, 2922, 0, 99, 11, 12, 1, 0, 'c1112', 0, NULL, NULL),
(3443, 2703, 0, 74, 3, 13, 1, 4, 'c313', 0, NULL, NULL),
(3444, 2704, 0, 74, 4, 13, 1, 4, 'd413', 0, NULL, NULL),
(3445, 2704, 0, 74, 11, 13, 1, 2, 'd1113', 0, NULL, NULL),
(3446, 2705, 0, 74, 11, 14, 1, 2, 'a1114', 0, NULL, NULL),
(3447, 2703, 0, 74, 3, 15, 1, 0, 'c315', 0, NULL, NULL),
(3448, 2704, 0, 74, 4, 15, 1, 0, 'd415', 0, NULL, NULL),
(3449, 2703, 0, 74, 11, 15, 1, 2, 'c1115', 0, NULL, NULL),
(3450, 2706, 0, 74, 24, 15, 1, 4, 'b2415', 0, NULL, NULL),
(3451, 2704, 0, 74, 11, 16, 1, 2, 'd1116', 0, NULL, NULL),
(3452, 2706, 0, 74, 22, 17, 1, 2, 'b2217', 0, NULL, NULL),
(3453, 2705, 0, 74, 24, 17, 1, 2, 'a2417', 0, NULL, NULL),
(3454, 2706, 0, 74, 26, 17, 1, 6, 'b2617', 0, NULL, NULL),
(3455, 2705, 0, 74, 11, 19, 1, 2, 'a1119', 0, NULL, NULL),
(3456, 2706, 0, 74, 24, 19, 1, 0, 'b2419', 0, NULL, NULL),
(3459, 2704, 0, 74, 12, 24, 1, 2, 'd1224', 0, NULL, NULL),
(3460, 2704, 0, 74, 14, 24, 1, 6, 'd1424', 0, NULL, NULL),
(3986, 2707, 0, 75, 15, 5, 2, 2, 'd155', 0, NULL, NULL),
(3987, 2707, 0, 75, 19, 5, 2, 6, 'd195', 0, NULL, NULL),
(3988, 2708, 0, 75, 15, 6, 2, 2, 'e156', 0, NULL, NULL),
(3989, 2708, 0, 75, 19, 6, 2, 6, 'e196', 0, NULL, NULL),
(3990, 2707, 0, 75, 2, 7, 0, 4, 'd27', 0, NULL, NULL),
(3991, 2708, 0, 75, 3, 7, 0, 4, 'e37', 0, NULL, NULL),
(3992, 2709, 0, 75, 4, 7, 0, 4, 'f47', 0, NULL, NULL),
(3993, 2709, 0, 75, 15, 7, 2, 2, 'f157', 0, NULL, NULL),
(3994, 2709, 0, 75, 19, 7, 2, 6, 'f197', 0, NULL, NULL),
(2743, 2901, 0, 93, 2, 10, 0, 0, 'D210', 0, NULL, NULL),
(3996, 2708, 0, 75, 3, 10, 0, 0, 'e310', 0, NULL, NULL),
(3997, 2709, 0, 75, 4, 10, 0, 0, 'f410', 0, NULL, NULL),
(3112, 2840, 0, 86, 3, 11, 0, 6, 'e311', 0, NULL, NULL),
(4000, 2709, 0, 75, 4, 11, 0, 4, 'f411', 0, NULL, NULL),
(4002, 2710, 0, 75, 30, 13, 0, 4, 'b3013', 0, NULL, NULL),
(4003, 2707, 0, 75, 2, 14, 0, 0, 'd214', 0, NULL, NULL),
(4004, 2708, 0, 75, 3, 14, 0, 0, 'e314', 0, NULL, NULL),
(4005, 2709, 0, 75, 4, 14, 0, 0, 'f414', 0, NULL, NULL),
(4006, 2710, 0, 75, 12, 14, 0, 4, 'b1214', 0, NULL, NULL),
(4007, 2710, 0, 75, 17, 14, 0, 4, 'b1714', 0, NULL, NULL),
(4008, 2710, 0, 75, 22, 14, 0, 4, 'b2214', 0, NULL, NULL),
(4009, 2711, 0, 75, 8, 15, 0, 0, 'h815', 0, NULL, NULL),
(4010, 2710, 0, 75, 11, 15, 0, 2, 'b1115', 0, NULL, NULL),
(1898, 2906, 0, 94, 16, 15, 5, 0, 'b1615', 0, NULL, NULL),
(4014, 2712, 0, 75, 17, 15, 0, 0, 'c1715', 0, NULL, NULL),
(4015, 2710, 0, 75, 18, 15, 0, 6, 'b1815', 0, NULL, NULL),
(4016, 2710, 0, 75, 21, 15, 0, 2, 'b2115', 0, NULL, NULL),
(4017, 2712, 0, 75, 22, 15, 0, 0, 'c2215', 0, NULL, NULL),
(4019, 2711, 0, 75, 26, 15, 0, 0, 'h2615', 0, NULL, NULL),
(4020, 2710, 0, 75, 12, 16, 0, 0, 'b1216', 0, NULL, NULL),
(4021, 2710, 0, 75, 17, 16, 0, 0, 'b1716', 0, NULL, NULL),
(4022, 2710, 0, 75, 22, 16, 0, 0, 'b2216', 0, NULL, NULL),
(4023, 2710, 0, 75, 29, 17, 0, 0, 'b2917', 0, NULL, NULL),
(4024, 2710, 0, 75, 30, 17, 0, 0, 'b3017', 0, NULL, NULL),
(4025, 2713, 0, 75, 10, 18, 0, 2, 'i1018', 0, NULL, NULL),
(4026, 2713, 0, 75, 14, 18, 0, 6, 'i1418', 0, NULL, NULL),
(4027, 2714, 0, 75, 20, 18, 0, 0, 'a2018', 0, NULL, NULL),
(4028, 2715, 0, 75, 21, 18, 0, 4, 'k2118', 0, NULL, NULL),
(4029, 2716, 0, 75, 22, 18, 0, 4, 'j2218', 0, NULL, NULL),
(4030, 2713, 0, 75, 23, 18, 0, 4, 'i2318', 0, NULL, NULL),
(4031, 2716, 0, 75, 10, 19, 0, 2, 'j1019', 0, NULL, NULL),
(4033, 2716, 0, 75, 20, 19, 0, 2, 'j2019', 0, NULL, NULL),
(4035, 2716, 0, 75, 14, 20, 0, 6, 'j1420', 0, NULL, NULL),
(4036, 2715, 0, 75, 20, 20, 0, 2, 'k2020', 0, NULL, NULL),
(4037, 2713, 0, 75, 10, 21, 0, 2, 'i1021', 0, NULL, NULL),
(4038, 2713, 0, 75, 20, 21, 0, 2, 'i2021', 0, NULL, NULL),
(4039, 2717, 0, 75, 10, 22, 0, 0, 'g1022', 0, NULL, NULL),
(4040, 2717, 0, 75, 10, 23, 0, 0, 'g1023', 0, NULL, NULL),
(3461, 2718, 0, 76, 19, 1, 3, 4, 'a191', 0, NULL, NULL),
(3462, 2718, 0, 76, 23, 1, 3, 4, 'a231', 0, NULL, NULL),
(3463, 2718, 0, 76, 18, 2, 3, 2, 'a182', 0, NULL, NULL),
(3464, 2719, 0, 76, 19, 2, 3, 0, 'f192', 0, NULL, NULL),
(3465, 2718, 0, 76, 20, 2, 3, 6, 'a202', 0, NULL, NULL),
(3466, 2718, 0, 76, 22, 2, 3, 2, 'a222', 0, NULL, NULL),
(3467, 2719, 0, 76, 23, 2, 3, 0, 'f232', 0, NULL, NULL),
(3468, 2718, 0, 76, 19, 3, 3, 0, 'a193', 0, NULL, NULL),
(3469, 2718, 0, 76, 23, 3, 3, 0, 'a233', 0, NULL, NULL),
(3470, 2718, 0, 76, 17, 5, 3, 4, 'a175', 0, NULL, NULL),
(3472, 2719, 0, 76, 17, 6, 3, 0, 'f176', 0, NULL, NULL),
(3473, 2718, 0, 76, 18, 6, 3, 6, 'a186', 0, NULL, NULL),
(3475, 2719, 0, 76, 21, 6, 3, 0, 'f216', 0, NULL, NULL),
(3476, 2718, 0, 76, 22, 6, 3, 6, 'a226', 0, NULL, NULL),
(3477, 2718, 0, 76, 17, 7, 3, 0, 'a177', 0, NULL, NULL),
(3479, 2720, 0, 76, 0, 8, 2, 4, 'b08', 0, NULL, NULL),
(3480, 2721, 0, 76, 1, 8, 2, 4, 'c18', 0, NULL, NULL),
(3481, 2722, 0, 76, 6, 8, 2, 4, 'd68', 0, NULL, NULL),
(3482, 2723, 0, 76, 7, 8, 2, 4, 'e78', 0, NULL, NULL),
(3483, 2724, 0, 76, 0, 9, 2, 0, 'i09', 0, NULL, NULL),
(3484, 2725, 0, 76, 1, 9, 2, 0, 'j19', 0, NULL, NULL),
(3485, 2720, 0, 76, 2, 9, 2, 6, 'b29', 0, NULL, NULL),
(3486, 2722, 0, 76, 5, 9, 2, 2, 'd59', 0, NULL, NULL),
(3487, 2724, 0, 76, 6, 9, 2, 0, 'i69', 0, NULL, NULL),
(1233, 2769, 0, 80, 7, 9, 0, 0, 'j79', 0, NULL, NULL),
(3489, 2726, 0, 76, 0, 10, 2, 0, 'k010', 0, NULL, NULL),
(3490, 2727, 0, 76, 1, 10, 2, 0, 'l110', 0, NULL, NULL),
(2797, 2915, 0, 95, 2, 10, 1, 2, 'c210', 0, NULL, NULL),
(3492, 2723, 0, 76, 5, 10, 2, 2, 'e510', 0, NULL, NULL),
(3493, 2726, 0, 76, 6, 10, 2, 0, 'k610', 0, NULL, NULL),
(3494, 2727, 0, 76, 7, 10, 2, 0, 'l710', 0, NULL, NULL),
(3495, 2720, 0, 76, 0, 11, 2, 0, 'b011', 0, NULL, NULL),
(3496, 2721, 0, 76, 1, 11, 2, 0, 'c111', 0, NULL, NULL),
(3497, 2722, 0, 76, 6, 11, 2, 0, 'd611', 0, NULL, NULL),
(3498, 2723, 0, 76, 7, 11, 2, 0, 'e711', 0, NULL, NULL),
(3499, 2722, 0, 76, 18, 13, 1, 2, 'd1813', 0, NULL, NULL),
(3500, 2728, 0, 76, 19, 13, 1, 6, 'g1913', 0, NULL, NULL);
INSERT INTO `items` (`id`, `definitionid`, `ownerid`, `roomid`, `x`, `y`, `z`, `rotation`, `customdata`, `teleporterid`, `wallposition`, `postit_message`) VALUES
(2385, 2925, 0, 99, 18, 14, 0, 4, 'e1814', 0, NULL, NULL),
(3503, 2729, 0, 76, 19, 14, 1, 6, 'h1914', 0, NULL, NULL),
(3504, 2723, 0, 76, 20, 14, 1, 6, 'e2014', 0, NULL, NULL),
(3505, 2718, 0, 76, 3, 15, 3, 2, 'a315', 0, NULL, NULL),
(3506, 2719, 0, 76, 3, 16, 3, 0, 'f316', 0, NULL, NULL),
(3508, 2722, 0, 76, 10, 21, 0, 2, 'd1021', 0, NULL, NULL),
(3509, 2723, 0, 76, 10, 22, 0, 2, 'e1022', 0, NULL, NULL),
(3510, 2720, 0, 76, 13, 22, 0, 4, 'b1322', 0, NULL, NULL),
(3511, 2721, 0, 76, 14, 22, 0, 4, 'c1422', 0, NULL, NULL),
(3512, 2719, 0, 76, 10, 23, 0, 0, 'f1023', 0, NULL, NULL),
(3513, 2728, 0, 76, 13, 23, 0, 0, 'g1323', 0, NULL, NULL),
(3514, 2729, 0, 76, 14, 23, 0, 0, 'h1423', 0, NULL, NULL),
(3515, 2722, 0, 76, 10, 24, 0, 2, 'd1024', 0, NULL, NULL),
(3516, 2720, 0, 76, 13, 24, 0, 0, 'b1324', 0, NULL, NULL),
(3517, 2721, 0, 76, 14, 24, 0, 0, 'c1424', 0, NULL, NULL),
(3518, 2723, 0, 76, 10, 25, 0, 2, 'e1025', 0, NULL, NULL),
(4041, 2736, 0, 77, 11, 3, 0, 4, 'f113', 0, NULL, NULL),
(2341, 2933, 0, 99, 9, 7, 1, 4, 'f97', 0, NULL, NULL),
(4043, 2736, 0, 77, 13, 7, 0, 4, 'f137', 0, NULL, NULL),
(4044, 2736, 0, 77, 8, 8, 0, 2, 'f88', 0, NULL, NULL),
(4045, 2736, 0, 77, 13, 8, 0, 2, 'f138', 0, NULL, NULL),
(4046, 2736, 0, 77, 13, 10, 0, 2, 'f1310', 0, NULL, NULL),
(2803, 2917, 0, 95, 14, 13, 0, 0, 'f1413', 0, NULL, NULL),
(4048, 2736, 0, 77, 15, 14, 0, 0, 'f1514', 0, NULL, NULL),
(4049, 2736, 0, 77, 17, 15, 0, 0, 'f1715', 0, NULL, NULL),
(4050, 2737, 0, 77, 13, 19, 0, 4, 'e1319', 0, NULL, NULL),
(4051, 2738, 0, 77, 4, 20, 0, 2, 'd420', 0, NULL, NULL),
(4052, 2739, 0, 77, 5, 20, 0, 2, 'a520', 0, NULL, NULL),
(4053, 2738, 0, 77, 6, 20, 0, 6, 'd620', 0, NULL, NULL),
(4054, 2738, 0, 77, 4, 21, 0, 2, 'd421', 0, NULL, NULL),
(4055, 2740, 0, 77, 5, 21, 0, 2, 'c521', 0, NULL, NULL),
(4056, 2738, 0, 77, 6, 21, 0, 6, 'd621', 0, NULL, NULL),
(4057, 2738, 0, 77, 3, 24, 0, 4, 'd324', 0, NULL, NULL),
(4058, 2738, 0, 77, 4, 24, 0, 4, 'd424', 0, NULL, NULL),
(4059, 2738, 0, 77, 5, 24, 0, 4, 'd524', 0, NULL, NULL),
(4060, 2737, 0, 77, 16, 24, 0, 6, 'e1624', 0, NULL, NULL),
(4063, 2740, 0, 77, 5, 25, 0, 0, 'c525', 0, NULL, NULL),
(4064, 2737, 0, 77, 16, 25, 0, 6, 'e1625', 0, NULL, NULL),
(4065, 2738, 0, 77, 3, 26, 0, 0, 'd326', 0, NULL, NULL),
(4066, 2738, 0, 77, 4, 26, 0, 0, 'd426', 0, NULL, NULL),
(4067, 2738, 0, 77, 5, 26, 0, 0, 'd526', 0, NULL, NULL),
(4068, 2737, 0, 77, 16, 26, 0, 6, 'e1626', 0, NULL, NULL),
(4069, 2738, 0, 77, 3, 29, 0, 4, 'd329', 0, NULL, NULL),
(4070, 2738, 0, 77, 4, 29, 0, 4, 'd429', 0, NULL, NULL),
(4071, 2739, 0, 77, 3, 30, 0, 0, 'a330', 0, NULL, NULL),
(4072, 2740, 0, 77, 4, 30, 0, 0, 'c430', 0, NULL, NULL),
(4073, 2738, 0, 77, 5, 30, 0, 6, 'd530', 0, NULL, NULL),
(1142, 2742, 0, 78, 7, 0, 0, 0, 'l70', 0, NULL, NULL),
(1143, 2743, 0, 78, 14, 1, 0, 2, 'g141', 0, NULL, NULL),
(1144, 2744, 0, 78, 0, 2, 0, 0, 't02', 0, NULL, NULL),
(1145, 2745, 0, 78, 2, 2, 0, 4, 's22', 0, NULL, NULL),
(1146, 2746, 0, 78, 3, 2, 0, 4, 'm32', 0, NULL, NULL),
(1147, 2746, 0, 78, 4, 2, 0, 4, 'm42', 0, NULL, NULL),
(1148, 2747, 0, 78, 5, 2, 0, 4, 'S52', 0, NULL, NULL),
(1149, 2748, 0, 78, 12, 4, 0, 2, 'R124', 0, NULL, NULL),
(1150, 2749, 0, 78, 15, 4, 0, 6, 'W154', 0, NULL, NULL),
(1151, 2749, 0, 78, 10, 5, 0, 2, 'W105', 0, NULL, NULL),
(1152, 2749, 0, 78, 15, 6, 0, 6, 'W156', 0, NULL, NULL),
(1153, 2749, 0, 78, 7, 7, 0, 4, 'W77', 0, NULL, NULL),
(1154, 2749, 0, 78, 13, 8, 0, 4, 'W138', 0, NULL, NULL),
(1155, 2749, 0, 78, 15, 8, 0, 4, 'W158', 0, NULL, NULL),
(1156, 2749, 0, 78, 5, 9, 0, 2, 'W59', 0, NULL, NULL),
(1157, 2750, 0, 78, 0, 10, 0, 0, 'F010', 0, NULL, NULL),
(1158, 2751, 0, 78, 7, 10, 0, 2, 'V710', 0, NULL, NULL),
(1159, 2752, 0, 78, 13, 10, 0, 1, 'Y1310', 0, NULL, NULL),
(1160, 2753, 0, 78, 14, 10, 0, 2, 'y1410', 0, NULL, NULL),
(1161, 2749, 0, 78, 5, 11, 0, 2, 'W511', 0, NULL, NULL),
(1163, 2754, 0, 78, 1, 13, 0, 2, 'B113', 0, NULL, NULL),
(1164, 2755, 0, 78, 7, 13, 0, 2, 'v713', 0, NULL, NULL),
(1165, 2749, 0, 78, 13, 13, 0, 0, 'W1313', 0, NULL, NULL),
(1166, 2749, 0, 78, 15, 13, 0, 0, 'W1513', 0, NULL, NULL),
(1167, 2754, 0, 78, 1, 15, 0, 2, 'B115', 0, NULL, NULL),
(1168, 2756, 0, 78, 1, 17, 0, 2, 'P117', 0, NULL, NULL),
(1169, 2757, 0, 78, 15, 17, 0, 0, 'i1517', 0, NULL, NULL),
(1170, 2754, 0, 78, 1, 18, 0, 2, 'B118', 0, NULL, NULL),
(1171, 2757, 0, 78, 15, 18, 0, 0, 'i1518', 0, NULL, NULL),
(1172, 2758, 0, 78, 1, 19, 0, 2, 'b119', 0, NULL, NULL),
(4074, 2759, 0, 79, 0, 1, 4, 4, 'a01', 0, NULL, NULL),
(4075, 2760, 0, 79, 16, 1, 4, 4, 'd161', 0, NULL, NULL),
(4076, 2761, 0, 79, 17, 1, 4, 4, 'e171', 0, NULL, NULL),
(4077, 2762, 0, 79, 0, 2, 4, 0, 'c02', 0, NULL, NULL),
(4078, 2759, 0, 79, 1, 2, 4, 6, 'a12', 0, NULL, NULL),
(4080, 2760, 0, 79, 16, 4, 4, 0, 'd164', 0, NULL, NULL),
(4081, 2761, 0, 79, 17, 4, 4, 0, 'e174', 0, NULL, NULL),
(4082, 2759, 0, 79, 2, 6, 4, 4, 'a26', 0, NULL, NULL),
(4083, 2759, 0, 79, 1, 7, 4, 2, 'a17', 0, NULL, NULL),
(4084, 2762, 0, 79, 2, 7, 4, 0, 'c27', 0, NULL, NULL),
(4085, 2759, 0, 79, 3, 7, 4, 6, 'a37', 0, NULL, NULL),
(2689, 2779, 0, 81, 2, 8, 3, 0, 'a28', 0, NULL, NULL),
(4087, 2759, 0, 79, 0, 9, 4, 4, 'a09', 0, NULL, NULL),
(4088, 2763, 0, 79, 0, 10, 4, 0, 'b010', 0, NULL, NULL),
(4089, 2759, 0, 79, 0, 11, 4, 0, 'a011', 0, NULL, NULL),
(4090, 2760, 0, 79, 1, 13, 4, 2, 'd113', 0, NULL, NULL),
(4091, 2760, 0, 79, 6, 13, 4, 6, 'd613', 0, NULL, NULL),
(4092, 2760, 0, 79, 8, 13, 4, 2, 'd813', 0, NULL, NULL),
(4093, 2760, 0, 79, 13, 13, 4, 6, 'd1313', 0, NULL, NULL),
(4094, 2764, 0, 79, 1, 14, 4, 2, 'f114', 0, NULL, NULL),
(4095, 2764, 0, 79, 6, 14, 4, 6, 'f614', 0, NULL, NULL),
(4097, 2764, 0, 79, 13, 14, 4, 6, 'f1314', 0, NULL, NULL),
(4098, 2764, 0, 79, 1, 15, 4, 2, 'f115', 0, NULL, NULL),
(4099, 2764, 0, 79, 6, 15, 4, 6, 'f615', 0, NULL, NULL),
(4100, 2764, 0, 79, 8, 15, 4, 2, 'f815', 0, NULL, NULL),
(4101, 2764, 0, 79, 13, 15, 4, 6, 'f1315', 0, NULL, NULL),
(2688, 2778, 0, 81, 11, 6, 3, 4, 'f116', 0, NULL, NULL),
(4103, 2764, 0, 79, 6, 16, 4, 6, 'f616', 0, NULL, NULL),
(4104, 2764, 0, 79, 8, 16, 4, 2, 'f816', 0, NULL, NULL),
(4105, 2764, 0, 79, 13, 16, 4, 6, 'f1316', 0, NULL, NULL),
(4106, 2765, 0, 79, 1, 17, 4, 0, 'g117', 0, NULL, NULL),
(4107, 2764, 0, 79, 2, 17, 4, 0, 'f217', 0, NULL, NULL),
(4108, 2764, 0, 79, 3, 17, 4, 0, 'f317', 0, NULL, NULL),
(4109, 2764, 0, 79, 4, 17, 4, 0, 'f417', 0, NULL, NULL),
(4111, 2766, 0, 79, 6, 17, 4, 0, 'h617', 0, NULL, NULL),
(4112, 2765, 0, 79, 8, 17, 4, 0, 'g817', 0, NULL, NULL),
(4113, 2764, 0, 79, 9, 17, 4, 0, 'f917', 0, NULL, NULL),
(4114, 2764, 0, 79, 10, 17, 4, 0, 'f1017', 0, NULL, NULL),
(4115, 2764, 0, 79, 11, 17, 4, 0, 'f1117', 0, NULL, NULL),
(4116, 2764, 0, 79, 12, 17, 4, 0, 'f1217', 0, NULL, NULL),
(4117, 2766, 0, 79, 13, 17, 4, 0, 'h1317', 0, NULL, NULL),
(1218, 2768, 0, 80, 8, 1, 0, 0, 'l81', 0, NULL, NULL),
(1219, 2769, 0, 80, 0, 2, 0, 4, 'j02', 0, NULL, NULL),
(1220, 2770, 0, 80, 1, 2, 0, 4, 'i12', 0, NULL, NULL),
(1221, 2767, 0, 80, 8, 2, 0, 0, 'k82', 0, NULL, NULL),
(1222, 2767, 0, 80, 8, 3, 0, 4, 'k83', 0, NULL, NULL),
(1223, 2768, 0, 80, 8, 4, 0, 0, 'l84', 0, NULL, NULL),
(1224, 2769, 0, 80, 0, 5, 0, 0, 'j05', 0, NULL, NULL),
(1225, 2770, 0, 80, 1, 5, 0, 0, 'i15', 0, NULL, NULL),
(1226, 2767, 0, 80, 8, 5, 0, 0, 'k85', 0, NULL, NULL),
(1227, 2769, 0, 80, 0, 6, 0, 4, 'j06', 0, NULL, NULL),
(1228, 2770, 0, 80, 1, 6, 0, 4, 'i16', 0, NULL, NULL),
(1229, 2769, 0, 80, 7, 6, 0, 4, 'j76', 0, NULL, NULL),
(1230, 2770, 0, 80, 8, 6, 0, 4, 'i86', 0, NULL, NULL),
(1231, 2769, 0, 80, 0, 9, 0, 0, 'j09', 0, NULL, NULL),
(1232, 2770, 0, 80, 1, 9, 0, 0, 'i19', 0, NULL, NULL),
(1234, 2770, 0, 80, 8, 9, 0, 0, 'i89', 0, NULL, NULL),
(2672, 2771, 0, 81, 13, 1, 3, 4, 'h131', 0, NULL, NULL),
(2673, 2772, 0, 81, 14, 1, 3, 4, 'i141', 0, NULL, NULL),
(2674, 2773, 0, 81, 15, 1, 3, 4, 'j151', 0, NULL, NULL),
(2675, 2774, 0, 81, 16, 1, 3, 0, 'c161', 0, NULL, NULL),
(2676, 2771, 0, 81, 18, 1, 3, 4, 'h181', 0, NULL, NULL),
(2677, 2772, 0, 81, 19, 1, 3, 4, 'i191', 0, NULL, NULL),
(2678, 2773, 0, 81, 20, 1, 3, 4, 'j201', 0, NULL, NULL),
(2679, 2775, 0, 81, 13, 3, 3, 0, 'l133', 0, NULL, NULL),
(2680, 2776, 0, 81, 15, 3, 3, 0, 'k153', 0, NULL, NULL),
(2681, 2775, 0, 81, 18, 3, 3, 0, 'l183', 0, NULL, NULL),
(2682, 2776, 0, 81, 20, 3, 3, 0, 'k203', 0, NULL, NULL),
(2683, 2777, 0, 81, 2, 6, 3, 4, 'e26', 0, NULL, NULL),
(2684, 2777, 0, 81, 3, 6, 3, 4, 'e36', 0, NULL, NULL),
(1710, 2872, 0, 89, 8, 6, 2, 6, 'f86', 0, NULL, NULL),
(2686, 2778, 0, 81, 9, 6, 3, 4, 'f96', 0, NULL, NULL),
(2687, 2778, 0, 81, 10, 6, 3, 4, 'f106', 0, NULL, NULL),
(2690, 2780, 0, 81, 3, 8, 3, 0, 'b38', 0, NULL, NULL),
(2692, 2781, 0, 81, 3, 9, 3, 0, 'm39', 0, NULL, NULL),
(2693, 2777, 0, 81, 16, 9, 3, 4, 'e169', 0, NULL, NULL),
(2694, 2777, 0, 81, 17, 9, 3, 4, 'e179', 0, NULL, NULL),
(2696, 2780, 0, 81, 17, 11, 3, 0, 'b1711', 0, NULL, NULL),
(2477, 2960, 0, 101, 21, 2, 1, 6, 'e212', 0, NULL, NULL),
(2698, 2777, 0, 81, 3, 12, 3, 4, 'e312', 0, NULL, NULL),
(2699, 2781, 0, 81, 16, 12, 3, 0, 'm1612', 0, NULL, NULL),
(2700, 2781, 0, 81, 17, 12, 3, 0, 'm1712', 0, NULL, NULL),
(2701, 2779, 0, 81, 2, 14, 3, 0, 'a214', 0, NULL, NULL),
(2702, 2780, 0, 81, 3, 14, 3, 0, 'b314', 0, NULL, NULL),
(2704, 2781, 0, 81, 3, 15, 3, 0, 'm315', 0, NULL, NULL),
(2705, 2782, 0, 81, 0, 18, 1, 0, 'd018', 0, NULL, NULL),
(2706, 2783, 0, 81, 0, 19, 1, 2, 'g019', 0, NULL, NULL),
(2707, 2783, 0, 81, 0, 20, 1, 2, 'g020', 0, NULL, NULL),
(2708, 2782, 0, 81, 0, 21, 1, 0, 'd021', 0, NULL, NULL),
(3519, 2784, 0, 82, 15, 0, 1, 0, 'W150', 0, NULL, NULL),
(3520, 2785, 0, 82, 14, 1, 1, 2, 'c141', 0, NULL, NULL),
(3521, 2785, 0, 82, 17, 1, 1, 6, 'c171', 0, NULL, NULL),
(3613, 2808, 0, 83, 14, 2, 0, 6, 'c142', 0, NULL, NULL),
(3523, 2786, 0, 82, 15, 2, 1, 0, 'V152', 0, NULL, NULL),
(3524, 2785, 0, 82, 17, 2, 1, 6, 'c172', 0, NULL, NULL),
(3525, 2787, 0, 82, 13, 4, 1, 0, 'y134', 0, NULL, NULL),
(3526, 2788, 0, 82, 4, 5, 1, 0, 'q45', 0, NULL, NULL),
(3527, 2789, 0, 82, 5, 5, 1, 0, 'f55', 0, NULL, NULL),
(3528, 2785, 0, 82, 8, 5, 1, 2, 'c85', 0, NULL, NULL),
(3321, 2874, 0, 90, 1, 15, 1, 4, 'c115', 0, NULL, NULL),
(3530, 2790, 0, 82, 4, 6, 1, 0, 'o46', 0, NULL, NULL),
(3531, 2791, 0, 82, 5, 6, 1, 6, 'b56', 0, NULL, NULL),
(3533, 2792, 0, 82, 10, 6, 1, 0, 'm106', 0, NULL, NULL),
(3622, 2808, 0, 83, 11, 6, 0, 2, 'c116', 0, NULL, NULL),
(3535, 2790, 0, 82, 4, 7, 1, 0, 'o47', 0, NULL, NULL),
(3536, 2791, 0, 82, 5, 7, 1, 6, 'b57', 0, NULL, NULL),
(3537, 2790, 0, 82, 4, 8, 1, 0, 'o48', 0, NULL, NULL),
(3538, 2790, 0, 82, 4, 9, 1, 0, 'o49', 0, NULL, NULL),
(3539, 2790, 0, 82, 4, 10, 1, 0, 'o410', 0, NULL, NULL),
(3540, 2785, 0, 82, 12, 10, 1, 2, 'c1210', 0, NULL, NULL),
(3541, 2793, 0, 82, 13, 10, 1, 0, 't1310', 0, NULL, NULL),
(3542, 2785, 0, 82, 14, 10, 1, 6, 'c1410', 0, NULL, NULL),
(3543, 2857, 0, 82, 0, 11, 1, 4, 'r011', 0, NULL, NULL),
(3544, 2857, 0, 82, 1, 11, 1, 4, 'r111', 0, NULL, NULL),
(3545, 2857, 0, 82, 2, 11, 1, 4, 'r211', 0, NULL, NULL),
(3546, 2795, 0, 82, 3, 11, 1, 2, 'k311', 0, NULL, NULL),
(3547, 2796, 0, 82, 4, 11, 1, 2, 'n411', 0, NULL, NULL),
(3548, 2797, 0, 82, 9, 11, 1, 0, 'J911', 0, NULL, NULL),
(3549, 2798, 0, 82, 10, 11, 1, 2, 'I1011', 0, NULL, NULL),
(3550, 2799, 0, 82, 11, 11, 1, 2, 'H1111', 0, NULL, NULL),
(3551, 2798, 0, 82, 12, 11, 1, 2, 'I1211', 0, NULL, NULL),
(3552, 2799, 0, 82, 13, 11, 1, 2, 'H1311', 0, NULL, NULL),
(3553, 2798, 0, 82, 14, 11, 1, 2, 'I1411', 0, NULL, NULL),
(3554, 2800, 0, 82, 15, 11, 1, 2, 'G1511', 0, NULL, NULL),
(3555, 2791, 0, 82, 0, 12, 1, 0, 'b012', 0, NULL, NULL),
(3556, 2791, 0, 82, 1, 12, 1, 0, 'b112', 0, NULL, NULL),
(3557, 2791, 0, 82, 2, 12, 1, 0, 'b212', 0, NULL, NULL),
(3558, 2785, 0, 82, 8, 12, 1, 4, 'c812', 0, NULL, NULL),
(3559, 2798, 0, 82, 9, 12, 1, 0, 'I912', 0, NULL, NULL),
(3560, 2787, 0, 82, 10, 12, 0, 0, 'y1012', 0, NULL, NULL),
(3562, 2799, 0, 82, 9, 13, 1, 0, 'H913', 0, NULL, NULL),
(3563, 2785, 0, 82, 8, 14, 1, 0, 'c814', 0, NULL, NULL),
(3564, 2798, 0, 82, 9, 14, 1, 0, 'I914', 0, NULL, NULL),
(3565, 2785, 0, 82, 12, 14, 0, 4, 'c1214', 0, NULL, NULL),
(3566, 2801, 0, 82, 0, 15, 1, 0, 'i015', 0, NULL, NULL),
(3567, 2799, 0, 82, 9, 15, 1, 0, 'H915', 0, NULL, NULL),
(3569, 2802, 0, 82, 0, 16, 1, 0, 'h016', 0, NULL, NULL),
(2410, 2943, 0, 100, 11, 6, 2, 4, 'b116', 0, NULL, NULL),
(3571, 2784, 0, 82, 4, 16, 1, 0, 'W416', 0, NULL, NULL),
(3572, 2798, 0, 82, 9, 16, 1, 0, 'I916', 0, NULL, NULL),
(3573, 2785, 0, 82, 11, 16, 0, 2, 'c1116', 0, NULL, NULL),
(3651, 2808, 0, 83, 14, 16, 0, 6, 'c1416', 0, NULL, NULL),
(3575, 2803, 0, 82, 0, 17, 1, 0, 'g017', 0, NULL, NULL),
(3330, 2874, 0, 90, 3, 17, 1, 6, 'c317', 0, NULL, NULL),
(3577, 2785, 0, 82, 6, 17, 1, 6, 'c617', 0, NULL, NULL),
(3578, 2799, 0, 82, 9, 17, 1, 0, 'H917', 0, NULL, NULL),
(3579, 2785, 0, 82, 11, 17, 0, 2, 'c1117', 0, NULL, NULL),
(3580, 2786, 0, 82, 12, 17, 0, 0, 'V1217', 0, NULL, NULL),
(3331, 2874, 0, 90, 14, 17, 1, 0, 'c1417', 0, NULL, NULL),
(3582, 2785, 0, 82, 3, 18, 1, 2, 'c318', 0, NULL, NULL),
(3583, 2786, 0, 82, 4, 18, 1, 0, 'V418', 0, NULL, NULL),
(3584, 2785, 0, 82, 6, 18, 1, 6, 'c618', 0, NULL, NULL),
(3585, 2798, 0, 82, 9, 18, 1, 0, 'I918', 0, NULL, NULL),
(3586, 2789, 0, 82, 0, 19, 1, 0, 'f019', 0, NULL, NULL),
(3587, 2799, 0, 82, 9, 19, 1, 0, 'H919', 0, NULL, NULL),
(3588, 2785, 0, 82, 12, 19, 0, 0, 'c1219', 0, NULL, NULL),
(3589, 2789, 0, 82, 0, 20, 1, 0, 'f020', 0, NULL, NULL),
(3591, 2798, 0, 82, 9, 20, 1, 0, 'I920', 0, NULL, NULL),
(3592, 2793, 0, 82, 8, 21, 1, 0, 't821', 0, NULL, NULL),
(3593, 2799, 0, 82, 9, 21, 1, 0, 'H921', 0, NULL, NULL),
(3594, 2785, 0, 82, 8, 22, 1, 0, 'c822', 0, NULL, NULL),
(3595, 2798, 0, 82, 9, 22, 1, 0, 'I922', 0, NULL, NULL),
(3596, 2799, 0, 82, 9, 23, 1, 0, 'H923', 0, NULL, NULL),
(3598, 2793, 0, 82, 13, 23, 0, 0, 't1323', 0, NULL, NULL),
(3600, 2800, 0, 82, 9, 24, 1, 0, 'G924', 0, NULL, NULL),
(3601, 2804, 0, 83, 0, 0, 0, 4, 'D00', 0, NULL, NULL),
(3602, 2805, 0, 83, 3, 0, 0, 0, 'T30', 0, NULL, NULL),
(3605, 2804, 0, 83, 13, 0, 0, 4, 'D130', 0, NULL, NULL),
(3606, 2805, 0, 83, 8, 1, 0, 0, 'T81', 0, NULL, NULL),
(3607, 2808, 0, 83, 9, 1, 0, 6, 'c91', 0, NULL, NULL),
(3608, 2809, 0, 83, 2, 2, 0, 0, 'r22', 0, NULL, NULL),
(3609, 2810, 0, 83, 6, 2, 0, 4, 'P62', 0, NULL, NULL),
(3610, 2808, 0, 83, 8, 2, 0, 0, 'c82', 0, NULL, NULL),
(3612, 2805, 0, 83, 13, 2, 0, 0, 'T132', 0, NULL, NULL),
(3614, 2810, 0, 83, 16, 2, 0, 4, 'P162', 0, NULL, NULL),
(3615, 2804, 0, 83, 2, 3, 0, 2, 'D23', 0, NULL, NULL),
(3616, 2808, 0, 83, 13, 3, 0, 0, 'c133', 0, NULL, NULL),
(3617, 2808, 0, 83, 12, 5, 0, 4, 'c125', 0, NULL, NULL),
(3618, 2808, 0, 83, 17, 5, 0, 4, 'c175', 0, NULL, NULL),
(3619, 2807, 0, 83, 1, 6, 0, 4, 'd16', 0, NULL, NULL),
(3620, 2804, 0, 83, 2, 6, 0, 4, 'D26', 0, NULL, NULL),
(3623, 2805, 0, 83, 12, 6, 0, 0, 'T126', 0, NULL, NULL),
(3624, 2808, 0, 83, 13, 6, 0, 6, 'c136', 0, NULL, NULL),
(3625, 2805, 0, 83, 17, 6, 0, 0, 'T176', 0, NULL, NULL),
(3626, 2808, 0, 83, 18, 6, 0, 6, 'c186', 0, NULL, NULL),
(3627, 2805, 0, 83, 8, 7, 0, 0, 'T87', 0, NULL, NULL),
(3628, 2808, 0, 83, 9, 7, 0, 6, 'c97', 0, NULL, NULL),
(3629, 2808, 0, 83, 12, 7, 0, 0, 'c127', 0, NULL, NULL),
(3630, 2808, 0, 83, 17, 7, 0, 0, 'c177', 0, NULL, NULL),
(3631, 2808, 0, 83, 8, 8, 0, 0, 'c88', 0, NULL, NULL),
(3632, 2811, 0, 83, 5, 9, 0, 6, 'B59', 0, NULL, NULL),
(3633, 2812, 0, 83, 6, 9, 0, 5, 'b69', 0, NULL, NULL),
(3634, 2812, 0, 83, 6, 10, 0, 4, 'b610', 0, NULL, NULL),
(3635, 2813, 0, 83, 7, 10, 0, 6, 's710', 0, NULL, NULL),
(3636, 2812, 0, 83, 6, 11, 0, 4, 'b611', 0, NULL, NULL),
(3637, 2813, 0, 83, 7, 11, 0, 6, 's711', 0, NULL, NULL),
(3638, 2804, 0, 83, 3, 12, 0, 2, 'D312', 0, NULL, NULL),
(3639, 2812, 0, 83, 6, 12, 0, 4, 'b612', 0, NULL, NULL),
(3640, 2807, 0, 83, 3, 13, 0, 2, 'd313', 0, NULL, NULL),
(3641, 2812, 0, 83, 6, 13, 0, 4, 'b613', 0, NULL, NULL),
(3642, 2813, 0, 83, 7, 13, 0, 6, 's713', 0, NULL, NULL),
(3643, 2811, 0, 83, 6, 14, 0, 4, 'B614', 0, NULL, NULL),
(3644, 2810, 0, 83, 6, 15, 0, 4, 'P615', 0, NULL, NULL),
(3646, 2810, 0, 83, 16, 15, 0, 7, 'P1615', 0, NULL, NULL),
(3647, 2814, 0, 83, 2, 16, 0, 0, 'C216', 0, NULL, NULL),
(3648, 2805, 0, 83, 8, 16, 0, 0, 'T816', 0, NULL, NULL),
(3649, 2808, 0, 83, 9, 16, 0, 6, 'c916', 0, NULL, NULL),
(3650, 2805, 0, 83, 13, 16, 0, 0, 'T1316', 0, NULL, NULL),
(3126, 2842, 0, 86, 2, 17, 0, 0, 'c217', 0, NULL, NULL),
(3653, 2808, 0, 83, 8, 17, 0, 0, 'c817', 0, NULL, NULL),
(1908, 2910, 0, 94, 13, 17, 5, 3, 'c1317', 0, NULL, NULL),
(3129, 2844, 0, 86, 2, 18, 0, 0, 'd218', 0, NULL, NULL),
(2809, 2919, 0, 95, 2, 19, 1, 0, 'd219', 0, NULL, NULL),
(3657, 2804, 0, 83, 3, 19, 0, 0, 'D319', 0, NULL, NULL),
(3658, 2807, 0, 83, 4, 19, 0, 0, 'd419', 0, NULL, NULL),
(3659, 2804, 0, 83, 5, 19, 0, 0, 'D519', 0, NULL, NULL),
(3660, 2807, 0, 83, 6, 19, 0, 0, 'd619', 0, NULL, NULL),
(2455, 2954, 0, 101, 9, 0, 0, 4, 'f90', 0, NULL, NULL),
(3680, 2864, 0, 84, 1, 10, 3, 0, 's110', 0, NULL, NULL),
(2715, 2892, 0, 93, 12, 0, 2, 2, 's120', 0, NULL, NULL),
(2716, 2893, 0, 93, 13, 0, 2, 4, 't130', 0, NULL, NULL),
(2717, 2892, 0, 93, 14, 0, 2, 6, 's140', 0, NULL, NULL),
(3666, 2864, 0, 84, 15, 0, 7, 4, 's150', 0, NULL, NULL),
(3667, 2858, 0, 84, 16, 0, 7, 4, 'w160', 0, NULL, NULL),
(3668, 2820, 0, 84, 9, 2, 7, 2, 'T92', 0, NULL, NULL),
(3669, 2815, 0, 84, 9, 3, 7, 0, 'f93', 0, NULL, NULL),
(3670, 2821, 0, 84, 11, 3, 7, 0, 'Z113', 0, NULL, NULL),
(3671, 2864, 0, 84, 12, 3, 7, 0, 's123', 0, NULL, NULL),
(3672, 2818, 0, 84, 13, 3, 7, 2, 't133', 0, NULL, NULL),
(3673, 2821, 0, 84, 14, 3, 7, 0, 'Z143', 0, NULL, NULL),
(3674, 2864, 0, 84, 15, 3, 7, 0, 's153', 0, NULL, NULL),
(3675, 2815, 0, 84, 12, 4, 3, 0, 'f124', 0, NULL, NULL),
(3676, 2815, 0, 84, 16, 4, 3, 0, 'f164', 0, NULL, NULL),
(3677, 2862, 0, 84, 0, 7, 3, 4, 'S07', 0, NULL, NULL),
(3678, 2864, 0, 84, 1, 7, 3, 4, 's17', 0, NULL, NULL),
(3679, 2821, 0, 84, 0, 10, 3, 0, 'Z010', 0, NULL, NULL),
(3681, 2857, 0, 84, 21, 12, 1, 4, 'r2112', 0, NULL, NULL),
(3682, 2857, 0, 84, 22, 12, 1, 4, 'r2212', 0, NULL, NULL),
(3683, 2857, 0, 84, 23, 12, 1, 4, 'r2312', 0, NULL, NULL),
(3684, 2857, 0, 84, 24, 12, 1, 4, 'r2412', 0, NULL, NULL),
(3685, 2862, 0, 84, 0, 14, 3, 4, 'S014', 0, NULL, NULL),
(3686, 2864, 0, 84, 1, 14, 3, 4, 's114', 0, NULL, NULL),
(3687, 2858, 0, 84, 13, 14, 1, 2, 'w1314', 0, NULL, NULL),
(3688, 2858, 0, 84, 12, 15, 1, 4, 'w1215', 0, NULL, NULL),
(3690, 2824, 0, 84, 21, 16, 1, 2, 'C2116', 0, NULL, NULL),
(3691, 2861, 0, 84, 23, 16, 1, 4, 'c2316', 0, NULL, NULL),
(3692, 2821, 0, 84, 0, 17, 3, 0, 'Z017', 0, NULL, NULL),
(3694, 2825, 0, 84, 21, 17, 1, 2, 'D2117', 0, NULL, NULL),
(3695, 2861, 0, 84, 19, 18, 1, 0, 'c1918', 0, NULL, NULL),
(3697, 2861, 0, 84, 23, 18, 1, 0, 'c2318', 0, NULL, NULL),
(3699, 2863, 0, 84, 7, 22, 2, 2, 'z722', 0, NULL, NULL),
(3700, 2863, 0, 84, 7, 23, 2, 2, 'z723', 0, NULL, NULL),
(3701, 2863, 0, 84, 7, 24, 2, 2, 'z724', 0, NULL, NULL),
(3702, 2864, 0, 84, 7, 25, 2, 2, 's725', 0, NULL, NULL),
(3703, 2818, 0, 84, 7, 26, 2, 2, 't726', 0, NULL, NULL),
(3704, 2828, 0, 84, 10, 26, 1, 2, 'e1026', 0, NULL, NULL),
(3766, 2856, 0, 88, 3, 2, 0, 0, 'p32', 0, NULL, NULL),
(3767, 2857, 0, 88, 5, 2, 0, 4, 'r52', 0, NULL, NULL),
(3768, 2857, 0, 88, 7, 2, 0, 4, 'r72', 0, NULL, NULL),
(3769, 2857, 0, 88, 9, 2, 0, 4, 'r92', 0, NULL, NULL),
(3770, 2857, 0, 88, 11, 2, 0, 4, 'r112', 0, NULL, NULL),
(3771, 2857, 0, 88, 13, 2, 0, 4, 'r132', 0, NULL, NULL),
(3772, 2858, 0, 88, 26, 2, 0, 4, 'w262', 0, NULL, NULL),
(3774, 2860, 0, 88, 14, 8, 1, 6, 'e148', 0, NULL, NULL),
(3775, 2860, 0, 88, 15, 8, 1, 0, 'e158', 0, NULL, NULL),
(3776, 2860, 0, 88, 16, 8, 1, 0, 'e168', 0, NULL, NULL),
(3777, 2860, 0, 88, 17, 8, 1, 0, 'e178', 0, NULL, NULL),
(3778, 2860, 0, 88, 18, 8, 1, 0, 'e188', 0, NULL, NULL),
(3779, 2860, 0, 88, 19, 8, 1, 0, 'e198', 0, NULL, NULL),
(3780, 2860, 0, 88, 20, 8, 1, 0, 'e208', 0, NULL, NULL),
(3781, 2860, 0, 88, 21, 8, 1, 0, 'e218', 0, NULL, NULL),
(3782, 2860, 0, 88, 22, 8, 1, 0, 'e228', 0, NULL, NULL),
(3783, 2860, 0, 88, 23, 8, 1, 0, 'e238', 0, NULL, NULL),
(3784, 2860, 0, 88, 24, 8, 1, 0, 'e248', 0, NULL, NULL),
(3785, 2860, 0, 88, 25, 8, 1, 0, 'e258', 0, NULL, NULL),
(3786, 2860, 0, 88, 26, 8, 1, 2, 'e268', 0, NULL, NULL),
(3788, 2861, 0, 88, 5, 9, 1, 6, 'c59', 0, NULL, NULL),
(3789, 2856, 0, 88, 15, 9, 1, 0, 'p159', 0, NULL, NULL),
(3790, 2862, 0, 88, 16, 9, 1, 4, 'S169', 0, NULL, NULL),
(3791, 2863, 0, 88, 17, 9, 1, 4, 'z179', 0, NULL, NULL),
(3792, 2864, 0, 88, 18, 9, 1, 4, 's189', 0, NULL, NULL),
(3793, 2856, 0, 88, 19, 9, 1, 4, 'p199', 0, NULL, NULL),
(3794, 2856, 0, 88, 21, 9, 1, 0, 'p219', 0, NULL, NULL),
(3795, 2862, 0, 88, 22, 9, 1, 4, 'S229', 0, NULL, NULL),
(3796, 2863, 0, 88, 23, 9, 1, 4, 'z239', 0, NULL, NULL),
(3797, 2864, 0, 88, 24, 9, 1, 4, 's249', 0, NULL, NULL),
(3798, 2856, 0, 88, 25, 9, 1, 4, 'p259', 0, NULL, NULL),
(3801, 2865, 0, 88, 3, 12, 1, 0, 't312', 0, NULL, NULL),
(3802, 2861, 0, 88, 16, 14, 1, 4, 'c1614', 0, NULL, NULL),
(3803, 2861, 0, 88, 18, 14, 1, 4, 'c1814', 0, NULL, NULL),
(3804, 2861, 0, 88, 22, 14, 1, 4, 'c2214', 0, NULL, NULL),
(3805, 2861, 0, 88, 24, 14, 1, 4, 'c2414', 0, NULL, NULL),
(3806, 2865, 0, 88, 17, 15, 1, 0, 't1715', 0, NULL, NULL),
(3807, 2865, 0, 88, 23, 15, 1, 0, 't2315', 0, NULL, NULL),
(3808, 2865, 0, 88, 3, 16, 1, 0, 't316', 0, NULL, NULL),
(3809, 2861, 0, 88, 16, 16, 1, 0, 'c1616', 0, NULL, NULL),
(3810, 2861, 0, 88, 18, 16, 1, 0, 'c1816', 0, NULL, NULL),
(3811, 2861, 0, 88, 22, 16, 1, 0, 'c2216', 0, NULL, NULL),
(3812, 2861, 0, 88, 24, 16, 1, 0, 'c2416', 0, NULL, NULL),
(3814, 2861, 0, 88, 5, 17, 1, 6, 'c517', 0, NULL, NULL),
(3816, 2866, 0, 88, 14, 18, 1, 6, 'E1418', 0, NULL, NULL),
(3817, 2866, 0, 88, 15, 18, 1, 0, 'E1518', 0, NULL, NULL),
(3818, 2866, 0, 88, 16, 18, 1, 0, 'E1618', 0, NULL, NULL),
(3819, 2866, 0, 88, 17, 18, 1, 0, 'E1718', 0, NULL, NULL),
(3820, 2866, 0, 88, 18, 18, 1, 0, 'E1818', 0, NULL, NULL),
(2394, 2925, 0, 99, 19, 18, 0, 6, 'e1918', 0, NULL, NULL),
(3822, 2866, 0, 88, 20, 18, 1, 0, 'E2018', 0, NULL, NULL),
(3823, 2866, 0, 88, 21, 18, 1, 0, 'E2118', 0, NULL, NULL),
(3824, 2866, 0, 88, 22, 18, 1, 0, 'E2218', 0, NULL, NULL),
(3825, 2866, 0, 88, 23, 18, 1, 0, 'E2318', 0, NULL, NULL),
(3826, 2866, 0, 88, 24, 18, 1, 0, 'E2418', 0, NULL, NULL),
(3827, 2866, 0, 88, 25, 18, 1, 0, 'E2518', 0, NULL, NULL),
(3828, 2866, 0, 88, 26, 18, 1, 2, 'E2618', 0, NULL, NULL),
(3103, 2839, 0, 86, 9, 4, 0, 0, 'k94', 0, NULL, NULL),
(3104, 2839, 0, 86, 10, 4, 0, 0, 'k104', 0, NULL, NULL),
(3105, 2839, 0, 86, 11, 4, 0, 0, 'k114', 0, NULL, NULL),
(3106, 2839, 0, 86, 12, 4, 0, 0, 'k124', 0, NULL, NULL),
(3107, 2840, 0, 86, 1, 10, 0, 4, 'e110', 0, NULL, NULL),
(3108, 2840, 0, 86, 10, 10, 0, 4, 'e1010', 0, NULL, NULL),
(3109, 2840, 0, 86, 0, 11, 0, 2, 'e011', 0, NULL, NULL),
(3110, 2841, 0, 86, 1, 11, 0, 0, 'b111', 0, NULL, NULL),
(3113, 2841, 0, 86, 10, 11, 0, 0, 'b1011', 0, NULL, NULL),
(3114, 2842, 0, 86, 11, 11, 0, 0, 'c1111', 0, NULL, NULL),
(3118, 2843, 0, 86, 10, 12, 0, 0, 'a1012', 0, NULL, NULL),
(3119, 2844, 0, 86, 11, 12, 0, 0, 'd1112', 0, NULL, NULL),
(3120, 2840, 0, 86, 12, 12, 0, 6, 'e1212', 0, NULL, NULL),
(3121, 2840, 0, 86, 1, 13, 0, 0, 'e113', 0, NULL, NULL),
(3122, 2840, 0, 86, 11, 13, 0, 0, 'e1113', 0, NULL, NULL),
(3123, 2840, 0, 86, 0, 15, 0, 4, 'e015', 0, NULL, NULL),
(3124, 2840, 0, 86, 0, 17, 0, 2, 'e017', 0, NULL, NULL),
(3125, 2841, 0, 86, 1, 17, 0, 0, 'b117', 0, NULL, NULL),
(3127, 2840, 0, 86, 3, 17, 0, 6, 'e317', 0, NULL, NULL),
(3130, 2840, 0, 86, 2, 19, 0, 0, 'e219', 0, NULL, NULL),
(3131, 2840, 0, 86, 1, 21, 0, 4, 'e121', 0, NULL, NULL),
(3132, 2841, 0, 86, 6, 21, 0, 0, 'b621', 0, NULL, NULL),
(3133, 2842, 0, 86, 7, 21, 0, 0, 'c721', 0, NULL, NULL),
(3134, 2840, 0, 86, 12, 21, 0, 4, 'e1221', 0, NULL, NULL),
(3135, 2840, 0, 86, 0, 22, 0, 2, 'e022', 0, NULL, NULL),
(3136, 2841, 0, 86, 1, 22, 0, 0, 'b122', 0, NULL, NULL),
(3137, 2842, 0, 86, 2, 22, 0, 0, 'c222', 0, NULL, NULL),
(3138, 2840, 0, 86, 3, 22, 0, 6, 'e322', 0, NULL, NULL),
(3139, 2840, 0, 86, 5, 22, 0, 2, 'e522', 0, NULL, NULL),
(3140, 2843, 0, 86, 6, 22, 0, 0, 'a622', 0, NULL, NULL),
(3141, 2844, 0, 86, 7, 22, 0, 0, 'd722', 0, NULL, NULL),
(3142, 2840, 0, 86, 8, 22, 0, 6, 'e822', 0, NULL, NULL),
(3143, 2840, 0, 86, 11, 22, 0, 2, 'e1122', 0, NULL, NULL),
(3144, 2841, 0, 86, 12, 22, 0, 0, 'b1222', 0, NULL, NULL),
(2813, 2915, 0, 95, 13, 22, 1, 0, 'c1322', 0, NULL, NULL),
(3146, 2840, 0, 86, 14, 22, 0, 6, 'e1422', 0, NULL, NULL),
(1875, 2902, 0, 94, 12, 3, 5, 2, 'a123', 0, NULL, NULL),
(3149, 2843, 0, 86, 12, 23, 0, 0, 'a1223', 0, NULL, NULL),
(3150, 2844, 0, 86, 13, 23, 0, 0, 'd1323', 0, NULL, NULL),
(3151, 2840, 0, 86, 1, 24, 0, 0, 'e124', 0, NULL, NULL),
(3152, 2840, 0, 86, 7, 24, 0, 4, 'e724', 0, NULL, NULL),
(3153, 2840, 0, 86, 13, 24, 0, 0, 'e1324', 0, NULL, NULL),
(3773, 2859, 0, 88, 3, 8, 1, 0, 'l38', 0, NULL, NULL),
(1591, 2850, 0, 87, 3, 9, 1, 4, 'S39', 0, NULL, NULL),
(1592, 2851, 0, 87, 4, 9, 1, 4, 'z49', 0, NULL, NULL),
(1593, 2852, 0, 87, 5, 9, 1, 4, 's59', 0, NULL, NULL),
(1605, 2854, 0, 87, 4, 11, 1, 0, 't411', 0, NULL, NULL),
(3815, 2859, 0, 88, 3, 18, 1, 0, 'l318', 0, NULL, NULL),
(1697, 2867, 0, 89, 6, 0, 2, 0, 'c60', 0, NULL, NULL),
(1698, 2868, 0, 89, 8, 0, 2, 0, 'd80', 0, NULL, NULL),
(1699, 2869, 0, 89, 9, 0, 2, 4, 'b90', 0, NULL, NULL),
(1700, 2869, 0, 89, 10, 0, 2, 4, 'b100', 0, NULL, NULL),
(1701, 2870, 0, 89, 20, 2, 2, 4, 'e202', 0, NULL, NULL),
(1703, 2870, 0, 89, 22, 2, 2, 4, 'e222', 0, NULL, NULL),
(1704, 2869, 0, 89, 1, 5, 1, 4, 'b15', 0, NULL, NULL),
(1706, 2869, 0, 89, 15, 5, 2, 4, 'b155', 0, NULL, NULL),
(1707, 2871, 0, 89, 1, 6, 1, 0, 'a16', 0, NULL, NULL),
(1708, 2869, 0, 89, 6, 6, 2, 2, 'b66', 0, NULL, NULL),
(1709, 2871, 0, 89, 7, 6, 2, 0, 'a76', 0, NULL, NULL),
(1711, 2869, 0, 89, 14, 6, 2, 2, 'b146', 0, NULL, NULL),
(1712, 2871, 0, 89, 15, 6, 2, 0, 'a156', 0, NULL, NULL),
(1713, 2872, 0, 89, 16, 6, 2, 6, 'f166', 0, NULL, NULL),
(1714, 2873, 0, 89, 1, 7, 1, 0, 'g17', 0, NULL, NULL),
(1715, 2873, 0, 89, 7, 7, 2, 0, 'g77', 0, NULL, NULL),
(1716, 2873, 0, 89, 15, 7, 2, 0, 'g157', 0, NULL, NULL),
(1717, 2869, 0, 89, 1, 10, 1, 4, 'b110', 0, NULL, NULL),
(1718, 2871, 0, 89, 1, 11, 1, 0, 'a111', 0, NULL, NULL),
(1719, 2873, 0, 89, 1, 12, 1, 0, 'g112', 0, NULL, NULL),
(3299, 2874, 0, 90, 13, 1, 4, 4, 'c131', 0, NULL, NULL),
(3300, 2874, 0, 90, 7, 2, 4, 4, 'c72', 0, NULL, NULL),
(3302, 2875, 0, 90, 6, 3, 4, 2, 't63', 0, NULL, NULL),
(3304, 2874, 0, 90, 7, 5, 4, 0, 'c75', 0, NULL, NULL),
(3305, 2876, 0, 90, 10, 7, 1, 0, '8107', 0, NULL, NULL),
(3306, 2877, 0, 90, 10, 8, 1, 0, '7108', 0, NULL, NULL),
(3307, 2878, 0, 90, 0, 9, 1, 0, '409', 0, NULL, NULL),
(3308, 2879, 0, 90, 1, 9, 1, 0, '519', 0, NULL, NULL),
(3309, 2879, 0, 90, 2, 9, 1, 0, '529', 0, NULL, NULL),
(3310, 2879, 0, 90, 3, 9, 1, 0, '539', 0, NULL, NULL),
(3311, 2879, 0, 90, 4, 9, 1, 0, '549', 0, NULL, NULL),
(3312, 2879, 0, 90, 5, 9, 1, 0, '559', 0, NULL, NULL),
(3313, 2879, 0, 90, 6, 9, 1, 0, '569', 0, NULL, NULL),
(3314, 2879, 0, 90, 7, 9, 1, 0, '579', 0, NULL, NULL),
(3315, 2879, 0, 90, 8, 9, 1, 0, '589', 0, NULL, NULL),
(3316, 2879, 0, 90, 9, 9, 1, 0, '599', 0, NULL, NULL),
(3317, 2880, 0, 90, 10, 9, 1, 0, '6109', 0, NULL, NULL),
(3318, 2874, 0, 90, 7, 13, 1, 4, 'c713', 0, NULL, NULL),
(3319, 2875, 0, 90, 7, 14, 1, 2, 't714', 0, NULL, NULL),
(3320, 2874, 0, 90, 13, 14, 1, 4, 'c1314', 0, NULL, NULL),
(3324, 2875, 0, 90, 13, 15, 1, 2, 't1315', 0, NULL, NULL),
(3325, 2874, 0, 90, 0, 16, 1, 2, 'c016', 0, NULL, NULL),
(3326, 2875, 0, 90, 1, 16, 1, 2, 't116', 0, NULL, NULL),
(3327, 2874, 0, 90, 7, 16, 1, 0, 'c716', 0, NULL, NULL),
(3328, 2874, 0, 90, 12, 16, 1, 2, 'c1216', 0, NULL, NULL),
(3329, 2874, 0, 90, 15, 16, 1, 6, 'c1516', 0, NULL, NULL),
(3333, 2874, 0, 90, 0, 21, 1, 2, 'c021', 0, NULL, NULL),
(3204, 2881, 0, 91, 4, 2, 0, 4, 'j42', 0, NULL, NULL),
(3205, 2881, 0, 91, 9, 2, 0, 4, 'j92', 0, NULL, NULL),
(3206, 2882, 0, 91, 4, 3, 0, 0, 'g43', 0, NULL, NULL),
(3207, 2883, 0, 91, 5, 3, 0, 0, 'h53', 0, NULL, NULL),
(3208, 2881, 0, 91, 7, 3, 0, 2, 'j73', 0, NULL, NULL),
(3169, 2888, 0, 92, 3, 4, 4, 2, 'j34', 0, NULL, NULL),
(3212, 2884, 0, 91, 4, 4, 0, 0, 'f44', 0, NULL, NULL),
(3213, 2885, 0, 91, 5, 4, 0, 0, 'i54', 0, NULL, NULL),
(3214, 2884, 0, 91, 8, 4, 0, 0, 'f84', 0, NULL, NULL),
(3215, 2885, 0, 91, 9, 4, 0, 0, 'i94', 0, NULL, NULL),
(3216, 2881, 0, 91, 8, 5, 0, 0, 'j85', 0, NULL, NULL),
(3217, 2881, 0, 91, 5, 6, 0, 4, 'j56', 0, NULL, NULL),
(3218, 2881, 0, 91, 3, 7, 0, 2, 'j37', 0, NULL, NULL),
(3219, 2882, 0, 91, 4, 7, 0, 0, 'g47', 0, NULL, NULL),
(3220, 2883, 0, 91, 5, 7, 0, 0, 'h57', 0, NULL, NULL),
(3221, 2884, 0, 91, 4, 8, 0, 0, 'f48', 0, NULL, NULL),
(3222, 2885, 0, 91, 5, 8, 0, 0, 'i58', 0, NULL, NULL),
(3223, 2881, 0, 91, 4, 9, 0, 0, 'j49', 0, NULL, NULL),
(3154, 2886, 0, 92, 4, 2, 4, 2, 'z42', 0, NULL, NULL),
(3155, 2886, 0, 92, 5, 2, 4, 2, 'z52', 0, NULL, NULL),
(3156, 2886, 0, 92, 6, 2, 4, 2, 'z62', 0, NULL, NULL),
(3157, 2886, 0, 92, 7, 2, 4, 2, 'z72', 0, NULL, NULL),
(3158, 2886, 0, 92, 8, 2, 4, 2, 'z82', 0, NULL, NULL),
(3159, 2886, 0, 92, 9, 2, 4, 2, 'z92', 0, NULL, NULL),
(3160, 2886, 0, 92, 10, 2, 4, 2, 'z102', 0, NULL, NULL),
(3161, 2886, 0, 92, 11, 2, 100000, 2, 'z112', 0, NULL, NULL),
(3162, 2887, 0, 92, 3, 3, 4, 0, 'f33', 0, NULL, NULL),
(3163, 2888, 0, 92, 12, 3, 4, 4, 'j123', 0, NULL, NULL),
(3164, 2889, 0, 92, 13, 3, 4, 4, 'g133', 0, NULL, NULL),
(3165, 2889, 0, 92, 14, 3, 4, 4, 'g143', 0, NULL, NULL),
(3166, 2889, 0, 92, 15, 3, 4, 4, 'g153', 0, NULL, NULL),
(3167, 2889, 0, 92, 16, 3, 4, 4, 'g163', 0, NULL, NULL),
(3168, 2888, 0, 92, 17, 3, 4, 0, 'j173', 0, NULL, NULL),
(3170, 2889, 0, 92, 3, 5, 4, 2, 'g35', 0, NULL, NULL),
(3171, 2889, 0, 92, 3, 6, 4, 2, 'g36', 0, NULL, NULL),
(3172, 2902, 0, 92, 8, 6, 4, 2, 'a86', 0, NULL, NULL),
(3174, 2902, 0, 92, 10, 6, 4, 6, 'a106', 0, NULL, NULL),
(3175, 2889, 0, 92, 3, 7, 4, 2, 'g37', 0, NULL, NULL),
(3176, 2902, 0, 92, 9, 7, 4, 0, 'a97', 0, NULL, NULL),
(3177, 2889, 0, 92, 3, 8, 4, 2, 'g38', 0, NULL, NULL),
(3178, 2902, 0, 92, 15, 8, 4, 4, 'a158', 0, NULL, NULL),
(3179, 2888, 0, 92, 3, 9, 4, 6, 'j39', 0, NULL, NULL),
(3180, 2902, 0, 92, 14, 9, 4, 2, 'a149', 0, NULL, NULL),
(3181, 2903, 0, 92, 15, 9, 4, 0, 'D159', 0, NULL, NULL),
(2417, 2938, 0, 100, 15, 10, 2, 2, 'a1510', 0, NULL, NULL),
(3183, 2902, 0, 92, 10, 11, 4, 4, 'a1011', 0, NULL, NULL),
(3185, 2903, 0, 92, 10, 12, 4, 0, 'D1012', 0, NULL, NULL),
(3186, 2902, 0, 92, 11, 12, 4, 6, 'a1112', 0, NULL, NULL),
(3187, 2902, 0, 92, 10, 13, 4, 0, 'a1013', 0, NULL, NULL),
(3188, 2902, 0, 92, 15, 14, 4, 4, 'a1514', 0, NULL, NULL),
(3189, 2902, 0, 92, 14, 15, 4, 2, 'a1415', 0, NULL, NULL),
(3190, 2903, 0, 92, 15, 15, 4, 0, 'D1515', 0, NULL, NULL),
(1902, 2902, 0, 94, 8, 16, 5, 4, 'a816', 0, NULL, NULL),
(3192, 2902, 0, 92, 15, 16, 4, 0, 'a1516', 0, NULL, NULL),
(1906, 2903, 0, 94, 8, 17, 5, 0, 'D817', 0, NULL, NULL),
(1915, 2902, 0, 94, 8, 18, 5, 0, 'a818', 0, NULL, NULL),
(3195, 2886, 0, 92, 4, 19, 4, 0, 'z419', 0, NULL, NULL),
(3196, 2886, 0, 92, 5, 19, 4, 0, 'z519', 0, NULL, NULL),
(3197, 2902, 0, 92, 12, 19, 4, 2, 'a1219', 0, NULL, NULL),
(3198, 2903, 0, 92, 13, 19, 4, 0, 'D1319', 0, NULL, NULL),
(1917, 2907, 0, 94, 14, 19, 5, 0, 'A1419', 0, NULL, NULL),
(3200, 2886, 0, 92, 4, 20, 3, 0, 'z420', 0, NULL, NULL),
(3201, 2886, 0, 92, 5, 20, 3, 0, 'z520', 0, NULL, NULL),
(3202, 2886, 0, 92, 4, 21, 2, 0, 'z421', 0, NULL, NULL),
(3203, 2886, 0, 92, 5, 21, 2, 0, 'z521', 0, NULL, NULL),
(2709, 2892, 0, 93, 0, 0, 2, 2, 's00', 0, NULL, NULL),
(2710, 2893, 0, 93, 1, 0, 2, 4, 't10', 0, NULL, NULL),
(2711, 2892, 0, 93, 2, 0, 2, 6, 's20', 0, NULL, NULL),
(2712, 2892, 0, 93, 6, 0, 2, 2, 's60', 0, NULL, NULL),
(2713, 2894, 0, 93, 7, 0, 2, 4, 'k70', 0, NULL, NULL),
(2454, 2953, 0, 101, 8, 0, 0, 4, 's80', 0, NULL, NULL),
(2718, 2895, 0, 93, 15, 0, 2, 0, 'c150', 0, NULL, NULL),
(2719, 2896, 0, 93, 0, 1, 2, 2, 'S01', 0, NULL, NULL),
(2720, 2897, 0, 93, 1, 1, 2, 4, 'T11', 0, NULL, NULL),
(2721, 2896, 0, 93, 2, 1, 2, 6, 'S21', 0, NULL, NULL),
(2722, 2896, 0, 93, 6, 1, 2, 2, 'S61', 0, NULL, NULL),
(2723, 2897, 0, 93, 7, 1, 2, 4, 'T71', 0, NULL, NULL),
(2724, 2896, 0, 93, 8, 1, 2, 6, 'S81', 0, NULL, NULL),
(2725, 2896, 0, 93, 12, 1, 2, 2, 'S121', 0, NULL, NULL),
(2726, 2897, 0, 93, 13, 1, 2, 4, 'T131', 0, NULL, NULL),
(2727, 2896, 0, 93, 14, 1, 2, 6, 'S141', 0, NULL, NULL),
(2728, 2898, 0, 93, 2, 7, 0, 0, 'p27', 0, NULL, NULL),
(2729, 2892, 0, 93, 7, 7, 0, 4, 's77', 0, NULL, NULL),
(2730, 2896, 0, 93, 8, 7, 0, 4, 'S87', 0, NULL, NULL),
(2731, 2892, 0, 93, 12, 7, 0, 4, 's127', 0, NULL, NULL),
(2732, 2896, 0, 93, 13, 7, 0, 4, 'S137', 0, NULL, NULL),
(2733, 2899, 0, 93, 2, 8, 0, 0, 'P28', 0, NULL, NULL),
(2734, 2894, 0, 93, 7, 8, 0, 2, 'k78', 0, NULL, NULL),
(2736, 2893, 0, 93, 12, 8, 0, 2, 't128', 0, NULL, NULL),
(2737, 2897, 0, 93, 13, 8, 0, 2, 'T138', 0, NULL, NULL),
(2738, 2900, 0, 93, 2, 9, 0, 0, 'd29', 0, NULL, NULL),
(2740, 2896, 0, 93, 8, 9, 0, 0, 'S89', 0, NULL, NULL),
(2741, 2892, 0, 93, 12, 9, 0, 0, 's129', 0, NULL, NULL),
(2742, 2896, 0, 93, 13, 9, 0, 0, 'S139', 0, NULL, NULL),
(2748, 2892, 0, 93, 12, 12, 0, 4, 's1212', 0, NULL, NULL),
(2749, 2896, 0, 93, 13, 12, 0, 4, 'S1312', 0, NULL, NULL),
(2750, 2900, 0, 93, 2, 13, 0, 0, 'd213', 0, NULL, NULL),
(2753, 2894, 0, 93, 12, 13, 0, 2, 'k1213', 0, NULL, NULL),
(2754, 2897, 0, 93, 13, 13, 0, 2, 'T1313', 0, NULL, NULL),
(2757, 2892, 0, 93, 12, 14, 0, 0, 's1214', 0, NULL, NULL),
(2758, 2896, 0, 93, 13, 14, 0, 0, 'S1314', 0, NULL, NULL),
(1876, 2903, 0, 94, 13, 3, 5, 0, 'D133', 0, NULL, NULL),
(1877, 2902, 0, 94, 14, 3, 5, 6, 'a143', 0, NULL, NULL),
(1878, 2902, 0, 94, 13, 4, 5, 0, 'a134', 0, NULL, NULL),
(1879, 2902, 0, 94, 18, 5, 5, 4, 'a185', 0, NULL, NULL),
(1880, 2902, 0, 94, 17, 6, 5, 2, 'a176', 0, NULL, NULL),
(1882, 2902, 0, 94, 18, 7, 5, 0, 'a187', 0, NULL, NULL),
(1883, 2904, 0, 94, 13, 11, 5, 3, 'd1311', 0, NULL, NULL),
(1884, 2905, 0, 94, 14, 11, 5, 4, 'e1411', 0, NULL, NULL),
(1885, 2905, 0, 94, 15, 11, 5, 4, 'e1511', 0, NULL, NULL),
(1886, 2905, 0, 94, 16, 11, 5, 4, 'e1611', 0, NULL, NULL),
(1887, 2905, 0, 94, 17, 11, 5, 4, 'e1711', 0, NULL, NULL),
(1888, 2904, 0, 94, 18, 11, 5, 5, 'd1811', 0, NULL, NULL),
(1889, 2906, 0, 94, 18, 12, 5, 6, 'b1812', 0, NULL, NULL),
(1890, 2907, 0, 94, 14, 13, 5, 0, 'A1413', 0, NULL, NULL),
(1891, 2908, 0, 94, 15, 13, 5, 0, 'B1513', 0, NULL, NULL),
(1892, 2909, 0, 94, 16, 13, 5, 0, 'C1613', 0, NULL, NULL),
(1893, 2906, 0, 94, 18, 13, 5, 6, 'b1813', 0, NULL, NULL),
(1894, 2906, 0, 94, 18, 14, 5, 6, 'b1814', 0, NULL, NULL),
(1896, 2906, 0, 94, 14, 15, 5, 0, 'b1415', 0, NULL, NULL),
(1897, 2906, 0, 94, 15, 15, 5, 0, 'b1515', 0, NULL, NULL),
(1899, 2906, 0, 94, 17, 15, 5, 0, 'b1715', 0, NULL, NULL),
(1900, 2910, 0, 94, 18, 15, 5, 7, 'c1815', 0, NULL, NULL),
(1901, 2902, 0, 94, 3, 16, 5, 4, 'a316', 0, NULL, NULL),
(1903, 2903, 0, 94, 3, 17, 5, 0, 'D317', 0, NULL, NULL),
(1904, 2902, 0, 94, 4, 17, 5, 6, 'a417', 0, NULL, NULL),
(1909, 2906, 0, 94, 14, 17, 5, 4, 'b1417', 0, NULL, NULL),
(1910, 2906, 0, 94, 15, 17, 5, 4, 'b1517', 0, NULL, NULL),
(1911, 2906, 0, 94, 16, 17, 5, 4, 'b1617', 0, NULL, NULL),
(1912, 2906, 0, 94, 17, 17, 5, 4, 'b1717', 0, NULL, NULL),
(1913, 2910, 0, 94, 18, 17, 5, 5, 'c1817', 0, NULL, NULL),
(1916, 2906, 0, 94, 18, 18, 5, 6, 'b1818', 0, NULL, NULL),
(1918, 2908, 0, 94, 15, 19, 5, 0, 'B1519', 0, NULL, NULL),
(1919, 2909, 0, 94, 16, 19, 5, 0, 'C1619', 0, NULL, NULL),
(1920, 2906, 0, 94, 18, 19, 5, 6, 'b1819', 0, NULL, NULL),
(1921, 2906, 0, 94, 18, 20, 5, 6, 'b1820', 0, NULL, NULL),
(1922, 2910, 0, 94, 13, 21, 5, 1, 'c1321', 0, NULL, NULL),
(1923, 2906, 0, 94, 14, 21, 5, 0, 'b1421', 0, NULL, NULL),
(1924, 2906, 0, 94, 15, 21, 5, 0, 'b1521', 0, NULL, NULL),
(1925, 2906, 0, 94, 16, 21, 5, 0, 'b1621', 0, NULL, NULL),
(1926, 2906, 0, 94, 17, 21, 5, 0, 'b1721', 0, NULL, NULL),
(1927, 2910, 0, 94, 18, 21, 5, 7, 'c1821', 0, NULL, NULL),
(1928, 2911, 0, 94, 4, 23, 5, 6, '1423', 0, NULL, NULL),
(1929, 2911, 0, 94, 5, 23, 5, 5, '1523', 0, NULL, NULL),
(1930, 2911, 0, 94, 6, 23, 5, 4, '1623', 0, NULL, NULL),
(1931, 2911, 0, 94, 7, 23, 5, 3, '1723', 0, NULL, NULL),
(1933, 2906, 0, 94, 14, 23, 5, 4, 'b1423', 0, NULL, NULL),
(1934, 2906, 0, 94, 15, 23, 5, 4, 'b1523', 0, NULL, NULL),
(1935, 2906, 0, 94, 16, 23, 5, 4, 'b1623', 0, NULL, NULL),
(1936, 2906, 0, 94, 17, 23, 5, 4, 'b1723', 0, NULL, NULL),
(1937, 2910, 0, 94, 18, 23, 5, 5, 'c1823', 0, NULL, NULL),
(1938, 2911, 0, 94, 7, 24, 5, 2, '1724', 0, NULL, NULL),
(1939, 2906, 0, 94, 18, 24, 5, 6, 'b1824', 0, NULL, NULL),
(1940, 2911, 0, 94, 7, 25, 5, 2, '1725', 0, NULL, NULL),
(1941, 2907, 0, 94, 14, 25, 5, 0, 'A1425', 0, NULL, NULL),
(1942, 2908, 0, 94, 15, 25, 5, 0, 'B1525', 0, NULL, NULL),
(1943, 2909, 0, 94, 16, 25, 5, 0, 'C1625', 0, NULL, NULL),
(1944, 2906, 0, 94, 18, 25, 5, 6, 'b1825', 0, NULL, NULL),
(1945, 2911, 0, 94, 7, 26, 5, 2, '1726', 0, NULL, NULL),
(1946, 2906, 0, 94, 18, 26, 5, 6, 'b1826', 0, NULL, NULL),
(1947, 2911, 0, 94, 7, 27, 5, 2, '1727', 0, NULL, NULL),
(1948, 2910, 0, 94, 13, 27, 5, 1, 'c1327', 0, NULL, NULL),
(1949, 2906, 0, 94, 14, 27, 5, 0, 'b1427', 0, NULL, NULL),
(1950, 2906, 0, 94, 15, 27, 5, 0, 'b1527', 0, NULL, NULL),
(1951, 2906, 0, 94, 16, 27, 5, 0, 'b1627', 0, NULL, NULL),
(1952, 2906, 0, 94, 17, 27, 5, 0, 'b1727', 0, NULL, NULL),
(1953, 2910, 0, 94, 18, 27, 5, 7, 'c1827', 0, NULL, NULL),
(2788, 2912, 0, 95, 15, 0, 0, 2, 'a150', 0, NULL, NULL),
(2789, 2913, 0, 95, 14, 3, 0, 4, 'e143', 0, NULL, NULL),
(2790, 2914, 0, 95, 15, 3, 0, 4, 'E153', 0, NULL, NULL),
(2791, 2915, 0, 95, 15, 5, 0, 2, 'c155', 0, NULL, NULL),
(2792, 2916, 0, 95, 0, 6, 1, 2, 'b06', 0, NULL, NULL),
(2793, 2917, 0, 95, 14, 6, 0, 0, 'f146', 0, NULL, NULL),
(2794, 2918, 0, 95, 15, 6, 0, 0, 'F156', 0, NULL, NULL),
(2796, 2919, 0, 95, 2, 8, 1, 4, 'd28', 0, NULL, NULL),
(2798, 2913, 0, 95, 14, 10, 0, 4, 'e1410', 0, NULL, NULL),
(2799, 2914, 0, 95, 15, 10, 0, 4, 'E1510', 0, NULL, NULL),
(2800, 2919, 0, 95, 1, 11, 1, 0, 'd111', 0, NULL, NULL),
(2802, 2915, 0, 95, 15, 12, 0, 2, 'c1512', 0, NULL, NULL),
(2804, 2918, 0, 95, 15, 13, 0, 0, 'F1513', 0, NULL, NULL),
(2805, 2919, 0, 95, 1, 16, 1, 4, 'd116', 0, NULL, NULL),
(2808, 2919, 0, 95, 1, 19, 1, 0, 'd119', 0, NULL, NULL),
(2810, 2919, 0, 95, 11, 21, 1, 2, 'd1121', 0, NULL, NULL),
(2811, 2919, 0, 95, 14, 21, 1, 6, 'd1421', 0, NULL, NULL),
(2812, 2919, 0, 95, 11, 22, 1, 2, 'd1122', 0, NULL, NULL),
(2814, 2919, 0, 95, 14, 22, 1, 6, 'd1422', 0, NULL, NULL),
(2815, 2912, 0, 95, 0, 25, 1, 2, 'a025', 0, NULL, NULL),
(2298, 2920, 0, 99, 3, 0, 2, 2, 'n30', 0, NULL, NULL),
(2299, 2921, 0, 99, 4, 0, 2, 4, 'b40', 0, NULL, NULL),
(2300, 2922, 0, 99, 5, 0, 2, 4, 'c50', 0, NULL, NULL),
(2301, 2923, 0, 99, 8, 0, 2, 0, 'h80', 0, NULL, NULL),
(2302, 2924, 0, 99, 9, 0, 2, 4, 'd90', 0, NULL, NULL),
(2303, 2925, 0, 99, 10, 0, 2, 4, 'e100', 0, NULL, NULL),
(2304, 2923, 0, 99, 11, 0, 2, 0, 'h110', 0, NULL, NULL),
(2305, 2924, 0, 99, 12, 0, 2, 4, 'd120', 0, NULL, NULL),
(2306, 2925, 0, 99, 13, 0, 2, 4, 'e130', 0, NULL, NULL),
(2307, 2923, 0, 99, 14, 0, 2, 0, 'h140', 0, NULL, NULL),
(2308, 2921, 0, 99, 16, 0, 2, 4, 'b160', 0, NULL, NULL),
(2309, 2922, 0, 99, 17, 0, 2, 4, 'c170', 0, NULL, NULL),
(2311, 2921, 0, 99, 3, 1, 2, 2, 'b31', 0, NULL, NULL),
(2312, 2927, 0, 99, 18, 1, 2, 2, 'o181', 0, NULL, NULL),
(2313, 2922, 0, 99, 3, 2, 2, 2, 'c32', 0, NULL, NULL),
(2314, 2927, 0, 99, 18, 2, 2, 2, 'o182', 0, NULL, NULL),
(2315, 2928, 0, 99, 3, 3, 2, 0, 'j33', 0, NULL, NULL),
(2316, 2929, 0, 99, 7, 3, 2, 6, 't73', 0, NULL, NULL),
(2317, 2927, 0, 99, 8, 3, 2, 6, 'o83', 0, NULL, NULL),
(2318, 2927, 0, 99, 9, 3, 2, 6, 'o93', 0, NULL, NULL),
(2319, 2927, 0, 99, 10, 3, 2, 6, 'o103', 0, NULL, NULL),
(2320, 2927, 0, 99, 11, 3, 2, 6, 'o113', 0, NULL, NULL),
(2321, 2920, 0, 99, 12, 3, 2, 2, 'n123', 0, NULL, NULL),
(2322, 2920, 0, 99, 16, 3, 2, 0, 'n163', 0, NULL, NULL),
(2323, 2927, 0, 99, 17, 3, 2, 6, 'o173', 0, NULL, NULL),
(2324, 2920, 0, 99, 18, 3, 2, 2, 'n183', 0, NULL, NULL),
(2325, 2930, 0, 99, 3, 4, 1, 4, 'p34', 0, NULL, NULL),
(2326, 2927, 0, 99, 7, 4, 1, 4, 'o74', 0, NULL, NULL),
(2327, 2921, 0, 99, 8, 4, 1, 4, 'b84', 0, NULL, NULL),
(2328, 2922, 0, 99, 9, 4, 1, 4, 'c94', 0, NULL, NULL),
(2329, 2921, 0, 99, 10, 4, 1, 4, 'b104', 0, NULL, NULL),
(2330, 2922, 0, 99, 11, 4, 1, 4, 'c114', 0, NULL, NULL),
(2331, 2930, 0, 99, 12, 4, 1, 4, 'p124', 0, NULL, NULL),
(2332, 2927, 0, 99, 16, 4, 1, 4, 'o164', 0, NULL, NULL),
(2333, 2921, 0, 99, 17, 4, 1, 4, 'b174', 0, NULL, NULL),
(2334, 2922, 0, 99, 18, 4, 1, 4, 'c184', 0, NULL, NULL),
(2335, 2931, 0, 99, 19, 4, 1, 4, 'm194', 0, NULL, NULL),
(2337, 2932, 0, 99, 12, 5, 1, 6, 'a125', 0, NULL, NULL),
(2338, 2921, 0, 99, 19, 5, 1, 6, 'b195', 0, NULL, NULL),
(2339, 2932, 0, 99, 3, 6, 1, 6, 'a36', 0, NULL, NULL),
(2340, 2922, 0, 99, 19, 6, 1, 6, 'c196', 0, NULL, NULL),
(2342, 2933, 0, 99, 10, 7, 1, 4, 'f107', 0, NULL, NULL),
(2343, 2921, 0, 99, 17, 7, 1, 0, 'b177', 0, NULL, NULL),
(2344, 2922, 0, 99, 18, 7, 1, 0, 'c187', 0, NULL, NULL),
(2345, 2931, 0, 99, 19, 7, 1, 0, 'm197', 0, NULL, NULL),
(2346, 2932, 0, 99, 3, 8, 1, 6, 'a38', 0, NULL, NULL),
(2347, 2934, 0, 99, 17, 8, 1, 4, 'u178', 0, NULL, NULL),
(2348, 2934, 0, 99, 18, 8, 1, 2, 'u188', 0, NULL, NULL),
(2349, 2920, 0, 99, 19, 8, 1, 6, 'n198', 0, NULL, NULL),
(2350, 2932, 0, 99, 3, 9, 1, 6, 'a39', 0, NULL, NULL),
(2351, 2933, 0, 99, 9, 9, 1, 0, 'f99', 0, NULL, NULL),
(2352, 2933, 0, 99, 10, 9, 1, 0, 'f109', 0, NULL, NULL),
(2353, 2921, 0, 99, 17, 9, 1, 4, 'b179', 0, NULL, NULL),
(2354, 2922, 0, 99, 18, 9, 1, 4, 'c189', 0, NULL, NULL),
(2355, 2931, 0, 99, 19, 9, 1, 4, 'm199', 0, NULL, NULL),
(2356, 2921, 0, 99, 19, 10, 1, 6, 'b1910', 0, NULL, NULL),
(2357, 2932, 0, 99, 7, 11, 1, 2, 'a711', 0, NULL, NULL),
(2358, 2932, 0, 99, 12, 11, 1, 6, 'a1211', 0, NULL, NULL),
(2359, 2922, 0, 99, 19, 11, 1, 6, 'c1911', 0, NULL, NULL),
(2360, 2927, 0, 99, 7, 12, 1, 0, 'o712', 0, NULL, NULL),
(2361, 2921, 0, 99, 8, 12, 1, 0, 'b812', 0, NULL, NULL),
(2362, 2922, 0, 99, 9, 12, 1, 0, 'c912', 0, NULL, NULL),
(2363, 2921, 0, 99, 10, 12, 1, 0, 'b1012', 0, NULL, NULL),
(2365, 2930, 0, 99, 12, 12, 1, 0, 'p1212', 0, NULL, NULL),
(2366, 2921, 0, 99, 17, 12, 1, 0, 'b1712', 0, NULL, NULL),
(2367, 2922, 0, 99, 18, 12, 1, 0, 'c1812', 0, NULL, NULL),
(2368, 2931, 0, 99, 19, 12, 1, 0, 'm1912', 0, NULL, NULL),
(2369, 2926, 0, 99, 7, 13, 1, 4, 'k713', 0, NULL, NULL),
(2370, 2935, 0, 99, 8, 13, 1, 6, 'l813', 0, NULL, NULL),
(2371, 2935, 0, 99, 9, 13, 1, 6, 'l913', 0, NULL, NULL),
(2372, 2935, 0, 99, 10, 13, 1, 6, 'l1013', 0, NULL, NULL),
(2373, 2935, 0, 99, 11, 13, 1, 6, 'l1113', 0, NULL, NULL),
(2374, 2929, 0, 99, 12, 13, 1, 2, 't1213', 0, NULL, NULL),
(2375, 2931, 0, 99, 16, 13, 1, 6, 'm1613', 0, NULL, NULL),
(2376, 2935, 0, 99, 17, 13, 1, 6, 'l1713', 0, NULL, NULL),
(2377, 2935, 0, 99, 18, 13, 1, 6, 'l1813', 0, NULL, NULL),
(2378, 2926, 0, 99, 19, 13, 1, 2, 'k1913', 0, NULL, NULL),
(2379, 2936, 0, 99, 9, 14, 0, 6, 'g914', 0, NULL, NULL),
(2380, 2924, 0, 99, 10, 14, 0, 4, 'd1014', 0, NULL, NULL),
(2381, 2925, 0, 99, 11, 14, 0, 4, 'e1114', 0, NULL, NULL),
(2382, 2937, 0, 99, 12, 14, 0, 0, 'i1214', 0, NULL, NULL),
(2383, 2937, 0, 99, 16, 14, 0, 6, 'i1614', 0, NULL, NULL),
(2384, 2924, 0, 99, 17, 14, 0, 4, 'd1714', 0, NULL, NULL),
(2386, 2936, 0, 99, 19, 14, 0, 0, 'g1914', 0, NULL, NULL),
(2387, 2924, 0, 99, 9, 15, 0, 2, 'd915', 0, NULL, NULL),
(2388, 2924, 0, 99, 19, 15, 0, 6, 'd1915', 0, NULL, NULL),
(2389, 2925, 0, 99, 9, 16, 0, 2, 'e916', 0, NULL, NULL),
(2390, 2925, 0, 99, 19, 16, 0, 6, 'e1916', 0, NULL, NULL),
(2391, 2924, 0, 99, 9, 17, 0, 2, 'd917', 0, NULL, NULL),
(2393, 2925, 0, 99, 9, 18, 0, 2, 'e918', 0, NULL, NULL),
(2395, 2936, 0, 99, 9, 19, 0, 4, 'g919', 0, NULL, NULL),
(2396, 2924, 0, 99, 10, 19, 0, 0, 'd1019', 0, NULL, NULL),
(2397, 2925, 0, 99, 11, 19, 0, 0, 'e1119', 0, NULL, NULL),
(2398, 2928, 0, 99, 12, 19, 0, 2, 'j1219', 0, NULL, NULL),
(2399, 2928, 0, 99, 16, 19, 0, 4, 'j1619', 0, NULL, NULL),
(2400, 2924, 0, 99, 17, 19, 0, 0, 'd1719', 0, NULL, NULL),
(2401, 2925, 0, 99, 18, 19, 0, 0, 'e1819', 0, NULL, NULL),
(2402, 2936, 0, 99, 19, 19, 0, 2, 'g1919', 0, NULL, NULL),
(2403, 2938, 0, 100, 14, 0, 4, 4, '260a140', 0, NULL, NULL),
(2404, 2938, 0, 100, 14, 1, 4, 4, 'a141', 0, NULL, NULL),
(2406, 2939, 0, 100, 18, 4, 2, 2, 'd184', 0, NULL, NULL),
(2407, 2940, 0, 100, 21, 4, 2, 6, 'f214', 0, NULL, NULL),
(2408, 2941, 0, 100, 18, 5, 2, 2, 'c185', 0, NULL, NULL),
(2409, 2942, 0, 100, 21, 5, 2, 6, 'e215', 0, NULL, NULL),
(2411, 2944, 0, 100, 12, 6, 2, 4, 'o126', 0, NULL, NULL),
(2412, 2945, 0, 100, 13, 6, 2, 4, 'p136', 0, NULL, NULL),
(2413, 2945, 0, 100, 14, 6, 2, 4, 'p146', 0, NULL, NULL),
(2414, 2945, 0, 100, 15, 6, 2, 4, 'p156', 0, NULL, NULL),
(2415, 2945, 0, 100, 16, 6, 100000, 4, 'p166', 0, NULL, NULL),
(2416, 2938, 0, 100, 15, 9, 2, 2, 'a159', 0, NULL, NULL),
(2418, 2938, 0, 100, 15, 11, 2, 4, 'a1511', 0, NULL, NULL),
(2420, 2938, 0, 100, 17, 11, 2, 4, 'a1711', 0, NULL, NULL),
(2421, 2946, 0, 100, 11, 15, 2, 2, 'q1115', 0, NULL, NULL),
(2422, 2946, 0, 100, 11, 16, 2, 2, 'q1116', 0, NULL, NULL),
(2423, 2946, 0, 100, 11, 17, 2, 2, 'q1117', 0, NULL, NULL),
(2424, 2946, 0, 100, 11, 18, 2, 2, 'q1118', 0, NULL, NULL),
(2425, 2939, 0, 100, 20, 24, 4, 2, 'd2024', 0, NULL, NULL),
(2426, 2940, 0, 100, 23, 24, 4, 6, 'f2324', 0, NULL, NULL),
(2427, 2941, 0, 100, 20, 25, 4, 2, 'c2025', 0, NULL, NULL),
(2428, 2942, 0, 100, 23, 25, 4, 6, 'e2325', 0, NULL, NULL),
(2429, 2947, 0, 100, 7, 27, 6, 2, 'g727', 0, NULL, NULL),
(2430, 2948, 0, 100, 11, 27, 6, 6, 'h1127', 0, NULL, NULL),
(2431, 2947, 0, 100, 13, 27, 6, 2, 'g1327', 0, NULL, NULL),
(2432, 2947, 0, 100, 7, 28, 6, 2, 'g728', 0, NULL, NULL),
(2433, 2948, 0, 100, 11, 28, 6, 6, 'h1128', 0, NULL, NULL),
(2434, 2943, 0, 100, 12, 28, 6, 4, 'b1228', 0, NULL, NULL),
(2435, 2947, 0, 100, 13, 28, 6, 2, 'g1328', 0, NULL, NULL),
(2436, 2947, 0, 100, 7, 29, 6, 2, 'g729', 0, NULL, NULL),
(2437, 2948, 0, 100, 11, 29, 6, 6, 'h1129', 0, NULL, NULL),
(2438, 2947, 0, 100, 13, 29, 6, 2, 'g1329', 0, NULL, NULL),
(2439, 2949, 0, 100, 7, 30, 6, 0, 'j730', 0, NULL, NULL),
(2440, 2950, 0, 100, 8, 30, 6, 0, 'l830', 0, NULL, NULL),
(2441, 2950, 0, 100, 9, 30, 6, 0, 'l930', 0, NULL, NULL),
(2442, 2950, 0, 100, 10, 30, 6, 0, 'l1030', 0, NULL, NULL),
(2443, 2951, 0, 100, 11, 30, 6, 0, 'k1130', 0, NULL, NULL),
(2444, 2943, 0, 100, 12, 30, 6, 4, 'b1230', 0, NULL, NULL),
(2445, 2949, 0, 100, 13, 30, 6, 0, 'j1330', 0, NULL, NULL),
(2446, 2950, 0, 100, 14, 30, 6, 0, 'l1430', 0, NULL, NULL),
(2447, 2950, 0, 100, 15, 30, 6, 0, 'l1530', 0, NULL, NULL),
(2448, 2950, 0, 100, 16, 30, 6, 0, 'l1630', 0, NULL, NULL),
(2449, 2950, 0, 100, 17, 30, 6, 0, 'l1730', 0, NULL, NULL),
(2555, 2969, 0, 105, 7, 0, 1, 4, 'o70', 0, NULL, NULL),
(2556, 2969, 0, 105, 8, 0, 1, 4, 'o80', 0, NULL, NULL),
(2557, 2970, 0, 105, 9, 0, 1, 4, 'f90', 0, NULL, NULL),
(2558, 2971, 0, 105, 10, 0, 1, 6, 'q100', 0, NULL, NULL),
(2559, 2972, 0, 105, 11, 0, 1, 4, 'h110', 0, NULL, NULL),
(2560, 2971, 0, 105, 13, 0, 1, 6, 'q130', 0, NULL, NULL),
(2561, 2968, 0, 105, 14, 0, 1, 4, 's140', 0, NULL, NULL),
(2562, 2969, 0, 105, 15, 0, 1, 4, 'o150', 0, NULL, NULL),
(2563, 2969, 0, 105, 16, 0, 1, 4, 'o160', 0, NULL, NULL),
(2564, 2969, 0, 105, 17, 0, 1, 4, 'o170', 0, NULL, NULL),
(2565, 2970, 0, 105, 18, 0, 1, 4, 'f180', 0, NULL, NULL),
(2566, 2973, 0, 105, 19, 0, 1, 0, 'k190', 0, NULL, NULL),
(2567, 2974, 0, 105, 4, 1, 1, 6, 'T41', 0, NULL, NULL),
(2568, 2975, 0, 105, 7, 1, 1, 4, 'a71', 0, NULL, NULL),
(2569, 2976, 0, 105, 10, 1, 1, 6, 'e101', 0, NULL, NULL),
(2570, 2976, 0, 105, 13, 1, 1, 6, 'e131', 0, NULL, NULL),
(2571, 2975, 0, 105, 16, 1, 1, 4, 'a161', 0, NULL, NULL),
(2572, 2977, 0, 105, 7, 4, 1, 6, 'Q74', 0, NULL, NULL),
(2573, 2978, 0, 105, 4, 5, 1, 2, 't45', 0, NULL, NULL),
(2574, 2979, 0, 105, 7, 5, 1, 6, 'W75', 0, NULL, NULL),
(2575, 2978, 0, 105, 4, 6, 1, 2, 't46', 0, NULL, NULL),
(2576, 2980, 0, 105, 7, 6, 1, 6, 'E76', 0, NULL, NULL),
(2577, 2974, 0, 105, 7, 7, 1, 6, 'T77', 0, NULL, NULL),
(2578, 2981, 0, 105, 4, 9, 1, 2, 'v49', 0, NULL, NULL),
(2579, 2982, 0, 105, 19, 9, 0, 0, 'I199', 0, NULL, NULL),
(2580, 2978, 0, 105, 4, 14, 1, 2, 't414', 0, NULL, NULL),
(2581, 2982, 0, 105, 19, 14, 0, 0, 'I1914', 0, NULL, NULL),
(2582, 2983, 0, 105, 11, 16, 1, 0, 'P1116', 0, NULL, NULL),
(2583, 2978, 0, 105, 9, 18, 1, 4, 't918', 0, NULL, NULL),
(2584, 2984, 0, 105, 9, 19, 1, 0, 'z919', 0, NULL, NULL),
(2585, 2978, 0, 105, 9, 20, 1, 0, 't920', 0, NULL, NULL),
(2586, 2977, 0, 105, 12, 20, 1, 0, 'Q1220', 0, NULL, NULL),
(2587, 2979, 0, 105, 13, 20, 1, 0, 'W1320', 0, NULL, NULL),
(2588, 2980, 0, 105, 14, 20, 1, 0, 'E1420', 0, NULL, NULL),
(2589, 2985, 0, 105, 15, 20, 1, 0, 'R1520', 0, NULL, NULL),
(2590, 2979, 0, 105, 16, 20, 1, 0, 'W1620', 0, NULL, NULL),
(2591, 2980, 0, 105, 17, 20, 1, 0, 'E1720', 0, NULL, NULL),
(2592, 2985, 0, 105, 18, 20, 1, 0, 'R1820', 0, NULL, NULL),
(2593, 2974, 0, 105, 19, 20, 1, 0, 'T1920', 0, NULL, NULL),
(2594, 2982, 0, 105, 9, 22, 1, 0, 'I922', 0, NULL, NULL),
(2595, 2978, 0, 105, 11, 22, 1, 2, 't1122', 0, NULL, NULL),
(2596, 2984, 0, 105, 12, 22, 1, 0, 'z1222', 0, NULL, NULL),
(2597, 2978, 0, 105, 13, 22, 1, 6, 't1322', 0, NULL, NULL),
(2598, 2978, 0, 105, 16, 22, 1, 2, 't1622', 0, NULL, NULL),
(2599, 2984, 0, 105, 17, 22, 1, 0, 'z1722', 0, NULL, NULL),
(2600, 2978, 0, 105, 18, 22, 1, 6, 't1822', 0, NULL, NULL),
(2631, 2586, 0, 65, 31, 31, 0, 4, 'f3131', 0, NULL, NULL),
(2685, 2778, 0, 81, 8, 6, 3, 4, 'f86', 0, NULL, NULL),
(2695, 2779, 0, 81, 16, 11, 3, 0, 'a1611', 0, NULL, NULL),
(2697, 2777, 0, 81, 2, 12, 3, 4, 'e212', 0, NULL, NULL),
(2714, 2892, 0, 93, 8, 0, 2, 6, 's80', 0, NULL, NULL),
(2744, 2900, 0, 93, 2, 11, 0, 0, 'd211', 0, NULL, NULL),
(2821, 2615, 0, 67, 12, 2, 2, 6, 'c122', 0, NULL, NULL),
(2839, 2620, 0, 67, 2, 11, 3, 4, 'C211', 0, NULL, NULL),
(2840, 2620, 0, 67, 3, 11, 3, 4, 'C311', 0, NULL, NULL),
(2841, 2620, 0, 67, 5, 11, 3, 4, 'C511', 0, NULL, NULL),
(2853, 2617, 0, 67, 8, 14, 3, 2, 'f814', 0, NULL, NULL),
(2865, 2613, 0, 67, 1, 17, 3, 2, 's117', 0, NULL, NULL),
(2866, 2617, 0, 67, 5, 17, 3, 0, 'f517', 0, NULL, NULL),
(2883, 2621, 0, 67, 14, 19, 2, 0, 'k1419', 0, NULL, NULL),
(2893, 2612, 0, 67, 7, 21, 1, 4, 'S721', 0, NULL, NULL),
(2897, 2617, 0, 67, 14, 21, 2, 6, 'f1421', 0, NULL, NULL),
(2898, 2617, 0, 67, 15, 21, 2, 6, 'f1521', 0, NULL, NULL),
(3182, 2902, 0, 92, 15, 10, 4, 0, 'a1510', 0, NULL, NULL),
(3191, 2902, 0, 92, 8, 16, 4, 4, 'a816', 0, NULL, NULL),
(3193, 2903, 0, 92, 8, 17, 4, 0, 'D817', 0, NULL, NULL),
(3194, 2902, 0, 92, 8, 18, 4, 0, 'a818', 0, NULL, NULL),
(3199, 2902, 0, 92, 14, 19, 4, 6, 'a1419', 0, NULL, NULL),
(2964, 2676, 0, 72, 6, 0, 4, 4, 'l60', 0, NULL, NULL),
(2966, 2675, 0, 72, 8, 0, 4, 4, 'k80', 0, NULL, NULL),
(2976, 2675, 0, 72, 18, 0, 4, 4, 'k180', 0, NULL, NULL),
(2982, 2678, 0, 72, 8, 3, 2, 4, 'g83', 0, NULL, NULL),
(2983, 2679, 0, 72, 9, 3, 2, 4, 'h93', 0, NULL, NULL),
(2995, 2683, 0, 72, 18, 6, 0, 4, 'd186', 0, NULL, NULL),
(2996, 2684, 0, 72, 19, 6, 0, 4, 'e196', 0, NULL, NULL),
(3024, 2691, 0, 73, 7, 5, 3, 2, 'A75', 0, NULL, NULL),
(3041, 2698, 0, 73, 17, 8, 2, 0, 'q178', 0, NULL, NULL),
(3060, 2691, 0, 73, 9, 12, 3, 0, 'A912', 0, NULL, NULL),
(3065, 2699, 0, 73, 20, 13, 1, 6, 'd2013', 0, NULL, NULL),
(3067, 2691, 0, 73, 2, 15, 3, 4, 'A215', 0, NULL, NULL),
(3076, 2690, 0, 73, 19, 16, 1, 0, 'C1916', 0, NULL, NULL),
(3077, 2691, 0, 73, 2, 17, 3, 0, 'A217', 0, NULL, NULL),
(3078, 2691, 0, 73, 7, 17, 3, 2, 'A717', 0, NULL, NULL),
(3080, 2691, 0, 73, 9, 17, 3, 6, 'A917', 0, NULL, NULL),
(3081, 2699, 0, 73, 19, 17, 1, 2, 'd1917', 0, NULL, NULL),
(3082, 2690, 0, 73, 2, 18, 3, 0, 'C218', 0, NULL, NULL),
(3116, 2844, 0, 86, 2, 12, 0, 0, 'd212', 0, NULL, NULL),
(3145, 2842, 0, 86, 13, 22, 0, 0, 'c1322', 0, NULL, NULL);
INSERT INTO `items` (`id`, `definitionid`, `ownerid`, `roomid`, `x`, `y`, `z`, `rotation`, `customdata`, `teleporterid`, `wallposition`, `postit_message`) VALUES
(3147, 2843, 0, 86, 1, 23, 0, 0, 'a123', 0, NULL, NULL),
(3211, 2881, 0, 91, 3, 4, 0, 2, 'j34', 0, NULL, NULL),
(3244, 2881, 0, 90, 4, 2, 0, 4, 'j42', 0, NULL, NULL),
(3245, 2881, 0, 90, 9, 2, 0, 4, 'j92', 0, NULL, NULL),
(3246, 2882, 0, 90, 4, 3, 0, 0, 'g43', 0, NULL, NULL),
(3247, 2883, 0, 90, 5, 3, 0, 0, 'h53', 0, NULL, NULL),
(3248, 2881, 0, 90, 7, 3, 0, 2, 'j73', 0, NULL, NULL),
(3249, 2882, 0, 90, 8, 3, 0, 0, 'g83', 0, NULL, NULL),
(3250, 2883, 0, 90, 9, 3, 0, 0, 'h93', 0, NULL, NULL),
(3251, 2881, 0, 90, 3, 4, 0, 2, 'j34', 0, NULL, NULL),
(3252, 2884, 0, 90, 4, 4, 0, 0, 'f44', 0, NULL, NULL),
(3253, 2885, 0, 90, 5, 4, 0, 0, 'i54', 0, NULL, NULL),
(3254, 2884, 0, 90, 8, 4, 0, 0, 'f84', 0, NULL, NULL),
(3255, 2885, 0, 90, 9, 4, 0, 0, 'i94', 0, NULL, NULL),
(3256, 2881, 0, 90, 8, 5, 0, 0, 'j85', 0, NULL, NULL),
(3257, 2881, 0, 90, 5, 6, 0, 4, 'j56', 0, NULL, NULL),
(3258, 2881, 0, 90, 3, 7, 0, 2, 'j37', 0, NULL, NULL),
(3259, 2882, 0, 90, 4, 7, 0, 0, 'g47', 0, NULL, NULL),
(3260, 2883, 0, 90, 5, 7, 0, 0, 'h57', 0, NULL, NULL),
(3261, 2884, 0, 90, 4, 8, 0, 0, 'f48', 0, NULL, NULL),
(3262, 2885, 0, 90, 5, 8, 0, 0, 'i58', 0, NULL, NULL),
(3263, 2881, 0, 90, 4, 9, 0, 0, 'j49', 0, NULL, NULL),
(3332, 2874, 0, 90, 2, 18, 1, 0, 'c218', 0, NULL, NULL),
(3381, 2986, 0, 101, 14, 0, 4, 4, 'a140', 0, NULL, NULL),
(3382, 2986, 0, 101, 14, 1, 4, 4, 'a141', 0, NULL, NULL),
(3383, 2986, 0, 101, 14, 2, 4, 2, 'a142', 0, NULL, NULL),
(3384, 2987, 0, 101, 18, 4, 2, 2, 'd184', 0, NULL, NULL),
(3385, 2988, 0, 101, 21, 4, 2, 6, 'f214', 0, NULL, NULL),
(3386, 2989, 0, 101, 18, 5, 2, 2, 'c185', 0, NULL, NULL),
(3387, 2990, 0, 101, 21, 5, 2, 6, 'e215', 0, NULL, NULL),
(3388, 2991, 0, 101, 11, 6, 2, 4, 'b116', 0, NULL, NULL),
(3389, 2992, 0, 101, 12, 6, 2, 4, 'o126', 0, NULL, NULL),
(3390, 2993, 0, 101, 13, 6, 2, 4, 'p136', 0, NULL, NULL),
(3391, 2993, 0, 101, 14, 6, 2, 4, 'p146', 0, NULL, NULL),
(3392, 2993, 0, 101, 15, 6, 2, 4, 'p156', 0, NULL, NULL),
(3393, 2993, 0, 101, 16, 6, 100000, 4, 'p166', 0, NULL, NULL),
(3394, 2986, 0, 101, 15, 9, 2, 2, 'a159', 0, NULL, NULL),
(3395, 2986, 0, 101, 15, 10, 2, 2, 'a1510', 0, NULL, NULL),
(3396, 2986, 0, 101, 15, 11, 2, 4, 'a1511', 0, NULL, NULL),
(3397, 2986, 0, 101, 16, 11, 2, 4, 'a1611', 0, NULL, NULL),
(3398, 2986, 0, 101, 17, 11, 2, 4, 'a1711', 0, NULL, NULL),
(3399, 2994, 0, 101, 11, 15, 2, 2, 'q1115', 0, NULL, NULL),
(3400, 2994, 0, 101, 11, 16, 2, 2, 'q1116', 0, NULL, NULL),
(3401, 2994, 0, 101, 11, 17, 2, 2, 'q1117', 0, NULL, NULL),
(3402, 2994, 0, 101, 11, 18, 2, 2, 'q1118', 0, NULL, NULL),
(3403, 2987, 0, 101, 20, 24, 4, 2, 'd2024', 0, NULL, NULL),
(3404, 2988, 0, 101, 23, 24, 4, 6, 'f2324', 0, NULL, NULL),
(3405, 2989, 0, 101, 20, 25, 4, 2, 'c2025', 0, NULL, NULL),
(3406, 2990, 0, 101, 23, 25, 4, 6, 'e2325', 0, NULL, NULL),
(3407, 2995, 0, 101, 7, 27, 6, 2, 'g727', 0, NULL, NULL),
(3408, 2996, 0, 101, 11, 27, 6, 6, 'h1127', 0, NULL, NULL),
(3409, 2995, 0, 101, 13, 27, 6, 2, 'g1327', 0, NULL, NULL),
(3410, 2995, 0, 101, 7, 28, 6, 2, 'g728', 0, NULL, NULL),
(3411, 2996, 0, 101, 11, 28, 6, 6, 'h1128', 0, NULL, NULL),
(3412, 2991, 0, 101, 12, 28, 6, 4, 'b1228', 0, NULL, NULL),
(3413, 2995, 0, 101, 13, 28, 6, 2, 'g1328', 0, NULL, NULL),
(3414, 2995, 0, 101, 7, 29, 6, 2, 'g729', 0, NULL, NULL),
(3415, 2996, 0, 101, 11, 29, 6, 6, 'h1129', 0, NULL, NULL),
(3416, 2995, 0, 101, 13, 29, 6, 2, 'g1329', 0, NULL, NULL),
(3417, 2997, 0, 101, 7, 30, 6, 0, 'j730', 0, NULL, NULL),
(3418, 2998, 0, 101, 8, 30, 6, 0, 'l830', 0, NULL, NULL),
(3419, 2998, 0, 101, 9, 30, 6, 0, 'l930', 0, NULL, NULL),
(3420, 2998, 0, 101, 10, 30, 6, 0, 'l1030', 0, NULL, NULL),
(3421, 2999, 0, 101, 11, 30, 6, 0, 'k1130', 0, NULL, NULL),
(3422, 2991, 0, 101, 12, 30, 6, 4, 'b1230', 0, NULL, NULL),
(3423, 2997, 0, 101, 13, 30, 6, 0, 'j1330', 0, NULL, NULL),
(3424, 2998, 0, 101, 14, 30, 6, 0, 'l1430', 0, NULL, NULL),
(3425, 2998, 0, 101, 15, 30, 6, 0, 'l1530', 0, NULL, NULL),
(3426, 2998, 0, 101, 16, 30, 6, 0, 'l1630', 0, NULL, NULL),
(3427, 2998, 0, 101, 17, 30, 6, 0, 'l1730', 0, NULL, NULL),
(3428, 2703, 0, 74, 8, 4, 3, 4, 'c84', 0, NULL, NULL),
(3430, 2703, 0, 74, 8, 6, 3, 0, 'c86', 0, NULL, NULL),
(3431, 2704, 0, 74, 9, 6, 3, 0, 'd96', 0, NULL, NULL),
(3432, 2705, 0, 74, 20, 6, 3, 2, 'a206', 0, NULL, NULL),
(3436, 2703, 0, 74, 3, 9, 1, 0, 'c39', 0, NULL, NULL),
(3442, 2703, 0, 74, 11, 12, 1, 2, 'c1112', 0, NULL, NULL),
(3457, 2703, 0, 74, 12, 23, 1, 2, 'c1223', 0, NULL, NULL),
(3458, 2703, 0, 74, 14, 23, 1, 6, 'c1423', 0, NULL, NULL),
(3488, 2725, 0, 76, 7, 9, 2, 0, 'j79', 0, NULL, NULL),
(3491, 2721, 0, 76, 2, 10, 2, 6, 'c210', 0, NULL, NULL),
(3502, 2723, 0, 76, 18, 14, 1, 2, 'e1814', 0, NULL, NULL),
(3522, 2785, 0, 82, 14, 2, 1, 2, 'c142', 0, NULL, NULL),
(3529, 2785, 0, 82, 11, 5, 1, 6, 'c115', 0, NULL, NULL),
(3532, 2785, 0, 82, 8, 6, 1, 2, 'c86', 0, NULL, NULL),
(3534, 2785, 0, 82, 11, 6, 1, 6, 'c116', 0, NULL, NULL),
(3561, 2793, 0, 82, 8, 13, 1, 0, 't813', 0, NULL, NULL),
(3568, 2784, 0, 82, 12, 15, 0, 0, 'W1215', 0, NULL, NULL),
(3570, 2791, 0, 82, 1, 16, 1, 6, 'b116', 0, NULL, NULL),
(3574, 2785, 0, 82, 14, 16, 0, 6, 'c1416', 0, NULL, NULL),
(3576, 2785, 0, 82, 3, 17, 1, 2, 'c317', 0, NULL, NULL),
(3581, 2785, 0, 82, 14, 17, 0, 6, 'c1417', 0, NULL, NULL),
(3604, 2807, 0, 83, 12, 0, 0, 4, 'd120', 0, NULL, NULL),
(3645, 2808, 0, 83, 13, 15, 0, 4, 'c1315', 0, NULL, NULL),
(3652, 2814, 0, 83, 2, 17, 0, 4, 'C217', 0, NULL, NULL),
(3654, 2808, 0, 83, 13, 17, 0, 0, 'c1317', 0, NULL, NULL),
(3655, 2804, 0, 83, 2, 18, 0, 2, 'D218', 0, NULL, NULL),
(3656, 2807, 0, 83, 2, 19, 0, 2, 'd219', 0, NULL, NULL),
(3661, 2815, 0, 84, 9, 0, 7, 0, 'f90', 0, NULL, NULL),
(3663, 2864, 0, 84, 12, 0, 7, 4, 's120', 0, NULL, NULL),
(3664, 2818, 0, 84, 13, 0, 7, 2, 't130', 0, NULL, NULL),
(3665, 2862, 0, 84, 14, 0, 7, 4, 'S140', 0, NULL, NULL),
(3705, 2856, 0, 85, 3, 2, 0, 0, 'p32', 0, NULL, NULL),
(3706, 2857, 0, 85, 5, 2, 0, 4, 'r52', 0, NULL, NULL),
(3707, 2857, 0, 85, 7, 2, 0, 4, 'r72', 0, NULL, NULL),
(3708, 2857, 0, 85, 9, 2, 0, 4, 'r92', 0, NULL, NULL),
(3709, 2857, 0, 85, 11, 2, 0, 4, 'r112', 0, NULL, NULL),
(3710, 2857, 0, 85, 13, 2, 0, 4, 'r132', 0, NULL, NULL),
(3711, 2858, 0, 85, 26, 2, 0, 4, 'w262', 0, NULL, NULL),
(3712, 2832, 0, 85, 14, 8, 1, 6, 'e148', 0, NULL, NULL),
(3713, 2832, 0, 85, 15, 8, 1, 0, 'e158', 0, NULL, NULL),
(3714, 2832, 0, 85, 16, 8, 1, 0, 'e168', 0, NULL, NULL),
(3715, 2832, 0, 85, 17, 8, 1, 0, 'e178', 0, NULL, NULL),
(3716, 2832, 0, 85, 18, 8, 1, 0, 'e188', 0, NULL, NULL),
(3717, 2832, 0, 85, 19, 8, 1, 0, 'e198', 0, NULL, NULL),
(3718, 2832, 0, 85, 20, 8, 1, 0, 'e208', 0, NULL, NULL),
(3719, 2832, 0, 85, 21, 8, 1, 0, 'e218', 0, NULL, NULL),
(3720, 2832, 0, 85, 22, 8, 1, 0, 'e228', 0, NULL, NULL),
(3721, 2832, 0, 85, 23, 8, 1, 0, 'e238', 0, NULL, NULL),
(3722, 2832, 0, 85, 24, 8, 1, 0, 'e248', 0, NULL, NULL),
(3723, 2832, 0, 85, 25, 8, 1, 0, 'e258', 0, NULL, NULL),
(3724, 2832, 0, 85, 26, 8, 1, 2, 'e268', 0, NULL, NULL),
(3725, 2833, 0, 85, 3, 9, 1, 2, 'c39', 0, NULL, NULL),
(3726, 2833, 0, 85, 5, 9, 1, 6, 'c59', 0, NULL, NULL),
(3727, 2856, 0, 85, 15, 9, 1, 0, 'p159', 0, NULL, NULL),
(3728, 2834, 0, 85, 16, 9, 1, 4, 'S169', 0, NULL, NULL),
(3729, 2835, 0, 85, 17, 9, 1, 4, 'z179', 0, NULL, NULL),
(3730, 2836, 0, 85, 18, 9, 1, 4, 's189', 0, NULL, NULL),
(3731, 2856, 0, 85, 19, 9, 1, 4, 'p199', 0, NULL, NULL),
(3732, 2856, 0, 85, 21, 9, 1, 0, 'p219', 0, NULL, NULL),
(3733, 2834, 0, 85, 22, 9, 1, 4, 'S229', 0, NULL, NULL),
(3734, 2835, 0, 85, 23, 9, 1, 4, 'z239', 0, NULL, NULL),
(3735, 2836, 0, 85, 24, 9, 1, 4, 's249', 0, NULL, NULL),
(3736, 2856, 0, 85, 25, 9, 1, 4, 'p259', 0, NULL, NULL),
(3737, 2833, 0, 85, 3, 11, 1, 2, 'c311', 0, NULL, NULL),
(3738, 2833, 0, 85, 5, 11, 1, 6, 'c511', 0, NULL, NULL),
(3739, 2837, 0, 85, 3, 12, 1, 0, 't312', 0, NULL, NULL),
(3740, 2833, 0, 85, 16, 14, 1, 4, 'c1614', 0, NULL, NULL),
(3741, 2833, 0, 85, 18, 14, 1, 4, 'c1814', 0, NULL, NULL),
(3742, 2833, 0, 85, 22, 14, 1, 4, 'c2214', 0, NULL, NULL),
(3743, 2833, 0, 85, 24, 14, 1, 4, 'c2414', 0, NULL, NULL),
(3744, 2837, 0, 85, 17, 15, 1, 0, 't1715', 0, NULL, NULL),
(3745, 2837, 0, 85, 23, 15, 1, 0, 't2315', 0, NULL, NULL),
(3746, 2837, 0, 85, 3, 16, 1, 0, 't316', 0, NULL, NULL),
(3747, 2833, 0, 85, 16, 16, 1, 0, 'c1616', 0, NULL, NULL),
(3748, 2833, 0, 85, 18, 16, 1, 0, 'c1816', 0, NULL, NULL),
(3749, 2833, 0, 85, 22, 16, 1, 0, 'c2216', 0, NULL, NULL),
(3750, 2833, 0, 85, 24, 16, 1, 0, 'c2416', 0, NULL, NULL),
(3751, 2833, 0, 85, 3, 17, 1, 2, 'c317', 0, NULL, NULL),
(3752, 2833, 0, 85, 5, 17, 1, 6, 'c517', 0, NULL, NULL),
(3753, 2838, 0, 85, 14, 18, 1, 6, 'E1418', 0, NULL, NULL),
(3754, 2838, 0, 85, 15, 18, 1, 0, 'E1518', 0, NULL, NULL),
(3755, 2838, 0, 85, 16, 18, 1, 0, 'E1618', 0, NULL, NULL),
(3756, 2838, 0, 85, 17, 18, 1, 0, 'E1718', 0, NULL, NULL),
(3757, 2838, 0, 85, 18, 18, 1, 0, 'E1818', 0, NULL, NULL),
(3758, 2838, 0, 85, 19, 18, 1, 0, 'E1918', 0, NULL, NULL),
(3759, 2838, 0, 85, 20, 18, 1, 0, 'E2018', 0, NULL, NULL),
(3760, 2838, 0, 85, 21, 18, 1, 0, 'E2118', 0, NULL, NULL),
(3761, 2838, 0, 85, 22, 18, 1, 0, 'E2218', 0, NULL, NULL),
(3762, 2838, 0, 85, 23, 18, 1, 0, 'E2318', 0, NULL, NULL),
(3763, 2838, 0, 85, 24, 18, 1, 0, 'E2418', 0, NULL, NULL),
(3764, 2838, 0, 85, 25, 18, 1, 0, 'E2518', 0, NULL, NULL),
(3765, 2838, 0, 85, 26, 18, 1, 2, 'E2618', 0, NULL, NULL),
(3813, 2861, 0, 88, 3, 17, 1, 2, 'c317', 0, NULL, NULL),
(3821, 2866, 0, 88, 19, 18, 1, 0, 'E1918', 0, NULL, NULL),
(3840, 2569, 0, 2, 0, 3, 0, 2, 'A03', 0, NULL, NULL),
(3849, 2633, 0, 69, 13, 7, 2, 4, 'h137', 0, NULL, NULL),
(3869, 2639, 0, 69, 23, 15, 2, 6, 'b2315', 0, NULL, NULL),
(3995, 2707, 0, 75, 2, 10, 0, 0, 'd210', 0, NULL, NULL),
(3998, 2707, 0, 75, 2, 11, 0, 4, 'd211', 0, NULL, NULL),
(3999, 2708, 0, 75, 3, 11, 0, 4, 'e311', 0, NULL, NULL),
(4013, 2710, 0, 75, 16, 15, 0, 2, 'b1615', 0, NULL, NULL),
(4042, 2736, 0, 77, 9, 7, 0, 4, 'f97', 0, NULL, NULL),
(4047, 2736, 0, 77, 14, 13, 0, 2, 'f1413', 0, NULL, NULL),
(4086, 2759, 0, 79, 2, 8, 4, 0, 'a28', 0, NULL, NULL),
(4102, 2764, 0, 79, 1, 16, 4, 2, 'f116', 0, NULL, NULL),
(4118, 2538, 0, 103, 16, 11, 0, 2, 'a1611', 0, NULL, NULL),
(4121, 2538, 0, 103, 20, 12, 0, 2, 'a2012', 0, NULL, NULL),
(4125, 2540, 0, 103, 10, 14, 0, 0, 'c1014', 0, NULL, NULL),
(4128, 2538, 0, 103, 1, 18, 8, 2, 'a118', 0, NULL, NULL),
(4146, 2541, 0, 103, 2, 23, 9, 0, 'd223', 0, NULL, NULL),
(4152, 2538, 0, 103, 15, 25, 2, 4, 'a1525', 0, NULL, NULL),
(4157, 2538, 0, 103, 17, 29, 2, 2, 'a1729', 0, NULL, NULL),
(4160, 2538, 0, 103, 17, 30, 2, 2, 'a1730', 0, NULL, NULL),
(4164, 2582, 0, 108, 29, 13, 3, 4, 'b2913', 0, NULL, NULL),
(4165, 2583, 0, 108, 17, 17, 3, 2, 'e1717', 0, NULL, NULL),
(4173, 2584, 0, 108, 21, 18, 3, 2, 'd2118', 0, NULL, NULL),
(4208, 2627, 0, 68, 8, 8, 7, 0, 't88', 0, NULL, NULL),
(4211, 2625, 0, 68, 2, 9, 7, 0, 'M29', 0, NULL, NULL),
(4212, 2629, 0, 68, 7, 9, 7, 2, 'S79', 0, NULL, NULL),
(4221, 2626, 0, 68, 7, 12, 7, 4, 's712', 0, NULL, NULL),
(4222, 2629, 0, 68, 8, 12, 7, 4, 'S812', 0, NULL, NULL),
(4225, 2627, 0, 68, 7, 13, 7, 2, 't713', 0, NULL, NULL),
(4226, 2630, 0, 68, 8, 13, 7, 2, 'T813', 0, NULL, NULL),
(4229, 2626, 0, 68, 7, 14, 7, 0, 's714', 0, NULL, NULL),
(4230, 2629, 0, 68, 8, 14, 7, 0, 'S814', 0, NULL, NULL),
(4232, 2625, 0, 68, 2, 15, 100000, 0, 'M215', 0, NULL, NULL),
(4238, 2624, 0, 68, 3, 17, 7, 2, 'A317', 0, NULL, NULL),
(4245, 2624, 0, 68, 3, 18, 7, 2, 'A318', 0, NULL, NULL),
(4265, 2668, 0, 71, 16, 6, 8, 2, 'B166', 0, NULL, NULL),
(4290, 2577, 0, 62, 2, 11, 4, 2, 'd211', 0, NULL, NULL),
(4291, 2577, 0, 62, 2, 12, 4, 2, 'd212', 0, NULL, NULL),
(4293, 2578, 0, 62, 6, 15, 0, 0, 'c615', 0, NULL, NULL),
(4296, 2578, 0, 62, 9, 15, 0, 0, 'c915', 0, NULL, NULL),
(4298, 2578, 0, 62, 12, 15, 0, 0, 'c1215', 0, NULL, NULL),
(4299, 2578, 0, 62, 13, 15, 0, 0, 'c1315', 0, NULL, NULL),
(4303, 2577, 0, 62, 2, 16, 4, 2, 'd216', 0, NULL, NULL),
(4306, 2578, 0, 62, 8, 20, 1, 0, 'c820', 0, NULL, NULL),
(4319, 2578, 0, 62, 12, 23, 1, 0, 'c1223', 0, NULL, NULL),
(4320, 2578, 0, 62, 13, 23, 1, 0, 'c1323', 0, NULL, NULL),
(4321, 2578, 0, 62, 14, 23, 1, 0, 'c1423', 0, NULL, NULL),
(4334, 1327, 2, 0, 0, 0, 0, 0, NULL, 0, NULL, NULL),
(4335, 1765, 2, 0, 0, 0, 0, 0, '50', 0, NULL, NULL),
(4336, 1765, 2, 0, 0, 0, 0, 0, '50', 0, NULL, NULL),
(4337, 1031, 2, 0, 0, 0, 0, 0, NULL, 0, NULL, NULL),
(4338, 1223, 2, 0, 0, 0, 0, 0, NULL, 0, NULL, NULL),
(4339, 1168, 2, 0, 0, 0, 0, 0, '!Gift!', 0, NULL, NULL),
(4340, 2159, 2, 114, 4, 1, 1.9, 0, '', 0, NULL, NULL),
(4341, 2159, 2, 114, 4, 1, 1.8, 0, '', 0, NULL, NULL),
(4342, 2159, 2, 114, 4, 1, 1.7, 0, '', 0, NULL, NULL),
(4343, 2159, 2, 114, 4, 1, 1.4, 0, '', 0, NULL, NULL),
(4344, 2159, 2, 114, 4, 1, 1.5, 0, '', 0, NULL, NULL),
(4345, 2159, 2, 114, 4, 1, 1.6, 0, '', 0, NULL, NULL),
(4346, 2159, 2, 114, 4, 1, 1.1, 0, '', 0, NULL, NULL),
(4347, 2159, 2, 114, 4, 1, 1.2, 0, '', 0, NULL, NULL),
(4348, 2159, 2, 114, 4, 1, 1.3, 0, '', 0, NULL, NULL),
(4349, 2159, 2, 114, 4, 1, 1, 0, '', 0, NULL, NULL),
(4350, 2159, 2, 114, 4, 1, 0.9, 0, '', 0, NULL, NULL),
(4351, 2159, 2, 114, 4, 1, 0.8, 0, '', 0, NULL, NULL),
(4352, 2159, 2, 114, 4, 1, 0.5, 0, '', 0, NULL, NULL),
(4353, 2159, 2, 114, 4, 1, 0.6, 0, '', 0, NULL, NULL),
(4354, 2159, 2, 114, 4, 1, 0.7, 0, '', 0, NULL, NULL),
(4355, 2159, 2, 114, 4, 1, 0.2, 0, '', 0, NULL, NULL),
(4356, 2159, 2, 114, 4, 1, 0.3, 0, '', 0, NULL, NULL),
(4357, 2159, 2, 114, 4, 1, 0.4, 0, '', 0, NULL, NULL),
(4358, 2159, 2, 114, 4, 1, 0.1, 0, '', 0, NULL, NULL),
(4359, 2159, 2, 114, 4, 1, 0, 0, '', 0, NULL, NULL),
(4360, 1411, 2, 114, 4, 4, 0, 0, '2', 0, NULL, NULL),
(4361, 1411, 2, 114, 4, 6, 0, 0, '2', 0, NULL, NULL),
(4362, 2409, 8, 0, 0, 0, 0, 0, '1338', 0, NULL, NULL),
(4363, 1213, 8, 0, 0, 0, 0, 0, '5', 0, NULL, NULL),
(4364, 1442, 11, 116, 8, 3, 0, 4, NULL, 0, NULL, NULL),
(4368, 2409, 11, 116, 0, 0, 0, 0, '500', 0, ':w=3,4 l=49,38 l', NULL),
(4366, 1791, 11, 116, 5, 4, 0, 4, NULL, 0, NULL, NULL),
(4384, 1416, 11, 116, 6, 10, 0, 0, '2', 0, NULL, NULL),
(4369, 1029, 11, 116, 10, 9, 0, 0, NULL, 0, NULL, NULL),
(4370, 1313, 11, 116, 9, 3, 0, 0, 'Will	30/09/2012	This is your best frimed', 0, NULL, NULL),
(4372, 1112, 11, 116, 5, 1, 0, 0, '6', 0, NULL, NULL),
(4371, 1213, 11, 116, 8, 1, 0, 0, '3', 0, NULL, NULL),
(4373, 1295, 11, 116, 9, 1, 0, 4, NULL, 0, NULL, NULL),
(4374, 1204, 11, 116, 4, 6, 0, 0, NULL, 0, NULL, NULL),
(4375, 1204, 11, 116, 4, 7, 0, 2, NULL, 0, NULL, NULL),
(4376, 1204, 11, 116, 4, 4, 0, 0, NULL, 0, NULL, NULL),
(4377, 1204, 11, 116, 4, 8, 0, 0, NULL, 0, NULL, NULL),
(4378, 1204, 11, 116, 4, 3, 0, 0, NULL, 0, NULL, NULL),
(4379, 1204, 11, 116, 4, 13, 0, 0, NULL, 0, NULL, NULL),
(4380, 1204, 11, 116, 4, 12, 0, 0, NULL, 0, NULL, NULL),
(4381, 1204, 11, 116, 4, 10, 0, 0, NULL, 0, NULL, NULL),
(4382, 1204, 11, 116, 4, 11, 0, 0, NULL, 0, NULL, NULL),
(4383, 1204, 11, 116, 4, 9, 0, 0, NULL, 0, NULL, NULL),
(4385, 1448, 11, 116, 8, 4, 0, 0, NULL, 0, NULL, NULL);

-- --------------------------------------------------------

--
-- Table structure for table `items_definitions`
--

CREATE TABLE IF NOT EXISTS `items_definitions` (
  `id` int(10) NOT NULL AUTO_INCREMENT,
  `cast_directory` int(10) NOT NULL,
  `sprite` varchar(100) COLLATE latin1_general_ci NOT NULL,
  `color` varchar(100) COLLATE latin1_general_ci NOT NULL,
  `length` int(2) NOT NULL,
  `width` int(2) NOT NULL,
  `topheight` float NOT NULL,
  `behaviour` varchar(10) COLLATE latin1_general_ci NOT NULL,
  PRIMARY KEY (`id`)
) ENGINE=MyISAM  DEFAULT CHARSET=latin1 COLLATE=latin1_general_ci AUTO_INCREMENT=3155 ;

--
-- Dumping data for table `items_definitions`
--

INSERT INTO `items_definitions` (`id`, `cast_directory`, `sprite`, `color`, `length`, `width`, `topheight`, `behaviour`) VALUES
(1001, 1337, 'shelves_norja', '#ffffff,#F7EBBC', 1, 1, 2, 'S'),
(1002, 1337, 'shelves_polyfon', '0,0,0', 2, 1, 1, 'S'),
(1003, 1337, 'shelves_silo', '0,0,0', 2, 1, 0, 'S'),
(1005, 1337, 'chair_polyfon', '0,0,0', 1, 1, 1, 'C'),
(1011, 1337, 'stand_polyfon_z', '0,0,0', 1, 1, 0.5, 'SH'),
(1012, 1337, 'chair_silo', '#ffffff,#ffffff,#ABD0D2,#ABD0D2', 1, 1, 1, 'C'),
(1013, 1337, 'sofa_silo', '#ffffff,#ffffff,#ffffff,#ffffff,#ABD0D2,#ABD0D2,#ABD0D2,#ABD0D2', 2, 1, 1, 'C'),
(1014, 1337, 'couch_norja', '#ffffff,#ffffff,#ffffff,#ffffff,#F7EBBC,#F7EBBC,#F7EBBC,#F7EBBC', 2, 1, 1, 'C'),
(1017, 1337, 'doormat_love', '0,0,0', 1, 1, 0, 'KH'),
(1018, 1337, 'doormat_plain', '0,0,0', 1, 1, 0, 'KH'),
(1025, 1337, 'bed_polyfon', '#ffffff,#ffffff,#ABD0D2,#ABD0D2', 2, 3, 1, 'B'),
(1026, 1337, 'bed_polyfon_one', '#ffffff,#ffffff,#ffffff,#ABD0D2,#ABD0D2', 1, 3, 1, 'B'),
(1029, 1337, 'bed_silo_one', '0,0,0', 1, 3, 1, 'B'),
(1030, 1337, 'bed_silo_two', '0,0,0', 2, 3, 1, 'B'),
(1032, 1337, 'bed_armas_two', '0,0,0', 2, 3, 1, 'B'),
(1033, 1337, 'bed_budget_one', '#FFFFFF,#FFFFFF,#FFFFFF,#ABD0D2,#ABD0D2,#ABD0D2', 1, 3, 1, 'B'),
(1034, 1337, 'bed_budget', '#FFFFFF,#FFFFFF,#FFFFFF,#ABD0D2,#ABD0D2,#ABD0D2', 2, 3, 1, 'B'),
(1035, 1337, 'shelves_armas', '0,0,0', 2, 1, 2, 'S'),
(1036, 1337, 'bench_armas', '0,0,0', 2, 1, 1, 'C'),
(1040, 1337, 'fireplace_armas', '0,0,0', 2, 1, 2, 'SM'),
(1041, 1337, 'lamp_armas', '0,0,0', 1, 1, 2, 'SM'),
(1042, 1337, 'bed_armas_one', '0,0,0', 1, 3, 1, 'B'),
(1044, 1337, 'carpet_armas', '0,0,0', 2, 4, 0, 'KH'),
(1045, 1337, 'carpet_polar', '#ffffff,#ffffff,#ffffff', 2, 3, 0, 'KH'),
(1046, 1337, 'fireplace_polyfon', '0,0,0', 2, 1, 2, 'SM'),
(1047, 1337, 'table_plasto_4leg*1', '#ffffff,#ff1f08', 2, 2, 1, 'SH'),
(1048, 1337, 'table_plasto_bigsquare*1', '#ffffff,#ff1f08', 2, 2, 1, 'SH'),
(1049, 1337, 'table_plasto_round*1', '#ffffff,#ff1f08', 2, 2, 1, 'SH'),
(1050, 1337, 'table_plasto_square*1', '#ffffff,#ff1f08', 1, 1, 1, 'SH'),
(1051, 1337, 'chair_plasto*1', '#ffffff,#ff1f08,#ffffff,#ff1f08', 1, 1, 1, 'C'),
(1053, 1337, 'doormat_plain*1', '#ff1f08', 1, 1, 0, 'KH'),
(1054, 1337, 'table_plasto_4leg*2', '#ffffff,#99DCCC', 2, 2, 1, 'SH'),
(1055, 1337, 'table_plasto_bigsquare*2', '#ffffff,#99DCCC', 2, 2, 1, 'SH'),
(1056, 1337, 'table_plasto_round*2', '#ffffff,#99DCCC', 2, 2, 1, 'SH'),
(1057, 1337, 'table_plasto_square*2', '#ffffff,#99DCCC', 1, 1, 1, 'SH'),
(1058, 1337, 'chair_plasto*2', '#ffffff,#99DCCC,#ffffff,#99DCCc', 1, 1, 1, 'C'),
(1238, 1337, 'bardeskcorner_polyfon*13', '#ffffff,#ffffff,#ffffff', 1, 1, 1, 'SH'),
(1061, 1337, 'table_plasto_4leg*3', '#ffffff,#ffee00', 2, 2, 1, 'SH'),
(1062, 1337, 'table_plasto_bigsquare*3', '#ffffff,#ffee00', 2, 2, 1, 'SH'),
(1063, 1337, 'table_plasto_round*3', '#ffffff,#ffee00', 2, 2, 1, 'SH'),
(1064, 1337, 'table_plasto_square*3', '#ffffff,#ffee00', 1, 1, 1, 'SH'),
(1065, 1337, 'chair_plasto*3', '#ffffff,#ffee00,#ffffff,#ffee00', 1, 1, 1, 'C'),
(1623, 1337, 'bardeskcorner_polyfon*2', '#ffffff,#525252', 1, 1, 1, 'SH'),
(1068, 1337, 'table_plasto_4leg*4', '#ffffff,#ccddff', 2, 2, 1, 'SH'),
(1069, 1337, 'table_plasto_bigsquare*4', '#ffffff,#ccddff', 2, 2, 1, 'SH'),
(1070, 1337, 'table_plasto_round*4', '#ffffff,#ccddff', 2, 2, 1, 'SH'),
(1071, 1337, 'table_plasto_square*4', '#ffffff,#ccddff', 1, 1, 1, 'SH'),
(1072, 1337, 'chair_plasto*4', '#ffffff,#ccddff,#ffffff,#ccddff', 1, 1, 1, 'C'),
(1624, 1337, 'bardeskcorner_polyfon*3', '#ffffff,#ffffff', 1, 1, 1, 'SH'),
(1075, 1337, 'doormat_plain*6', '#777777', 1, 1, 0, 'KH'),
(1625, 1337, 'bardeskcorner_polyfon*4', '#ffffff,#F7EBBC', 1, 1, 1, 'SH'),
(1078, 1337, 'table_plasto_4leg*5', '#ffffff,#54ca00', 2, 2, 1, 'SH'),
(1079, 1337, 'table_plasto_bigsquare*5', '#ffffff,#54ca00', 2, 2, 1, 'SH'),
(1080, 1337, 'table_plasto_round*5', '#ffffff,#54ca00', 2, 2, 1, 'SH'),
(1081, 1337, 'table_plasto_square*5', '#ffffff,#54ca00', 1, 1, 1, 'SH'),
(1082, 1337, 'chair_plasto*5', '#ffffff,#54ca00,#ffffff,#54ca00', 1, 1, 1, 'C'),
(1083, 1337, 'table_plasto_4leg*6', '#ffffff,#3444ff', 2, 2, 1, 'SH'),
(1084, 1337, 'table_plasto_bigsquare*6', '#ffffff,#3444ff', 2, 2, 1, 'SH'),
(1085, 1337, 'table_plasto_round*6', '#ffffff,#3444ff', 2, 2, 1, 'SH'),
(1086, 1337, 'table_plasto_square*6', '#ffffff,#3444ff', 1, 1, 1, 'SH'),
(1087, 1337, 'chair_plasto*6', '#ffffff,#3444ff,#ffffff,#3444ff', 1, 1, 1, 'C'),
(1088, 1337, 'table_plasto_4leg*7', '#ffffff,#ff6d00', 2, 2, 1, 'SH'),
(1089, 1337, 'table_plasto_bigsquare*7', '#ffffff,#ff6d00', 2, 2, 1, 'SH'),
(1090, 1337, 'table_plasto_round*7', '#ffffff,#ff6d00', 2, 2, 1, 'SH'),
(1091, 1337, 'table_plasto_square*7', '#ffffff,#ff6d00', 1, 1, 1, 'SH'),
(1092, 1337, 'chair_plasto*7', '#ffffff,#ff6d00,#ffffff,#ff6d00', 1, 1, 1, 'C'),
(1093, 1337, 'table_plasto_4leg*8', '#ffffff,#c38d1a', 2, 2, 1, 'SH'),
(1094, 1337, 'table_plasto_bigsquare*8', '#ffffff,#c38d1a', 2, 2, 1, 'SH'),
(1095, 1337, 'table_plasto_round*8', '#ffffff,#c38d1a', 2, 2, 1, 'SH'),
(1096, 1337, 'table_plasto_square*8', '#ffffff,#c38d1a', 1, 1, 1, 'SH'),
(1097, 1337, 'chair_plasto*8', '#ffffff,#c38d1a,#ffffff,#c38d1a', 1, 1, 1, 'C'),
(1098, 1337, 'table_plasto_4leg*9', '#ffffff,#533e10', 2, 2, 1, 'SH'),
(1099, 1337, 'table_plasto_bigsquare*9', '#ffffff,#533e10', 2, 2, 1, 'SH'),
(1100, 1337, 'table_plasto_round*9', '#ffffff,#533e10', 2, 2, 1, 'SH'),
(1101, 1337, 'table_plasto_square*9', '#ffffff,#533e10', 1, 1, 1, 'SH'),
(1102, 1337, 'chair_plasto*9', '#ffffff,#533e10,#ffffff,#533e10', 1, 1, 1, 'C'),
(1104, 1337, 'chair_plasty*1', '#ffffff,#8EB5D1,#ffffff,#8EB5D1', 1, 1, 1, 'C'),
(1105, 1337, 'pizza', '', 1, 1, 0.1, 'SH'),
(1106, 1337, 'drinks', '', 1, 1, 0.2, 'S'),
(1107, 1337, 'chair_plasty*2', '#ffffff,#ff9900,#ffffff,#ff9900', 1, 1, 1, 'C'),
(1108, 1337, 'chair_plasty*3', '#ffffff,#ff2200,#ffffff,#ff2200', 1, 1, 1, 'C'),
(1109, 1337, 'chair_plasty*4', '#ffffff,#00cc00,#ffffff,#00cc00', 1, 1, 1, 'C'),
(1111, 1337, 'plant_cruddy', '', 1, 1, 1, 'S'),
(1112, 1337, 'bottle', '', 1, 1, 0.1, 'STF'),
(1113, 1337, 'bardesk_polyfon', '#ffffff,#ffffff,#ABD0D2,#ABD0D2', 2, 1, 1, 'SH'),
(1114, 1337, 'bardeskcorner_polyfon', '#ffffff,#ABD0D2', 1, 1, 1, 'SH'),
(1116, 1337, 'bar_armas', '', 1, 1, 1, 'STU'),
(1119, 1337, 'carpet_soft', '', 2, 4, 0, 'KH'),
(1127, 1337, 'wood_tv', '', 1, 2, 2, 'SZ'),
(1128, 1337, 'carpet_polar*1', '#ffbbcf,#ffbbcf,#ffddef', 2, 3, 0, 'KH'),
(1129, 1337, 'chair_plasty*5', '#ffffff,#00508f,#ffffff,#00508f', 1, 1, 1, 'C'),
(1130, 1337, 'carpet_polar*2', '#ccddff,#ccddff,#ffffff', 2, 3, 0, 'KH'),
(1131, 1337, 'carpet_polar*3', '#ffee99,#ffee99,#ffffff', 2, 3, 0, 'KH'),
(1132, 1337, 'carpet_polar*4', '#ddffaa,#ddffaa,#ffffff', 2, 3, 0, 'KH'),
(1133, 1337, 'chair_plasty*6', '#ffffff,#ffee00,#ffffff,#ffee00', 1, 1, 1, 'C'),
(1137, 1337, 'bed_polyfon_girl_one', '#ffffff,#ffffff,#ffffff,#EE7EA4,#EE7EA4', 1, 3, 1, 'B'),
(1138, 1337, 'bed_polyfon_girl', '#ffffff,#ffffff,#EE7EA4,#EE7EA4', 2, 3, 1, 'B'),
(1139, 1337, 'sofa_polyfon_girl', '#ffffff,#ffffff,#ffffff,#ffffff,#EE7EA4,#EE7EA4,#EE7EA4,#EE7EA4', 2, 1, 1, 'C'),
(1142, 1337, 'plant_pineapple', '', 1, 1, 1, 'S'),
(1143, 1337, 'plant_fruittree', '', 1, 1, 1, 'S'),
(1144, 1337, 'plant_small_cactus', '', 1, 1, 1, 'S'),
(1145, 1337, 'plant_bonsai', '', 1, 1, 1, 'S'),
(1146, 1337, 'plant_big_cactus', '', 1, 1, 1, 'S'),
(1147, 1337, 'plant_yukka', '', 1, 1, 1, 'S'),
(1153, 1337, 'plant_sunflower', '', 1, 1, 1, 'S'),
(1154, 1337, 'plant_rose', '', 1, 1, 1, 'S'),
(1155, 1337, 'tv_luxus', '', 1, 3, 1, 'SO'),
(1156, 1337, 'bath', '', 1, 2, 1, 'CM'),
(1157, 1337, 'sink', '', 1, 1, 1, 'STU'),
(1158, 1337, 'toilet', '', 1, 1, 1.1, 'CO'),
(1160, 1337, 'tile', '', 4, 4, 0, 'KH'),
(1161, 1337, 'toilet_red', '', 1, 1, 1.1, 'CO'),
(1162, 1337, 'toilet_yell', '', 1, 1, 1.1, 'CO'),
(1163, 1337, 'tile_red', '', 4, 4, 0, 'KH'),
(1168, 1337, 'present_gen3', '', 1, 1, 1, 'SH'),
(1169, 1337, 'present_gen4', '', 1, 1, 1, 'SH'),
(1170, 1337, 'present_gen5', '', 1, 1, 1, 'SH'),
(1171, 1337, 'present_gen6', '', 1, 1, 1, 'SH'),
(1173, 1337, 'shelves_basic', '0,0,0', 2, 1, 2, 'S'),
(1175, 1337, 'soft_sofa_norja', '#ffffff,#F7EBBC,#ffffff,#F7EBBC,#F7EBBC,#F7EBBC', 2, 1, 1, 'C'),
(1176, 1337, 'lamp_basic', '0,0,0', 1, 1, 2, 'SM'),
(1177, 1337, 'lamp2_armas', '0,0,0', 1, 1, 2, 'SM'),
(1178, 1337, 'fridge', '0,0,0', 1, 1, 2, 'STU'),
(1179, 0, 'door', '', 1, 1, 2, 'STUX'),
(1182, 1337, 'pumpkin', '0,0,0', 1, 1, 1, 'SMH'),
(1183, 1337, 'skullcandle', '0,0,0', 1, 1, 1, 'SM'),
(1184, 1337, 'deadduck', '0,0,0', 1, 1, 0, 'S'),
(1187, 1337, 'menorah', '0,0,0', 1, 1, 1, 'SZ'),
(1188, 1337, 'pudding', '0,0,0', 1, 1, 1, 'S'),
(1189, 1337, 'ham', '0,0,0', 1, 1, 0.1, 'S'),
(1190, 1337, 'turkey', '0,0,0', 1, 1, 1, 'S'),
(1192, 1337, 'house', '0,0,0', 1, 1, 1, 'S'),
(1193, 1337, 'triplecandle', '0,0,0', 1, 1, 0.5, 'SM'),
(1194, 1337, 'tree3', '0,0,0', 1, 1, 2, 'SM'),
(1195, 1337, 'tree4', '0,0,0', 1, 1, 2, 'SM'),
(1196, 1337, 'tree5', '0,0,0', 1, 1, 2, 'SM'),
(1197, 1337, 'ham2', '0,0,0', 1, 1, 0.1, 'S'),
(1198, 1337, 'wcandleset', '0,0,0', 1, 1, 0.2, 'SM'),
(1199, 1337, 'rcandleset', '0,0,0', 1, 1, 0.2, 'SM'),
(1200, 1337, 'statue', '0,0,0', 1, 1, 1, 'S'),
(1201, 1337, 'heart', '0,0,0', 2, 1, 1, 'S'),
(1203, 1337, 'heartsofa', '0,0,0', 2, 1, 1, 'C'),
(1204, 1337, 'throne', '0,0,0', 1, 1, 1, 'C'),
(1206, 1337, 'giftflowers', '0,0,0', 1, 1, 1, 'S'),
(1207, 1337, 'habbocake', '0,0,0', 1, 1, 2, 'SM'),
(1210, 1337, 'bunny', '0,0,0', 1, 1, 1, 'S'),
(1211, 1337, 'basket', '0,0,0', 1, 1, 1, 'S'),
(1212, 1337, 'birdie', '0,0,0', 1, 1, 1, 'SO'),
(1213, 1337, 'edice', '0,0,0', 1, 1, 1, 'STF'),
(1214, 1337, 'club_sofa', '0,0,0', 2, 1, 1, 'C'),
(1215, 1337, 'prize1', '0,0,0', 1, 1, 0.5, 'S'),
(1216, 1337, 'prize2', '0,0,0', 1, 1, 0.5, 'S'),
(1217, 1337, 'prize3', '0,0,0', 1, 1, 0.5, 'S'),
(1218, 1337, 'divider_poly3', '#ffffff,#ffffff,#ffffff,#ABD0D2,#ABD0D2', 1, 1, 1, 'SGD'),
(1219, 1337, 'divider_arm1', '0,0,0', 1, 1, 1.3, 'SH'),
(1220, 1337, 'divider_arm2', '0,0,0', 2, 1, 1.3, 'SH'),
(1221, 1337, 'divider_arm3', '0,0,0', 1, 1, 1, 'SGD'),
(1222, 1337, 'divider_nor1', '#ffffff,#F7EBBC', 1, 1, 1, 'S'),
(1223, 1337, 'divider_silo1', '#ffffff,#ABD0D2', 1, 1, 1, 'SH'),
(1224, 1337, 'divider_nor2', '#ffffff,#ffffff,#F7EBBC,#F7EBBC', 2, 1, 1, 'S'),
(1226, 1337, 'divider_nor3', '#ffffff,#ffffff,#F7EBBC,#F7EBBC', 1, 1, 1, 'SGD'),
(1227, 1337, 'divider_silo3', '#ffffff,#ffffff,#ffffff,#ABD0D2', 1, 1, 1, 'SGD'),
(1228, 1337, 'typingmachine', '0,0,0', 1, 1, 0.3, 'S'),
(1229, 1337, 'spyro', '0,0,0', 1, 1, 1, 'S'),
(1233, 1337, 'hyacinth1', '0,0,0', 1, 1, 1, 'S'),
(1234, 1337, 'hyacinth2', '0,0,0', 1, 1, 1, 'S'),
(1235, 1337, 'chair_plasto*10', '#ffffff,#FF99FF,#ffffff,#FF99FF', 1, 1, 1, 'C'),
(1236, 1337, 'chair_plasto*11', '#ffffff,#66FFFF,#ffffff,#66FFFF', 1, 1, 1, 'C'),
(1239, 1337, 'chair_plasto*12', '#ffffff,#CC3399,#ffffff,#CC3399', 1, 1, 1, 'C'),
(1240, 1337, 'chair_plasto*13', '#ffffff,#999900,#ffffff,#999900', 1, 1, 1, 'C'),
(1241, 1337, 'chair_plasto*14', '#ffffff,#3CB4F0,#ffffff,#3CB4F0', 1, 1, 1, 'C'),
(1242, 1337, 'table_plasto_4leg*14', '#ffffff,#3CB4F0', 2, 2, 1, 'SH'),
(1243, 1337, 'mocchamaster', '0,0,0', 1, 1, 0, 'STO'),
(1244, 1337, 'carpet_legocourt', '0,0,0', 3, 3, 0, 'KH'),
(1245, 1337, 'bench_lego', '0,0,0', 4, 1, 1, 'C'),
(1246, 1337, 'legotrophy', '0,0,0', 1, 1, 1, 'SM'),
(1247, 1337, 'valentinescreen', '0,0,0', 2, 1, 1, 'S'),
(1248, 1337, 'edicehc', '0,0,0', 1, 1, 1, 'STF'),
(1249, 1337, 'rare_daffodil_rug', '0,0,0', 2, 2, 0, 'KH'),
(1250, 1337, 'rare_beehive_bulb', '#ffffff,#ffffff,#ffffff,#ffffff,#55c4de,#ffffff', 1, 1, 1, 'SMH'),
(1251, 1337, 'hcsohva', '0,0,0', 2, 1, 1, 'C'),
(1252, 1337, 'hcamme', '0,0,0', 1, 2, 0.9, 'CM'),
(1253, 1337, 'rare_elephant_statue', '#ffffff,#ffcf1c', 1, 1, 1, 'SH'),
(1254, 1337, 'rare_fountain', '#ffffff,#ffffff,#ff6666', 1, 1, 1, 'SMH'),
(1255, 1337, 'rare_stand', '0,0,0', 1, 1, 1.9, 'C'),
(1257, 1337, 'rare_hammock', '0,0,0', 1, 3, 1.5, 'B'),
(1258, 1337, 'rare_elephant_statue*1', '#ffffff,#bfbfbf', 1, 1, 1, 'SH'),
(1259, 1337, 'rare_elephant_statue*2', '#ffffff,#d46b00', 1, 1, 1, 'SH'),
(1260, 1337, 'rare_fountain*1', '#ffffff,#ffffff,#ffffff', 1, 1, 1, 'SMH'),
(1261, 1337, 'rare_fountain*2', '#ffffff,#ffffff,#b8cf00', 1, 1, 1, 'SMH'),
(1262, 1337, 'rare_fountain*3', '#ffffff,#ffffff,#59cccc', 1, 1, 1, 'SMH'),
(1263, 1337, 'rare_beehive_bulb*1', '#ffffff,#ffffff,#ffffff,#ffffff,#ff4c47,#ffffff', 1, 1, 1, 'SMH'),
(1264, 1337, 'rare_beehive_bulb*2', '#ffffff,#ffffff,#ffffff,#ffffff,#ffc307,#ffffff', 1, 1, 1, 'SMH'),
(1265, 1337, 'rare_xmas_screen', '0,0,0', 2, 1, 1, 'S'),
(1266, 1337, 'rare_parasol*1', '#ffffff,#ffffff,#ffffff,#ffff11', 1, 1, 1, 'SM'),
(1267, 1337, 'rare_parasol*2', '#ffffff,#ffffff,#ffffff,#ff8f61', 1, 1, 1, 'SM'),
(1268, 1337, 'rare_parasol*3', '#ffffff,#ffffff,#ffffff,#d47fff', 1, 1, 1, 'SM'),
(1269, 1337, 'tree1', '0,0,0', 1, 1, 2, 'SM'),
(1270, 1337, 'tree2', '0,0,0', 1, 1, 2, 'SM'),
(1271, 1337, 'wcandle', '0,0,0', 1, 1, 0.3, 'SM'),
(1272, 1337, 'rcandle', '0,0,0', 1, 1, 0.3, 'SM'),
(1274, 0, 'house2', '', 1, 1, 1, 'S'),
(1276, 1337, 'md_sofa', '', 2, 1, 1, 'C'),
(1278, 1337, 'table_plasto_4leg*10', '#ffffff,#ccddff', 2, 2, 1, 'SH'),
(1279, 1337, 'table_plasto_4leg*15', '#ffffff,#FF97BA', 2, 2, 1, 'SH'),
(1280, 1337, 'table_plasto_bigsquare*14', '#ffffff,#CC3399', 2, 2, 1, 'SH'),
(1281, 1337, 'table_plasto_bigsquare*15', '#ffffff,#FF97BA', 2, 2, 1, 'SH'),
(1282, 1337, 'table_plasto_round*14', '#ffffff,#CC3399', 2, 2, 1, 'SH'),
(1283, 1337, 'table_plasto_round*15', '#ffffff,#FF97BA', 2, 2, 1, 'SH'),
(1284, 1337, 'table_plasto_square*14', '#ffffff,#CC3399', 1, 1, 1, 'SH'),
(1285, 1337, 'table_plasto_square*15', '#ffffff,#FF97BA', 1, 1, 1, 'SH'),
(1286, 1337, 'chair_plasto*15', '#ffffff,#FF97BA,#ffffff,#FF97BA', 1, 1, 1, 'C'),
(1287, 1337, 'chair_plasty*7', '#ffffff,#99DCCc,#ffffff,#99DCCc', 1, 1, 1, 'C'),
(1288, 1337, 'chair_plasty*8', '#ffffff,#c38d1a,#ffffff,#c38d1a', 1, 1, 1, 'C'),
(1289, 1337, 'chair_plasty*9', '#ffffff,#533e10,#ffffff,#533e10', 1, 1, 1, 'C'),
(1290, 1337, 'chair_plasty*10', '#ffffff,#CC3399,#ffffff,#CC3399', 1, 1, 1, 'C'),
(1291, 1337, 'chair_plasty*11', '#ffffff,#FF97BA,#ffffff,#FF97BA', 1, 1, 1, 'C'),
(1292, 1337, 'chair_plasto*16', '#ffffff,#CC3399,#ffffff,#CC3399', 1, 1, 1, 'C'),
(1293, 1337, 'table_plasto_4leg*16', '#ffffff,#CC3399', 2, 2, 1, 'SH'),
(1294, 1337, 'hockey_score', '0,0,0', 1, 1, 2, 'STZ'),
(1297, 1337, 'prizetrophy2*3', '#ffffff,#ffffff,#996600', 1, 1, 2, 'SY'),
(1298, 1337, 'prizetrophy3*3', '#ffffff,#ffffff,#996600', 1, 1, 2, 'SY'),
(1299, 1337, 'prizetrophy4*3', '#ffffff,#ffffff,#996600', 1, 1, 2, 'SY'),
(1300, 1337, 'prizetrophy5*3', '#ffffff,#ffffff,#996600', 1, 1, 2, 'SY'),
(1301, 1337, 'prizetrophy6*3', '#ffffff,#ffffff,#996600', 1, 1, 2, 'SY'),
(1302, 1337, 'prizetrophy*1', '#ffffff,#ffffff,#FFDD3F', 1, 1, 2, 'SY'),
(1303, 1337, 'prizetrophy2*1', '#ffffff,#ffffff,#FFDD3F', 1, 1, 2, 'SY'),
(1304, 1337, 'prizetrophy3*1', '#ffffff,#ffffff,#FFDD3F', 1, 1, 2, 'SY'),
(1305, 1337, 'prizetrophy4*1', '#ffffff,#ffffff,#FFDD3F', 1, 1, 2, 'SY'),
(1306, 1337, 'prizetrophy5*1', '#ffffff,#ffffff,#FFDD3F', 1, 1, 2, 'SY'),
(1307, 1337, 'prizetrophy6*1', '#ffffff,#ffffff,#FFDD3F', 1, 1, 2, 'SY'),
(1308, 1337, 'prizetrophy*2', '#ffffff,#ffffff,#ffffff', 1, 1, 2, 'SY'),
(1309, 1337, 'prizetrophy2*2', '#ffffff,#ffffff,#ffffff', 1, 1, 2, 'SY'),
(1310, 1337, 'prizetrophy3*2', '#ffffff,#ffffff,#ffffff', 1, 1, 2, 'SY'),
(1311, 1337, 'prizetrophy4*2', '#ffffff,#ffffff,#ffffff', 1, 1, 2, 'SY'),
(1312, 1337, 'prizetrophy5*2', '#ffffff,#ffffff,#ffffff', 1, 1, 2, 'SY'),
(1313, 1337, 'prizetrophy6*2', '#ffffff,#ffffff,#ffffff', 1, 1, 2, 'SY'),
(1314, 1337, 'prizetrophy*3', '#ffffff,#ffffff,#996600', 1, 1, 2, 'SY'),
(1315, 1337, 'rare_parasol*0', '#ffffff,#ffffff,#ffffff,#9eff1c', 1, 1, 1, 'SM'),
(1316, 1337, 'hc_lmp', '0,0,0', 1, 1, 1, 'SM'),
(1317, 1337, 'hc_tbl', '0,0,0', 1, 3, 1, 'SH'),
(1318, 1337, 'hc_chr', '0,0,0', 1, 1, 1, 'C'),
(1319, 1337, 'hc_dsk', '0,0,0', 1, 2, 1.5, 'SM'),
(1320, 0, 'nest', '0,0,0', 1, 1, 0.1, 'K'),
(1321, 0, 'petfood1', '0,0', 1, 1, 0, 'K'),
(1322, 0, 'petfood2', '0', 1, 1, 0, 'K'),
(1323, 0, 'petfood3', '0,0,0', 1, 1, 0, 'K'),
(1324, 0, 'waterbowl*4', '#0099ff,#ffffff,#ffffff', 1, 1, 0, 'K'),
(1325, 0, 'waterbowl*5', '#bf7f00,#ffffff,#ffffff', 1, 1, 0, 'K'),
(1326, 0, 'waterbowl*2', '#3fff3f,#ffffff,#ffffff', 1, 1, 0, 'K'),
(1327, 0, 'waterbowl*1', '#ff3f3f,#ffffff,#ffffff', 1, 1, 0, 'K'),
(1328, 0, 'waterbowl*3', '#ffff00,#ffffff,#ffffff', 1, 1, 0, 'K'),
(1329, 0, 'toy1', '#ff0000,#ffff00,#ffffff,#ffffff', 1, 1, 0, 'K'),
(1330, 0, 'toy1*1', '#ff7f00,#007f00,#ffffff,#ffffff', 1, 1, 0, 'K'),
(1331, 0, 'toy1*2', '#003f7f,#ff00bf,#ffffff,#ffffff', 1, 1, 0, 'K'),
(1332, 0, 'toy1*3', '#bf1900,#00bfbf,#ffffff,#ffffff', 1, 1, 0, 'K'),
(1333, 0, 'toy1*4', '#000000,#ffffff,#ffffff,#ffffff', 1, 1, 0, 'K'),
(1334, 0, 'goodie1', '#ff4cbf,#ffffff', 1, 1, 0, 'K'),
(1335, 0, 'goodie1*1', '#3fffff,#ffffff', 1, 1, 0, 'K'),
(1336, 0, 'goodie1*2', '#ffbf00,#ffffff', 1, 1, 0, 'K'),
(1337, 0, 'goodie2', '0', 1, 1, 0, 'K'),
(1338, 1337, 'prizetrophy7*3', '#ffffff,#ffffff,#996600', 1, 1, 2, 'SY'),
(1339, 1337, 'prizetrophy7*1', '#ffffff,#ffffff,#FFDD3F', 1, 1, 2, 'SY'),
(1340, 1337, 'prizetrophy7*2', '#ffffff,#ffffff,#ffffff', 1, 1, 2, 'SY'),
(1341, 1337, 'scifiport*0', '#ffffff,#dd2d22,#ffffff,#ffffff,#ffffff,#dd2d22', 1, 1, 1, 'SGD'),
(1342, 1337, 'scifiport*9', '#ffffff,#7733ff,#ffffff,#ffffff,#ffffff,#7733ff', 1, 1, 1, 'SGD'),
(1343, 1337, 'scifiport*8', '#ffffff,#bb55cc,#ffffff,#ffffff,#ffffff,#bb55cc', 1, 1, 1, 'SGD'),
(1344, 1337, 'scifiport*7', '#ffffff,#00cccc,#ffffff,#ffffff,#ffffff,#00cccc', 1, 1, 1, 'SGD'),
(1345, 1337, 'scifiport*6', '#ffffff,#ffffff,#ffffff,#ffffff,#ffffff,#ffffff', 1, 1, 1, 'SGD'),
(1346, 1337, 'scifiport*5', '#ffffff,#555555,#ffffff,#ffffff,#ffffff,#555555', 1, 1, 1, 'SGD'),
(1347, 1337, 'scifiport*4', '#ffffff,#ff5577,#ffffff,#ffffff,#ffffff,#ff5577', 1, 1, 1, 'SGD'),
(1348, 1337, 'scifiport*3', '#ffffff,#02bb70,#ffffff,#ffffff,#ffffff,#02bb70', 1, 1, 1, 'SGD'),
(1349, 1337, 'scifiport*2', '#ffffff,#5599ff,#ffffff,#ffffff,#ffffff,#5599ff', 1, 1, 1, 'SGD'),
(1350, 1337, 'scifiport*1', '#ffffff,#ffbc00,#ffffff,#ffffff,#ffffff,#ffbc00', 1, 1, 1, 'SGD'),
(1351, 1337, 'scifirocket*9', '#ffffff,#ffffff,#7733ff,#ffffff', 1, 1, 1, 'SO'),
(1352, 1337, 'scifirocket*8', '#ffffff,#ffffff,#bb55cc,#ffffff', 1, 1, 1, 'SO'),
(1353, 1337, 'scifirocket*7', '#ffffff,#ffffff,#00cccc,#ffffff', 1, 1, 1, 'SO'),
(1354, 1337, 'scifirocket*6', '#ffffff,#ffffff,#ffffff,#ffffff', 1, 1, 1, 'SO'),
(1355, 1337, 'scifirocket*5', '#ffffff,#ffffff,#555555,#ffffff', 1, 1, 1, 'SO'),
(1356, 1337, 'scifirocket*4', '#ffffff,#ffffff,#ff5577,#ffffff', 1, 1, 1, 'SO'),
(1357, 1337, 'scifirocket*3', '#ffffff,#ffffff,#02bb70,#ffffff', 1, 1, 1, 'SO'),
(1358, 1337, 'scifirocket*2', '#ffffff,#ffffff,#5599ff,#ffffff', 1, 1, 1, 'SO'),
(1359, 1337, 'scifirocket*1', '#ffffff,#ffffff,#ffbc00,#ffffff', 1, 1, 1, 'SO'),
(1360, 1337, 'scifirocket*0', '#ffffff,#ffffff,#dd2d22,#ffffff', 1, 1, 1, 'SO'),
(1371, 1337, 'pillow*5', '#494D29,#494D29,#ffffff,#ffffff', 1, 1, 1, 'C'),
(1372, 1337, 'pillow*8', '#214E68,#214E68,#ffffff,#ffffff', 1, 1, 1, 'C'),
(1373, 1337, 'pillow*0', '#ffffff,#ffffff,#ffffff,#ffffff', 1, 1, 1, 'C'),
(1374, 1337, 'pillow*1', '#FF8888,#FF8888,#ffffff,#ffffff', 1, 1, 1, 'C'),
(1375, 1337, 'pillow*2', '#F00000,#F00000,#ffffff,#ffffff', 1, 1, 1, 'C'),
(1376, 1337, 'pillow*7', '#E532CA,#E532CA,#ffffff,#ffffff', 1, 1, 1, 'C'),
(1377, 1337, 'pillow*9', '#B9FF4B,#B9FF4B,#ffffff,#ffffff', 1, 1, 1, 'C'),
(1378, 1337, 'pillow*4', '#FFBD18,#FFBD18,#ffffff,#ffffff', 1, 1, 1, 'C'),
(1379, 1337, 'pillow*6', '#5DAAC9,#5DAAC9,#ffffff,#ffffff', 1, 1, 1, 'C'),
(1380, 1337, 'pillow*3', '#63C9A0,#63C9A0,#ffffff,#ffffff', 1, 1, 1, 'C'),
(1381, 1337, 'marquee*1', '#ffffff,#ffffff,#ffffff,#FF798F', 1, 1, 0.7, 'SGD'),
(1382, 1337, 'marquee*2', '#ffffff,#ffffff,#ffffff,#C60000', 1, 1, 0.7, 'SGD'),
(1383, 1337, 'marquee*7', '#ffffff,#ffffff,#ffffff,#D600E2', 1, 1, 0.7, 'SGD'),
(1384, 1337, 'marquee*a', '#ffffff,#ffffff,#ffffff,#ffffff', 1, 1, 0.7, 'SGD'),
(1385, 1337, 'marquee*8', '#ffffff,#ffffff,#ffffff,#004AA0', 1, 1, 0.7, 'SGD'),
(1386, 1337, 'marquee*9', '#ffffff,#ffffff,#ffffff,#8FD94A', 1, 1, 0.7, 'SGD'),
(1387, 1337, 'marquee*5', '#ffffff,#ffffff,#ffffff,#707070', 1, 1, 0.7, 'SGD'),
(1388, 1337, 'marquee*4', '#ffffff,#ffffff,#ffffff,#F8CD00', 1, 1, 0.7, 'SGD'),
(1389, 1337, 'marquee*6', '#ffffff,#ffffff,#ffffff,#719EFD', 1, 1, 0.7, 'SGD'),
(1390, 1337, 'marquee*3', '#ffffff,#ffffff,#ffffff,#68DADA', 1, 1, 0.7, 'SGD'),
(1391, 1337, 'wooden_screen*1', '#ffffff,#ffffff,#FFA795,#FFA795,#ffffff,#ffffff', 1, 2, 1, 'S'),
(1392, 1337, 'wooden_screen*2', '#ffffff,#ffffff,#BD0000,#BD0000,#ffffff,#ffffff', 1, 2, 1, 'S'),
(1393, 1337, 'wooden_screen*7', '#ffffff,#ffffff,#DA2591,#DA2591,#ffffff,#ffffff', 1, 2, 1, 'S'),
(1394, 1337, 'wooden_screen*0', '#ffffff,#ffffff,#ffffff,#ffffff,#ffffff,#ffffff', 1, 2, 1, 'S'),
(1395, 1337, 'wooden_screen*8', '#ffffff,#ffffff,#004B5E,#004B5E,#ffffff,#ffffff', 1, 2, 1, 'S'),
(1396, 1337, 'wooden_screen*5', '#ffffff,#ffffff,#778B61,#778B61,#ffffff,#ffffff', 1, 2, 1, 'S'),
(1397, 1337, 'wooden_screen*9', '#ffffff,#ffffff,#A0BE1F,#A0BE1F,#ffffff,#ffffff', 1, 2, 1, 'S'),
(1398, 1337, 'wooden_screen*4', '#ffffff,#ffffff,#F7B800,#F7B800,#ffffff,#ffffff', 1, 2, 1, 'S'),
(1399, 1337, 'wooden_screen*6', '#ffffff,#ffffff,#72B6D1,#72B6D1,#ffffff,#ffffff', 1, 2, 1, 'S'),
(1400, 1337, 'wooden_screen*3', '#ffffff,#ffffff,#79E4B3,#79E4B3,#ffffff,#ffffff', 1, 2, 1, 'S'),
(1401, 1337, 'pillar*6', '#ffffff,#962725,#962725', 1, 1, 3.5, 'SH'),
(1402, 1337, 'pillar*1', '#ffffff,#FFD0D2,#FFD0D2', 1, 1, 3.5, 'SH'),
(1403, 1337, 'pillar*9', '#ffffff,#B2A69D,#B2A69D', 1, 1, 3.5, 'SH'),
(1404, 1337, 'pillar*0', '#ffffff,#ffffff,#ffffff', 1, 1, 3.5, 'SH'),
(1405, 1337, 'pillar*8', '#ffffff,#9A924B,#9A924B', 1, 1, 3.5, 'SH'),
(1406, 1337, 'pillar*2', '#ffffff,#7B5922,#7B5922', 1, 1, 3.5, 'SH'),
(1407, 1337, 'pillar*5', '#ffffff,#CEDD65,#CEDD65', 1, 1, 3.5, 'SH'),
(1408, 1337, 'pillar*4', '#ffffff,#71797C,#71797C', 1, 1, 3.5, 'SH'),
(1409, 1337, 'pillar*7', '#ffffff,#E6D000,#E6D000', 1, 1, 3.5, 'SH'),
(1410, 1337, 'pillar*3', '#ffffff,#BDCDEA,#BDCDEA', 1, 1, 3.5, 'SH'),
(1411, 1337, 'rare_dragonlamp*4', '#ffffff,#3e3d40,#3e3d40,0,0,0,0', 1, 1, 1, 'SM'),
(1412, 1337, 'rare_dragonlamp*0', '#ffffff,#fa2d00,#fa2d00,0,0,0,0', 1, 1, 1, 'SM'),
(1413, 1337, 'rare_dragonlamp*5', '#ffffff,#589a03,#589a03,0,0,0,0', 1, 1, 1, 'SM'),
(1414, 1337, 'rare_dragonlamp*2', '#ffffff,#02bb70,#02bb70,0,0,0,0', 1, 1, 1, 'SM'),
(1415, 1337, 'rare_dragonlamp*8', '#ffffff,#ff5f01,#ff5f01,0,0,0,0', 1, 1, 1, 'SM'),
(1416, 1337, 'rare_dragonlamp*9', '#FFFFFF,#B357FF,#B357FF,0,0,0,0', 1, 1, 1, 'SM'),
(1417, 1337, 'rare_dragonlamp*7', '#ffffff,#83aeff,#83aeff,0,0,0,0', 1, 1, 1, 'SM'),
(1418, 1337, 'rare_dragonlamp*6', '#ffffff,#ffbc00,#ffbc00,0,0,0,0', 1, 1, 1, 'SM'),
(1419, 1337, 'rare_dragonlamp*1', '#ffffff,#3470ff,#3470ff,0,0,0,0', 1, 1, 1, 'SM'),
(1420, 1337, 'rare_dragonlamp*3', '#ffffff,#ffffff,#ffffff,0,0,0,0', 1, 1, 1, 'SM'),
(1421, 1337, 'rare_icecream*1', '#FFFFFF,#3C75FF,0,0,0', 1, 1, 1, 'STU'),
(1422, 1337, 'rare_icecream*7', '#FFFFFF,#97420C,0,0,0', 1, 1, 1, 'STU'),
(1423, 1337, 'rare_icecream*8', '#FFFFFF,#00E5E2,0,0,0', 1, 1, 1, 'STU'),
(1424, 1337, 'rare_icecream*2', '#FFFFFF,#55CD01,0,0,0', 1, 1, 1, 'STU'),
(1425, 1337, 'rare_icecream*6', '#FFFFFF,#FF8000,0,0,0', 1, 1, 1, 'STU'),
(1426, 1337, 'rare_icecream*9', '#FFFFFF,#FF60B0,0,0,0', 1, 1, 1, 'STU'),
(1427, 1337, 'rare_icecream*3', '#FFFFFF,#C05DFF,0,0,0', 1, 1, 1, 'STU'),
(1428, 1337, 'rare_icecream*0', '#FFFFFF,#F43100,0,0,0', 1, 1, 1, 'STU'),
(1429, 1337, 'rare_icecream*4', '#FFFFFF,#FF9898,0,0,0', 1, 1, 1, 'STU'),
(1430, 1337, 'rare_icecream*5', '#FFFFFF,#E1CC00,0,0,0', 1, 1, 1, 'STU'),
(1431, 1337, 'rare_fan*7', '#97420C,0,0,0', 1, 1, 1, 'SM'),
(1432, 1337, 'rare_fan*6', '#FF8000,0,0,0', 1, 1, 1, 'SM'),
(1433, 1337, 'rare_fan*9', '#FF60B0,0,0,0', 1, 1, 1, 'SM'),
(1434, 1337, 'rare_fan*3', '#C05DFF,0,0,0', 1, 1, 1, 'SM'),
(1435, 1337, 'rare_fan*0', '#F43100,0,0,0', 1, 1, 1, 'SM'),
(1436, 1337, 'rare_fan*4', '#FF9898,0,0,0', 1, 1, 1, 'SM'),
(1437, 1337, 'rare_fan*5', '#E1CC00,0,0,0', 1, 1, 1, 'SM'),
(1438, 1337, 'rare_fan*1', '#3C75FF,0,0,0', 1, 1, 1, 'SM'),
(1439, 1337, 'rare_fan*8', '#00E5E2,0,0,0', 1, 1, 1, 'SM'),
(1440, 1337, 'rare_fan*2', '#55CD01,0,0,0', 1, 1, 1, 'SM'),
(1444, 1337, 'queue_tile1*9', '#ffffff,#9AFF60,#ffffff,#ffffff', 1, 1, 0.45, 'KRH'),
(1451, 0, 'ticket', '0,0,0', 1, 1, 0, ''),
(1453, 1337, 'cn_lamp', '0,0,0', 1, 1, 1, 'SM'),
(1454, 1337, 'cn_sofa', '0,0,0', 3, 1, 1, 'C'),
(1455, 1337, 'sporttrack1*1', '#ffffff,#e4592d,#ffffff', 2, 2, 0, 'KH'),
(1456, 1337, 'sporttrack1*3', '#ffffff,#5cb800,#ffffff', 2, 2, 0, 'KH'),
(1457, 1337, 'sporttrack1*2', '#ffffff,#62818b,#ffffff', 2, 2, 0, 'KH'),
(1458, 1337, 'sporttrack2*1', '#ffffff,#e4592d,#ffffff', 2, 2, 0, 'KH'),
(1459, 1337, 'sporttrack2*2', '#ffffff,#62818b,#ffffff', 2, 2, 0, 'KH'),
(1460, 1337, 'sporttrack2*3', '#ffffff,#5cb800,#ffffff', 2, 2, 0, 'KH'),
(1461, 1337, 'sporttrack3*1', '#ffffff,#e4592d,#ffffff', 2, 2, 0, 'KH'),
(1462, 1337, 'sporttrack3*2', '#ffffff,#62818b,#ffffff', 2, 2, 0, 'KH'),
(1463, 1337, 'sporttrack3*3', '#ffffff,#5cb800,#ffffff', 2, 2, 0, 'KH'),
(1464, 1337, 'footylamp', '0,0,0', 1, 1, 1, 'SM'),
(1466, 1337, 'divider_nor4*4', '#ffffff,#ffffff,#ABD0D2,#ABD0D2,#ABD0D2,#ABD0D2', 2, 1, 2, 'SGD'),
(1467, 1337, 'traffic_light*1', '#ffffff,#47738B,#ffffff', 1, 1, 1.5, 'STZ'),
(1468, 1337, 'traffic_light*2', '#ffffff,#2B95E5,#ffffff', 1, 1, 1.5, 'STZ'),
(1469, 1337, 'traffic_light*3', '#ffffff,#E0337A,#ffffff', 1, 1, 1.5, 'STZ'),
(1470, 1337, 'traffic_light*4', '#ffffff,#FFDD24,#ffffff', 1, 1, 1.5, 'STZ'),
(1471, 1337, 'traffic_light*6', '#ffffff,#EF1D1D,#ffffff', 1, 1, 1.5, 'STZ'),
(1472, 1337, 'rubberchair*1', '#4193D6,#ffffff,#ffffff,#ffffff,#ffffff', 1, 1, 1, 'C'),
(1473, 1337, 'rubberchair*2', '#F24570,#ffffff,#ffffff,#ffffff,#ffffff', 1, 1, 1, 'C'),
(1474, 1337, 'rubberchair*3', '#F06E3B,#ffffff,#ffffff,#ffffff,#ffffff', 1, 1, 1, 'C'),
(1475, 1337, 'rubberchair*4', '#53C7D5,#ffffff,#ffffff,#ffffff,#ffffff', 1, 1, 1, 'C'),
(1476, 1337, 'rubberchair*5', '#CBE42D,#ffffff,#ffffff,#ffffff,#ffffff', 1, 1, 1, 'C'),
(1477, 1337, 'rubberchair*6', '#DE4FAE,#ffffff,#ffffff,#ffffff,#ffffff', 1, 1, 1, 'C'),
(1481, 1337, 'rubberchair*7', '#FFFFFF,#ffffff,#ffffff,#ffffff,#ffffff', 1, 1, 1, 'C'),
(1482, 1337, 'rubberchair*8', '#444444,#ffffff,#ffffff,#ffffff,#ffffff', 1, 1, 1, 'C'),
(1483, 1337, 'table_norja_med*2', '#ffffff,#525252', 2, 2, 1, 'SH'),
(1484, 1337, 'table_norja_med*3', '#ffffff,#FFFFFF', 2, 2, 1, 'SH'),
(1485, 1337, 'table_norja_med*4', '#ffffff,#ABD0D2', 2, 2, 1, 'SH'),
(1486, 1337, 'table_norja_med*5', '#ffffff,#EE7EA4', 2, 2, 1, 'SH'),
(1487, 1337, 'table_norja_med*6', '#ffffff,#5EAAF8', 2, 2, 1, 'SH'),
(1488, 1337, 'table_norja_med*7', '#ffffff,#7CB135', 2, 2, 1, 'SH'),
(1489, 1337, 'table_norja_med*8', '#ffffff,#FFD837', 2, 2, 1, 'SH'),
(1490, 1337, 'table_norja_med*9', '#ffffff,#E14218', 2, 2, 1, 'SH'),
(1491, 1337, 'couch_norja*2', '#ffffff,#ffffff,#ffffff,#ffffff,#525252,#525252,#525252,#525252', 2, 1, 1, 'C'),
(1492, 1337, 'couch_norja*3', '#ffffff,#ffffff,#ffffff,#ffffff,#ffffff,#ffffff,#ffffff,#ffffff', 2, 1, 1, 'C'),
(1493, 1337, 'couch_norja*4', '#ffffff,#ffffff,#ffffff,#ffffff,#ABD0D2,#ABD0D2,#ABD0D2,#ABD0D2', 2, 1, 1, 'C'),
(1494, 1337, 'couch_norja*5', '#ffffff,#ffffff,#ffffff,#ffffff,#EE7EA4,#EE7EA4,#EE7EA4,#EE7EA4', 2, 1, 1, 'C'),
(1495, 1337, 'couch_norja*6', '#ffffff,#ffffff,#ffffff,#ffffff,#5EAAF8,#5EAAF8,#5EAAF8,#5EAAF8', 2, 1, 1, 'C'),
(1496, 1337, 'couch_norja*7', '#ffffff,#ffffff,#ffffff,#ffffff,#7CB135,#7CB135,#7CB135,#7CB135', 2, 1, 1, 'C'),
(1497, 1337, 'couch_norja*8', '#ffffff,#ffffff,#ffffff,#ffffff,#FFD837,#FFD837,#FFD837,#FFD837', 2, 1, 1, 'C'),
(1498, 1337, 'couch_norja*9', '#ffffff,#ffffff,#ffffff,#ffffff,#E14218,#E14218,#E14218,#E14218', 2, 1, 1, 'C'),
(1499, 1337, 'shelves_norja*2', '#ffffff,#525252', 1, 1, 2, 'S'),
(1500, 1337, 'shelves_norja*3', '#ffffff,#ffffff', 1, 1, 2, 'S'),
(1501, 1337, 'shelves_norja*4', '#ffffff,#ABD0D2', 1, 1, 2, 'S'),
(1502, 1337, 'shelves_norja*5', '#ffffff,#EE7EA4', 1, 1, 2, 'S'),
(1503, 1337, 'shelves_norja*6', '#ffffff,#5EAAF8', 1, 1, 2, 'S'),
(1504, 1337, 'shelves_norja*7', '#ffffff,#7CB135', 1, 1, 2, 'S'),
(1505, 1337, 'shelves_norja*8', '#ffffff,#FFD837', 1, 1, 2, 'S'),
(1506, 1337, 'shelves_norja*9', '#ffffff,#E14218', 1, 1, 2, 'S'),
(1507, 1337, 'chair_norja*2', '#ffffff,#ffffff,#525252,#525252', 1, 1, 1, 'C'),
(1508, 1337, 'chair_norja*3', '#ffffff,#ffffff,#ffffff,#ffffff', 1, 1, 1, 'C'),
(1509, 1337, 'chair_norja*4', '#ffffff,#ffffff,#ABD0D2,#ABD0D2', 1, 1, 1, 'C'),
(1510, 1337, 'chair_norja*5', '#ffffff,#ffffff,#EE7EA4,#EE7EA4', 1, 1, 1, 'C'),
(1511, 1337, 'chair_norja*6', '#ffffff,#ffffff,#5EAAF8,#5EAAF8', 1, 1, 1, 'C'),
(1512, 1337, 'chair_norja*7', '#ffffff,#ffffff,#7CB135,#7CB135', 1, 1, 1, 'C'),
(1513, 1337, 'chair_norja*8', '#ffffff,#ffffff,#FFD837,#FFD837', 1, 1, 1, 'C'),
(1514, 1337, 'chair_norja*9', '#ffffff,#ffffff,#E14218,#E14218', 1, 1, 1, 'C'),
(1515, 1337, 'divider_nor1*2', '#ffffff,#525252', 1, 1, 1, 'S'),
(1516, 1337, 'divider_nor1*3', '#ffffff,#ffffff', 1, 1, 1, 'S'),
(1517, 1337, 'divider_nor1*4', '#ffffff,#ABD0D2', 1, 1, 1, 'S'),
(1518, 1337, 'divider_nor1*5', '#ffffff,#EE7EA4', 1, 1, 1, 'S'),
(1519, 1337, 'divider_nor1*6', '#ffffff,#5EAAF8', 1, 1, 1, 'S'),
(1520, 1337, 'divider_nor1*7', '#ffffff,#7CB135', 1, 1, 1, 'S'),
(1521, 1337, 'divider_nor1*8', '#ffffff,#FFD837', 1, 1, 1, 'S'),
(1522, 1337, 'divider_nor1*9', '#ffffff,#E14218', 1, 1, 1, 'S'),
(1523, 1337, 'soft_sofa_norja*2', '#ffffff,#525252,#ffffff,#525252,#525252,#525252', 2, 1, 1, 'C'),
(1524, 1337, 'soft_sofa_norja*3', '#ffffff,#ffffff,#ffffff,#ffffff,#ffffff,#ffffff', 2, 1, 1, 'C'),
(1525, 1337, 'soft_sofa_norja*4', '#ffffff,#ABD0D2,#ffffff,#ABD0D2,#ABD0D2,#ABD0D2', 2, 1, 1, 'C'),
(1526, 1337, 'soft_sofa_norja*5', '#ffffff,#EE7EA4,#ffffff,#EE7EA4,#EE7EA4,#EE7EA4', 2, 1, 1, 'C'),
(1527, 1337, 'soft_sofa_norja*6', '#ffffff,#5EAAF8,#ffffff,#5EAAF8,#5EAAF8,#5EAAF8', 2, 1, 1, 'C'),
(1528, 1337, 'soft_sofa_norja*7', '#ffffff,#7CB135,#ffffff,#7CB135,#7CB135,#7CB135', 2, 1, 1, 'C'),
(1529, 1337, 'soft_sofa_norja*8', '#ffffff,#FFD837,#ffffff,#FFD837,#FFD837,#FFD837', 2, 1, 1, 'C'),
(1530, 1337, 'soft_sofa_norja*9', '#ffffff,#E14218,#ffffff,#E14218,#E14218,#E14218', 2, 1, 1, 'C'),
(1531, 1337, 'soft_sofachair_norja*2', '#ffffff,#525252,#525252', 1, 1, 1, 'C'),
(1532, 1337, 'soft_sofachair_norja*3', '#ffffff,#ffffff,#ffffff', 1, 1, 1, 'C'),
(1533, 1337, 'soft_sofachair_norja*4', '#ffffff,#ABD0D2,#ABD0D2', 1, 1, 1, 'C'),
(1534, 1337, 'soft_sofachair_norja*5', '#ffffff,#EE7EA4,#EE7EA4', 1, 1, 1, 'C'),
(1535, 1337, 'soft_sofachair_norja*6', '#ffffff,#5EAAF8,#5EAAF8', 1, 1, 1, 'C'),
(1536, 1337, 'soft_sofachair_norja*7', '#ffffff,#7CB135,#7CB135', 1, 1, 1, 'C'),
(1537, 1337, 'soft_sofachair_norja*8', '#ffffff,#FFD837,#FFD837', 1, 1, 1, 'C'),
(1538, 1337, 'soft_sofachair_norja*9', '#ffffff,#E14218,#E14218', 1, 1, 1, 'C'),
(1539, 1337, 'sofachair_silo*2', '#ffffff,#ffffff,#525252,#525252', 1, 1, 1, 'C'),
(1540, 1337, 'sofachair_silo*3', '#ffffff,#ffffff,#ffffff,#ffffff', 1, 1, 1, 'C'),
(1541, 1337, 'sofachair_silo*4', '#ffffff,#ffffff,#F7EBBC,#F7EBBC', 1, 1, 1, 'C'),
(1542, 1337, 'sofachair_silo*5', '#ffffff,#ffffff,#EE7EA4,#EE7EA4', 1, 1, 1, 'C'),
(1543, 1337, 'sofachair_silo*6', '#ffffff,#ffffff,#5EAAF8,#5EAAF8', 1, 1, 1, 'C'),
(1544, 1337, 'sofachair_silo*7', '#ffffff,#ffffff,#7CB135,#7CB135', 1, 1, 1, 'C'),
(1545, 1337, 'sofachair_silo*8', '#ffffff,#ffffff,#FFD837,#FFD837', 1, 1, 1, 'C'),
(1546, 1337, 'sofachair_silo*9', '#ffffff,#ffffff,#E14218,#E14218', 1, 1, 1, 'C'),
(1547, 1337, 'table_silo_small*2', '#ffffff,#525252', 1, 1, 1, 'SH'),
(1548, 1337, 'table_silo_small*3', '#ffffff,#ffffff', 1, 1, 1, 'SH'),
(1549, 1337, 'table_silo_small*4', '#ffffff,#F7EBBC', 1, 1, 1, 'SH'),
(1550, 1337, 'table_silo_small*5', '#ffffff,#EE7EA4', 1, 1, 1, 'SH'),
(1551, 1337, 'table_silo_small*6', '#ffffff,#5EAAF8', 1, 1, 1, 'SH'),
(1552, 1337, 'table_silo_small*7', '#ffffff,#7CB135', 1, 1, 1, 'SH'),
(1553, 1337, 'table_silo_small*8', '#ffffff,#FFD837', 1, 1, 1, 'SH'),
(1554, 1337, 'table_silo_small*9', '#ffffff,#E14218', 1, 1, 1, 'SH'),
(1555, 1337, 'divider_silo1*2', '#ffffff,#525252', 1, 1, 1, 'SH'),
(1556, 1337, 'divider_silo1*3', '#ffffff,#ffffff', 1, 1, 1, 'SH'),
(1557, 1337, 'divider_silo1*4', '#ffffff,#F7EBBC', 1, 1, 1, 'SH'),
(1558, 1337, 'divider_silo1*5', '#ffffff,#EE7EA4', 1, 1, 1, 'SH'),
(1559, 1337, 'divider_silo1*6', '#ffffff,#5EAAF8', 1, 1, 1, 'SH'),
(1560, 1337, 'divider_silo1*7', '#ffffff,#7CB135', 1, 1, 1, 'SH'),
(1561, 1337, 'divider_silo1*8', '#ffffff,#FFD837', 1, 1, 1, 'SH'),
(1562, 1337, 'divider_silo1*9', '#ffffff,#E14218', 1, 1, 1, 'SH'),
(1563, 1337, 'divider_silo3*2', '#ffffff,#ffffff,#ffffff,#525252', 1, 1, 1, 'SGD'),
(1564, 1337, 'divider_silo3*3', '#ffffff,#ffffff,#ffffff,#ffffff', 1, 1, 1, 'SGD'),
(1565, 1337, 'divider_silo3*4', '#ffffff,#ffffff,#ffffff,#F7EBBC', 1, 1, 1, 'SGD'),
(1566, 1337, 'divider_silo3*5', '#ffffff,#ffffff,#ffffff,#EE7EA4', 1, 1, 1, 'SGD'),
(1567, 1337, 'divider_silo3*6', '#ffffff,#ffffff,#ffffff,#5EAAF8', 1, 1, 1, 'SGD'),
(1568, 1337, 'divider_silo3*7', '#ffffff,#ffffff,#ffffff,#7CB135', 1, 1, 1, 'SGD'),
(1569, 1337, 'divider_silo3*8', '#ffffff,#ffffff,#ffffff,#FFD837', 1, 1, 1, 'SGD'),
(1570, 1337, 'divider_silo3*9', '#ffffff,#ffffff,#ffffff,#E14218', 1, 1, 1, 'SGD'),
(1571, 1337, 'table_silo_med*2', '#ffffff,#525252', 2, 2, 1, 'SH'),
(1572, 1337, 'table_silo_med*3', '#ffffff,#ffffff', 2, 2, 1, 'SH'),
(1573, 1337, 'table_silo_med*4', '#ffffff,#F7EBBC', 2, 2, 1, 'SH'),
(1574, 1337, 'table_silo_med*5', '#ffffff,#EE7EA4', 2, 2, 1, 'SH'),
(1575, 1337, 'table_silo_med*6', '#ffffff,#5EAAF8', 2, 2, 1, 'SH'),
(1576, 1337, 'table_silo_med*7', '#ffffff,#7CB135', 2, 2, 1, 'SH'),
(1577, 1337, 'table_silo_med*8', '#ffffff,#FFD837', 2, 2, 1, 'SH'),
(1578, 1337, 'table_silo_med*9', '#ffffff,#E14218', 2, 2, 1, 'SH'),
(1579, 1337, 'sofa_silo*2', '#ffffff,#ffffff,#ffffff,#ffffff,#525252,#525252,#525252,#525252', 2, 1, 1, 'C'),
(1580, 1337, 'sofa_silo*3', '#ffffff,#ffffff,#ffffff,#ffffff,#ffffff,#ffffff,#ffffff,#ffffff', 2, 1, 1, 'C'),
(1581, 1337, 'sofa_silo*4', '#ffffff,#ffffff,#ffffff,#ffffff,#F7EBBC,#F7EBBC,#F7EBBC,#F7EBBC', 2, 1, 1, 'C'),
(1582, 1337, 'sofa_silo*5', '#ffffff,#ffffff,#ffffff,#ffffff,#EE7EA4,#EE7EA4,#EE7EA4,#EE7EA4', 2, 1, 1, 'C'),
(1583, 1337, 'sofa_silo*6', '#ffffff,#ffffff,#ffffff,#ffffff,#5EAAF8,#5EAAF8,#5EAAF8,#5EAAF8', 2, 1, 1, 'C'),
(1584, 1337, 'sofa_silo*7', '#ffffff,#ffffff,#ffffff,#ffffff,#7CB135,#7CB135,#7CB135,#7CB135', 2, 1, 1, 'C'),
(1585, 1337, 'sofa_silo*8', '#ffffff,#ffffff,#ffffff,#ffffff,#FFD837,#FFD837,#FFD837,#FFD837', 2, 1, 1, 'C'),
(1586, 1337, 'sofa_silo*9', '#ffffff,#ffffff,#ffffff,#ffffff,#E14218,#E14218,#E14218,#E14218', 2, 1, 1, 'C'),
(1587, 1337, 'sofachair_polyfon*2', '#ffffff,#ffffff,#525252,#525252', 1, 1, 1, 'C'),
(1588, 1337, 'sofachair_polyfon*3', '#ffffff,#ffffff,#ffffff,#ffffff', 1, 1, 1, 'C'),
(1589, 1337, 'sofachair_polyfon*4', '#ffffff,#ffffff,#F7EBBC,#F7EBBC', 1, 1, 1, 'C'),
(1590, 1337, 'sofachair_polyfon*6', '#ffffff,#ffffff,#5EAAF8,#5EAAF8', 1, 1, 1, 'C'),
(1591, 1337, 'sofachair_polyfon*7', '#ffffff,#ffffff,#7CB135,#7CB135', 1, 1, 1, 'C'),
(1592, 1337, 'sofachair_polyfon*8', '#ffffff,#ffffff,#FFD837,#FFD837', 1, 1, 1, 'C'),
(1593, 1337, 'sofachair_polyfon*9', '#ffffff,#ffffff,#E14218,#E14218', 1, 1, 1, 'C'),
(1601, 1337, 'bed_polyfon*2', '#ffffff,#ffffff,#525252,#525252', 2, 3, 1, 'B'),
(1602, 1337, 'bed_polyfon*3', '#ffffff,#ffffff,#ffffff,#ffffff', 2, 3, 1, 'B'),
(1603, 1337, 'bed_polyfon*4', '#ffffff,#ffffff,#F7EBBC,#F7EBBC', 2, 3, 1, 'B'),
(1604, 1337, 'bed_polyfon*6', '#ffffff,#ffffff,#5EAAF8,#5EAAF8', 2, 3, 1, 'B'),
(1605, 1337, 'bed_polyfon*7', '#ffffff,#ffffff,#7CB135,#7CB135', 2, 3, 1, 'B'),
(1606, 1337, 'bed_polyfon*8', '#ffffff,#ffffff,#FFD837,#FFD837', 2, 3, 1, 'B'),
(1607, 1337, 'bed_polyfon*9', '#ffffff,#ffffff,#E14218,#E14218', 2, 3, 1, 'B'),
(1608, 1337, 'bed_polyfon_one*2', '#ffffff,#ffffff,#ffffff,#525252,#525252', 1, 3, 1, 'B'),
(1609, 1337, 'bed_polyfon_one*3', '#ffffff,#ffffff,#ffffff,#ffffff,#ffffff', 1, 3, 1, 'B'),
(1610, 1337, 'bed_polyfon_one*4', '#ffffff,#ffffff,#ffffff,#F7EBBC,#F7EBBC', 1, 3, 1, 'B'),
(1611, 1337, 'bed_polyfon_one*6', '#ffffff,#ffffff,#ffffff,#5EAAF8,#5EAAF8', 1, 3, 1, 'B'),
(1612, 1337, 'bed_polyfon_one*7', '#ffffff,#ffffff,#ffffff,#7CB135,#7CB135', 1, 3, 1, 'B'),
(1613, 1337, 'bed_polyfon_one*8', '#ffffff,#ffffff,#ffffff,#FFD837,#FFD837', 1, 3, 1, 'B'),
(1614, 1337, 'bed_polyfon_one*9', '#ffffff,#ffffff,#ffffff,#E14218,#E14218', 1, 3, 1, 'B'),
(1615, 1337, 'bardesk_polyfon*2', '#ffffff,#ffffff,#525252,#525252', 2, 1, 1, 'SH'),
(1616, 1337, 'bardesk_polyfon*3', '#ffffff,#ffffff,#ffffff,#ffffff', 2, 1, 1, 'SH'),
(1617, 1337, 'bardesk_polyfon*4', '#ffffff,#ffffff,#F7EBBC,#F7EBBC', 2, 1, 1, 'SH'),
(1618, 1337, 'bardesk_polyfon*5', '#ffffff,#ffffff,#FF9BBD,#FF9BBD', 2, 1, 1, 'SH'),
(1619, 1337, 'bardesk_polyfon*6', '#ffffff,#ffffff,#5EAAF8,#5EAAF8', 2, 1, 1, 'SH'),
(1620, 1337, 'bardesk_polyfon*7', '#ffffff,#ffffff,#7CB135,#7CB135', 2, 1, 1, 'SH'),
(1621, 1337, 'bardesk_polyfon*8', '#ffffff,#ffffff,#FFD837,#FFD837', 2, 1, 1, 'SH'),
(1622, 1337, 'bardesk_polyfon*9', '#ffffff,#ffffff,#E14218,#E14218', 2, 1, 1, 'SH'),
(1631, 1337, 'divider_poly3*2', '#ffffff,#ffffff,#ffffff,#525252,#525252', 1, 1, 1, 'SGD'),
(1632, 1337, 'divider_poly3*3', '#ffffff,#ffffff,#ffffff,#ffffff,#ffffff', 1, 1, 1, 'SGD'),
(1633, 1337, 'divider_poly3*4', '#ffffff,#ffffff,#ffffff,#F7EBBC,#F7EBBC', 1, 1, 1, 'SGD'),
(1634, 1337, 'divider_poly3*5', '#ffffff,#ffffff,#ffffff,#EE7EA4,#EE7EA4', 1, 1, 1, 'SGD'),
(1635, 1337, 'divider_poly3*6', '#ffffff,#ffffff,#ffffff,#5EAAF8,#5EAAF8', 1, 1, 1, 'SGD'),
(1636, 1337, 'divider_poly3*7', '#ffffff,#ffffff,#ffffff,#7CB135,#7CB135', 1, 1, 1, 'SGD'),
(1637, 1337, 'divider_poly3*8', '#ffffff,#ffffff,#ffffff,#FFD837,#FFD837', 1, 1, 1, 'SGD'),
(1638, 1337, 'divider_poly3*9', '#ffffff,#ffffff,#ffffff,#E14218,#E14218', 1, 1, 1, 'SGD'),
(1639, 1337, 'chair_silo*2', '#ffffff,#ffffff,#525252,#525252', 1, 1, 1, 'C'),
(1640, 1337, 'chair_silo*3', '#ffffff,#ffffff,#ffffff,#ffffff', 1, 1, 1, 'C'),
(1641, 1337, 'chair_silo*4', '#ffffff,#ffffff,#F7EBBC,#F7EBBC', 1, 1, 1, 'C'),
(1642, 1337, 'chair_silo*5', '#ffffff,#ffffff,#EE7EA4,#EE7EA4', 1, 1, 1, 'C'),
(1643, 1337, 'chair_silo*6', '#ffffff,#ffffff,#5EAAF8,#5EAAF8', 1, 1, 1, 'C'),
(1644, 1337, 'chair_silo*7', '#ffffff,#ffffff,#7CB135,#7CB135', 1, 1, 1, 'C'),
(1645, 1337, 'chair_silo*8', '#ffffff,#ffffff,#FFD837,#FFD837', 1, 1, 1, 'C'),
(1646, 1337, 'chair_silo*9', '#ffffff,#ffffff,#E14218,#E14218', 1, 1, 1, 'C'),
(1647, 1337, 'divider_nor3*2', '#ffffff,#ffffff,#525252,#525252', 1, 1, 1, 'SGD'),
(1648, 1337, 'divider_nor3*3', '#ffffff,#ffffff,#ffffff,#ffffff', 1, 1, 1, 'SGD'),
(1649, 1337, 'divider_nor3*4', '#ffffff,#ffffff,#ABD0D2,#ABD0D2', 1, 1, 1, 'SGD'),
(1650, 1337, 'divider_nor3*5', '#ffffff,#ffffff,#EE7EA4,#EE7EA4', 1, 1, 1, 'SGD'),
(1651, 1337, 'divider_nor3*6', '#ffffff,#ffffff,#5EAAF8,#5EAAF8', 1, 1, 1, 'SGD'),
(1652, 1337, 'divider_nor3*7', '#ffffff,#ffffff,#7CB135,#7CB135', 1, 1, 1, 'SGD'),
(1653, 1337, 'divider_nor3*8', '#ffffff,#ffffff,#FFD837,#FFD837', 1, 1, 1, 'SGD'),
(1654, 1337, 'divider_nor3*9', '#ffffff,#ffffff,#E14218,#E14218', 1, 1, 1, 'SGD'),
(1655, 1337, 'divider_nor2*2', '#ffffff,#ffffff,#525252,#525252', 2, 1, 1, 'S'),
(1656, 1337, 'divider_nor2*3', '#ffffff,#ffffff,#ffffff,#ffffff', 2, 1, 1, 'S'),
(1657, 1337, 'divider_nor2*4', '#ffffff,#ffffff,#ABD0D2,#ABD0D2', 2, 1, 1, 'S'),
(1658, 1337, 'divider_nor2*5', '#ffffff,#ffffff,#EE7EA4,#EE7EA4', 2, 1, 1, 'S'),
(1659, 1337, 'divider_nor2*6', '#ffffff,#ffffff,#5EAAF8,#5EAAF8', 2, 1, 1, 'S'),
(1660, 1337, 'divider_nor2*7', '#ffffff,#ffffff,#7CB135,#7CB135', 2, 1, 1, 'S'),
(1661, 1337, 'divider_nor2*8', '#ffffff,#ffffff,#FFD837,#FFD837', 2, 1, 1, 'S'),
(1662, 1337, 'divider_nor2*9', '#ffffff,#ffffff,#E14218,#E14218', 2, 1, 1, 'S'),
(1663, 1337, 'silo_studydesk', '0,0,0', 2, 1, 1, 'SM'),
(1664, 1337, 'solarium_norja', '#ffffff,#ffffff,#ffffff', 1, 1, 2.5, 'SZH'),
(1673, 1337, 'sandrug', '0,0,0', 2, 2, 0, 'KH'),
(1677, 1337, 'sleepingbag*1', '#ed796b,#ffffff,#ed796b,#ffffff,#ed796b,#ffffff', 1, 3, 0.8, 'B'),
(1678, 1337, 'sleepingbag*2', '#d3ff82,#ffffff,#d3ff82,#ffffff,#d3ff82,#ffffff', 1, 3, 0.8, 'B'),
(1679, 1337, 'sleepingbag*3', '#8aeded,#ffffff,#8aeded,#ffffff,#8aeded,#ffffff', 1, 3, 0.8, 'B'),
(1680, 1337, 'sleepingbag*4', '#a9bc82,#ffffff,#a9bc82,#ffffff,#a9bc82,#ffffff', 1, 3, 0.8, 'B'),
(1682, 1337, 'sleepingbag*7', '#e49350,#ffffff,#e49350,#ffffff,#e49350,#ffffff', 1, 3, 0.8, 'B'),
(1683, 1337, 'sleepingbag*9', '#3badf7,#ffffff,#3badf7,#ffffff,#3badf7,#ffffff', 1, 3, 0.8, 'B'),
(1684, 1337, 'sleepingbag*5', '#9f9f9f,#ffffff,#9f9f9f,#ffffff,#9f9f9f,#ffffff', 1, 3, 0.8, 'B'),
(1685, 1337, 'sleepingbag*10', '#f3dac2,#ffffff,#f3dac2,#ffffff,#f3dac2,#ffffff', 1, 3, 0.8, 'B'),
(1686, 1337, 'sleepingbag*6', '#a78acf,#ffffff,#a78acf,#ffffff,#a78acf,#ffffff', 1, 3, 0.8, 'B'),
(1687, 1337, 'sleepingbag*8', '#ffcc5a,#ffffff,#ffcc5a,#ffffff,#ffcc5a,#ffffff', 1, 3, 0.8, 'B'),
(1688, 1337, 'china_shelve', '0,0,0', 2, 1, 2, 'S'),
(1689, 1337, 'traffic_light*5', '#ffffff,#ffffff,#ffffff', 1, 1, 1.5, 'STZ'),
(1690, 1337, 'divider_nor4*2', '#ffffff,#ffffff,#525252,#525252,#525252,#525252', 2, 1, 2, 'SGD'),
(1691, 1337, 'divider_nor4*3', '#ffffff,#ffffff,#ffffff,#ffffff,#ffffff,#ffffff', 2, 1, 2, 'SGD'),
(1692, 1337, 'divider_nor4*5', '#ffffff,#ffffff,#EE7EA4,#EE7EA4,#EE7EA4,#EE7EA4', 2, 1, 2, 'SGD'),
(1693, 1337, 'divider_nor4*6', '#ffffff,#ffffff,#5EAAF8,#5EAAF8,#5EAAF8,#5EAAF8', 2, 1, 2, 'SGD'),
(1694, 1337, 'divider_nor4*7', '#ffffff,#ffffff,#7CB135,#7CB135,#7CB135,#7CB135', 2, 1, 2, 'SGD'),
(1695, 1337, 'divider_nor4*8', '#ffffff,#ffffff,#FFD837,#FFD837,#FFD837,#FFD837', 2, 1, 2, 'SGD'),
(1696, 1337, 'divider_nor4*9', '#ffffff,#ffffff,#E14218,#E14218,#E14218,#E14218', 2, 1, 2, 'SGD'),
(1697, 1337, 'divider_nor5*2', '#ffffff,#525252,#525252', 1, 1, 2, 'SGD'),
(1698, 1337, 'divider_nor5*3', '#ffffff,#ffffff,#ffffff', 1, 1, 2, 'SGD'),
(1699, 1337, 'divider_nor5*4', '#ffffff,#ABD0D2,#ABD0D2', 1, 1, 2, 'SGD'),
(1700, 1337, 'divider_nor5*5', '#ffffff,#EE7EA4,#EE7EA4', 1, 1, 2, 'SGD'),
(1701, 1337, 'divider_nor5*6', '#ffffff,#5EAAF8,#5EAAF8', 1, 1, 2, 'SGD'),
(1702, 1337, 'divider_nor5*7', '#ffffff,#7CB135,#7CB135', 1, 1, 2, 'SGD'),
(1703, 1337, 'divider_nor5*8', '#ffffff,#FFD837,#FFD837', 1, 1, 2, 'SGD'),
(1704, 1337, 'divider_nor5*9', '#ffffff,#E14218,#E14218', 1, 1, 2, 'SGD'),
(1705, 1337, 'divider_nor5', '#ffffff,#F7EBBC,#F7EBBC', 1, 1, 2, 'SGD'),
(1706, 1337, 'divider_nor4', '#ffffff,#ffffff,#F7EBBC,#F7EBBC,#F7EBBC,#F7EBBC', 2, 1, 2, 'SGD'),
(1707, 1337, 'wall_china', '0,0,0', 1, 1, 1, 'S'),
(1708, 1337, 'corner_china', '0,0,0', 1, 1, 1, 'S'),
(1709, 1337, 'barchair_silo*2', '#ffffff,#525252', 1, 1, 1, 'C'),
(1710, 1337, 'barchair_silo*3', '#ffffff,#ffffff', 1, 1, 1, 'C'),
(1711, 1337, 'barchair_silo*4', '#ffffff,#F7EBBC', 1, 1, 1, 'C'),
(1712, 1337, 'barchair_silo*5', '#ffffff,#ee7ea4', 1, 1, 1, 'C'),
(1713, 1337, 'barchair_silo*6', '#ffffff,#5eaaf8', 1, 1, 1, 'C'),
(1714, 1337, 'barchair_silo*7', '#ffffff,#7cb135', 1, 1, 1, 'C'),
(1715, 1337, 'barchair_silo*8', '#ffffff,#ffd837', 1, 1, 1, 'C'),
(1716, 1337, 'barchair_silo*9', '#ffffff,#e14218', 1, 1, 1, 'C'),
(1717, 1337, 'safe_silo*2', '#ffffff,#525252,#525252,#ffffff', 1, 1, 1, 'SU'),
(1718, 1337, 'safe_silo*3', '#ffffff,#bfbfbf,#bfbfbf,#ffffff', 1, 1, 1, 'SU'),
(1719, 1337, 'safe_silo*4', '#ffffff,#f7ebbc,#f7ebbc,#ffffff', 1, 1, 1, 'SU'),
(1720, 1337, 'safe_silo*5', '#ffffff,#ee7ea4,#ee7ea4,#ffffff', 1, 1, 1, 'SU'),
(1721, 1337, 'safe_silo*6', '#ffffff,#5eaaf8,#5eaaf8,#ffffff', 1, 1, 1, 'SU'),
(1722, 1337, 'safe_silo*7', '#ffffff,#7cb135,#7cb135,#ffffff', 1, 1, 1, 'SU'),
(1723, 1337, 'safe_silo*8', '#ffffff,#ffd837,#ffd837,#ffffff', 1, 1, 1, 'SU'),
(1724, 1337, 'safe_silo*9', '#ffffff,#e14218,#e14218,#ffffff', 1, 1, 1, 'SU'),
(1725, 1337, 'glass_shelf', '0,0', 2, 1, 2, 'S'),
(1727, 1337, 'glass_stool', '#ffffff,#ABD0D2,#ABD0D2,#ffffff', 1, 1, 1, 'C'),
(1728, 1337, 'glass_sofa', '#ffffff,#ABD0D2,#ABD0D2,#ffffff,#ffffff,#ABD0D2,#ffffff,#ABD0D2', 2, 1, 1, 'C'),
(1730, 1337, 'glass_table*2', '#ffffff,#525252,#525252,#ffffff', 2, 2, 1, 'SH'),
(1731, 1337, 'glass_table*3', '#ffffff,#bfbfbf,#bfbfbf,#ffffff', 2, 2, 1, 'SH'),
(1732, 1337, 'glass_table*4', '#ffffff,#f7ebbc,#f7ebbc,#ffffff', 2, 2, 1, 'SH'),
(1733, 1337, 'glass_table*5', '#ffffff,#ee7ea4,#ee7ea4,#ffffff', 2, 2, 1, 'SH'),
(1734, 1337, 'glass_table*6', '#ffffff,#5eaaf8,#5eaaf8,#ffffff', 2, 2, 1, 'SH'),
(1735, 1337, 'glass_table*7', '#ffffff,#7cb135,#7cb135,#ffffff', 2, 2, 1, 'SH'),
(1736, 1337, 'glass_table*8', '#ffffff,#ffd837,#ffd837,#ffffff', 2, 2, 1, 'SH'),
(1737, 1337, 'glass_table*9', '#ffffff,#e14218,#e14218,#ffffff', 2, 2, 1, 'SH'),
(1738, 1337, 'glass_chair*2', '#ffffff,#525252,#525252,#ffffff', 1, 1, 1, 'C'),
(1739, 1337, 'glass_chair*3', '#ffffff,#bfbfbf,#bfbfbf,#ffffff', 1, 1, 1, 'C'),
(1740, 1337, 'glass_chair*4', '#ffffff,#f7ebbc,#f7ebbc,#ffffff', 1, 1, 1, 'C'),
(1741, 1337, 'glass_chair*5', '#ffffff,#ee7ea4,#ee7ea4,#ffffff', 1, 1, 1, 'C'),
(1742, 1337, 'glass_chair*6', '#ffffff,#5eaaf8,#5eaaf8,#ffffff', 1, 1, 1, 'C'),
(1743, 1337, 'glass_chair*7', '#ffffff,#7cb135,#7cb135,#ffffff', 1, 1, 1, 'C'),
(1744, 1337, 'glass_chair*8', '#ffffff,#ffd837,#ffd837,#ffffff', 1, 1, 1, 'C'),
(1745, 1337, 'glass_chair*9', '#ffffff,#e14218,#e14218,#ffffff', 1, 1, 1, 'C'),
(1746, 1337, 'glass_sofa*2', '#ffffff,#525252,#525252,#ffffff,#ffffff,#525252,#ffffff,#525252', 2, 1, 1, 'C'),
(1747, 1337, 'glass_sofa*3', '#ffffff,#bfbfbf,#bfbfbf,#ffffff,#ffffff,#bfbfbf,#ffffff,#bfbfbf', 2, 1, 1, 'C'),
(1748, 1337, 'glass_sofa*4', '#ffffff,#f7ebbc,#f7ebbc,#ffffff,#ffffff,#f7ebbc,#ffffff,#f7ebbc', 2, 1, 1, 'C'),
(1749, 1337, 'glass_sofa*5', '#ffffff,#ee7ea4,#ee7ea4,#ffffff,#ffffff,#ee7ea4,#ffffff,#ee7ea4', 2, 1, 1, 'C'),
(1750, 1337, 'glass_sofa*6', '#ffffff,#5eaaf8,#5eaaf8,#ffffff,#ffffff,#5eaaf8,#ffffff,#5eaaf8', 2, 1, 1, 'C'),
(1751, 1337, 'glass_sofa*7', '#ffffff,#7cb135,#7cb135,#ffffff,#ffffff,#7cb135,#ffffff,#7cb135', 2, 1, 1, 'C'),
(1752, 1337, 'glass_sofa*8', '#ffffff,#ffd837,#ffd837,#ffffff,#ffffff,#ffd837,#ffffff,#ffd837', 2, 1, 1, 'C'),
(1753, 1337, 'glass_sofa*9', '#ffffff,#e14218,#e14218,#ffffff,#ffffff,#e14218,#ffffff,#e14218', 2, 1, 1, 'C'),
(1754, 1337, 'glass_stool*2', '#ffffff,#525252,#525252,#ffffff', 1, 1, 1, 'C'),
(1755, 1337, 'glass_stool*4', '#ffffff,#f7ebbc,#f7ebbc,#ffffff', 1, 1, 1, 'C'),
(1756, 1337, 'glass_stool*5', '#ffffff,#ee7ea4,#ee7ea4,#ffffff', 1, 1, 1, 'C'),
(1757, 1337, 'glass_stool*6', '#ffffff,#5eaaf8,#5eaaf8,#ffffff', 1, 1, 1, 'C'),
(1758, 1337, 'glass_stool*7', '#ffffff,#7cb135,#7cb135,#ffffff', 1, 1, 1, 'C'),
(1759, 1337, 'glass_stool*8', '#ffffff,#ffd837,#ffd837,#ffffff', 1, 1, 1, 'C'),
(1760, 1337, 'glass_stool*3', '#ffffff,#bfbfbf,#bfbfbf,#ffffff', 1, 1, 1, 'C'),
(1761, 1337, 'glass_stool*9', '#ffffff,#e14218,#e14218,#ffffff', 1, 1, 1, 'C'),
(1764, 1337, 'CF_20_moneybag', '0,0,0', 1, 1, 1, 'SHQ'),
(1765, 1337, 'CF_50_goldbar', '0,0,0', 1, 1, 0.4, 'SHQ'),
(1767, 1337, 'hc_crpt', '0,0,0', 3, 5, 0, 'KH'),
(1768, 1337, 'hc_tv', '', 2, 1, 2, 'SM'),
(1769, 1337, 'gothgate', '0,0,0', 2, 1, 2.5, 'SGD'),
(1770, 1337, 'gothiccandelabra', '0,0,0', 1, 1, 1, 'SM'),
(1771, 1337, 'gothrailing', '0,0,0', 2, 1, 1, 'SH'),
(1774, 1337, 'hc_btlr', '0,0,0', 1, 1, 1, 'STU'),
(1775, 1337, 'hc_crtn', '0,0,0', 2, 1, 1, 'SGD'),
(1776, 1337, 'hc_djset', '0,0,0', 3, 1, 1.5, 'S'),
(1777, 1337, 'hc_frplc', '0,0,0', 1, 3, 3, 'SM'),
(1778, 1337, 'hc_lmpst', '0,0,0', 1, 1, 3, 'SM'),
(1779, 1337, 'hc_machine', '0,0,0', 1, 3, 3, 'SM'),
(1781, 1337, 'hc_rntgn', '0,0,0', 2, 1, 2, 'S'),
(1782, 1337, 'hc_trll', '0,0,0', 1, 2, 1.5, 'S'),
(1783, 1337, 'gothic_chair*1', '#ffffff,#ff9999,#ffffff,#ff9999', 1, 1, 1, 'C'),
(1784, 1337, 'gothic_sofa*1', '#ffffff,#ff9999,#ffffff,#ffffff,#ff9999,#ffffff', 2, 1, 1, 'C'),
(1785, 1337, 'gothic_stool*1', '#ffffff,#ff9999,#ffffff', 1, 1, 1, 'C'),
(1786, 1337, 'gothic_chair*2', '#ffffff,#ff9900,#ffffff,#ff9900', 1, 1, 1, 'C'),
(1787, 1337, 'gothic_sofa*2', '#ffffff,#ff9900,#ffffff,#ffffff,#ff9900,#ffffff', 2, 1, 1, 'C'),
(1788, 1337, 'gothic_stool*2', '#ffffff,#ff9900,#ffffff', 1, 1, 1, 'C'),
(1789, 1337, 'gothic_chair*3', '#ffffff,#dd0000,#ffffff,#dd0000', 1, 1, 1, 'C'),
(1790, 1337, 'gothic_sofa*3', '#ffffff,#dd0000,#ffffff,#ffffff,#dd0000,#ffffff', 2, 1, 1, 'C'),
(1791, 1337, 'gothic_stool*3', '#ffffff,#dd0000,#ffffff', 1, 1, 1, 'C'),
(1792, 1337, 'gothic_chair*4', '#ffffff,#555555,#ffffff,#555555', 1, 1, 1, 'C'),
(1793, 1337, 'gothic_sofa*4', '#ffffff,#555555,#ffffff,#ffffff,#555555,#ffffff', 2, 1, 1, 'C'),
(1794, 1337, 'gothic_stool*4', '#ffffff,#555555,#ffffff', 1, 1, 1, 'C'),
(1795, 1337, 'gothic_chair*5', '#ffffff,#666600,#ffffff,#666600', 1, 1, 1, 'C'),
(1796, 1337, 'gothic_sofa*5', '#ffffff,#666600,#ffffff,#ffffff,#666600,#ffffff', 2, 1, 1, 'C'),
(1797, 1337, 'gothic_stool*5', '#ffffff,#666600,#ffffff', 1, 1, 1, 'C'),
(1798, 1337, 'gothic_chair*6', '#ffffff,#336666,#ffffff,#336666', 1, 1, 1, 'C'),
(1799, 1337, 'gothic_sofa*6', '#ffffff,#336666,#ffffff,#ffffff,#336666,#ffffff', 2, 1, 1, 'C'),
(1800, 1337, 'gothic_stool*6', '#ffffff,#336666,#ffffff', 1, 1, 1, 'C'),
(1801, 1337, 'val_cauldron', '', 1, 1, 1, 'S'),
(1802, 1337, 'sound_machine', '', 1, 1, 1, 'SGMA'),
(1803, 1337, 'romantique_pianochair*3', '#FFFFFF,#5BD1D2,#FFFFFF', 1, 1, 1, 'C'),
(1804, 1337, 'romantique_pianochair*5', '#FFFFFF,#323C46,#FFFFFF', 1, 1, 1, 'C'),
(1805, 1337, 'romantique_pianochair*2', '#FFFFFF,#A1DC67,#FFFFFF', 1, 1, 1, 'C'),
(1806, 1337, 'romantique_pianochair*4', '#FFFFFF,#FFC924,#FFFFFF', 1, 1, 1, 'C'),
(1807, 1337, 'romantique_pianochair*1', '#FFFFFF,#FF8B8B,#FFFFFF', 1, 1, 1, 'C'),
(1808, 1337, 'romantique_divan*3', '#FFFFFF,#FFFFFF,#FFFFFF,#5BD1D2', 2, 1, 1, 'C'),
(1809, 1337, 'romantique_divan*5', '#FFFFFF,#FFFFFF,#FFFFFF,#323C46', 2, 1, 1, 'C'),
(1810, 1337, 'romantique_divan*2', '#FFFFFF,#FFFFFF,#FFFFFF,#A1DC67', 2, 1, 1, 'C'),
(1811, 1337, 'romantique_divan*4', '#FFFFFF,#FFFFFF,#FFFFFF,#FFC924', 2, 1, 1, 'C'),
(1812, 1337, 'romantique_divan*1', '#FFFFFF,#FFFFFF,#FFFFFF,#FF8B8B', 2, 1, 1, 'C'),
(1813, 1337, 'romantique_chair*3', '#FFFFFF,#5BD1D2,#FFFFFF', 1, 1, 1, 'C'),
(1814, 1337, 'romantique_chair*5', '#FFFFFF,#323C46,#FFFFFF', 1, 1, 1, 'C'),
(1815, 1337, 'romantique_chair*2', '#FFFFFF,#A1DC67,#FFFFFF', 1, 1, 1, 'C'),
(1816, 1337, 'romantique_chair*4', '#FFFFFF,#FFC924,#FFFFFF', 1, 1, 1, 'C'),
(1817, 1337, 'romantique_chair*1', '#FFFFFF,#FF8B8B,#FFFFFF', 1, 1, 1, 'C'),
(1818, 1337, 'rare_parasol', '#ffffff,#9eff1c,#ffffff,#ffffff,#ffffff', 1, 1, 1, 'SM'),
(1819, 1337, 'plant_valentinerose*3', '#FFFFFF,#FFE61E,#FFFFFF,#FFFFFF', 1, 1, 1, 'S'),
(1820, 1337, 'plant_valentinerose*5', '#FFFFFF,#C828FF,#FFFFFF,#FFFFFF', 1, 1, 1, 'S'),
(1821, 1337, 'plant_valentinerose*2', '#FFFFFF,#FFFFFF,#FFFFFF,#FFFFFF', 1, 1, 1, 'S'),
(1822, 1337, 'plant_valentinerose*4', '#FFFFFF,#FF78C8,#FFFFFF,#FFFFFF', 1, 1, 1, 'S');
INSERT INTO `items_definitions` (`id`, `cast_directory`, `sprite`, `color`, `length`, `width`, `topheight`, `behaviour`) VALUES
(1823, 1337, 'plant_valentinerose*1', '#FFFFFF,#FF1E1E,#FFFFFF,#FFFFFF', 1, 1, 1, 'S'),
(1825, 1337, 'plant_maze', '', 2, 1, 1, 'S'),
(1826, 1337, 'plant_bulrush', '', 1, 1, 1, 'S'),
(1827, 0, 'petfood4', '0,0', 1, 1, 0, 'K'),
(1829, 1337, 'gothic_carpet', '', 2, 4, 0, 'KH'),
(1830, 1337, 'gothic_carpet2', '', 2, 4, 0, 'KH'),
(1832, 1337, 'gothic_sofa', '0,0,0', 2, 1, 1, 'C'),
(1833, 1337, 'gothic_stool', '0,0,0', 1, 1, 1, 'C'),
(1834, 1337, 'grand_piano*3', '#FFFFFF,#5BD1D2,#FFFFFF', 2, 2, 1, 'SM'),
(1835, 1337, 'grand_piano*5', '#FFFFFF,#323C46,#FFFFFF', 2, 2, 1, 'SM'),
(1836, 1337, 'grand_piano*2', '#FFFFFF,#A1DC67,#FFFFFF', 2, 2, 1, 'SM'),
(1837, 1337, 'grand_piano*4', '#FFFFFF,#FFC924,#FFFFFF', 2, 2, 1, 'SM'),
(1838, 1337, 'grand_piano*1', '#FFFFFF,#FF8B8B,#FFFFFF', 2, 2, 1, 'SM'),
(1839, 1337, 'theatre_seat', '#FFFFFF,#FFFFFF', 1, 1, 1, 'CZ'),
(1840, 1337, 'romantique_tray2', '', 1, 1, 0.2, 'S'),
(1841, 1337, 'romantique_tray1', '', 1, 1, 0.2, 'S'),
(1842, 1337, 'romantique_smalltabl*3', '#FFFFFF,#5BD1D2,#FFFFFF', 1, 1, 1, 'SH'),
(1843, 1337, 'romantique_smalltabl*5', '#FFFFFF,#323C46,#FFFFFF', 1, 1, 1, 'SH'),
(1844, 1337, 'romantique_smalltabl*2', '#FFFFFF,#A1DC67,#FFFFFF', 1, 1, 1, 'SH'),
(1845, 1337, 'romantique_smalltabl*4', '#FFFFFF,#FFC924,#FFFFFF', 1, 1, 1, 'SH'),
(1846, 1337, 'romantique_smalltabl*1', '#FFFFFF,#FF8B8B,#FFFFFF', 1, 1, 1, 'SH'),
(1847, 1337, 'romantique_mirrortabl', '', 1, 1, 1, 'S'),
(1848, 1337, 'romantique_divider*3', '#5BD1D2,#5BD1D2,#FFFFFF,#FFFFFF,#FFFFFF,#FFFFFF,#FFFFFF,#FFFFFF', 2, 1, 2, 'S'),
(1849, 1337, 'romantique_divider*2', '#A1DC67,#A1DC67,#FFFFFF,#FFFFFF,#FFFFFF,#FFFFFF,#FFFFFF,#FFFFFF', 2, 1, 2, 'S'),
(1850, 1337, 'romantique_divider*4', '#FFC924,#FFC924,#FFFFFF,#FFFFFF,#FFFFFF,#FFFFFF,#FFFFFF,#FFFFFF', 2, 1, 2, 'S'),
(1851, 1337, 'romantique_divider*1', '#FF8B8B,#FF8B8B,#FFFFFF,#FFFFFF,#FFFFFF,#FFFFFF,#FFFFFF,#FFFFFF', 2, 1, 2, 'S'),
(1852, 1337, 'jp_tatami2', '', 2, 4, 0, 'K'),
(1853, 1337, 'jp_tatami', '', 2, 2, 0, 'K'),
(1855, 1337, 'jp_bamboo', '', 2, 2, 0, 'KH'),
(1856, 1337, 'jp_irori', '', 2, 2, 1, 'SM'),
(1858, 1337, 'sound_set_1', '', 1, 1, 0.1, 'SHN'),
(1859, 1337, 'sound_set_2', '', 1, 1, 0.1, 'SHN'),
(1860, 1337, 'sound_set_3', '', 1, 1, 0.1, 'SHN'),
(1861, 1337, 'sound_set_4', '', 1, 1, 0.1, 'SHN'),
(1862, 1337, 'sound_set_5', '', 1, 1, 0.1, 'SHN'),
(1863, 1337, 'sound_set_6', '', 1, 1, 0.1, 'SHN'),
(1864, 1337, 'sound_set_7', '', 1, 1, 0.1, 'SHN'),
(1865, 1337, 'sound_set_8', '', 1, 1, 0.1, 'SHN'),
(1866, 1337, 'sound_set_9', '', 1, 1, 0.1, 'SHN'),
(1868, 1337, 'spotlight', '', 1, 1, 2, 'SZ'),
(1875, 1337, 'rom_lamp', '', 1, 1, 2, 'SM'),
(1876, 1337, 'rclr_sofa', '', 2, 1, 1, 'C'),
(1877, 1337, 'rclr_garden', '', 1, 3, 1, 'SM'),
(1878, 1337, 'rclr_chair', '', 1, 1, 1, 'C'),
(1879, 1337, 'sound_set_28', '', 1, 1, 0.1, 'SHN'),
(1880, 1337, 'sound_set_27', '', 1, 1, 0.1, 'SHN'),
(1881, 1337, 'sound_set_26', '', 1, 1, 0.1, 'SHN'),
(1882, 1337, 'sound_set_25', '', 1, 1, 0.1, 'SHN'),
(1883, 1337, 'sound_set_24', '', 1, 1, 0.1, 'SHN'),
(1884, 1337, 'sound_set_23', '', 1, 1, 0.1, 'SHN'),
(1885, 1337, 'sound_set_22', '', 1, 1, 0.1, 'SHN'),
(1886, 1337, 'sound_set_21', '', 1, 1, 0.1, 'SHN'),
(1887, 1337, 'sound_set_20', '', 1, 1, 0.1, 'SHN'),
(1888, 1337, 'sound_set_19', '', 1, 1, 0.1, 'SHN'),
(1889, 1337, 'sound_set_18', '', 1, 1, 0.1, 'SHN'),
(1890, 1337, 'sound_set_17', '', 1, 1, 0.1, 'SHN'),
(1891, 1337, 'sound_set_16', '', 1, 1, 0.1, 'SHN'),
(1892, 1337, 'sound_set_15', '', 1, 1, 0.1, 'SHN'),
(1893, 1337, 'sound_set_14', '', 1, 1, 0.1, 'SHN'),
(1894, 1337, 'sound_set_13', '', 1, 1, 0.1, 'SHN'),
(1895, 1337, 'sound_set_12', '', 1, 1, 0.1, 'SHN'),
(1896, 1337, 'sound_set_11', '', 1, 1, 0.1, 'SHN'),
(1897, 1337, 'sound_set_10', '', 1, 1, 0.1, 'SHN'),
(1898, 1337, 'rope_divider', '#FFFFFF,#FFFFFF,#FFFFFF', 2, 1, 1, 'SGD'),
(1899, 1337, 'romantique_clock', '', 1, 1, 1, 'S'),
(1901, 1337, 'pura_mdl5*1', '#FFFFFF,#ABD0D2,#ABD0D2,#FFFFFF', 1, 1, 1, 'C'),
(1902, 1337, 'pura_mdl5*2', '#FFFFFF,#FF99BC,#FF99BC,#FFFFFF', 1, 1, 1, 'C'),
(1903, 1337, 'pura_mdl5*3', '#FFFFFF,#525252,#525252,#FFFFFF', 1, 1, 1, 'C'),
(1904, 1337, 'pura_mdl5*4', '#FFFFFF,#FFFFFF,#FFFFFF,#FFFFFF', 1, 1, 1, 'C'),
(1905, 1337, 'pura_mdl5*5', '#FFFFFF,#F7EBBC,#F7EBBC,#FFFFFF', 1, 1, 1, 'C'),
(1906, 1337, 'pura_mdl5*6', '#FFFFFF,#5EAAF8,#5EAAF8,#FFFFFF', 1, 1, 1, 'C'),
(1907, 1337, 'pura_mdl5*7', '#FFFFFF,#92D13D,#92D13D,#FFFFFF', 1, 1, 1, 'C'),
(1908, 1337, 'pura_mdl5*8', '#FFFFFF,#FFD837,#FFD837,#FFFFFF', 1, 1, 1, 'C'),
(1909, 1337, 'pura_mdl5*9', '#FFFFFF,#E14218,#E14218,#FFFFFF', 1, 1, 1, 'C'),
(1910, 1337, 'pura_mdl4*1', '#FFFFFF,#ABD0D2,#ABD0D2,#ABD0D2', 1, 1, 1, 'C'),
(1911, 1337, 'pura_mdl4*2', '#FFFFFF,#FF99BC,#FF99BC,#FF99BC', 1, 1, 1, 'C'),
(1912, 1337, 'pura_mdl4*3', '#FFFFFF,#525252,#525252,#525252', 1, 1, 1, 'C'),
(1913, 1337, 'pura_mdl4*4', '#FFFFFF,#FFFFFF,#FFFFFF,#FFFFFF', 1, 1, 1, 'C'),
(1914, 1337, 'pura_mdl4*5', '#FFFFFF,#F7EBBC,#F7EBBC,#F7EBBC', 1, 1, 1, 'C'),
(1915, 1337, 'pura_mdl4*6', '#FFFFFF,#5EAAF8,#5EAAF8,#5EAAF8', 1, 1, 1, 'C'),
(1916, 1337, 'pura_mdl4*7', '#FFFFFF,#92D13D,#92D13D,#92D13D', 1, 1, 1, 'C'),
(1917, 1337, 'pura_mdl4*8', '#FFFFFF,#FFD837,#FFD837,#FFD837', 1, 1, 1, 'C'),
(1918, 1337, 'pura_mdl4*9', '#FFFFFF,#E14218,#E14218,#E14218', 1, 1, 1, 'C'),
(1919, 1337, 'pura_mdl3*1', '#FFFFFF,#ABD0D2,#ABD0D2,#FFFFFF', 1, 1, 1, 'C'),
(1920, 1337, 'pura_mdl3*2', '#FFFFFF,#FF99BC,#FF99BC,#FFFFFF', 1, 1, 1, 'C'),
(1921, 1337, 'pura_mdl3*3', '#FFFFFF,#525252,#525252,#FFFFFF', 1, 1, 1, 'C'),
(1922, 1337, 'pura_mdl3*4', '#FFFFFF,#FFFFFF,#FFFFFF,#FFFFFF', 1, 1, 1, 'C'),
(1923, 1337, 'pura_mdl3*5', '#FFFFFF,#F7EBBC,#F7EBBC,#FFFFFF', 1, 1, 1, 'C'),
(1924, 1337, 'pura_mdl3*6', '#FFFFFF,#5EAAF8,#5EAAF8,#FFFFFF', 1, 1, 1, 'C'),
(1925, 1337, 'pura_mdl3*7', '#FFFFFF,#92D13D,#92D13D,#FFFFFF', 1, 1, 1, 'C'),
(1926, 1337, 'pura_mdl3*8', '#FFFFFF,#FFD837,#FFD837,#FFFFFF', 1, 1, 1, 'C'),
(1927, 1337, 'pura_mdl3*9', '#FFFFFF,#E14218,#E14218,#FFFFFF', 1, 1, 1, 'C'),
(1928, 1337, 'pura_mdl2*1', '#FFFFFF,#ABD0D2,#ABD0D2,#FFFFFF', 1, 1, 1, 'C'),
(1929, 1337, 'pura_mdl2*2', '#FFFFFF,#FF99BC,#FF99BC,#FFFFFF', 1, 1, 1, 'C'),
(1930, 1337, 'pura_mdl2*3', '#FFFFFF,#525252,#525252,#FFFFFF', 1, 1, 1, 'C'),
(1931, 1337, 'pura_mdl2*4', '#FFFFFF,#FFFFFF,#FFFFFF,#FFFFFF', 1, 1, 1, 'C'),
(1932, 1337, 'pura_mdl2*5', '#FFFFFF,#F7EBBC,#F7EBBC,#FFFFFF', 1, 1, 1, 'C'),
(1933, 1337, 'pura_mdl2*6', '#FFFFFF,#5EAAF8,#5EAAF8,#FFFFFF', 1, 1, 1, 'C'),
(1934, 1337, 'pura_mdl2*7', '#FFFFFF,#92D13D,#92D13D,#FFFFFF', 1, 1, 1, 'C'),
(1935, 1337, 'pura_mdl2*8', '#FFFFFF,#FFD837,#FFD837,#FFFFFF', 1, 1, 1, 'C'),
(1936, 1337, 'pura_mdl2*9', '#FFFFFF,#E14218,#E14218,#FFFFFF', 1, 1, 1, 'C'),
(1937, 1337, 'pura_mdl1*1', '#FFFFFF,#ABD0D2,#ABD0D2,#FFFFFF', 1, 1, 1, 'C'),
(1938, 1337, 'pura_mdl1*2', '#FFFFFF,#FF99BC,#FF99BC,#FFFFFF', 1, 1, 1, 'C'),
(1939, 1337, 'pura_mdl1*3', '#FFFFFF,#525252,#525252,#FFFFFF', 1, 1, 1, 'C'),
(1940, 1337, 'pura_mdl1*4', '#FFFFFF,#FFFFFF,#FFFFFF,#FFFFFF', 1, 1, 1, 'C'),
(1941, 1337, 'pura_mdl1*5', '#FFFFFF,#F7EBBC,#F7EBBC,#FFFFFF', 1, 1, 1, 'C'),
(1942, 1337, 'pura_mdl1*6', '#FFFFFF,#5EAAF8,#5EAAF8,#FFFFFF', 1, 1, 1, 'C'),
(1943, 1337, 'pura_mdl1*7', '#FFFFFF,#92D13D,#92D13D,#FFFFFF', 1, 1, 1, 'C'),
(1944, 1337, 'pura_mdl1*8', '#FFFFFF,#FFD837,#FFD837,#FFFFFF', 1, 1, 1, 'C'),
(1945, 1337, 'pura_mdl1*9', '#FFFFFF,#E14218,#E14218,#FFFFFF', 1, 1, 1, 'C'),
(1946, 1337, 'jp_lantern', '', 1, 1, 1, 'SM'),
(1947, 1337, 'chair_basic*1', '#FFFFFF,#ABD0D2,#FFFFFF', 1, 1, 1, 'C'),
(1948, 1337, 'chair_basic*2', '#FFFFFF,#FF99BC,#FFFFFF', 1, 1, 1, 'C'),
(1949, 1337, 'chair_basic*3', '#FFFFFF,#525252,#FFFFFF', 1, 1, 1, 'C'),
(1950, 1337, 'chair_basic*4', '#FFFFFF,#FFFFFF,#FFFFFF', 1, 1, 1, 'C'),
(1951, 1337, 'chair_basic*5', '#FFFFFF,#F7EBBC,#FFFFFF', 1, 1, 1, 'C'),
(1952, 1337, 'chair_basic*6', '#FFFFFF,#5EAAF8,#FFFFFF', 1, 1, 1, 'C'),
(1953, 1337, 'chair_basic*7', '#FFFFFF,#92D13D,#FFFFFF', 1, 1, 1, 'C'),
(1954, 1337, 'chair_basic*8', '#FFFFFF,#FFD837,#FFFFFF', 1, 1, 1, 'C'),
(1955, 1337, 'chair_basic*9', '#FFFFFF,#E14218,#FFFFFF', 1, 1, 1, 'C'),
(1956, 1337, 'bed_budget*1', '#FFFFFF,#FFFFFF,#FFFFFF,#ABD0D2,#ABD0D2,#ABD0D2', 2, 3, 1, 'B'),
(1957, 1337, 'bed_budget*2', '#FFFFFF,#FFFFFF,#FFFFFF,#FF99BC,#FF99BC,#FF99BC', 2, 3, 1, 'B'),
(1958, 1337, 'bed_budget*3', '#FFFFFF,#FFFFFF,#FFFFFF,#525252,#525252,#525252', 2, 3, 1, 'B'),
(1959, 1337, 'bed_budget*4', '#FFFFFF,#FFFFFF,#FFFFFF,#FFFFFF,#FFFFFF,#FFFFFF', 2, 3, 1, 'B'),
(1960, 1337, 'bed_budget*5', '#FFFFFF,#FFFFFF,#FFFFFF,#F7EBBC,#F7EBBC,#F7EBBC', 2, 3, 1, 'B'),
(1961, 1337, 'bed_budget*6', '#FFFFFF,#FFFFFF,#FFFFFF,#5EAAF8,#5EAAF8,#5EAAF8', 2, 3, 1, 'B'),
(1962, 1337, 'bed_budget*7', '#FFFFFF,#FFFFFF,#FFFFFF,#92D13D,#92D13D,#92D13D', 2, 3, 1, 'B'),
(1963, 1337, 'bed_budget*8', '#FFFFFF,#FFFFFF,#FFFFFF,#FFD837,#FFD837,#FFD837', 2, 3, 1, 'B'),
(1964, 1337, 'bed_budget*9', '#FFFFFF,#FFFFFF,#FFFFFF,#E14218,#E14218,#E14218', 2, 3, 1, 'B'),
(1965, 1337, 'bed_budget_one*1', '#FFFFFF,#FFFFFF,#FFFFFF,#ABD0D2,#ABD0D2,#ABD0D2', 1, 3, 1, 'B'),
(1966, 1337, 'bed_budget_one*2', '#FFFFFF,#FFFFFF,#FFFFFF,#FF99BC,#FF99BC,#FF99BC', 1, 3, 1, 'B'),
(1967, 1337, 'bed_budget_one*3', '#FFFFFF,#FFFFFF,#FFFFFF,#525252,#525252,#525252', 1, 3, 1, 'B'),
(1968, 1337, 'bed_budget_one*4', '#FFFFFF,#FFFFFF,#FFFFFF,#FFFFFF,#FFFFFF,#FFFFFF', 1, 3, 1, 'B'),
(1969, 1337, 'bed_budget_one*5', '#FFFFFF,#FFFFFF,#FFFFFF,#F7EBBC,#F7EBBC,#F7EBBC', 1, 3, 1, 'B'),
(1970, 1337, 'bed_budget_one*6', '#FFFFFF,#FFFFFF,#FFFFFF,#5EAAF8,#5EAAF8,#5EAAF8', 1, 3, 1, 'B'),
(1971, 1337, 'bed_budget_one*7', '#FFFFFF,#FFFFFF,#FFFFFF,#92D13D,#92D13D,#92D13D', 1, 3, 1, 'B'),
(1972, 1337, 'bed_budget_one*8', '#FFFFFF,#FFFFFF,#FFFFFF,#FFD837,#FFD837,#FFD837', 1, 3, 1, 'B'),
(1973, 1337, 'bed_budget_one*9', '#FFFFFF,#FFFFFF,#FFFFFF,#E14218,#E14218,#E14218', 1, 3, 1, 'B'),
(1974, 1337, 'jp_drawer', '', 1, 1, 1, 'SMH'),
(1991, 1337, 'sound_set_36', '', 1, 1, 0.1, 'SHN'),
(1992, 1337, 'sound_set_35', '', 1, 1, 0.1, 'SHN'),
(1993, 1337, 'sound_set_34', '', 1, 1, 0.1, 'SHN'),
(1994, 1337, 'sound_set_33', '', 1, 1, 0.1, 'SHN'),
(1995, 1337, 'sound_set_32', '', 1, 1, 0.1, 'SHN'),
(1996, 1337, 'sound_set_31', '', 1, 1, 0.1, 'SHN'),
(1997, 1337, 'sound_set_30', '', 1, 1, 0.1, 'SHN'),
(1998, 1337, 'sound_set_29', '', 1, 1, 0.1, 'SHN'),
(2012, 1337, 'sound_set_37', '', 1, 1, 0.1, 'SHN'),
(2020, 1337, 'sound_set_44', '', 1, 1, 0.1, 'SHN'),
(2021, 1337, 'sound_set_43', '', 1, 1, 0.1, 'SHN'),
(2022, 1337, 'sound_set_42', '', 1, 1, 0.1, 'SHN'),
(2023, 1337, 'sound_set_41', '', 1, 1, 0.1, 'SHN'),
(2024, 1337, 'sound_set_40', '', 1, 1, 0.1, 'SHN'),
(2025, 1337, 'sound_set_39', '', 1, 1, 0.1, 'SHN'),
(2026, 1337, 'sound_set_38', '', 1, 1, 0.1, 'SHN'),
(1237, 1337, 'bardeskcorner_polyfon*12', '#ffffff,#ffffff,#ffffff', 1, 1, 1, 'SH'),
(2029, 1337, 'grunge_radiator', '', 1, 1, 1, 'S'),
(2030, 1337, 'grunge_shelf', '', 3, 1, 3, 'S'),
(2031, 1337, 'grunge_sign', '', 1, 1, 1, 'S'),
(2035, 1337, 'hal_cauldron', '', 1, 1, 1, 'S'),
(2036, 1337, 'hal_grave', '', 1, 1, 0, 'SM'),
(2037, 1337, 'sound_set_52', '', 1, 1, 0.1, 'SHN'),
(2038, 1337, 'sound_set_51', '', 1, 1, 0.1, 'SHN'),
(2039, 1337, 'sound_set_50', '', 1, 1, 0.1, 'SHN'),
(2040, 1337, 'sound_set_49', '', 1, 1, 0.1, 'SHN'),
(2041, 1337, 'sound_set_48', '', 1, 1, 0.1, 'SHN'),
(2042, 1337, 'sound_set_47', '', 1, 1, 0.1, 'SHN'),
(2043, 1337, 'sound_set_46', '', 1, 1, 0.1, 'SHN'),
(2044, 1337, 'sound_set_45', '', 1, 1, 0.1, 'SHN'),
(2049, 1337, 'tree7', '0,0,0', 1, 1, 2, 'SM'),
(2051, 1337, 'sound_set_54', '', 1, 1, 0.1, 'SHN'),
(2052, 1337, 'sound_set_53', '', 1, 1, 0.1, 'SHN'),
(2055, 1337, 'plant_maze_snow', '', 2, 1, 1, 'S'),
(2056, 1337, 'christmas_sleigh', '', 2, 2, 1, 'C'),
(2057, 1337, 'christmas_reindeer', '', 1, 2, 1, 'SM'),
(2066, 1337, 'sound_set_59', '', 1, 1, 0.1, 'SHN'),
(2067, 1337, 'sound_set_58', '', 1, 1, 0.1, 'SHN'),
(2068, 1337, 'sound_set_57', '', 1, 1, 0.1, 'SHN'),
(2069, 1337, 'sound_set_56', '', 1, 1, 0.1, 'SHN'),
(2070, 1337, 'sound_set_55', '', 1, 1, 0.1, 'SHN'),
(2110, 1337, 'val_choco', '', 1, 1, 0.2, 'SMH'),
(2112, 1337, 'sound_set_61', '', 1, 1, 0.1, 'SHN'),
(2113, 1337, 'sound_set_60', '', 1, 1, 0.1, 'SHN'),
(2121, 1337, 'grunge_candle', '', 1, 1, 2, 'SM'),
(2122, 1337, 'grunge_bench', '', 3, 1, 1.1, 'C'),
(2123, 1337, 'grunge_barrel', '', 1, 1, 1, 'SM'),
(2125, 1337, 'prizetrophy9*1', '#FFFFFF,#FFFFFF,#FFDD3F', 1, 1, 2, 'SY'),
(2126, 1337, 'prizetrophy8*1', '#FFFFFF,#FFFFFF,#FFDD3F', 1, 1, 2, 'SY'),
(2147, 1337, 'sound_set_64', '', 1, 1, 0.1, 'SHN'),
(2148, 1337, 'sound_set_63', '', 1, 1, 0.1, 'SHN'),
(2149, 1337, 'sound_set_62', '', 1, 1, 0.1, 'SHN'),
(1977, 1337, 'tile_brown', '', 1, 1, 0.1, 'KH'),
(1976, 1337, 'tile_marble', '', 1, 1, 0.1, 'KH'),
(1975, 1337, 'tile_stella', '', 1, 1, 0.1, 'KH'),
(1004, 1337, 'table_polyfon_small', '0,0,0', 2, 2, 1, 'SH'),
(2184, 1337, 'sound_set_70', '', 1, 1, 0.1, 'SHN'),
(2185, 1337, 'sound_set_69', '', 1, 1, 0.1, 'SHN'),
(2186, 1337, 'sound_set_68', '', 1, 1, 0.1, 'SHN'),
(2187, 1337, 'sound_set_67', '', 1, 1, 0.1, 'SHN'),
(2188, 1337, 'sound_set_66', '', 1, 1, 0.1, 'SHN'),
(2189, 1337, 'sound_set_65', '', 1, 1, 0.1, 'SHN'),
(1681, 1337, 'safe_silo', '#ffffff,#ABD0D2,#ABD0D2,#ffffff', 1, 1, 1, 'SU'),
(2360, 0, 'post.it', '', 0, 0, 0, 'WGJ'),
(2361, 0, 'post.it.vd', '', 0, 0, 0, 'WGJ'),
(2362, 0, 'photo', '', 0, 0, 0, 'W'),
(2363, 0, 'Chess', '', 0, 0, 0, 'P'),
(2364, 0, 'TicTacToe', '', 0, 0, 0, 'P'),
(2365, 0, 'BattleShip', '', 0, 0, 0, 'P'),
(2366, 0, 'Poker', '', 0, 0, 0, ''),
(2370, 1337, 'gothicfountain', '', 0, 0, 0, 'WM'),
(2371, 1337, 'hc_wall_lamp', '', 0, 0, 0, 'WM'),
(2372, 1337, 'industrialfan', '', 0, 0, 0, 'WM'),
(2373, 1337, 'torch', '', 0, 0, 0, 'WM'),
(2375, 1337, 'wallmirror', '', 0, 0, 0, 'W'),
(2376, 1337, 'jp_ninjastars', '', 0, 0, 0, 'W'),
(2377, 1337, 'habw_mirror', '', 0, 0, 0, 'WM'),
(1465, 1337, 'barchair_silo', '#ffffff,#ABD0D2', 1, 1, 1, 'C'),
(1022, 1337, 'chair_plasty', '0,0,0', 1, 1, 1, 'C'),
(1831, 1337, 'gothic_chair', '0,0,0', 1, 1, 1, 'C'),
(1019, 1337, 'sofachair_polyfon', '#ffffff,#ffffff,#ABD0D2,#ABD0D2', 1, 1, 1, 'C'),
(1021, 1337, 'sofachair_silo', '#ffffff,#ffffff,#ABD0D2,#ABD0D2', 1, 1, 1, 'C'),
(1031, 1337, 'table_silo_small', '#ffffff,#ABD0D2', 1, 1, 1, 'SH'),
(1854, 1337, 'habbowood_chair', '', 1, 1, 1, 'C'),
(1726, 1337, 'glass_chair', '#ffffff,#ABD0D2,#ABD0D2,#ffffff', 1, 1, 1, 'C'),
(1729, 1337, 'glass_table', '#ffffff,#ABD0D2,#ABD0D2,#ffffff', 2, 2, 1, 'SH'),
(2027, 1337, 'grunge_chair', '', 1, 1, 0.99, 'C'),
(2032, 1337, 'grunge_table', '', 2, 2, 1, 'SH'),
(1117, 1337, 'bartable_armas', '', 1, 3, 1, 'SH'),
(1118, 1337, 'bar_chair_armas', '', 1, 1, 1, 'C'),
(1675, 1337, 'chair_china', '0,0,0', 1, 1, 1, 'C'),
(1015, 1337, 'chair_norja', '#ffffff,#ffffff,#F7EBBC,#F7EBBC', 1, 1, 1, 'C'),
(1023, 1337, 'chair_plasto', '0,0,0', 1, 1, 1, 'C'),
(1676, 1337, 'china_table', '0,0,0', 1, 1, 1, 'SH'),
(1185, 1337, 'deadduck2', '0,0,0', 1, 1, 0, 'S'),
(1186, 1337, 'deadduck3', '0,0,0', 1, 1, 0, 'S'),
(1275, 1337, 'djesko_turntable', '', 1, 1, 1, 'SH'),
(1159, 1337, 'duck', '', 1, 1, 0, 'S'),
(1209, 1337, 'easterduck', '0,0,0', 1, 1, 0, 'S'),
(1772, 1337, 'goth_table', '0,0,0', 1, 5, 1, 'SH'),
(1039, 1337, 'small_chair_armas', '0,0,0', 1, 1, 1, 'C'),
(1135, 1337, 'smooth_table_polyfon', '', 2, 2, 1, 'SH'),
(1174, 1337, 'soft_sofachair_norja', '#ffffff,#F7EBBC,#F7EBBC', 1, 1, 1, 'C'),
(1037, 1337, 'table_armas', '0,0,0', 2, 2, 1, 'SH'),
(1008, 1337, 'table_plasto_4leg', '0,0,0', 2, 2, 1, 'SH'),
(1010, 1337, 'table_plasto_bigsquare', '0,0,0', 2, 2, 1, 'SH'),
(1009, 1337, 'table_plasto_round', '0,0,0', 2, 2, 1, 'SH'),
(1024, 1337, 'table_plasto_square', '0,0,0', 1, 1, 1, 'SH'),
(1134, 1337, 'table_polyfon', '', 2, 2, 1, 'SH'),
(1016, 1337, 'table_polyfon_med', '0,0,0', 2, 2, 1, 'SH'),
(1007, 1337, 'table_silo_med', '#ffffff,#ABD0D2', 2, 2, 1, 'SH'),
(1202, 1337, 'valeduck', '0,0,0', 1, 1, 0, 'S'),
(1191, 1337, 'xmasduck', '0,0,0', 1, 1, 0, 'S'),
(1038, 1337, 'small_table_armas', '0,0,0', 1, 1, 1, 'SH'),
(1166, 1337, 'present_gen1', '', 1, 1, 1, 'SH'),
(1167, 1337, 'present_gen2', '', 1, 1, 1, 'SH'),
(1626, 1337, 'bardeskcorner_polyfon*5', '#ffffff,#FF9BBD', 1, 1, 1, 'SH'),
(1627, 1337, 'bardeskcorner_polyfon*6', '#ffffff,#5EAAF8', 1, 1, 1, 'SH'),
(1628, 1337, 'bardeskcorner_polyfon*7', '#ffffff,#7CB135', 1, 1, 1, 'SH'),
(1629, 1337, 'bardeskcorner_polyfon*8', '#ffffff,#FFD837', 1, 1, 1, 'SH'),
(1630, 1337, 'bardeskcorner_polyfon*9', '#ffffff,#E14218', 1, 1, 1, 'SH'),
(1225, 1337, 'divider_silo2', '0,0,0', 2, 1, 1, 'SH'),
(1594, 1337, 'sofa_polyfon*2', '#ffffff,#ffffff,#ffffff,#ffffff,#525252,#525252,#525252,#525252', 2, 1, 1, 'C'),
(1595, 1337, 'sofa_polyfon*3', '#ffffff,#ffffff,#ffffff,#ffffff,#ffffff,#ffffff,#ffffff,#ffffff', 2, 1, 1, 'C'),
(1596, 1337, 'sofa_polyfon*4', '#ffffff,#ffffff,#ffffff,#ffffff,#F7EBBC,#F7EBBC,#F7EBBC,#F7EBBC', 2, 1, 1, 'C'),
(1597, 1337, 'sofa_polyfon*6', '#ffffff,#ffffff,#ffffff,#ffffff,#5EAAF8,#5EAAF8,#5EAAF8,#5EAAF8', 2, 1, 1, 'C'),
(1598, 1337, 'sofa_polyfon*7', '#ffffff,#ffffff,#ffffff,#ffffff,#7CB135,#7CB135,#7CB135,#7CB135', 2, 1, 1, 'C'),
(1599, 1337, 'sofa_polyfon*8', '#ffffff,#ffffff,#ffffff,#ffffff,#FFD837,#FFD837,#FFD837,#FFD837', 2, 1, 1, 'C'),
(1600, 1337, 'sofa_polyfon*9', '#ffffff,#ffffff,#ffffff,#ffffff,#E14218,#E14218,#E14218,#E14218', 2, 1, 1, 'C'),
(1136, 1337, 'sofachair_polyfon_girl', '#ffffff,#ffffff,#EE7EA4,#EE7EA4', 1, 1, 1, 'C'),
(1110, 1337, 'bar_polyfon', '', 1, 1, 1, 'STU'),
(1180, 0, 'doorB', '', 1, 1, 2, 'STUX'),
(1181, 0, 'doorC', '', 1, 1, 2, 'STUX'),
(1296, 0, 'doorD', '', 1, 1, 2, 'STUX'),
(1140, 1337, 'bed_budgetb_one', '#FFFFFF,#FFFFFF,#FFFFFF,#FFFFFF,#FFFFFF,#FFFFFF', 1, 3, 1, 'B'),
(1141, 1337, 'bed_budgetb', '#FFFFFF,#FFFFFF,#FFFFFF,#FFFFFF,#FFFFFF,#FFFFFF', 2, 3, 1, 'B'),
(1172, 1337, 'bar_basic', '', 1, 1, 1, 'STU'),
(1441, 1337, 'queue_tile1*3', '#ffffff,#6ED0A7,#ffffff,#ffffff', 1, 1, 0.45, 'KRH'),
(1442, 1337, 'queue_tile1*6', '#ffffff,#A2E8FA,#ffffff,#ffffff', 1, 1, 0.45, 'KRH'),
(1443, 1337, 'queue_tile1*4', '#ffffff,#FFAA2B,#ffffff,#ffffff', 1, 1, 0.45, 'KRH'),
(1445, 1337, 'queue_tile1*8', '#ffffff,#1E8AA5,#ffffff,#ffffff', 1, 1, 0.45, 'KRH'),
(1446, 1337, 'queue_tile1*5', '#ffffff,#555A37,#ffffff,#ffffff', 1, 1, 0.45, 'KRH'),
(1447, 1337, 'queue_tile1*7', '#ffffff,#FC5AFF,#ffffff,#ffffff', 1, 1, 0.45, 'KRH'),
(1448, 1337, 'queue_tile1*2', '#ffffff,#FF3333,#ffffff,#ffffff', 1, 1, 0.45, 'KRH'),
(1449, 1337, 'queue_tile1*1', '#ffffff,#FF7C98,#ffffff,#ffffff', 1, 1, 0.45, 'KRH'),
(1450, 1337, 'queue_tile1*0', '#ffffff,#ffffff,#ffffff,#ffffff', 1, 1, 0.45, 'KRH'),
(1780, 1337, 'hc_rllr', '0,0,0', 1, 1, 0.45, 'KRH'),
(1773, 1337, 'hc_bkshlf', '0,0,0', 1, 4, 3, 'S'),
(1762, 1337, 'CF_10_coin_gold', '0,0,0', 1, 1, 0.1, 'SHQ'),
(1763, 1337, 'CF_1_coin_bronze', '0,0,0', 1, 1, 0.1, 'SHQ'),
(2158, 1337, 'CFC_10_coin_bronze', '0,0,0', 1, 1, 0.1, 'SHQ'),
(2159, 1337, 'CFC_100_coin_gold', '0,0,0', 1, 1, 0.1, 'SHQ'),
(1766, 1337, 'CF_5_coin_silver', '0,0,0', 1, 1, 0.1, 'SHQ'),
(1361, 1337, 'scifidoor*10', '#ffffff,#bb99ff,#bb99ff,#bb99ff,#ffffff', 1, 1, 1.5, 'SGD'),
(1362, 1337, 'scifidoor*9', '#ffffff,#4488ff,#4488ff,#4488ff,#ffffff', 1, 1, 1.5, 'SGD'),
(1363, 1337, 'scifidoor*8', '#ffffff,#ff99cc,#ff99cc,#ff99cc,#ffffff', 1, 1, 1.5, 'SGD'),
(1364, 1337, 'scifidoor*7', '#ffffff,#aaffff,#aaffff,#aaffff,#ffffff', 1, 1, 1.5, 'SGD'),
(1365, 1337, 'scifidoor*6', '#ffffff,#333333,#333333,#333333,#ffffff', 1, 1, 1.5, 'SGD'),
(1366, 1337, 'scifidoor*5', '#ffffff,#ffffff,#ffffff,#ffffff,#ffffff', 1, 1, 1.5, 'SGD'),
(1367, 1337, 'scifidoor*4', '#ffffff,#99dd77,#99dd77,#99dd77,#ffffff', 1, 1, 1.5, 'SGD'),
(1368, 1337, 'scifidoor*3', '#ffffff,#aaccff,#aaccff,#aaccff,#ffffff', 1, 1, 1.5, 'SGD'),
(1369, 1337, 'scifidoor*2', '#ffffff,#ffee66,#ffee66,#ffee66,#ffffff', 1, 1, 1.5, 'SGD'),
(1370, 1337, 'scifidoor*1', '#ffffff,#ffaaaa,#ffaaaa,#ffaaaa,#ffffff', 1, 1, 1.5, 'SGD'),
(1867, 1337, 'sound_machine*1', '#FFFFFF,#FFFFFF,#828282,#FFFFFF', 1, 1, 1, 'SGMA'),
(1869, 1337, 'sound_machine*2', '#FFFFFF,#FFFFFF,#64FFF5,#FFFFFF', 1, 1, 1, 'SGMA'),
(1870, 1337, 'sound_machine*3', '#FFFFFF,#FFFFFF,#28E15A,#FFFFFF', 1, 1, 1, 'SGMA'),
(1871, 1337, 'sound_machine*4', '#FFFFFF,#FFFFFF,#1E82FF,#FFFFFF', 1, 1, 1, 'SGMA'),
(1872, 1337, 'sound_machine*5', '#FFFFFF,#FFFFFF,#967850,#FFFFFF', 1, 1, 1, 'SGMA'),
(1873, 1337, 'sound_machine*6', '#FFFFFF,#FFFFFF,#EB3296,#FFFFFF', 1, 1, 1, 'SGMA'),
(1874, 1337, 'sound_machine*7', '#FFFFFF,#FFFFFF,#FF323C,#FFFFFF', 1, 1, 1, 'SGMA'),
(1277, 1337, 'md_limukaappi', '', 1, 1, 1.5, 'STU'),
(1295, 1337, 'hockey_light', '0,0,0', 1, 1, 1, 'STU'),
(1857, 1337, 'jp_pillow', '', 1, 1, 0.8, 'C'),
(1126, 1337, 'red_tv', '', 1, 1, 1, 'SO'),
(2050, 1337, 'tree6', '', 1, 1, 2, 'SZ'),
(2103, 1337, 'val_teddy*1', '#BFBFBF,#FFFFFF,#BFBFBF,#BFBFBF,#FFFFFF', 1, 1, 0.9, 'C'),
(2104, 1337, 'val_teddy*2', '#EE7EA4,#FFFFFF,#EE7EA4,#EE7EA4,#FFFFFF', 1, 1, 0.9, 'C'),
(2105, 1337, 'val_teddy*3', '#7CB135,#FFFFFF,#7CB135,#7CB135,#FFFFFF', 1, 1, 0.9, 'C'),
(2106, 1337, 'val_teddy*4', '#965014,#FFFFFF,#965014,#965014,#FFFFFF', 1, 1, 0.9, 'C'),
(2107, 1337, 'val_teddy*5', '#FFD837,#FFFFFF,#FFD837,#FFD837,#FFFFFF', 1, 1, 0.9, 'C'),
(2108, 1337, 'val_teddy*6', '#ABD0D2,#FFFFFF,#ABD0D2,#ABD0D2,#FFFFFF', 1, 1, 0.9, 'C'),
(1824, 1337, 'plant_mazegate', '', 2, 1, 1, 'SGD'),
(2054, 1337, 'plant_mazegate_snow', '', 2, 1, 1, 'SGD'),
(1452, 1337, 'rare_snowrug', '0,0,0', 2, 2, 0, 'KH'),
(1674, 1337, 'rare_moonrug', '0,0,0', 2, 2, 0, 'KH'),
(2374, 1337, 'val_heart', '', 0, 0, 0, 'WM'),
(1205, 1337, 'samovar', '0,0,0', 1, 1, 1, 'S'),
(1231, 0, 'camera', '0,0,0', 1, 1, 1, 'S'),
(1115, 0, 'floortile', '', 1, 1, 0, 'KH'),
(1164, 1337, 'tile_yell', '', 4, 4, 0, 'KH'),
(1208, 1337, 'hologram', '0,0,0', 1, 1, 0.2, 'STO'),
(1230, 1337, 'redhologram', '0,0,0', 1, 1, 0.2, 'STO'),
(2058, 1337, 'christmas_poop', '', 1, 1, 0.1, 'MH'),
(2378, 1337, 'party_table', '', 1, 1, 1, 'SZH'),
(2379, 1337, 'party_disco1', '', 1, 1, 0, 'SZ'),
(2380, 1337, 'party_block2', '', 2, 2, 1, 'KH'),
(2381, 1337, 'party_barcorn', '', 1, 1, 1, 'SMH'),
(2382, 1337, 'party_chair', '', 1, 1, 1, 'CM'),
(2383, 1337, 'party_block', '', 1, 1, 1, 'KH'),
(2384, 1337, 'party_ravel', '', 1, 1, 0, 'SZ'),
(2385, 1337, 'party_tube_lava', '', 1, 1, 2.8, 'SZH'),
(2386, 1337, 'party_tube_bubble', '', 1, 1, 2.8, 'SZH'),
(2387, 1337, 'party_tray', '', 1, 1, 0.3, 'SH'),
(2388, 1337, 'party_djtable', '', 1, 2, 1, 'SM'),
(2389, 1337, 'party_floor', '', 2, 2, 0, 'KZ'),
(2390, 1337, 'party_mic', '', 1, 1, 1, 'S'),
(2391, 1337, 'party_beamer', '', 1, 1, 1, 'SZ'),
(2392, 1337, 'party_bardesk', '', 1, 1, 1, 'SMH'),
(2393, 1337, 'party_seat', '', 1, 1, 1, 'C'),
(2394, 1337, 'party_wc_boy', '', 0, 0, 0, 'W'),
(2395, 1337, 'party_wc_girl', '', 0, 0, 0, 'W'),
(2396, 1337, 'party_shelf', '', 0, 0, 0, 'WM'),
(2397, 1337, 'party_led', '', 0, 0, 0, 'WZ'),
(2398, 1337, 'party_neon1', '', 0, 0, 0, 'WM'),
(2399, 1337, 'party_neon2', '', 0, 0, 0, 'WM'),
(2400, 1337, 'party_neon3', '', 0, 0, 0, 'WM'),
(2401, 1337, 'party_neon4', '', 0, 0, 0, 'WM'),
(2402, 1337, 'party_neon5', '', 0, 0, 0, 'WZ'),
(2403, 1337, 'party_ball', '', 1, 1, 0, 'KM'),
(1043, 1337, 'carpet_standard', '0,0,0', 3, 5, 0, 'KH'),
(1052, 1337, 'carpet_standard*1', '#ff1f08', 3, 5, 0, 'KH'),
(1060, 1337, 'carpet_standard*2', '#99DCCC', 3, 5, 0, 'KH'),
(1066, 1337, 'carpet_standard*3', '#ffee00', 3, 5, 0, 'KH'),
(1073, 1337, 'carpet_standard*4', '#ccddff', 3, 5, 0, 'KH'),
(1077, 1337, 'carpet_standard*5', '#ddccff', 3, 5, 0, 'KH'),
(1103, 1337, 'carpet_standard*6', '#777777', 3, 5, 0, 'KH'),
(1120, 1337, 'carpet_soft*1', '#CC3333', 2, 4, 0, 'KH'),
(1121, 1337, 'carpet_soft*2', '#66FFFF', 2, 4, 0, 'KH'),
(1122, 1337, 'carpet_soft*3', '#FFCC99', 2, 4, 0, 'KH'),
(1123, 1337, 'carpet_soft*4', '#FFCCFF', 2, 4, 0, 'KH'),
(1124, 1337, 'carpet_soft*5', '#FFFF66', 2, 4, 0, 'KH'),
(1125, 1337, 'carpet_soft*6', '#669933', 2, 4, 0, 'KH'),
(1148, 1337, 'carpet_standard*7', '#99CCFF,#99CCFF,#99CCFF', 3, 5, 0, 'KH'),
(1149, 1337, 'carpet_standard*8', '#999966,#999966,#999966', 3, 5, 0, 'KH'),
(1150, 1337, 'carpet_standard*9', '#FFDD00,#FFDD00,#FFDD00', 3, 5, 0, 'KH'),
(1151, 1337, 'carpet_standard*a', '#55AC00,#55AC00,#55AC00', 3, 5, 0, 'KH'),
(1152, 1337, 'carpet_standard*b', '#336666,#336666,#336666', 3, 5, 0, 'KH'),
(1828, 1337, 'carpet_valentine', '', 2, 7, 0, 'KH'),
(1478, 1337, 'barrier*1', '#ffffff,#ffffff,#FFCA28,#FFCA28', 1, 2, 1, 'SZ'),
(1479, 1337, 'barrier*2', '#ffffff,#ffffff,#ffffff,#ffffff', 1, 2, 1, 'SZ'),
(1480, 1337, 'barrier*3', '#ffffff,#ffffff,#cc3232,#cc3232', 1, 2, 1, 'SZ'),
(2404, 1337, 'timemaster', '0,0,0', 1, 1, 3.5, 'SH'),
(2405, 1337, 'pedobear', '', 0, 0, 0, 'W'),
(2406, 1337, 'livenudes', '', 0, 0, 0, 'W'),
(2407, 0, 'floor', '', 0, 0, 0, 'WV'),
(2408, 0, 'wallpaper', '', 0, 0, 0, 'WV'),
(2409, 1337, 'poster', '', 0, 0, 0, 'W'),
(2410, 1337, 'table_norja_med', '0,#E2DAAC', 2, 2, 1, 'SH'),
(2411, 1337, 'doormat_plain*4', '#ccddff', 1, 1, 0, 'KH'),
(2412, 1337, 'doormat_plain*2', '#99DCCC', 1, 1, 0, 'KH'),
(2413, 1337, 'doormat_plain*3', '#ffee00', 1, 1, 0, 'KH'),
(2414, 1337, 'doormat_plain*5', '#ddccff', 1, 1, 0, 'KH'),
(1666, 1337, 'solarium_norja*2', '#ffffff,#F7EBC0,#ffffff', 1, 1, 2.5, 'SZH'),
(1665, 1337, 'solarium_norja*1', '#ffffff,#525252,#ffffff', 1, 1, 2.5, 'SZH'),
(1667, 1337, 'solarium_norja*3', '#ffffff,#ABD0D2,#ffffff', 1, 1, 2.5, 'SZH'),
(1668, 1337, 'solarium_norja*5', '#ffffff,#EE7EA4,#ffffff', 1, 1, 2.5, 'SZH'),
(1669, 1337, 'solarium_norja*6', '#ffffff,#5EAAF8,#ffffff', 1, 1, 2.5, 'SZH'),
(1670, 1337, 'solarium_norja*7', '#ffffff,#7CB135,#ffffff', 1, 1, 2.5, 'SZH'),
(1671, 1337, 'solarium_norja*8', '#ffffff,#FFD837,#ffffff', 1, 1, 2.5, 'SZH'),
(1672, 1337, 'solarium_norja*9', '#ffffff,#E14218,#ffffff', 1, 1, 2.5, 'SZH'),
(2367, 0, 'crl_lamp', '', 1, 1, 0, 'P'),
(2415, 0, 'crl_lamp2', '', 1, 1, 0, 'P'),
(3069, 0, 'crl_sofa2c', '', 1, 1, 1, 'CP'),
(3070, 0, 'crl_sofa2b', '', 1, 1, 1, 'CP'),
(3071, 0, 'crl_sofa2a', '', 1, 1, 1, 'CP'),
(3072, 0, 'crl_chair', '', 1, 1, 1, 'CP'),
(3073, 0, 'crl_pillar', '', 1, 1, 0, 'P'),
(3074, 0, 'crl_table1b', '', 1, 1, 0, 'P'),
(3075, 0, 'crl_sofa1c', '', 1, 1, 1, 'CP'),
(3076, 0, 'crl_table2b', '', 1, 1, 0, 'P'),
(3077, 0, 'crl_table2a', '', 1, 1, 0, 'P'),
(3078, 0, 'crl_table1a', '', 1, 1, 0, 'P'),
(3079, 0, 'crl_sofa1b', '', 1, 1, 1, 'CP'),
(3080, 0, 'crl_wall2a', '', 1, 1, 0, 'P'),
(3081, 0, 'crl_sofa1a', '', 1, 1, 1, 'CP'),
(3082, 0, 'crl_sofa3c', '', 1, 1, 1, 'CP'),
(3083, 0, 'crl_sofa3b', '', 1, 1, 1, 'CP'),
(3084, 0, 'crl_sofa3a', '', 1, 1, 1, 'CP'),
(3085, 0, 'crl_barchair2', '', 1, 1, 1, 'CP'),
(3086, 0, 'crl_tablebar', '', 1, 1, 0, 'P'),
(3087, 0, 'crl_pillar2', '', 1, 1, 0, 'P'),
(3088, 0, 'crl_desk1a', '', 1, 1, 0, 'P'),
(3089, 0, 'crl_deski', '', 1, 1, 0, 'P'),
(3068, 0, 'crl_lamp', '', 1, 1, 0, 'P'),
(2575, 0, 'modchair', '', 1, 1, 1, 'CP'),
(3090, 0, 'crl_deskh', '', 1, 1, 0, 'P'),
(3091, 0, 'crl_deskg', '', 1, 1, 0, 'P'),
(3092, 0, 'crl_deskf', '', 1, 1, 0, 'P'),
(3093, 0, 'crl_deske', '', 1, 1, 0, 'P'),
(3094, 0, 'crl_wallb', '', 1, 1, 0, 'P'),
(3095, 0, 'crl_walla', '', 1, 1, 0, 'P'),
(3096, 0, 'crl_desk1b', '', 1, 1, 0, 'P'),
(3097, 0, 'crl_desk1c', '', 1, 1, 0, 'P'),
(3098, 0, 'crl_desk1d', '', 1, 1, 0, 'P'),
(3099, 0, 'crl_lamp2', '', 1, 1, 0, 'P'),
(3100, 0, 'crl_cabinet2', '', 1, 1, 0, 'P'),
(3101, 0, 'crl_cabinet1', '', 1, 1, 0, 'P'),
(3041, 0, 'sitench', '', 1, 1, 1, 'CP'),
(3042, 0, 'koc_chair', '', 1, 1, 1, 'CP'),
(3043, 0, 'koc_table', '', 1, 1, 0, 'P'),
(3110, 0, 'chairf1', '', 1, 1, 1, 'CP'),
(3045, 0, 'bench2', '', 1, 1, 1, 'CP'),
(3046, 0, 'bench', '', 1, 1, 1, 'CP'),
(3047, 0, 'rooftop_minichair', '', 1, 1, 1, 'CP'),
(3048, 0, 'rooftop_flatcurb', '', 1, 1, 1, 'CP'),
(3049, 0, 'rooftop_flatcurb2', '', 1, 1, 1, 'CP'),
(3050, 0, 'rooftop_rodtable', '', 1, 1, 0, 'P'),
(3051, 0, 'rooftop_emptytable', '', 1, 1, 0, 'P'),
(3052, 0, 'rooftop_flatcurb3', '', 1, 1, 1, 'CP'),
(3053, 0, 'rooftop_flatcurb4', '', 1, 1, 1, 'CP'),
(3054, 0, 'rooftop_flatcurb5', '', 1, 1, 1, 'CP'),
(3055, 0, 'hardwoodsofa1', '', 1, 1, 1, 'CP'),
(3056, 0, 'hardwoodsofa2', '', 1, 1, 1, 'CP'),
(3057, 0, 'hardwoodsofa3', '', 1, 1, 1, 'CP'),
(3058, 0, 'teabamboo', '', 1, 1, 0, 'P'),
(3059, 0, 'teasmalltable1', '', 1, 1, 0, 'P'),
(3060, 0, 'teasmalltable2', '', 1, 1, 0, 'P'),
(3061, 0, 'teastool', '', 1, 1, 1, 'CP'),
(3062, 0, 'chinastoolred', '', 1, 1, 1, 'CP'),
(3063, 0, 'teatable1', '', 1, 1, 0, 'P'),
(3064, 0, 'teatable2', '', 1, 1, 0, 'P'),
(3065, 0, 'teastool2', '', 1, 1, 1, 'CP'),
(3066, 0, 'teavase', '', 1, 1, 0, 'P'),
(3067, 0, 'chinastoolgreen', '', 1, 1, 1, 'CP'),
(3119, 0, 'flower1', '', 1, 1, 0, 'P'),
(3103, 0, 'chairf2b', '', 1, 1, 1, 'CP'),
(3104, 0, 'chairf2', '', 1, 1, 1, 'CP'),
(3105, 0, 'table1', '', 1, 1, 0, 'P'),
(3106, 0, 'watermatic', '', 1, 1, 0, 'P'),
(3107, 0, 'telkka', '', 1, 1, 0, 'P'),
(3108, 0, 'chairf2d', '', 1, 1, 1, 'CP'),
(3109, 0, 'roommatic', '', 1, 1, 0, 'P'),
(3111, 0, 'table2c', '', 1, 1, 0, 'P'),
(3112, 0, 'table2b', '', 1, 1, 0, 'P'),
(3137, 0, 'table2', '', 1, 1, 0, 'P'),
(3114, 0, 'chairf2c', '', 1, 1, 1, 'CP'),
(3115, 0, 'flower2', '', 1, 1, 0, 'P'),
(3116, 0, 'flower2b', '', 1, 1, 0, 'P'),
(3117, 0, 'flower2a', '', 1, 1, 0, 'P'),
(3118, 0, 'box', '', 1, 1, 0, 'P'),
(3120, 0, 'pool_chairy', '', 1, 1, 1, 'CP'),
(3121, 0, 'umbrellay', '', 1, 1, 0, 'P'),
(3122, 0, 'pool_tabley', '', 1, 1, 0, 'P'),
(3123, 0, 'umbrellap', '', 1, 1, 0, 'P'),
(3124, 0, 'pool_chairp', '', 1, 1, 1, 'CP'),
(3125, 0, 'pool_chairo', '', 1, 1, 1, 'CP'),
(3126, 0, 'pool_tablep', '', 1, 1, 0, 'P'),
(3127, 0, 'umbrellao', '', 1, 1, 0, 'P'),
(3128, 0, 'pool_tabo', '', 1, 1, 0, 'P'),
(3129, 0, 'pool_chairg', '', 1, 1, 1, 'CP'),
(3130, 0, 'umbrellag', '', 1, 1, 0, 'P'),
(3131, 0, 'pool_tablg', '', 1, 1, 0, 'P'),
(3132, 0, 'sofa', '', 1, 1, 1, 'CP'),
(3133, 0, 'table', '', 1, 1, 0, 'P'),
(3134, 0, 'tablesp', '', 1, 1, 0, 'P'),
(3135, 0, 'trashcan', '', 1, 1, 0, 'P'),
(3136, 0, 'sofa2', '', 1, 1, 1, 'CP'),
(3138, 0, 'bardesk3', '', 1, 1, 0, 'P'),
(3139, 0, 'bardesk4', '', 1, 1, 0, 'P'),
(3140, 0, 'bardesk', '', 1, 1, 0, 'P'),
(3141, 0, 'bardesk2', '', 1, 1, 0, 'P'),
(3142, 0, 'orange', '', 1, 1, 0, 'P'),
(3143, 0, 'loungey_chair', '', 1, 1, 1, 'CP'),
(3144, 0, 'loungey_tablebigb', '', 1, 1, 0, 'P'),
(3145, 0, 'loungey_tablebiga', '', 1, 1, 0, 'P'),
(3146, 0, 'loungey_table', '', 1, 1, 0, 'P'),
(3147, 0, 'theater_chair', '', 1, 1, 1, 'CP'),
(3148, 0, 'stair', '', 1, 1, 0, 'P'),
(3149, 0, 'lightpole', '', 1, 1, 0, 'P'),
(3150, 0, 'pomomaski', '', 1, 1, 0, 'P'),
(3151, 0, 'cubicb_chair', '', 1, 1, 1, 'CP'),
(3152, 0, 'cubico_chair', '', 1, 1, 1, 'CP'),
(3153, 0, 'bardesque', '', 1, 1, 0, 'P'),
(3154, 0, 'bar_chair', '', 1, 1, 1, 'CP'),
(2506, 0, 'crl_barchair2', '', 1, 1, 1, 'PC'),
(2507, 0, 'crl_cabinet1', '', 1, 1, 0, 'P'),
(2508, 0, 'crl_cabinet2', '', 1, 1, 0, 'P'),
(2509, 0, 'crl_chair', '', 1, 1, 1, 'PC'),
(2510, 0, 'crl_desk1a', '', 1, 1, 0, 'P'),
(2511, 0, 'crl_desk1b', '', 1, 1, 0, 'P'),
(2512, 0, 'crl_desk1c', '', 1, 1, 0, 'P'),
(2513, 0, 'crl_desk1d', '', 1, 1, 0, 'P'),
(2514, 0, 'crl_deske', '', 1, 1, 0, 'P'),
(2515, 0, 'crl_deskf', '', 1, 1, 0, 'P'),
(2516, 0, 'crl_deskg', '', 1, 1, 0, 'P'),
(2517, 0, 'crl_deskh', '', 1, 1, 0, 'P'),
(2518, 0, 'crl_deski', '', 1, 1, 0, 'P'),
(2519, 0, 'crl_pillar', '', 1, 1, 0, 'P'),
(2520, 0, 'crl_pillar2', '', 1, 1, 0, 'P'),
(2521, 0, 'crl_sofa1a', '', 1, 1, 1, 'PC'),
(2522, 0, 'crl_sofa1b', '', 1, 1, 1, 'PC'),
(2523, 0, 'crl_sofa1c', '', 1, 1, 1, 'PC'),
(2524, 0, 'crl_sofa2a', '', 1, 1, 1, 'PC'),
(2525, 0, 'crl_sofa2b', '', 1, 1, 1, 'PC'),
(2526, 0, 'crl_sofa2c', '', 1, 1, 1, 'PC'),
(2527, 0, 'crl_sofa3a', '', 1, 1, 1, 'PC'),
(2528, 0, 'crl_sofa3b', '', 1, 1, 1, 'PC'),
(2529, 0, 'crl_sofa3c', '', 1, 1, 1, 'PC'),
(2530, 0, 'crl_table1a', '', 1, 1, 0, 'P'),
(2531, 0, 'crl_table1b', '', 1, 1, 0, 'P'),
(2532, 0, 'crl_table2a', '', 1, 1, 0, 'P'),
(2533, 0, 'crl_table2b', '', 1, 1, 0, 'P'),
(2534, 0, 'crl_tablebar', '', 1, 1, 0, 'P'),
(2535, 0, 'crl_wall2a', '', 1, 1, 0, 'P'),
(2536, 0, 'crl_walla', '', 1, 1, 0, 'P'),
(2537, 0, 'crl_wallb', '', 1, 1, 0, 'P'),
(2538, 0, 'sun_chair', '', 1, 1, 1, 'CP'),
(2539, 0, 'blusun_chair', '', 1, 1, 1, 'CP'),
(2540, 0, 'sun_table', '', 1, 1, 0, 'P'),
(2541, 0, 'sun_table2', '', 1, 1, 0, 'P'),
(2567, 0, 'cornerchair2', '', 1, 1, 1, 'CP'),
(2568, 0, 'cornerchair1', '', 1, 1, 1, 'CP'),
(2569, 0, 'chair1', '', 1, 1, 1, 'CP'),
(2818, 0, 'table1', '', 1, 1, 0, 'P'),
(2571, 0, 'chair1line', '', 1, 1, 1, 'CP'),
(2572, 0, 'chair1frontend', '', 1, 1, 1, 'CP'),
(2573, 0, 'hububar', '', 1, 1, 0, 'P'),
(2897, 0, 'table2', '', 1, 1, 0, 'P'),
(2576, 0, 'mic', '', 1, 1, 0, 'P'),
(2577, 0, 'thchair2', '', 1, 1, 1, 'CP'),
(2578, 0, 'thchair1', '', 1, 1, 1, 'CP'),
(2579, 0, 'libchair', '', 1, 1, 1, 'CP'),
(2580, 0, 'libstool', '', 1, 1, 1, 'CP'),
(2581, 0, 'float_dummychair', '', 1, 1, 1, 'CP'),
(2582, 0, 'float_dummychair2', '', 1, 1, 1, 'CP'),
(2583, 0, 'floatbench2', '', 1, 1, 1, 'CP'),
(2584, 0, 'floatbench1', '', 1, 1, 1, 'CP'),
(2585, 0, 'chairup4', '', 1, 1, 1, 'CP'),
(2586, 0, 'chairup6', '', 1, 1, 1, 'CP'),
(2587, 0, 'chairup7', '', 1, 1, 1, 'CP'),
(2588, 0, 'chairup2', '', 1, 1, 1, 'CP'),
(2589, 0, 'chairup5', '', 1, 1, 1, 'CP'),
(2590, 0, 'chairup1', '', 1, 1, 1, 'CP'),
(2591, 0, 'counter5', '', 1, 1, 0, 'P'),
(2594, 0, 'counter3', '', 1, 1, 0, 'P'),
(2595, 0, 'counter4', '', 1, 1, 0, 'P'),
(2596, 0, 'palms4', '', 1, 1, 0, 'P'),
(2597, 0, 'palms3', '', 1, 1, 0, 'P'),
(2598, 0, 'palms2', '', 1, 1, 0, 'P'),
(2599, 0, 'counter1', '', 1, 1, 0, 'P'),
(2600, 0, 'counter2', '', 1, 1, 0, 'P'),
(2601, 0, 'palms1', '', 1, 1, 0, 'P'),
(2602, 0, 'chairright3', '', 1, 1, 1, 'CP'),
(2603, 0, 'chairup3', '', 1, 1, 1, 'CP'),
(2604, 0, 'table4', '', 1, 1, 0, 'P'),
(2605, 0, 'chairright2', '', 1, 1, 1, 'CP'),
(2606, 0, 'table3', '', 1, 1, 0, 'P'),
(2607, 0, 'palm', '', 1, 1, 0, 'P'),
(2608, 0, 'chairleft3', '', 1, 1, 1, 'CP'),
(2609, 0, 'chairleft2', '', 1, 1, 1, 'CP'),
(2610, 0, 'chairleft1', '', 1, 1, 1, 'CP'),
(2611, 0, 'chairright1', '', 1, 1, 1, 'CP'),
(2612, 0, 'pub_sofa2', '', 1, 1, 0, 'P'),
(2613, 0, 'pub_sofa', '', 1, 1, 1, 'CP'),
(2614, 0, 'bardesk1', '', 1, 1, 0, 'P'),
(2615, 0, 'pub_chair', '', 1, 1, 1, 'CP'),
(2901, 0, 'bardesk2', '', 1, 1, 0, 'P'),
(2617, 0, 'pub_fence', '', 1, 1, 0, 'P'),
(2899, 0, 'bardesk4', '', 1, 1, 0, 'P'),
(2898, 0, 'bardesk3', '', 1, 1, 0, 'P'),
(2620, 0, 'pub_chair2', '', 1, 1, 1, 'CP'),
(2621, 0, 'pub_chair3', '', 1, 1, 1, 'CP'),
(2622, 0, 'pub_table2', '', 1, 1, 0, 'P'),
(2623, 0, 'pub_table', '', 1, 1, 0, 'P'),
(2624, 0, 'mntdwchair', '', 1, 1, 1, 'CP'),
(2625, 0, 'barmask', '', 1, 1, 0, 'P'),
(2626, 0, 'mntdwsofa2', '', 1, 1, 1, 'CP'),
(2627, 0, 'mntdwtable2', '', 1, 1, 1, 'CP'),
(2628, 0, 'paalu5', '', 1, 1, 0, 'P'),
(2629, 0, 'mntdwsofa1', '', 1, 1, 1, 'CP'),
(2630, 0, 'mntdwtable1', '', 1, 1, 1, 'CP'),
(2631, 0, 'paalu3', '', 1, 1, 0, 'P'),
(2632, 0, 'paalu1', '', 1, 1, 0, 'P'),
(2633, 0, 'hedge7', '', 1, 1, 0, 'P'),
(2634, 0, 'hedge8', '', 1, 1, 0, 'P'),
(2635, 0, 'hedge2', '', 1, 1, 0, 'P'),
(2636, 0, 'hedge9', '', 1, 1, 0, 'P'),
(2637, 0, 'hedge5', '', 1, 1, 0, 'P'),
(2638, 0, 'picnic_dummychair1', '', 1, 1, 1, 'CP'),
(2639, 0, 'picnic_ground', '', 1, 1, 1, 'CP'),
(2640, 0, 'picnic_cloth1', '', 1, 1, 0, 'P'),
(2641, 0, 'picnic_redbench2', '', 1, 1, 1, 'CP'),
(2642, 0, 'picnic_redbench1', '', 1, 1, 1, 'CP'),
(2643, 0, 'hedge6', '', 1, 1, 0, 'P'),
(2644, 0, 'hedge3', '', 1, 1, 0, 'P'),
(2645, 0, 'hedge4', '', 1, 1, 0, 'P'),
(2646, 0, 'picnic_bench1', '', 1, 1, 1, 'CP'),
(2647, 0, 'picnic_bench2', '', 1, 1, 1, 'CP'),
(2648, 0, 'picnic_bench3', '', 1, 1, 1, 'CP'),
(2649, 0, 'picnic_dummychair4', '', 1, 1, 1, 'CP'),
(2650, 0, 'picnic_dummychair6', '', 1, 1, 1, 'CP'),
(2651, 0, 'picnic_stump', '', 1, 1, 1, 'CP'),
(2652, 0, 'picnic_cloth2', '', 1, 1, 0, 'P'),
(2653, 0, 'picnic_fireplace1', '', 1, 1, 0, 'P'),
(2654, 0, 'picnic_fireplace2', '', 1, 1, 0, 'P'),
(2655, 0, 'picnic_lemonade', '', 1, 1, 0, 'P'),
(2656, 0, 'picnic_firewood2', '', 1, 1, 0, 'P'),
(2657, 0, 'picnic_firewood1', '', 1, 1, 0, 'P'),
(2658, 0, 'picnic_carrot', '', 1, 1, 0, 'P'),
(2659, 0, 'picnic_table2', '', 1, 1, 0, 'P'),
(2660, 0, 'picnic_table', '', 1, 1, 0, 'P'),
(2661, 0, 'hedge1', '', 1, 1, 0, 'P'),
(2662, 0, 'picnic_cabbage', '', 1, 1, 0, 'P'),
(2663, 0, 'picnic_firewood3', '', 1, 1, 0, 'P'),
(2664, 0, 'bench2', '', 1, 1, 1, 'CP'),
(2665, 0, 'bench', '', 1, 1, 1, 'CP'),
(2666, 0, 'umbrella2', '', 1, 1, 0, 'P'),
(2667, 0, 'pool_2sofa2', '', 1, 1, 1, 'CP'),
(2668, 0, 'pool_2sofa1', '', 1, 1, 1, 'CP'),
(2669, 0, 'pool_chair2', '', 1, 1, 1, 'CP'),
(2670, 0, 'pool_table2', '', 1, 1, 0, 'P'),
(2815, 0, 'flower1', '', 1, 1, 0, 'P'),
(2672, 0, 'flower2b', '', 1, 1, 0, 'P'),
(2673, 0, 'flower2a', '', 1, 1, 0, 'P'),
(2674, 0, 'broom_bench1', '', 1, 1, 1, 'CP'),
(2675, 0, 'broom_bench2', '', 1, 1, 1, 'CP'),
(2676, 0, 'broom_bench3', '', 1, 1, 1, 'CP'),
(2677, 0, 'broom_seatb1', '', 1, 1, 1, 'CP'),
(2678, 0, 'broom_seatb2', '', 1, 1, 1, 'CP'),
(2679, 0, 'broom_seatb3', '', 1, 1, 1, 'CP'),
(2680, 0, 'broom_seatb4', '', 1, 1, 1, 'CP'),
(2681, 0, 'broom_seat1', '', 1, 1, 1, 'CP'),
(2682, 0, 'broom_seat2', '', 1, 1, 1, 'CP'),
(2683, 0, 'broom_seat3', '', 1, 1, 1, 'CP'),
(2684, 0, 'broom_seat4', '', 1, 1, 1, 'CP'),
(2685, 0, 'broom_chair', '', 1, 1, 1, 'CP'),
(2686, 0, 'broom_table1', '', 1, 1, 0, 'P'),
(2687, 0, 'broom_table2', '', 1, 1, 0, 'P'),
(2688, 0, 'broom_table3', '', 1, 1, 0, 'P'),
(2689, 0, 'broom_stool', '', 1, 1, 1, 'CP'),
(2690, 0, 'orange', '', 1, 1, 0, 'P'),
(2691, 0, 'loungey_chair', '', 1, 1, 1, 'CP'),
(2692, 0, 'loungey_tablebigb', '', 1, 1, 0, 'P'),
(2693, 0, 'loungey_tablebiga', '', 1, 1, 0, 'P'),
(2694, 0, 'loungey_table', '', 1, 1, 0, 'P'),
(2695, 0, 'theater_chair', '', 1, 1, 1, 'CP'),
(2886, 0, 'stair', '', 1, 1, 0, 'P'),
(2697, 0, 'lightpole', '', 1, 1, 0, 'P'),
(2698, 0, 'pomomaski', '', 1, 1, 0, 'P'),
(2699, 0, 'cubicb_chair', '', 1, 1, 1, 'CP'),
(2700, 0, 'cubico_chair', '', 1, 1, 1, 'CP'),
(2701, 0, 'bardesque', '', 1, 1, 0, 'P'),
(2702, 0, 'bar_chair', '', 1, 1, 1, 'CP'),
(2703, 0, 'greenchair2', '', 1, 1, 1, 'CP'),
(2704, 0, 'greenchair1', '', 1, 1, 1, 'CP'),
(2705, 0, 'dustylamp', '', 1, 1, 0, 'P'),
(2706, 0, 'yellowchair', '', 1, 1, 1, 'CP'),
(2707, 0, 'gate_table1', '', 1, 1, 0, 'P'),
(2708, 0, 'gate_table2', '', 1, 1, 0, 'P'),
(2709, 0, 'gate_table3', '', 1, 1, 0, 'P'),
(2710, 0, 'gate_drumchair', '', 1, 1, 1, 'CP'),
(2711, 0, 'gate_lantern', '', 1, 1, 0, 'P'),
(2712, 0, 'gate_table', '', 1, 1, 0, 'P'),
(2713, 0, 'gate_rockchair1', '', 1, 1, 1, 'CP'),
(2714, 0, 'gate_trashcan', '', 1, 1, 0, 'P'),
(2715, 0, 'gate_rockchair3', '', 1, 1, 1, 'CP'),
(2716, 0, 'gate_rockchair2', '', 1, 1, 1, 'CP'),
(2717, 0, 'gate_talltree', '', 1, 1, 0, 'P'),
(2718, 0, 'space_stool', '', 1, 1, 1, 'CP'),
(2719, 0, 'smalltable', '', 1, 1, 0, 'P'),
(2720, 0, 'bluesofab', '', 1, 1, 1, 'CP'),
(2721, 0, 'bluesofaa', '', 1, 1, 1, 'CP'),
(2722, 0, 'redsofab', '', 1, 1, 1, 'CP'),
(2723, 0, 'redsofaa', '', 1, 1, 1, 'CP'),
(2724, 0, 'bigtabled', '', 1, 1, 0, 'P'),
(2725, 0, 'bigtablec', '', 1, 1, 0, 'P'),
(2726, 0, 'bigtableb', '', 1, 1, 0, 'P'),
(2727, 0, 'bigtablea', '', 1, 1, 0, 'P'),
(2728, 0, 'midtableb', '', 1, 1, 0, 'P'),
(2729, 0, 'midtablea', '', 1, 1, 0, 'P'),
(2730, 0, 'pinkchair', '', 1, 1, 1, 'CP'),
(2731, 0, 'directorchair', '', 1, 1, 1, 'CP'),
(2732, 0, 'longchair1', '', 1, 1, 1, 'CP'),
(2733, 0, 'longchair2', '', 1, 1, 1, 'CP'),
(2734, 0, 'longchair3', '', 1, 1, 1, 'CP'),
(2736, 0, 'stone', '', 1, 1, 1, 'CP'),
(2737, 0, 'jap_stool', '', 1, 1, 1, 'CP'),
(2738, 0, 'jap_chair', '', 1, 1, 1, 'CP'),
(2739, 0, 'jap_table', '', 1, 1, 0, 'P'),
(2740, 0, 'jap_table3', '', 1, 1, 0, 'P'),
(2741, 0, 'jap_table2', '', 1, 1, 0, 'P'),
(2742, 0, 'crs_lamptable', '', 1, 1, 0, 'P'),
(2743, 0, 'tvtable', '', 1, 1, 0, 'P'),
(2744, 0, 'crs_trash', '', 1, 1, 0, 'P'),
(2745, 0, 'crs_sofag_start', '', 1, 1, 1, 'CP'),
(2746, 0, 'crs_sofag_mid', '', 1, 1, 1, 'CP'),
(2747, 0, 'crs_sofag_end', '', 1, 1, 1, 'CP'),
(2748, 0, 'crs_roundwoodtable', '', 1, 1, 1, 'CP'),
(2749, 0, 'crs_woodchair', '', 1, 1, 1, 'CP'),
(2750, 0, 'crs_fridge', '', 1, 1, 0, 'P'),
(2751, 0, 'ctable2', '', 1, 1, 0, 'P'),
(2752, 0, 'crs_woodtable_end', '', 1, 1, 1, 'CP'),
(2753, 0, 'crs_woodtable_start', '', 1, 1, 1, 'CP'),
(2754, 0, 'crs_box', '', 1, 1, 0, 'P'),
(2755, 0, 'ctable1', '', 1, 1, 0, 'P'),
(2756, 0, 'crs_boxopen', '', 1, 1, 0, 'P'),
(2757, 0, 'crs_stomp', '', 1, 1, 0, 'P'),
(2758, 0, 'crs_boxtwo', '', 1, 1, 0, 'P'),
(2759, 0, 'rooftop_minichair', '', 1, 1, 1, 'CP'),
(2760, 0, 'rooftop_flatcurb', '', 1, 1, 1, 'CP'),
(2761, 0, 'rooftop_flatcurb2', '', 1, 1, 1, 'CP'),
(2762, 0, 'rooftop_rodtable', '', 1, 1, 0, 'P'),
(2763, 0, 'rooftop_emptytable', '', 1, 1, 0, 'P'),
(2764, 0, 'rooftop_flatcurb3', '', 1, 1, 1, 'CP'),
(2765, 0, 'rooftop_flatcurb4', '', 1, 1, 1, 'CP'),
(2766, 0, 'rooftop_flatcurb5', '', 1, 1, 1, 'CP'),
(2767, 0, 'rooftop_bigchair', '', 1, 1, 1, 'CP'),
(2768, 0, 'rooftop_bigtable', '', 1, 1, 0, 'P'),
(2769, 0, 'rooftop_sofab', '', 1, 1, 1, 'CP'),
(2770, 0, 'rooftop_sofa', '', 1, 1, 1, 'CP'),
(2771, 0, 'hardwoodsofa1', '', 1, 1, 1, 'CP'),
(2772, 0, 'hardwoodsofa2', '', 1, 1, 1, 'CP'),
(2773, 0, 'hardwoodsofa3', '', 1, 1, 1, 'CP'),
(2774, 0, 'teabamboo', '', 1, 1, 0, 'P'),
(2775, 0, 'teasmalltable1', '', 1, 1, 0, 'P'),
(2776, 0, 'teasmalltable2', '', 1, 1, 0, 'P'),
(2777, 0, 'teastool', '', 1, 1, 1, 'CP'),
(2778, 0, 'chinastoolred', '', 1, 1, 1, 'CP'),
(2779, 0, 'teatable1', '', 1, 1, 0, 'P'),
(2780, 0, 'teatable2', '', 1, 1, 0, 'P'),
(2781, 0, 'teastool2', '', 1, 1, 1, 'CP'),
(2782, 0, 'teavase', '', 1, 1, 0, 'P'),
(2783, 0, 'chinastoolgreen', '', 1, 1, 1, 'CP'),
(2784, 0, 'cafe_table_largeb', '', 1, 1, 0, 'P'),
(2785, 0, 'cafe_chair', '', 1, 1, 1, 'CP'),
(2786, 0, 'cafe_table_largea', '', 1, 1, 0, 'P'),
(2787, 0, 'plant_yucca', '', 1, 1, 0, 'P'),
(2788, 0, 'cafe_desk5', '', 1, 1, 0, 'P'),
(2789, 0, 'plant_ftree', '', 1, 1, 0, 'P'),
(2790, 0, 'cafe_desk4', '', 1, 1, 0, 'P'),
(2791, 0, 'cafe_barchair', '', 1, 1, 1, 'CP'),
(2792, 0, 'cafe_table_mid', '', 1, 1, 0, 'P'),
(2793, 0, 'cafe_table_small', '', 1, 1, 0, 'P'),
(2857, 0, 'roommatic', '', 1, 1, 0, 'P'),
(2795, 0, 'cafe_desk1', '', 1, 1, 0, 'P'),
(2796, 0, 'cafe_desk3', '', 1, 1, 0, 'P'),
(2797, 0, 'cafe_fence4', '', 1, 1, 0, 'P'),
(2798, 0, 'cafe_fence3', '', 1, 1, 0, 'P'),
(2799, 0, 'cafe_fence2', '', 1, 1, 0, 'P'),
(2800, 0, 'cafe_fence1', '', 1, 1, 0, 'P'),
(2801, 0, 'cafe_pianoc', '', 1, 1, 0, 'P'),
(2802, 0, 'cafe_pianob', '', 1, 1, 0, 'P'),
(2803, 0, 'cafe_pianoa', '', 1, 1, 0, 'P'),
(2804, 0, 'drawer_end', '', 1, 1, 0, 'P'),
(2805, 0, 'koc_table', '', 1, 1, 0, 'P'),
(2806, 0, 'koc_smalltable', '', 1, 1, 0, 'P'),
(2807, 0, 'drawer_start', '', 1, 1, 0, 'P'),
(2808, 0, 'koc_chair', '', 1, 1, 1, 'CP'),
(2809, 0, 'coatrack', '', 1, 1, 0, 'P'),
(2810, 0, 'pillar', '', 1, 1, 0, 'P'),
(2811, 0, 'koc_bartable_end', '', 1, 1, 0, 'P'),
(2812, 0, 'koc_bartable', '', 1, 1, 0, 'P'),
(2813, 0, 'koc_stool', '', 1, 1, 1, 'CP'),
(2814, 0, 'cupboard', '', 1, 1, 0, 'P'),
(2862, 0, 'chairf2b', '', 1, 1, 1, 'CP'),
(2864, 0, 'chairf2', '', 1, 1, 1, 'CP'),
(2858, 0, 'watermatic', '', 1, 1, 0, 'P'),
(2820, 0, 'telkka', '', 1, 1, 0, 'P'),
(2821, 0, 'chairf2d', '', 1, 1, 1, 'CP'),
(2861, 0, 'chairf1', '', 1, 1, 1, 'CP'),
(2824, 0, 'table2c', '', 1, 1, 0, 'P'),
(2825, 0, 'table2b', '', 1, 1, 0, 'P'),
(2863, 0, 'chairf2c', '', 1, 1, 1, 'CP'),
(2828, 0, 'flower2', '', 1, 1, 0, 'P'),
(2856, 0, 'moneyplant', '', 1, 1, 0, 'P'),
(2832, 0, 'edgec1', '', 1, 1, 0, 'P'),
(2833, 0, 'chairg1', '', 1, 1, 1, 'CP'),
(2834, 0, 'chairg2b', '', 1, 1, 1, 'CP'),
(2835, 0, 'chairg2c', '', 1, 1, 1, 'CP'),
(2836, 0, 'chairg2', '', 1, 1, 1, 'CP'),
(2837, 0, 'newtable2', '', 1, 1, 0, 'P'),
(2838, 0, 'edgec2', '', 1, 1, 0, 'P'),
(2839, 0, 'mobiles_chair3', '', 1, 1, 1, 'CP'),
(2840, 0, 'mobiles_chair1', '', 1, 1, 1, 'CP'),
(2841, 0, 'mobiles_table2', '', 1, 1, 0, 'P'),
(2842, 0, 'mobiles_table3', '', 1, 1, 0, 'P'),
(2843, 0, 'mobiles_table1', '', 1, 1, 0, 'P'),
(2844, 0, 'mobiles_table4', '', 1, 1, 0, 'P'),
(2859, 0, 'standinglamp', '', 1, 1, 0, 'P'),
(2849, 0, 'edgeb1', '', 1, 1, 0, 'P'),
(2865, 0, 'newtable1', '', 1, 1, 0, 'P'),
(2855, 0, 'edgeb2', '', 1, 1, 0, 'P'),
(2860, 0, 'edge1', '', 1, 1, 0, 'P'),
(2866, 0, 'edge2', '', 1, 1, 0, 'P'),
(2867, 0, 'sodagreen', '', 1, 1, 0, 'P'),
(2868, 0, 'sodapink', '', 1, 1, 0, 'P'),
(2869, 0, 'sportchair', '', 1, 1, 1, 'CP'),
(2870, 0, 'dummychair', '', 1, 1, 1, 'CP'),
(2871, 0, 'sporttable', '', 1, 1, 0, 'P'),
(2872, 0, 'sportchair2', '', 1, 1, 1, 'CP'),
(2873, 0, 'sportchair3', '', 1, 1, 1, 'CP'),
(2874, 0, 'bar_chair_green', '', 1, 1, 1, 'CP'),
(2875, 0, 'bar_table_green', '', 1, 1, 1, 'CP'),
(2876, 0, 'bar_bare', '', 1, 1, 0, 'P'),
(2877, 0, 'bar_bard', '', 1, 1, 0, 'P'),
(2878, 0, 'bar_bara', '', 1, 1, 0, 'P'),
(2879, 0, 'bar_barb', '', 1, 1, 0, 'P'),
(2880, 0, 'bar_barc', '', 1, 1, 0, 'P'),
(2881, 0, 'mobiles_chair2', '', 1, 1, 1, 'CP'),
(2882, 0, 'mobiles_table6', '', 1, 1, 0, 'P'),
(2883, 0, 'mobiles_table7', '', 1, 1, 0, 'P'),
(2884, 0, 'mobiles_table5', '', 1, 1, 0, 'P'),
(2885, 0, 'mobiles_table8', '', 1, 1, 0, 'P'),
(2887, 0, 'pub_pineapple_small', '', 1, 1, 0, 'P'),
(2888, 0, 'fatsblox', '', 1, 1, 0, 'P'),
(2889, 0, 'fatsofaa', '', 1, 1, 1, 'CP'),
(2902, 0, 'lounge_chair_small', '', 1, 1, 1, 'CP'),
(2903, 0, 'lounge_table_one', '', 1, 1, 0, 'P'),
(2892, 0, 'sofa', '', 1, 1, 1, 'CP'),
(2893, 0, 'table', '', 1, 1, 0, 'P'),
(2894, 0, 'tablesp', '', 1, 1, 0, 'P'),
(2895, 0, 'trashcan', '', 1, 1, 0, 'P'),
(2896, 0, 'sofa2', '', 1, 1, 1, 'CP'),
(2900, 0, 'bardesk', '', 1, 1, 0, 'P'),
(2904, 0, 'lounge_private_bigback', '', 1, 1, 0, 'P'),
(2905, 0, 'lounge_private_bigsofaback', '', 1, 1, 1, 'CP'),
(2906, 0, 'lounge_private_bigsofa', '', 1, 1, 1, 'CP'),
(2907, 0, 'lounge_table_threea', '', 1, 1, 0, 'P'),
(2908, 0, 'lounge_table_threeb', '', 1, 1, 0, 'P'),
(2909, 0, 'lounge_table_threec', '', 1, 1, 0, 'P'),
(2910, 0, 'lounge_private_bigcorner', '', 1, 1, 0, 'P'),
(2911, 0, 'lounge_bara', '', 1, 1, 0, 'P'),
(2912, 0, 'pizza_plant1', '', 1, 1, 0, 'P'),
(2913, 0, 'pizza_sofa1', '', 1, 1, 1, 'CP'),
(2914, 0, 'pizza_sofa2', '', 1, 1, 1, 'CP'),
(2915, 0, 'pizza_table', '', 1, 1, 0, 'P'),
(2916, 0, 'pizza_plant2', '', 1, 1, 0, 'P'),
(2917, 0, 'pizza_sofa3', '', 1, 1, 1, 'CP'),
(2918, 0, 'pizza_sofa4', '', 1, 1, 1, 'CP'),
(2919, 0, 'pizza_chair', '', 1, 1, 1, 'CP'),
(2920, 0, 'bb_crossrd', '', 1, 1, 0, 'P'),
(2921, 0, 'bb_bench1', '', 1, 1, 1, 'CP'),
(2922, 0, 'bb_bench2', '', 1, 1, 1, 'CP'),
(2923, 0, 'bb_plant1', '', 1, 1, 0, 'P'),
(2924, 0, 'bb_sofa1', '', 1, 1, 1, 'CP'),
(2925, 0, 'bb_sofa2', '', 1, 1, 1, 'CP'),
(2926, 0, 'bb_corner1out', '', 1, 1, 0, 'P'),
(2927, 0, 'bb_wallend1in', '', 1, 1, 0, 'P'),
(2928, 0, 'bb_plant3', '', 1, 1, 0, 'P'),
(2929, 0, 'bb_special', '', 1, 1, 0, 'P'),
(2930, 0, 'bb_wallend2in', '', 1, 1, 0, 'P'),
(2931, 0, 'bb_wallendout', '', 1, 1, 0, 'P'),
(2932, 0, 'bb_stool', '', 1, 1, 1, 'CP'),
(2933, 0, 'bb_chair', '', 1, 1, 1, 'CP'),
(2934, 0, 'bb_extra', '', 1, 1, 0, 'P'),
(2935, 0, 'bb_wallout', '', 1, 1, 0, 'P'),
(2936, 0, 'bb_plant0', '', 1, 1, 0, 'P'),
(2937, 0, 'bb_plant2', '', 1, 1, 0, 'P'),
(2986, 0, 'bbarstool', '', 1, 1, 1, 'CP'),
(2987, 0, 'elephantcouch2', '', 1, 1, 1, 'CP'),
(2988, 0, 'elephantcouch4', '', 1, 1, 1, 'CP'),
(2989, 0, 'elephantcouch1', '', 1, 1, 1, 'CP'),
(2990, 0, 'elephantcouch3', '', 1, 1, 1, 'CP'),
(2991, 0, 'tinypalm', '', 1, 1, 0, 'P'),
(2992, 0, 'plainstool1', '', 1, 1, 1, 'CP'),
(2993, 0, 'plainstool2', '', 1, 1, 1, 'CP'),
(2994, 0, 'plainstool3', '', 1, 1, 1, 'CP'),
(2995, 0, 'boothsofa1', '', 1, 1, 1, 'CP'),
(2996, 0, 'boothsofa3', '', 1, 1, 1, 'CP'),
(2997, 0, 'boothsofacorner1', '', 1, 1, 1, 'CP'),
(2998, 0, 'boothsofa2', '', 1, 1, 1, 'CP'),
(2999, 0, 'boothsofacorner2', '', 1, 1, 1, 'CP'),
(2973, 0, 'hw_plant', '', 1, 1, 0, 'P'),
(2968, 0, 'hw_sofa1', '', 1, 1, 1, 'CP'),
(2970, 0, 'hw_sofa3', '', 1, 1, 1, 'CP'),
(2984, 0, 'hw_smtble', '', 1, 1, 0, 'P'),
(2981, 0, 'hw_watermatic', '', 1, 1, 0, 'P'),
(2978, 0, 'hw_chair', '', 1, 1, 1, 'CP'),
(2971, 0, 'hw_table1', '', 1, 1, 0, 'P'),
(2959, 0, 'hw_pntg', '', 1, 1, 0, 'P'),
(2976, 0, 'hw_table3', '', 1, 1, 0, 'P'),
(2961, 0, 'hw_table2', '', 1, 1, 0, 'P'),
(2983, 0, 'pillar1', '', 1, 1, 0, 'P'),
(2977, 0, 'hw_ero1', '', 1, 1, 0, 'P'),
(2979, 0, 'hw_ero2', '', 1, 1, 0, 'P'),
(2974, 0, 'hw_ero5', '', 1, 1, 0, 'P'),
(2969, 0, 'hw_sofa2', '', 1, 1, 1, 'CP'),
(2967, 0, 'plant', '', 1, 1, 0, 'P'),
(2972, 0, 'hw_shelf', '', 1, 1, 0, 'P'),
(2975, 0, 'hw_painting2', '', 1, 1, 0, 'P'),
(2980, 0, 'hw_ero3', '', 1, 1, 0, 'P'),
(2982, 0, 'pillar0', '', 1, 1, 0, 'P'),
(2985, 0, 'hw_ero4', '', 1, 1, 0, 'P');

-- --------------------------------------------------------

--
-- Table structure for table `items_pets`
--

CREATE TABLE IF NOT EXISTS `items_pets` (
  `id` int(10) NOT NULL,
  `name` varchar(15) COLLATE latin1_general_ci NOT NULL,
  `type` char(1) COLLATE latin1_general_ci NOT NULL,
  `race` int(3) NOT NULL,
  `color` char(6) COLLATE latin1_general_ci NOT NULL,
  `nature_positive` int(3) NOT NULL,
  `nature_negative` int(3) NOT NULL,
  `friendship` float NOT NULL,
  `born` date NOT NULL,
  `last_kip` datetime NOT NULL,
  `last_eat` datetime NOT NULL,
  `last_drink` datetime NOT NULL,
  `last_playtoy` datetime NOT NULL,
  `last_playuser` datetime NOT NULL,
  `x` int(3) NOT NULL DEFAULT '0',
  `y` int(3) NOT NULL DEFAULT '0',
  PRIMARY KEY (`id`),
  UNIQUE KEY `id` (`id`)
) ENGINE=MyISAM DEFAULT CHARSET=latin1 COLLATE=latin1_general_ci;

-- --------------------------------------------------------

--
-- Table structure for table `items_presents`
--

CREATE TABLE IF NOT EXISTS `items_presents` (
  `presentid` int(10) NOT NULL,
  `salecode` varchar(30) COLLATE latin1_general_ci NOT NULL,
  `customdata` text COLLATE latin1_general_ci,
  PRIMARY KEY (`presentid`)
) ENGINE=MyISAM DEFAULT CHARSET=latin1 COLLATE=latin1_general_ci;

--
-- Dumping data for table `items_presents`
--

INSERT INTO `items_presents` (`presentid`, `salecode`, `customdata`) VALUES
(4339, 'silo_corner', NULL);

-- --------------------------------------------------------

--
-- Table structure for table `messenger_buddylist`
--

CREATE TABLE IF NOT EXISTS `messenger_buddylist` (
  `userid` int(10) NOT NULL,
  `buddyid` int(10) NOT NULL,
  `accepted` enum('1','0') COLLATE latin1_general_ci NOT NULL DEFAULT '0'
) ENGINE=MyISAM DEFAULT CHARSET=latin1 COLLATE=latin1_general_ci;

--
-- Dumping data for table `messenger_buddylist`
--

INSERT INTO `messenger_buddylist` (`userid`, `buddyid`, `accepted`) VALUES
(2, 5, '0'),
(2, 6, '1');

-- --------------------------------------------------------

--
-- Table structure for table `messenger_messages`
--

CREATE TABLE IF NOT EXISTS `messenger_messages` (
  `receiverid` int(10) NOT NULL,
  `messageid` int(5) NOT NULL,
  `senderid` int(10) NOT NULL,
  `sent` datetime NOT NULL,
  `body` varchar(255) COLLATE latin1_general_ci NOT NULL
) ENGINE=MyISAM DEFAULT CHARSET=latin1 COLLATE=latin1_general_ci;

-- --------------------------------------------------------

--
-- Table structure for table `moderation_bans`
--

CREATE TABLE IF NOT EXISTS `moderation_bans` (
  `userid` int(10) NOT NULL,
  `ip` varchar(16) COLLATE latin1_general_ci DEFAULT NULL,
  `machineid` varchar(30) COLLATE latin1_general_ci DEFAULT NULL,
  `applied_at` datetime NOT NULL,
  `applied_by` int(10) NOT NULL,
  `expires` datetime NOT NULL,
  `reason` text COLLATE latin1_general_ci NOT NULL
) ENGINE=MyISAM DEFAULT CHARSET=latin1 COLLATE=latin1_general_ci;

-- --------------------------------------------------------

--
-- Table structure for table `moderation_cfh`
--

CREATE TABLE IF NOT EXISTS `moderation_cfh` (
  `id` int(10) NOT NULL,
  `priority` enum('2','1','0') COLLATE latin1_general_ci NOT NULL,
  `senderid` int(10) NOT NULL,
  `roomid` int(10) NOT NULL,
  `question` text COLLATE latin1_general_ci NOT NULL,
  `sent` datetime NOT NULL,
  `lasthelperid` int(10) NOT NULL,
  `lastreply` text COLLATE latin1_general_ci,
  `pickedup` datetime DEFAULT NULL,
  PRIMARY KEY (`id`)
) ENGINE=MyISAM DEFAULT CHARSET=latin1 COLLATE=latin1_general_ci;

-- --------------------------------------------------------

--
-- Table structure for table `moderation_chatlog`
--

CREATE TABLE IF NOT EXISTS `moderation_chatlog` (
  `timestamp` datetime NOT NULL,
  `sessionid` int(10) unsigned NOT NULL,
  `userid` int(10) NOT NULL,
  `roomid` int(10) NOT NULL,
  `receiverid` int(10) NOT NULL,
  `type` enum('whisper','shout','say') COLLATE latin1_general_ci NOT NULL,
  `text` text COLLATE latin1_general_ci NOT NULL
) ENGINE=MyISAM DEFAULT CHARSET=latin1 COLLATE=latin1_general_ci;

--
-- Dumping data for table `moderation_chatlog`
--

INSERT INTO `moderation_chatlog` (`timestamp`, `sessionid`, `userid`, `roomid`, `receiverid`, `type`, `text`) VALUES
('2011-12-23 20:59:06', 3, 2, 4, 0, 'say', ':commands'),
('2011-12-23 20:59:11', 3, 2, 4, 0, 'say', 'Hmm.'),
('2011-12-23 20:59:12', 3, 2, 4, 0, 'say', ':help'),
('2011-12-25 03:27:00', 1, 2, 50, 0, 'say', 'coffee'),
('2011-12-25 03:27:02', 1, 2, 50, 0, 'shout', 'COFFEE'),
('2011-12-25 03:27:06', 1, 2, 50, 0, 'shout', 'coffee'),
('2011-12-25 03:27:52', 1, 2, 50, 0, 'say', 'coffee'),
('2011-12-25 03:28:22', 1, 2, 50, 0, 'say', 'soda'),
('2011-12-25 14:37:07', 1, 2, 1, 0, 'shout', 'coffee'),
('2011-12-25 14:37:14', 1, 2, 1, 0, 'say', 'coffee'),
('2011-12-25 15:13:44', 1, 2, 62, 0, 'shout', 'Hello, Dave.'),
('2011-12-25 16:52:04', 1, 2, 80, 0, 'say', 'coffee'),
('2011-12-25 16:52:06', 1, 2, 80, 0, 'shout', 'coffee'),
('2011-12-25 16:52:09', 1, 2, 80, 0, 'say', 'please?'),
('2011-12-25 16:52:36', 1, 2, 80, 0, 'say', 'Hello.'),
('2011-12-25 16:52:39', 1, 2, 80, 0, 'say', 'Hi there.'),
('2011-12-25 16:52:42', 1, 2, 80, 0, 'say', 'Coffee?'),
('2011-12-25 16:53:44', 1, 2, 80, 0, 'shout', 'I''d love a nice cold cola right now.'),
('2011-12-25 16:53:53', 1, 2, 80, 0, 'say', 'Fukken'' sweet hamburger.'),
('2011-12-25 16:56:51', 1, 2, 80, 0, 'say', 'whisper to me'),
('2011-12-25 16:56:55', 1, 2, 80, 0, 'say', 'Or not, lol.'),
('2011-12-25 16:59:46', 1, 2, 101, 0, 'shout', 'Fizzly'),
('2011-12-25 16:59:51', 1, 2, 101, 0, 'shout', 'fizzy'),
('2011-12-25 17:45:28', 1, 2, 70, 0, 'shout', 'Testheeng!'),
('2011-12-25 17:45:31', 1, 2, 70, 0, 'shout', 'Testheeng!'),
('2011-12-25 17:45:33', 1, 2, 70, 0, 'shout', 'neat.'),
('2011-12-25 17:45:54', 1, 2, 75, 0, 'shout', 'Hello, Gate.'),
('2011-12-25 17:46:54', 1, 2, 77, 0, 'say', ':ha'),
('2011-12-25 17:56:10', 3, 2, 77, 0, 'say', 'Saup?'),
('2011-12-25 17:56:20', 2, 6, 77, 0, 'shout', 'I plan to kill a Scott or two.'),
('2011-12-25 17:56:30', 3, 2, 77, 0, 'shout', 'I''m not a Scott, nor am I two.'),
('2011-12-25 17:56:31', 2, 6, 77, 0, 'shout', 'Scott is such a crappy name. Everyone agrees, even Scott.'),
('2011-12-25 17:56:43', 3, 2, 77, 0, 'say', 'WHERE THE FUCK IS MY ASIAN BUTLER?'),
('2011-12-25 17:56:45', 3, 2, 77, 0, 'say', 'I want some Sake.'),
('2011-12-25 17:56:51', 2, 6, 77, 0, 'shout', 'I ate him.'),
('2011-12-25 17:57:11', 3, 2, 77, 0, 'say', 'You ate an entire Asian?'),
('2011-12-25 17:57:11', 2, 6, 77, 0, 'shout', 'nowaitnowaitfuck'),
('2011-12-25 17:57:14', 2, 6, 77, 0, 'shout', 'I just realised.'),
('2011-12-25 17:57:21', 2, 6, 77, 0, 'shout', 'I can script on here... -evil'),
('2011-12-25 17:57:25', 3, 2, 77, 0, 'say', 'prollynotbr0'),
('2011-12-25 17:57:31', 3, 2, 77, 0, 'say', 'Most scripts are patched.'),
('2011-12-25 17:57:39', 2, 6, 77, 0, 'shout', 'They''re not patched in Holo'),
('2011-12-25 17:57:43', 2, 6, 77, 0, 'shout', 'So why would they be patched here?'),
('2011-12-25 17:57:45', 3, 2, 77, 0, 'say', 'This isn''t holo.'),
('2011-12-25 17:57:46', 3, 2, 77, 0, 'say', '^_^'),
('2011-12-25 17:57:52', 2, 6, 77, 0, 'shout', 'I know it''s not'),
('2011-12-25 17:57:58', 2, 6, 77, 0, 'shout', 'But didn''t Nillus make most of Woodpecker?'),
('2011-12-25 17:58:13', 3, 2, 77, 0, 'say', 'Most.'),
('2011-12-25 17:58:14', 3, 2, 77, 0, 'say', 'HEHE'),
('2011-12-25 17:58:22', 3, 2, 77, 0, 'say', 'He left a lot of flaws in Holo on purpose.'),
('2011-12-25 17:58:23', 2, 6, 77, 0, 'shout', 'Can''t be any more patched then the real habbo'),
('2011-12-25 17:58:27', 2, 6, 77, 0, 'shout', 'FUCK.'),
('2011-12-25 17:58:29', 2, 6, 77, 0, 'shout', 'lol.'),
('2011-12-25 17:58:31', 3, 2, 77, 0, 'say', 'Hehe'),
('2011-12-25 17:58:37', 3, 2, 77, 0, 'say', 'We needed to have a bit of fun, no?'),
('2011-12-25 17:59:01', 2, 6, 77, 0, 'shout', 'I''d leave flaws in my server if I thought someone would use it =('),
('2011-12-25 17:59:17', 3, 2, 77, 0, 'say', 'Haha'),
('2011-12-25 17:59:25', 3, 2, 77, 0, 'say', 'Woodpecker will see use, if anyone understands it.'),
('2011-12-25 17:59:31', 3, 2, 77, 0, 'say', 'I kind of hope nobody understands it.'),
('2011-12-25 17:59:55', 2, 6, 77, 0, 'say', 'How do you know?'),
('2011-12-25 18:00:04', 2, 6, 77, 0, 'shout', 'Everyone from the old days has left pretty much, and everyone '),
('2011-12-25 18:00:11', 2, 6, 77, 0, 'shout', 'else loves flash or at least the final shcokwave release'),
('2011-12-25 18:00:12', 3, 2, 77, 0, 'say', 'Some still exist.'),
('2011-12-25 18:00:12', 3, 2, 77, 0, 'say', ';('),
('2011-12-25 18:00:39', 3, 2, 77, 0, 'say', 'I need a catalogue.'),
('2011-12-25 18:00:44', 3, 2, 77, 0, 'say', 'I DO NOT WANT TO CODE THAT SHIT MANUALLY.'),
('2011-12-25 18:00:45', 3, 2, 77, 0, 'say', 'Fuck that'),
('2011-12-25 18:00:53', 2, 6, 77, 0, 'say', 'It''s not hard'),
('2011-12-25 18:00:56', 3, 2, 77, 0, 'say', 'I know.'),
('2011-12-25 18:00:57', 2, 6, 77, 0, 'say', 'I did it on v9 before.'),
('2011-12-25 18:00:59', 3, 2, 77, 0, 'say', 'But fuck that'),
('2011-12-25 18:01:09', 3, 2, 77, 0, 'say', 'I''m gunna lurk at the rest of that Phoenix db'),
('2011-12-25 18:01:20', 3, 2, 77, 0, 'say', 'Meet me in the sun terrace.'),
('2011-12-25 18:02:03', 2, 6, 103, 0, 'shout', 'DAMN YOU AND YOUR RANDOM CODE'),
('2011-12-25 18:02:08', 3, 2, 103, 0, 'say', 'Hehehe'),
('2011-12-25 18:02:11', 3, 2, 103, 0, 'shout', '*Hehehe'),
('2011-12-25 18:02:28', 3, 2, 103, 0, 'shout', 'Come up hurr.'),
('2011-12-25 18:02:39', 2, 6, 103, 0, 'shout', 'I don''t speak Engrish'),
('2011-12-25 18:02:47', 3, 2, 103, 0, 'shout', 'Durr.'),
('2011-12-25 18:02:50', 2, 6, 103, 0, 'shout', 'Why are you speaking Engrish? You''re not Japanese.'),
('2011-12-25 18:02:57', 3, 2, 103, 0, 'shout', 'Rapaknees!'),
('2011-12-25 18:03:02', 2, 6, 103, 0, 'shout', 'That''s one Japanese thing I don''t like ^_^'),
('2011-12-25 18:03:03', 2, 6, 103, 0, 'shout', 'WTF'),
('2011-12-25 18:03:16', 2, 6, 103, 0, 'shout', 'Pathfinding FAIL.'),
('2011-12-25 18:03:17', 3, 2, 103, 0, 'shout', 'Lol yeah idk.'),
('2011-12-25 18:03:23', 3, 2, 103, 0, 'shout', 'I''m not fixing it though.'),
('2011-12-25 18:03:28', 3, 2, 103, 0, 'shout', '(might fix it)'),
('2011-12-25 18:03:37', 2, 6, 103, 0, 'shout', 'If I come across that, I''m not touching it. I''ll just remove the'),
('2011-12-25 18:03:38', 2, 6, 103, 0, 'shout', 'room.'),
('2011-12-25 18:03:47', 2, 6, 103, 0, 'shout', 'How do I go up there?'),
('2011-12-25 18:04:01', 3, 2, 103, 0, 'shout', 'See the little cracks and shit in the wall?'),
('2011-12-25 18:04:06', 2, 6, 103, 0, 'shout', 'Nope.'),
('2011-12-25 18:04:20', 3, 2, 103, 0, 'shout', 'To my left.'),
('2011-12-25 18:04:21', 3, 2, 103, 0, 'shout', '<'),
('2011-12-25 18:04:31', 3, 2, 103, 0, 'shout', 'Then the red raftor crack'),
('2011-12-25 18:04:37', 3, 2, 103, 0, 'shout', 'Then to the right of that'),
('2011-12-25 18:04:43', 2, 6, 103, 0, 'shout', 'Wasi t that inconvinient in the real hotel?'),
('2011-12-25 18:04:48', 3, 2, 103, 0, 'shout', 'Yeah,'),
('2011-12-25 18:04:50', 3, 2, 103, 0, 'shout', 'It was an easteregg.'),
('2011-12-25 18:04:59', 2, 6, 103, 0, 'shout', 'Still can''t move.'),
('2011-12-25 18:05:03', 3, 2, 103, 0, 'shout', 'Then the arrow up by the window.'),
('2011-12-25 18:05:10', 3, 2, 103, 0, 'shout', 'Then the bottom of the stairs'),
('2011-12-25 18:05:12', 2, 6, 103, 0, 'say', 'Wait what'),
('2011-12-25 18:05:19', 3, 2, 103, 0, 'shout', 'Let the text clearn'),
('2011-12-25 18:05:26', 2, 6, 103, 0, 'say', '.'),
('2011-12-25 18:05:26', 2, 6, 103, 0, 'say', '.'),
('2011-12-25 18:05:26', 2, 6, 103, 0, 'say', '.'),
('2011-12-25 18:06:07', 2, 6, 103, 0, 'shout', 'Still can''t get up.'),
('2011-12-25 18:06:46', 2, 6, 103, 0, 'say', '..'),
('2011-12-25 18:09:11', 3, 2, 103, 0, 'shout', 'Call me on the tele, tele, telephoneeee. ±'),
('2011-12-25 18:09:14', 3, 2, 103, 0, 'shout', 'Lol.'),
('2011-12-25 18:26:39', 2, 6, 1, 0, 'say', 'boo'),
('2011-12-25 18:26:45', 2, 6, 1, 0, 'say', 'you''re a bad bot'),
('2011-12-25 18:26:47', 2, 6, 1, 0, 'say', 'OH NO'),
('2011-12-25 18:26:48', 2, 6, 1, 0, 'say', 'HE''S HERE'),
('2011-12-25 18:26:50', 1, 2, 1, 0, 'say', 'No, he''s not a b.. bot'),
('2011-12-25 18:26:51', 2, 6, 1, 0, 'say', 'HE SAW ME TALKING TO A BOT'),
('2011-12-26 00:35:52', 1, 2, 62, 0, 'shout', 'ALL I DO IS WIN WIN WIN NO MATTER JEWS.'),
('2011-12-26 00:41:24', 2, 2, 114, 0, 'say', ':descenditems'),
('2011-12-26 01:08:28', 1, 2, 1, 0, 'say', ':on'),
('2011-12-26 02:24:36', 2, 2, 2, 0, 'shout', 'Lykke a bawss.'),
('2011-12-26 10:24:22', 3, 8, 1, 0, 'say', 'hi'),
('2011-12-26 10:24:26', 3, 8, 1, 0, 'shout', 'Drink'),
('2011-12-26 15:48:48', 2, 2, 75, 0, 'say', 'Oshi-'),
('2011-12-26 15:48:58', 2, 2, 75, 0, 'shout', 'That awkward moment when you don''t notice you have guests.'),
('2012-09-30 13:38:16', 4, 11, 116, 0, 'say', ':handitems'),
('2012-09-30 13:40:22', 1, 11, 116, 0, 'say', ':decent'),
('2012-09-30 13:40:25', 1, 11, 116, 0, 'say', ':decenditem'),
('2012-09-30 15:48:56', 1, 11, 62, 0, 'shout', 'KDOS'),
('2012-09-30 15:49:00', 1, 11, 62, 0, 'say', ':roomshutup'),
('2012-09-30 15:49:03', 1, 11, 62, 0, 'say', ':roommute');

-- --------------------------------------------------------

--
-- Table structure for table `moderation_log`
--

CREATE TABLE IF NOT EXISTS `moderation_log` (
  `timestamp` datetime NOT NULL,
  `userid` int(10) NOT NULL,
  `targetid` int(10) NOT NULL,
  `actiontype` enum('alert','kick','ban','roomalert','roomkick','shutup','roomshutup','hotelalert') COLLATE latin1_general_ci NOT NULL,
  `message` text COLLATE latin1_general_ci NOT NULL,
  `extrainfo` text COLLATE latin1_general_ci NOT NULL
) ENGINE=MyISAM DEFAULT CHARSET=latin1 COLLATE=latin1_general_ci;

--
-- Dumping data for table `moderation_log`
--

INSERT INTO `moderation_log` (`timestamp`, `userid`, `targetid`, `actiontype`, `message`, `extrainfo`) VALUES
('2011-12-23 21:02:16', 2, 4, 'roomalert', 'Herp.', ''),
('2011-12-25 07:09:38', 2, -1, 'hotelalert', 'Saup?', ''),
('2011-12-25 14:50:08', 1, 2, 'alert', 'Welcome to Freedom Hotel. This hotel is powered by Woodpecker, a very powerful server originally written by Nillus.<br>This emulator is currently being unofficially maintained by scottstamp851 and Moogly of the RaGEZone development forum.<br>Please report any and all bugs to Dark (scottstamp851) or Moogly in-game or on the fourms. We hope you have a pleasant stay!', ''),
('2011-12-25 14:51:06', 1, 2, 'alert', 'Welcome to Freedom Hotel. This hotel is powered by Woodpecker, a very powerful server originally written by Nillus.<br>This emulator is currently being unofficially maintained by scottstamp851 and Moogly of the RaGEZone development forum.<br>Please report any and all bugs to Dark (scottstamp851) or Moogly in-game or on the fourms. We hope you have a pleasant stay!', ''),
('2011-12-25 14:52:28', 1, 2, 'alert', 'Welcome to Freedom Hotel. This hotel is powered by Woodpecker, a very powerful server originally written by Nillus.\r\nThis emulator is currently being unofficially maintained by scottstamp851 and Moogly of the RaGEZone development forum.\r\nPlease report any and all bugs to Dark (scottstamp851) or Moogly in-game or on the fourms. We hope you have a pleasant stay!', ''),
('2012-09-30 13:38:23', 11, -1, 'hotelalert', 'ahwhahs', ''),
('2012-09-30 13:41:00', 11, -1, 'hotelalert', 'This is important do not move!', ''),
('2012-09-30 15:59:20', 11, 0, 'hotelalert', 'Hey, Why not make your way down to the welcome lounge for some free furni and competitons?!', 'Sended via Housekeeping'),
('2012-09-30 16:10:36', 11, 0, 'hotelalert', 'First 10 people to the pussy pad get a free rare! :) Search Will &lt;br&gt; see you there!', 'Sended via Housekeeping');

-- --------------------------------------------------------

--
-- Table structure for table `rooms`
--

CREATE TABLE IF NOT EXISTS `rooms` (
  `id` int(10) NOT NULL AUTO_INCREMENT,
  `ownerid` int(10) NOT NULL,
  `category` int(3) NOT NULL DEFAULT '0',
  `roomname` varchar(100) COLLATE latin1_general_ci NOT NULL,
  `description` varchar(100) COLLATE latin1_general_ci NOT NULL,
  `modeltype` varchar(30) COLLATE latin1_general_ci NOT NULL,
  `ccts` varchar(200) COLLATE latin1_general_ci DEFAULT NULL,
  `wallpaper` int(4) unsigned NOT NULL DEFAULT '0',
  `floor` int(4) unsigned NOT NULL DEFAULT '0',
  `showname` enum('true','false') COLLATE latin1_general_ci NOT NULL DEFAULT 'true',
  `superusers` enum('true','false') COLLATE latin1_general_ci NOT NULL DEFAULT 'false',
  `accesstype` enum('2','1','0') COLLATE latin1_general_ci NOT NULL DEFAULT '0' COMMENT '0 = open, 1 = closed, 2 = password',
  `password` varchar(30) COLLATE latin1_general_ci NOT NULL,
  `visitors_now` int(3) NOT NULL DEFAULT '0',
  `visitors_max` int(3) NOT NULL DEFAULT '25',
  PRIMARY KEY (`id`),
  UNIQUE KEY `roomid` (`id`)
) ENGINE=MyISAM  DEFAULT CHARSET=latin1 COLLATE=latin1_general_ci AUTO_INCREMENT=117 ;

--
-- Dumping data for table `rooms`
--

INSERT INTO `rooms` (`id`, `ownerid`, `category`, `roomname`, `description`, `modeltype`, `ccts`, `wallpaper`, `floor`, `showname`, `superusers`, `accesstype`, `password`, `visitors_now`, `visitors_max`) VALUES
(1, 0, 3, 'Welcome Lounge', 'welcome_lounge', 'newbie_lobby', 'hh_room_nlobby', 0, 0, 'true', 'false', '0', '', 0, 40),
(2, 0, 20, 'Infobus', 'park', 'park_b', 'hh_room_park_general,hh_room_park', 0, 0, 'true', 'false', '0', '', 0, 20),
(103, 0, 20, 'Sun Terrace', 'sun_terrace', 'sun_terrace', 'hh_room_sun_terrace', 0, 0, 'true', 'false', '0', '', 0, 40),
(66, 0, 25, 'Lido I', 'habbo_lido', 'pool_a', 'hh_room_pool,hh_people_pool', 0, 0, 'true', 'false', '0', '', 0, 25),
(62, 0, 3, 'Xmas Theatredrome', 'theatredrome_xmas', 'theater', 'hh_room_theater_xmas', 0, 0, 'true', 'false', '0', '', 0, 40),
(63, 0, 21, 'The Library', 'library', 'library', 'hh_room_library', 0, 0, 'true', 'false', '0', '', 0, 40),
(108, 0, 20, 'Great Port of Woodpecker', 'floatinggarden', 'floatinggarden', 'hh_room_floatinggarden', 0, 0, 'true', 'false', '0', '', 0, 25),
(65, 0, 24, 'Sunset Cafe', 'sunset_cafe', 'sunset_cafe', 'hh_room_sunsetcafe', 0, 0, 'true', 'false', '0', '', 0, 25),
(67, 0, 23, 'Dirty Duck Pub', 'the_dirty_duck_pub', 'pub_a', 'hh_room_pub', 0, 0, 'true', 'false', '0', '', 0, 25),
(69, 0, 20, 'Picnic Area', 'picnic', 'picnic', 'hh_room_picnic', 0, 0, 'true', 'false', '0', '', 0, 25),
(68, 0, 25, 'Rooftop Rumble Pool', 'rooftop_rumble', 'md_a', 'hh_room_terrace,hh_paalu,hh_people_pool,hh_people_paalu', 0, 0, 'true', 'false', '0', '', 0, 25),
(70, 0, 20, 'The Park', 'park', 'park_a', 'hh_room_park_uk,hh_room_park', 0, 0, 'true', 'false', '0', '', 0, 25),
(71, 0, 25, 'Lido II', 'habbo_lido_ii', 'pool_b', 'hh_room_pool,hh_people_pool', 0, 0, 'true', 'false', '0', '', 0, 25),
(72, 0, 22, 'Olympic Stadium', 'ballroom', 'ballroom', 'hh_room_ballroom', 0, 0, 'true', 'false', '0', '', 0, 25),
(74, 0, 21, 'Dusty Lounge', 'dusty_lounge', 'dusty_lounge', 'hh_room_dustylounge', 0, 0, 'true', 'false', '0', '', 0, 25),
(73, 0, 22, 'The Cinema', 'habbocinema', 'cinema_a', 'hh_room_cinema', 0, 0, 'true', 'false', '0', '', 0, 25),
(76, 0, 21, 'Space Cafe', 'space_cafe', 'space_cafe', 'hh_room_space_cafe', 0, 0, 'true', 'false', '0', '', 0, 25),
(75, 0, 20, 'Sakura Square', 'gate', 'gate_park', 'hh_room_gate_park', 0, 0, 'true', 'false', '0', '', 0, 25),
(78, 0, 21, 'The Den', 'the_den', 'cr_staff', 'hh_room_den', 0, 0, 'true', 'false', '0', '', 0, 25),
(77, 0, 20, 'Zen Garden', 'chill/0', 'chill', 'hh_room_chill', 0, 0, 'true', 'false', '0', '', 0, 25),
(83, 0, 21, 'Gallery Cafe', 'ericseaterie', 'cr_cafe', 'hh_room_erics', 0, 0, 'true', 'false', '0', '', 0, 25),
(79, 0, 20, 'The Rooftop', 'rooftop', 'rooftop', 'hh_room_rooftop', 0, 0, 'true', 'false', '0', '', 0, 25),
(80, 0, 21, 'Rooftop Cafe', 'rooftop_2', 'rooftop_2', 'hh_room_rooftop', 0, 0, 'true', 'false', '0', '', 0, 25),
(81, 0, 24, 'Tea Room', 'tearoom', 'tearoom', 'hh_room_tearoom', 0, 0, 'true', 'false', '0', '', 0, 25),
(82, 0, 21, 'Cafe Ole', 'cafe_ole', 'taivas_cafe', 'hh_room_cafe', 0, 0, 'true', 'false', '0', '', 0, 25),
(84, 0, 21, 'Main Lobby', 'mainlobby', 'lobby_a', 'hh_room_lobby', 0, 0, 'true', 'false', '0', '', 0, 25),
(88, 0, 21, 'Basement Lobby', 'basementlobby', 'floorlobby_a', 'hh_room_floorlobbies', 0, 0, 'true', 'false', '0', '', 0, 25),
(85, 0, 21, 'Sky Lobby', 'skylobby', 'floorlobby_c', 'hh_room_floorlobbies', 0, 0, 'true', 'false', '0', '', 0, 25),
(86, 0, 22, 'Old Skool', 'oldskool', 'old_skool0', 'hh_room_old_skool', 0, 0, 'true', 'false', '0', '', 0, 25),
(100, 0, 22, 'Club Mammoth', 'club_mammoth', 'club_mammoth', 'hh_room_clubmammoth', 0, 0, 'true', 'false', '0', '', 0, 25),
(89, 0, 22, 'Gym', 'sport', 'sport', 'hh_room_sport', 0, 0, 'true', 'false', '0', '', 0, 25),
(90, 0, 22, 'Mobile Disco', 'chromz', 'malja_bar_a', 'hh_room_disco', 0, 0, 'true', 'false', '0', '', 0, 25),
(91, 0, 22, 'Old Skool Dancefloor', 'oldskool', 'old_skool1', 'hh_room_old_skool', 0, 0, 'true', 'false', '0', '', 0, 25),
(92, 0, 23, 'Club Massiva', 'clubmassiva2', 'bar_b', 'hh_room_bar', 0, 0, 'true', 'false', '0', '', 0, 25),
(93, 0, 24, 'Habburgers', 'habburger', 'habburger', 'hh_room_habburger', 0, 0, 'true', 'false', '0', '', 0, 25),
(94, 0, 22, 'Chill Out Room', 'clubmassiva', 'bar_a', 'hh_room_bar', 0, 0, 'true', 'false', '0', '', 0, 25),
(95, 0, 24, 'Slice Of Life', 'pizza', 'pizza', 'hh_room_pizza', 0, 0, 'true', 'false', '0', '', 0, 25),
(96, 0, 3, 'Beginner SnowStorm', 'snowwar_lobby_beginner_0', 'bb_lobby_1', 'hh_game_snowwar,hh_game_snowwar_room,hh_game_snowwar_ui,hh_gamesys', 0, 0, 'true', 'false', '0', '', 0, 25),
(97, 0, 3, 'Amateur BattleBall', 'bb_lobby_amateur_0', 'bb_lobby_1', 'hh_game_bb,hh_game_bb_room,hh_game_bb_ui,hh_gamesys', 0, 0, 'true', 'false', '0', '', 0, 25),
(98, 0, 3, 'Intermediate BattleBall', 'bb_lobby_intermediate_0', 'bb_lobby_1', 'hh_game_bb,hh_game_bb_room,hh_game_bb_ui,hh_gamesys', 0, 0, 'true', 'false', '0', '', 0, 25),
(99, 0, 3, 'Expert BattleBall', 'bb_lobby_expert_0', 'bb_lobby_1', 'hh_game_bb,hh_game_bb_room,hh_game_bb_ui,hh_gamesys', 0, 0, 'true', 'false', '0', '', 0, 25),
(102, 0, 0, 'Hotel Kitchen', 'hotel_kitchen', 'hotel_kitchen', 'hh_room_kitchen', 0, 0, 'true', 'false', '0', '', 0, 25),
(101, 0, 22, 'House of the Flying Carrots', 'orient', 'orient', 'hh_room_orient', 0, 0, 'true', 'false', '0', '', 0, 25),
(104, 0, 0, 'Hallway', 'hallway', 'hallway', 'hh_room_hallway', 0, 0, 'true', 'false', '0', '', 0, 25),
(105, 0, 0, 'Hallway II', 'hallway_ii', 'hallway_ii', 'hh_room_hallway', 0, 0, 'true', 'false', '0', '', 0, 25),
(115, 8, 0, 'test', '', 'model_a', NULL, 0, 0, 'true', 'false', '0', '', 0, 25),
(114, 2, 0, 'Room', '', 'model_a', NULL, 0, 0, 'true', 'false', '0', '', 0, 25),
(116, 11, 0, 'Wthis has hcanged', 'this is a short desc', 'model_a', NULL, 1101, 401, 'false', 'false', '0', '', 1, 25);

-- --------------------------------------------------------

--
-- Table structure for table `rooms_bots`
--

CREATE TABLE IF NOT EXISTS `rooms_bots` (
  `id` int(11) NOT NULL AUTO_INCREMENT,
  `room_id` int(11) NOT NULL,
  `name` varchar(10) NOT NULL,
  `figure` varchar(200) NOT NULL,
  `min_x` int(2) NOT NULL DEFAULT '0',
  `min_y` int(2) NOT NULL DEFAULT '0',
  `max_x` int(2) NOT NULL DEFAULT '0',
  `max_y` int(2) NOT NULL DEFAULT '0',
  `start_x` int(2) NOT NULL DEFAULT '0',
  `start_y` int(2) NOT NULL DEFAULT '0',
  `rot` int(2) NOT NULL,
  `random_speech` varchar(200) NOT NULL DEFAULT '|',
  `trigger_response` varchar(200) NOT NULL DEFAULT '|',
  PRIMARY KEY (`id`)
) ENGINE=MyISAM  DEFAULT CHARSET=latin1 AUTO_INCREMENT=10 ;

--
-- Dumping data for table `rooms_bots`
--

INSERT INTO `rooms_bots` (`id`, `room_id`, `name`, `figure`, `min_x`, `min_y`, `max_x`, `max_y`, `start_x`, `start_y`, `rot`, `random_speech`, `trigger_response`) VALUES
(1, 1, 'Frank', 'sd=001&sh=003/41,41,41&lg=006/51,51,51&ch=202/139,24,32&lh=001/255,210,179&rh=001/255,210,179&hd=001/255,204,153&ey=001&fc=001/255,204,153&hr=203/103,78,59&rs=001/255,255,255&ls=001/255,255,255&bd=001', 8, 16, 9, 24, 8, 20, 2, '|', '|'),
(2, 73, 'Jess', 'sd=001&sh=001/2,3,4&lg=001/200,0,0&ch=006/40,138,179&lh=001/255,203,152&rh=001/255,203,152&hd=001/255,203,152&ey=001&fc=001/255,203,152&hr=003/250,50,2&hrb=3/2,3,4&rs=002/40,138,179&ls=002/40,138,179&', 1, 20, 1, 24, 1, 23, 2, '|', '|'),
(3, 75, 'Gate', 'sd=001&sh=001/2,3,4&lg=200/36,137,84&ch=204/36,137,84&lh=001/215,175,125&rh=001/215,175,125&hd=001/215,175,125&ey=001&fc=001/215,175,125&ha=9/255,255,255&rs=002/36,137,84&ls=002/36,137,84&bd=001/255,2', 14, 17, 18, 17, 14, 17, 2, '|', '|'),
(4, 69, 'Lyle', 'sd=001&sh=002/79,135,192&lg=005/79,135,192&ch=911/255,255,255&lh=001/238,194,181&rh=001/238,194,181&hd=001/238,194,181&ey=001&fc=001/238,194,181&hr=023/255,230,115&hrb=23/2,3,4&rs=002/79,135,192&ls=00', 18, 16, 18, 18, 18, 18, 2, '|', '|'),
(5, 78, 'Ken', 'sd=001&sh=001/17,17,17&lg=001/17,17,17&ch=800&lh=001/240,213,179&rh=001/240,213,179&hd=001/240,213,179&ey=001/254,202,150&fc=001/240,213,179&hr=201/17,17,17&hrb=201/2,3,4&rs=800&ls=800&bd=001/240,213,', 99, 99, 99, 99, 3, 3, 4, '|', '|'),
(6, 62, 'Dave', 'sd=001&sh=003/41,41,41&lg=006/51,51,51&ch=202/139,24,32&lh=001/255,210,179&rh=001/255,210,179&hd=001/255,204,153&ey=001&fc=001/255,204,153&hr=203/103,78,59&rs=001/255,255,255&ls=001/255,255,255&bd=001', 11, 8, 11, 10, 11, 8, 4, '|', '|'),
(7, 63, 'Stuart', 'sd=001&sh=003/154,154,154&lg=001/98,90,32&ch=202/255,210,179&lh=001/255,210,179&rh=001/255,210,179&hd=001/255,204,153&ey=001&fc=001/255,204,153&hr=203/98,98,98&hrb=203/2,3,4&rs=001/255,210,179&ls=001/', 11, 14, 11, 16, 11, 15, 2, '|', '|'),
(8, 80, 'Skye', 'sd=001&sh=002/204,0,0&lg=001/215,175,125&ch=002/204,0,0&lh=001/215,175,125&rh=001/215,175,125&hd=001/215,175,125&ey=001&fc=001/215,175,125&hr=503/235,240,163&rs=002/204,0,0&ls=002/204,0,0&bd=001/215,1', 2, 0, 2, 0, 2, 0, 4, '|', 'coffee~11}I''m no barista, but I tried my best!|soda~19}Enjoy! Nice and bubbly...|'),
(9, 101, 'Murat', 'sd=001&sh=001/255,255,255&lg=006/255,255,255&ch=003/255,255,255&lh=001/145,98,55&rh=001/145,98,55&hd=001/145,98,55&ey=001&fc=001/145,98,55&hr=008/145,98,55&rs=002/255,255,255&ls=002/255,255,255&bd=001', 26, 10, 27, 10, 26, 10, 4, '|', '|');

-- --------------------------------------------------------

--
-- Table structure for table `rooms_categories`
--

CREATE TABLE IF NOT EXISTS `rooms_categories` (
  `id` int(4) NOT NULL,
  `orderid` int(11) NOT NULL,
  `parentid` int(4) NOT NULL,
  `isnode` enum('1','0') COLLATE latin1_general_ci NOT NULL DEFAULT '0',
  `name` varchar(100) COLLATE latin1_general_ci NOT NULL,
  `publicspaces` enum('1','0') COLLATE latin1_general_ci NOT NULL DEFAULT '0',
  `allowtrading` enum('1','0') COLLATE latin1_general_ci NOT NULL DEFAULT '0',
  `minrole_access` int(1) NOT NULL DEFAULT '1',
  `minrole_setflatcat` int(1) NOT NULL DEFAULT '1',
  PRIMARY KEY (`id`)
) ENGINE=MyISAM DEFAULT CHARSET=latin1 COLLATE=latin1_general_ci;

--
-- Dumping data for table `rooms_categories`
--

INSERT INTO `rooms_categories` (`id`, `orderid`, `parentid`, `isnode`, `name`, `publicspaces`, `allowtrading`, `minrole_access`, `minrole_setflatcat`) VALUES
(0, 0, 0, '0', 'No category', '0', '0', 1, 1),
(3, 0, 0, '1', 'Public rooms', '1', '0', 1, 6),
(4, 0, 0, '1', 'Private rooms', '0', '0', 1, 6),
(120, 0, 4, '0', 'Recommended rooms', '0', '0', 1, 5),
(121, 0, 4, '0', 'Chill, chat and discussion rooms', '0', '0', 1, 1),
(122, 0, 4, '0', 'Trading rooms', '0', '1', 1, 1),
(123, 0, 4, '0', 'Other rooms', '0', '1', 1, 1),
(20, 0, 3, '0', 'Outside Spaces', '1', '0', 1, 6),
(21, 0, 3, '0', 'Cafes, Lounges & Lobbies', '1', '0', 1, 6),
(22, 0, 3, '0', 'Entertainment', '1', '0', 1, 6),
(23, 0, 3, '0', 'Club Pubs', '1', '0', 1, 6),
(24, 0, 3, '0', 'Restaurants', '1', '0', 1, 6),
(25, 0, 3, '0', 'Pools', '1', '0', 1, 6);

-- --------------------------------------------------------

--
-- Table structure for table `rooms_favorites`
--

CREATE TABLE IF NOT EXISTS `rooms_favorites` (
  `userid` int(10) unsigned NOT NULL,
  `roomid` int(10) unsigned NOT NULL
) ENGINE=MyISAM DEFAULT CHARSET=latin1 COLLATE=latin1_general_ci;

-- --------------------------------------------------------

--
-- Table structure for table `rooms_models`
--

CREATE TABLE IF NOT EXISTS `rooms_models` (
  `modeltype` varchar(100) COLLATE latin1_general_ci NOT NULL,
  `door_x` tinyint(3) NOT NULL DEFAULT '0',
  `door_y` tinyint(3) NOT NULL DEFAULT '0',
  `door_z` float NOT NULL,
  `heightmap` text COLLATE latin1_general_ci NOT NULL,
  `usertype` enum('2','1','0') COLLATE latin1_general_ci NOT NULL DEFAULT '1',
  PRIMARY KEY (`modeltype`)
) ENGINE=MyISAM DEFAULT CHARSET=latin1 COLLATE=latin1_general_ci;

--
-- Dumping data for table `rooms_models`
--

INSERT INTO `rooms_models` (`modeltype`, `door_x`, `door_y`, `door_z`, `heightmap`, `usertype`) VALUES
('model_a', 3, 5, 0, 'xxxxxxxxxxxx|xxxx00000000|xxxx00000000|xxxx00000000|xxxx00000000|xxxx00000000|xxxx00000000|xxxx00000000|xxxx00000000|xxxx00000000|xxxx00000000|xxxx00000000|xxxx00000000|xxxx00000000|xxxxxxxxxxxx|xxxxxxxxxxxx', '1'),
('model_b', 0, 5, 0, 'xxxxxxxxxxxx|xxxxx0000000|xxxxx0000000|xxxxx0000000|xxxxx0000000|x00000000000|x00000000000|x00000000000|x00000000000|x00000000000|x00000000000|xxxxxxxxxxxx|xxxxxxxxxxxx|xxxxxxxxxxxx|xxxxxxxxxxxx|xxxxxxxxxxxx', '1'),
('model_c', 4, 7, 0, 'xxxxxxxxxxxx|xxxxxxxxxxxx|xxxxxxxxxxxx|xxxxxxxxxxxx|xxxxxxxxxxxx|xxxxx000000x|xxxxx000000x|xxxxx000000x|xxxxx000000x|xxxxx000000x|xxxxx000000x|xxxxxxxxxxxx|xxxxxxxxxxxx|xxxxxxxxxxxx|xxxxxxxxxxxx|xxxxxxxxxxxx', '1'),
('model_d', 4, 7, 0, 'xxxxxxxxxxxx|xxxxx000000x|xxxxx000000x|xxxxx000000x|xxxxx000000x|xxxxx000000x|xxxxx000000x|xxxxx000000x|xxxxx000000x|xxxxx000000x|xxxxx000000x|xxxxx000000x|xxxxx000000x|xxxxx000000x|xxxxx000000x|xxxxxxxxxxxx', '1'),
('model_e', 1, 5, 0, 'xxxxxxxxxxxx|xxxxxxxxxxxx|xxxxxxxxxxxx|xx0000000000|xx0000000000|xx0000000000|xx0000000000|xx0000000000|xx0000000000|xx0000000000|xx0000000000|xxxxxxxxxxxx|xxxxxxxxxxxx|xxxxxxxxxxxx|xxxxxxxxxxxx|xxxxxxxxxxxx', '1'),
('model_f', 2, 5, 0, 'xxxxxxxxxxxx|xxxxxxx0000x|xxxxxxx0000x|xxx00000000x|xxx00000000x|xxx00000000x|xxx00000000x|x0000000000x|x0000000000x|x0000000000x|x0000000000x|xxxxxxxxxxxx|xxxxxxxxxxxx|xxxxxxxxxxxx|xxxxxxxxxxxx|xxxxxxxxxxxx', '1'),
('model_g', 1, 7, 1, 'xxxxxxxxxxxxx|xxxxxxxxxxxxx|xxxxxxx00000x|xxxxxxx00000x|xxxxxxx00000x|xx1111000000x|xx1111000000x|xx1111000000x|xx1111000000x|xx1111000000x|xxxxxxx00000x|xxxxxxx00000x|xxxxxxx00000x|xxxxxxxxxxxxx|xxxxxxxxxxxxx|xxxxxxxxxxxxx|xxxxxxxxxxxxx', '2'),
('model_h', 4, 4, 1, 'xxxxxxxxxxxx|xxxxxxxxxxxx|xxxxx111111x|xxxxx111111x|xxxxx111111x|xxxxx111111x|xxxxx111111x|xxxxx000000x|xxxxx000000x|xxx00000000x|xxx00000000x|xxx00000000x|xxx00000000x|xxxxxxxxxxxx|xxxxxxxxxxxx|xxxxxxxxxxxx', '2'),
('model_i', 0, 10, 0, 'xxxxxxxxxxxxxxxxx|x0000000000000000|x0000000000000000|x0000000000000000|x0000000000000000|x0000000000000000|x0000000000000000|x0000000000000000|x0000000000000000|x0000000000000000|x0000000000000000|x0000000000000000|x0000000000000000|x0000000000000000|x0000000000000000|x0000000000000000|x0000000000000000|x0000000000000000|x0000000000000000|x0000000000000000|x0000000000000000|x0000000000000000|x0000000000000000|x0000000000000000|x0000000000000000|x0000000000000000|x0000000000000000|xxxxxxxxxxxxxxxxx', '1'),
('model_j', 0, 10, 0, 'xxxxxxxxxxxxxxxxxxxxx|xxxxxxxxxxx0000000000|xxxxxxxxxxx0000000000|xxxxxxxxxxx0000000000|xxxxxxxxxxx0000000000|xxxxxxxxxxx0000000000|xxxxxxxxxxx0000000000|x00000000000000000000|x00000000000000000000|x00000000000000000000|x00000000000000000000|x00000000000000000000|x00000000000000000000|x00000000000000000000|x00000000000000000000|x00000000000000000000|x00000000000000000000|x0000000000xxxxxxxxxx|x0000000000xxxxxxxxxx|x0000000000xxxxxxxxxx|x0000000000xxxxxxxxxx|x0000000000xxxxxxxxxx|x0000000000xxxxxxxxxx|xxxxxxxxxxxxxxxxxxxxx', '1'),
('model_k', 0, 13, 0, 'xxxxxxxxxxxxxxxxxxxxxxxxx|xxxxxxxxxxxxxxxxx00000000|xxxxxxxxxxxxxxxxx00000000|xxxxxxxxxxxxxxxxx00000000|xxxxxxxxxxxxxxxxx00000000|xxxxxxxxx0000000000000000|xxxxxxxxx0000000000000000|xxxxxxxxx0000000000000000|xxxxxxxxx0000000000000000|x000000000000000000000000|x000000000000000000000000|x000000000000000000000000|x000000000000000000000000|x000000000000000000000000|x000000000000000000000000|x000000000000000000000000|x000000000000000000000000|xxxxxxxxx0000000000000000|xxxxxxxxx0000000000000000|xxxxxxxxx0000000000000000|xxxxxxxxx0000000000000000|xxxxxxxxx0000000000000000|xxxxxxxxx0000000000000000|xxxxxxxxx0000000000000000|xxxxxxxxx0000000000000000|xxxxxxxxx0000000000000000|xxxxxxxxx0000000000000000|xxxxxxxxxxxxxxxxxxxxxxxxx', '1'),
('model_l', 0, 16, 0, 'xxxxxxxxxxxxxxxxxxxxx|x00000000000000000000|x00000000000000000000|x00000000000000000000|x00000000000000000000|x00000000000000000000|x00000000000000000000|x00000000000000000000|x00000000000000000000|x00000000xxxx00000000|x00000000xxxx00000000|x00000000xxxx00000000|x00000000xxxx00000000|x00000000xxxx00000000|x00000000xxxx00000000|x00000000xxxx00000000|x00000000xxxx00000000|x00000000xxxx00000000|x00000000xxxx00000000|x00000000xxxx00000000|x00000000xxxx00000000|xxxxxxxxxxxxxxxxxxxxx', '1'),
('model_m', 0, 15, 0, 'xxxxxxxxxxxxxxxxxxxxxxxxxxxxx|xxxxxxxxxxx00000000xxxxxxxxxx|xxxxxxxxxxx00000000xxxxxxxxxx|xxxxxxxxxxx00000000xxxxxxxxxx|xxxxxxxxxxx00000000xxxxxxxxxx|xxxxxxxxxxx00000000xxxxxxxxxx|xxxxxxxxxxx00000000xxxxxxxxxx|xxxxxxxxxxx00000000xxxxxxxxxx|xxxxxxxxxxx00000000xxxxxxxxxx|xxxxxxxxxxx00000000xxxxxxxxxx|xxxxxxxxxxx00000000xxxxxxxxxx|x0000000000000000000000000000|x0000000000000000000000000000|x0000000000000000000000000000|x0000000000000000000000000000|x0000000000000000000000000000|x0000000000000000000000000000|x0000000000000000000000000000|x0000000000000000000000000000|xxxxxxxxxxx00000000xxxxxxxxxx|xxxxxxxxxxx00000000xxxxxxxxxx|xxxxxxxxxxx00000000xxxxxxxxxx|xxxxxxxxxxx00000000xxxxxxxxxx|xxxxxxxxxxx00000000xxxxxxxxxx|xxxxxxxxxxx00000000xxxxxxxxxx|xxxxxxxxxxx00000000xxxxxxxxxx|xxxxxxxxxxx00000000xxxxxxxxxx|xxxxxxxxxxx00000000xxxxxxxxxx|xxxxxxxxxxx00000000xxxxxxxxxx|xxxxxxxxxxxxxxxxxxxxxxxxxxxxx', '1'),
('model_n', 0, 16, 0, 'xxxxxxxxxxxxxxxxxxxxx|x00000000000000000000|x00000000000000000000|x00000000000000000000|x00000000000000000000|x00000000000000000000|x00000000000000000000|x000000xxxxxxxx000000|x000000x000000x000000|x000000x000000x000000|x000000x000000x000000|x000000x000000x000000|x000000x000000x000000|x000000x000000x000000|x000000xxxxxxxx000000|x00000000000000000000|x00000000000000000000|x00000000000000000000|x00000000000000000000|x00000000000000000000|x00000000000000000000|xxxxxxxxxxxxxxxxxxxxx', '1'),
('model_o', 0, 18, 1, 'xxxxxxxxxxxxxxxxxxxxxxxxx|xxxxxxxxxxxxx11111111xxxx|xxxxxxxxxxxxx11111111xxxx|xxxxxxxxxxxxx11111111xxxx|xxxxxxxxxxxxx11111111xxxx|xxxxxxxxxxxxx11111111xxxx|xxxxxxxxxxxxx11111111xxxx|xxxxxxxxxxxxx11111111xxxx|xxxxxxxxxxxxx00000000xxxx|xxxxxxxxx0000000000000000|xxxxxxxxx0000000000000000|xxxxxxxxx0000000000000000|xxxxxxxxx0000000000000000|xxxxxxxxx0000000000000000|xxxxxxxxx0000000000000000|x111111100000000000000000|x111111100000000000000000|x111111100000000000000000|x111111100000000000000000|x111111100000000000000000|x111111100000000000000000|x111111100000000000000000|x111111100000000000000000|xxxxxxxxx0000000000000000|xxxxxxxxx0000000000000000|xxxxxxxxx0000000000000000|xxxxxxxxx0000000000000000|xxxxxxxxxxxxxxxxxxxxxxxxx', '2'),
('model_p', 0, 23, 2, 'xxxxxxxxxxxxxxxxxxx|xxxxxxx222222222222|xxxxxxx222222222222|xxxxxxx222222222222|xxxxxxx222222222222|xxxxxxx222222222222|xxxxxxx222222222222|xxxxxxx22222222xxxx|xxxxxxx11111111xxxx|x222221111111111111|x222221111111111111|x222221111111111111|x222221111111111111|x222221111111111111|x222221111111111111|x222221111111111111|x222221111111111111|x2222xx11111111xxxx|x2222xx00000000xxxx|x2222xx000000000000|x2222xx000000000000|x2222xx000000000000|x2222xx000000000000|x2222xx000000000000|x2222xx000000000000|xxxxxxxxxxxxxxxxxxx', '2'),
('model_q', 10, 4, 2, 'xxxxxxxxxxxxxxxxxxx|xxxxxxxxxxx22222222|xxxxxxxxxxx22222222|xxxxxxxxxxx22222222|xxxxxxxxxxx22222222|xxxxxxxxxxx22222222|xxxxxxxxxxx22222222|x222222222222222222|x222222222222222222|x222222222222222222|x222222222222222222|x222222222222222222|x222222222222222222|x2222xxxxxxxxxxxxxx|x2222xxxxxxxxxxxxxx|x2222211111xx000000|x222221111110000000|x222221111110000000|x2222211111xx000000|xx22xxx1111xxxxxxxx|xx11xxx1111xxxxxxxx|x1111xx1111xx000000|x1111xx111110000000|x1111xx111110000000|x1111xx1111xx000000|xxxxxxxxxxxxxxxxxxx', '2'),
('model_r', 10, 4, 3, 'xxxxxxxxxxxxxxxxxxxxxxxxx|xxxxxxxxxxx33333333333333|xxxxxxxxxxx33333333333333|xxxxxxxxxxx33333333333333|xxxxxxxxxxx33333333333333|xxxxxxxxxxx33333333333333|xxxxxxxxxxx33333333333333|xxxxxxx333333333333333333|xxxxxxx333333333333333333|xxxxxxx333333333333333333|xxxxxxx333333333333333333|xxxxxxx333333333333333333|xxxxxxx333333333333333333|x4444433333xxxxxxxxxxxxxx|x4444433333xxxxxxxxxxxxxx|x44444333333222xx000000xx|x44444333333222xx000000xx|xxx44xxxxxxxx22xx000000xx|xxx33xxxxxxxx11xx000000xx|xxx33322222211110000000xx|xxx33322222211110000000xx|xxxxxxxxxxxxxxxxx000000xx|xxxxxxxxxxxxxxxxx000000xx|xxxxxxxxxxxxxxxxx000000xx|xxxxxxxxxxxxxxxxx000000xx|xxxxxxxxxxxxxxxxxxxxxxxxx', '2'),
('newbie_lobby', 2, 11, 0, 'xxxxxxxxxxxxxxxx000000|xxxxx0xxxxxxxxxx000000|xxxxx00000000xxx000000|xxxxx000000000xx000000|0000000000000000000000|0000000000000000000000|0000000000000000000000|0000000000000000000000|0000000000000000000000|xxxxx000000000000000xx|xxxxx000000000000000xx|x0000000000000000000xx|x0000000000000000xxxxx|xxxxxx00000000000xxxxx|xxxxxxx0000000000xxxxx|xxxxxxxx000000000xxxxx|xxxxxxxx000000000xxxxx|xxxxxxxx000000000xxxxx|xxxxxxxx000000000xxxxx|xxxxxxxx000000000xxxxx|xxxxxxxx000000000xxxxx|xxxxxx00000000000xxxxx|xxxxxx00000000000xxxxx|xxxxxx00000000000xxxxx|xxxxxx00000000000xxxxx|xxxxxx00000000000xxxxx|xxxxx000000000000xxxxx|xxxxx000000000000xxxxx', '0'),
('theater', 20, 27, 0, 'XXXXXXXXXXXXXXXXXXXXXXX|XXXXXXXXXXXXXXXXXXXXXXX|XXXXXXXXXXXXXXXXXXXXXXX|XXXXXXXXXXXXXXXXXXXXXXX|XXXXXXXXXXXXXXXXXXXXXXX|XXXXXXXXXXXXXXXXXXXXXXX|XXXXXXX111111111XXXXXXX|XXXXXXX11111111100000XX|XXXX00X11111111100000XX|XXXX00x11111111100000XX|4XXX00X11111111100000XX|4440000XXXXXXXXX00000XX|444000000000000000000XX|4XX000000000000000000XX|4XX0000000000000000000X|44400000000000000000000|44400000000000000000000|44X0000000000000000O000|44X11111111111111111000|44X11111111111111111000|33X11111111111111111000|22X11111111111111111000|22X11111111111111111000|22X11111111111111111000|22X11111111111111111000|22X11111111111111111000|22211111111111111111000|22211111111111111111000|XXXXXXXXXXXXXXXXXXXX00X|XXXXXXXXXXXXXXXXXXXX00X', '0'),
('library', 20, 3, 1, 'xxxxxxxxxxxxxxxxxxxxxxxxxxxxxxxx|xxxxxxxxxxxxxxxxxxxxxxxxxxxxxxxx|xxxxxxxxxxxxx11111xx1xx1x111111x|xxxxxxxxxxxx111111xx1xx11111111x|xx111xxxxxxx111111xx1xx11111111x|xx111xxxxxxx1111111111111111111x|xx111xxxxxxx1111111111111111111x|xx111xxxxxxx1111111111111111111x|xx111xxxxxxx1111111111111xxxxxxx|xx111xxxxxx11111111111111111111x|xx111xxxxxx11111111111111111111x|xx111xxxxxx11111111111111111111x|xx111xxxxxx11111111111111xxxxxxx|xx111xxxxxxxx111111111111111111x|xx111xx11111x111111111111111111x|xx111xx11111x111111111111111111x|xx111xxxxx11x11111111x111xxxxxxx|xx111xxxxxxxx11111111xx11111111x|xx111xxx1111111111111xxx1111111x|xx111xxx1111111111111xxxx111111x|xxx111xx1111111111x11xxxx000000x|xxxxx1111xx1111111x11xxxx000000x|xxxxxxxxxxxx111111x11xxxx000000x|xxxxxxxxxxxx11xx11x11xxxx000000x|xxxxxxxxxxxx11xx11x11xxxx000000x|xxxxxxxxxxxx11xx11x11xxxx000000x|xxxxxxxxxxxx11xx11x11xxxx000000x|xxxxxxxxxxxx11xx11x11xxxx000000x|xxxxxxxxxxxx11xx11x111xxx000000x|xxxxxxxxxxxxxxxxxxxx11xxx000000x|xxxxxxxxxxxxxxxxxxxx11xxxxxxxxxx|xxxxxxxxxxxxxxxxxxxx22222xxxxxxx|xxxxxxxxxxxxxxxxxxxx22222xxxxxxx|xxxxxxxxxxxxxxxxxxxx22222xxxxxxx|xxxxxxxxxxxxxxxxxxxx22222xxxxxxx|xxxxxxxxxxxxxxxxxxxx22222xxxxxxx|xxxxxxxxxxxxxxxxxxxx22222xxxxxxx|xxxxxxxxxxxxxxxxxxxxxxxxxxxxxxxx', '0'),
('floatinggarden', 2, 21, 5, 'xxxxxxxxxxxxxxxx333333xxxxxxxxx|xxxxxxxxxxxxxxxx3xxxx3xxxxxxxxx|xxxxxxxxxxxxxxxx3xxxx3xxxxxxxxx|xxxxxxxxxxxxxxxx3xxxx3xxxxxxxxx|xxxxxxxxxxxxxxx223xxx33xxxxxxxx|xxxxxxxxxxxxxxx11xxx33333xxxxxx|xxxxxxxxxxxxxxxx11xx3333333xxxx|xxxxxxxxxxxxxxxx11xx33333333xxx|xxxxxxxxxxxxxxxxx11xxxxxxxx3xxx|xxxxxxxxxxxxxxxxxx11xxxx3333xxx|xxxxxxxxxxxxxxxxxxx1xxxx33333xx|xxxxxxxxxxxxxxxxxxx1xxx3333333x|555xxxxxxxxxxx1111111x333333333|555xxxxxxxxxxx21111111xxxxxx333|555xxxxxxxxxxx22111111111xxxxxx|555xxxxxxxxxxx222xxxxxxx111xxxx|555xxxxxxxxxxx22xxxxxxxxxx1xxxx|555xxxxxxxxxxx23333333333x111xx|555xxxxxxxx33333333333333x111xx|555xxxxxxxx333333x3333333x111xx|555xxxxxxxx33333333333333x111xx|555xxxxxxxx33x33333333333x111xx|555xxxxxxxx33x33x33333333x111xx|555xxxxxxxx33x33x33333333x111xx|5554333333333x333x3333333x111xx|x554333333xxxx33xxxxxxxxxx111xx|xxxxxxxxx3xxxx333221111111111xx|xxxxxxxxx3xxxx333221111111111xx|xxxxxxxxx33333333xx1111x11x11xx|xxxxxxxxx33333333111xxx11xxxxxx|xxxxxxxxxxxxxx33311xxxx11xxxxxx|xxxxxxxxxxxxxx33311xxxx11xxxxxx|xxxxxxxxxxxxxx333x1xxxx11xxxxxx|xxxxxxxxxxxxxx333x1xx111111xxxx|xxxxxxxxxxxxxx33311xx111111xxxx|xxxxxxxxxx333333311xx111111xxxx|xxxxxxxxxxx33333311xx111111xxxx|xxxxxxxxxxxxxxxx111xxxxxxxxxxxx|xxxxxxxxxxxxxxx111xxxxxxxxxxxxx', '0'),
('sunset_cafe', 34, 40, 0, 'xxxxxxxxxxxxxxxxxxxxxxxxxxxxxxxxxxxxxxxxxxxxxxxxxx|xxxxxxxxxxxxxxxxxxxxxxxxxxxxxxxxxxxxxxxxxxxxxxxxxx|xxxxxxxxxxxxxxxxxxxxxxxxxxxxxxxxxxxxxxxxxxxxxxxxxx|xxxxxxxxxxxxxxxxxxxxxxxxxxxxxxxxxxxxxxxxxxxxxxxxxx|xxxxxxxxxxxxxxxxxxxxxxxxxxxxxxxxxxxxxxxxxxxxxxxxxx|xxxxxxxxxxxxxxxxxxxxxxxxxxxxxxxxxxxxxxxxxxxxxxxxxx|xxxxxxxxxxxxxxxxxxxxxxxxxxxxxxxxxxxxxxxxxxxxxxxxxx|xxxxxxxxxxxxxxxxxxxxxxxxxxxxxxxxxxxxxxxxxxxxxxxxxx|xxxxxxxxxxxxxxxxxxxxxxxxxxxxxxxxxxxxxxxxxxxxxxxxxx|xxxxxxxxxxxxxxxxxxxxxxxxxxxxxxxxxxxxxxxxxxxxxxxxxx|xxxxxxxxxxxxxxxxxxxxxxxxxxxxxxxxxxxxxxxxxxxxxxxxxx|xxxxxxxxxxxxxxxxxxxxxxxxxxxxxxxxxxxxxxxxxxxxxxxxxx|xxxxxxxxxxxxxxxxxxxxxxxxxxxxxxxxxxxxxxxxxxxxxxxxxx|xxxxxxxxxxxxxxxxxxxxxxxxxxxxxxxxxxxxxxxxxxxxxxxxxx|xxxxxxxxxxxxxxxxxxxxxxxxxxxxxxxxxxxxxxxxxxxxxxxxxx|xxxxxxxxxxxxxxxxxxxxxxxxxxxxxxxxxxxxxxxxxxxxxxxxxx|xxxxxxxxxxxxxxxxxxxxxxxxxxxxxxxxxxxxxxxxxxxxxxxxxx|xxxxxxxxxxxxxxxxxxxxxxxxxxxxxxxxxxxxxxxxxxxxxxxxxx|xxxxxxxxxxxxxxxxxxxxxxxxxxxxxxxxxxxxxxxxxxxxxxxxxx|xxxxxxxxxxxxxxxxxxxxxxxxxxxxxxxxxxxxxxxxxxxxxxxxxx|xxxxxxxxxxxxxxxxxxxxxxxxxxxxxxxxxxxxxxxxxxxxxxxxxx|xxxxxxxxxxxxxxxxxxxxxxxxxxxxxxxx000000xxxxxxxxxxxx|xxxxxxxxxxxxxxxxxxxxxxxxxxxxxxxx0000000xxxxxxxxxxx|xxxxxxxxxxxxxxxxxxxxxxxxx00000xx00000000xxxxxxxxxx|xxxxxxxxxxxxxxxxxxxxxx000000000000000000xxxxxxxxxx|xxxxxxxxxxxxxxxxxxxxxx000000000000000000xxxxxxxxxx|xxxxxxxxxxxxxxxxxxxxxx000000000000000000xxxxxxxxxx|xxxxxxxxxxxxxxxxxxxxxx000000000000000000xxxxxxxxxx|xxxxxxxxxxxxxxxxxxxxxx00000000xxx0000000xxxxxxxxxx|xxxxxxxxxxxxxxxxxxxxxx00000000xxxx000000xxxxxxxxxx|xxxxxxxxxxxxxxxxxxxxxx00000000xxxxxxxxxxxxxxxxxxxx|xxxxxxxxxxxxxxxxxxxxxx0000000000000000xxxxxxxxxxxx|xxxxxxxxxxxxxxxxxxxxx00000000000000000xxxxxxxxxxxx|xxxxxxxxxxxxxxxxxxxxx00000000000000000xxxxxxxxxxxx|xxxxxxxxxxxxxxxxxxxxx00000000000000000xxxxxxxxxxxx|xxxxxxxxxxxxxxxxxxxxx00000000000000000xxxxxxxxxxxx|xxxxxxxxxxxxxxxxxxxxx00000000000000000xxxxxxxxxxxx|xxxxxxxxxxxxxxxxxxxxxxxxxxxxxx00000000xxxxxxxxxxxx|xxxxxxxxxxxxxxxxxxxxxxxxxxxxxxx0000000xxxxxxxxxxxx|xxxxxxxxxxxxxxxxxxxxxxxxxxxxxxxx0000xxxxxxxxxxxxxx|xxxxxxxxxxxxxxxxxxxxxxxxxxxxxxxx0000xxxxxxxxxxxxxx|xxxxxxxxxxxxxxxxxxxxxxxxxxxxxxxx0000xxxxxxxxxxxxxx|xxxxxxxxxxxxxxxxxxxxxxxxxxxxxxxxxxxxxxxxxxxxxxxxxx|xxxxxxxxxxxxxxxxxxxxxxxxxxxxxxxxxxxxxxxxxxxxxxxxxx|xxxxxxxxxxxxxxxxxxxxxxxxxxxxxxxxxxxxxxxxxxxxxxxxxx|xxxxxxxxxxxxxxxxxxxxxxxxxxxxxxxxxxxxxxxxxxxxxxxxxx|xxxxxxxxxxxxxxxxxxxxxxxxxxxxxxxxxxxxxxxxxxxxxxxxxx|xxxxxxxxxxxxxxxxxxxxxxxxxxxxxxxxxxxxxxxxxxxxxxxxxx|xxxxxxxxxxxxxxxxxxxxxxxxxxxxxxxxxxxxxxxxxxxxxxxxxx|xxxxxxxxxxxxxxxxxxxxxxxxxxxxxxxxxxxxxxxxxxxxxxxxxx', '0'),
('pool_a', 2, 25, 7, 'xxxxxxxxxxxxxxxxxxxxxxxxxxxxxxxxxxxxxxxxxxx|xxxxxxxxxxxxxxxxxxxxxxxxxxxxxxxxxxxxxxxxxxx|xxxxxxxxxxxxxxxxx7xxxxxxxxxxxxxxxxxxxxxxxxx|xxxxxxxxxxxxxxxxx777xxxxxxxxxxxxxxxxxxxxxxx|xxxxxxxxxxxxxx7777777xxxxxxxxxxxxxxxxxxxxxx|xxxxxxxxxxxxxx77777777xxxxxxxxxxxxxxxxxxxxx|xxxxxxxxxxxxxxx77777777xxxxxxxxxxxxxxxxxxxx|xxxxxxxxxxxxxxx777777777xxxxxxxxxxxxxxxxxxx|xxxxxxxxxxxxxxx7xxx777777xxxxxxxxxxxxxxxxxx|xxxxxxxxxxxxxxx7x777777777xxxxxxxxxxxxxxxxx|xxxxxxxxxxxxxxx7xxx77777777xxxxxxxxxxxxxxxx|xxxxxxxxxxxxxxx7x777777777x7xxxxxxxxxxxxxxx|xxxxxxxxxxxxxxx7xxx7777777777xxxxxxxxxxxxxx|xxxxxxxxxxxxxxx777777777777xxxxxxxxxxxxxxxx|xxxxxxxxxxxxxxx77777777777x2111xxxxxxxxxxxx|xxxxxxxxxxxxxxx7777777777x221111xxxxxxxxxxx|xxxxxxxxx7777777777777777x2211111xxxxxxxxxx|xxxxxxxxx7777777777777777x22211111xxxxxxxxx|xxxxxxxxx7777777777777777x222211111xxxxxxxx|xxxxxx77777777777777777777x222211111xxxxxxx|xxxxxx7777777xx777777777777x222211111xxxxxx|xxxxxx7777777xx77777777777772222111111xxxxx|xxxxxx777777777777777777777x22221111111xxxx|xx7777777777777777777777x322222211111111xxx|77777777777777777777777x33222222111111111xx|7777777777777777777777x333222222211111111xx|xx7777777777777777777x333322222222111111xxx|xx7777777777777777777333332222222221111xxxx|xx777xxx777777777777733333222222222211xxxxx|xx777x7x77777777777773333322222222222xxxxxx|xx777x7x7777777777777x33332222222222xxxxxxx|xxx77x7x7777777777777xx333222222222xxxxxxxx|xxxx77777777777777777xxx3222222222xxxxxxxxx|xxxxx777777777777777777xx22222222xxxxxxxxxx|xxxxxx777777777777777777x2222222xxxxxxxxxxx|xxxxxxx777777777777777777222222xxxxxxxxxxxx|xxxxxxxx7777777777777777722222xxxxxxxxxxxxx|xxxxxxxxx77777777777777772222xxxxxxxxxxxxxx|xxxxxxxxxx777777777777777222xxxxxxxxxxxxxxx|xxxxxxxxxxx77777777777777x2xxxxxxxxxxxxxxxx|xxxxxxxxxxxx77777777777777xxxxxxxxxxxxxxxxx|xxxxxxxxxxxxx777777777777xxxxxxxxxxxxxxxxxx|xxxxxxxxxxxxxx7777777777xxxxxxxxxxxxxxxxxxx|xxxxxxxxxxxxxxx77777777xxxxxxxxxxxxxxxxxxxx|xxxxxxxxxxxxxxxx777777xxxxxxxxxxxxxxxxxxxxx|xxxxxxxxxxxxxxxxx7777xxxxxxxxxxxxxxxxxxxxxx|xxxxxxxxxxxxxxxxxx77xxxxxxxxxxxxxxxxxxxxxxx|xxxxxxxxxxxxxxxxxxxxxxxxxxxxxxxxxxxxxxxxxxx', '0'),
('pub_a', 15, 25, 0, 'xxxxxxxxxxxxxxxxxxxxxxxxx|xxxxxxxxx2222222211111xxx|xxxxxxxxx2222222211111xxx|xxxxxxxxx2222222211111xxx|xxxxxxxxx2222222211111xxx|xxxxxxxxx2222222222111xxx|xxxxxxxxx2222222222111xxx|xxxxxxxxx2222222222000xxx|xxxxxxxxx2222222222000xxx|xxxxxxxxx2222222222000xxx|xxxxxxxxx2222222222000xxx|x333333332222222222000xxx|x333333332222222222000xxx|x333333332222222222000xxx|x333333332222222222000xxx|x333333332222222222000xxx|x333332222222222222000xxx|x333332222222222222000xxx|x333332222222222222000xxx|x333332222222222222000xxx|x333333332222222222000xxx|xxxxx31111112222222000xxx|xxxxx31111111000000000xxx|xxxxx31111111000000000xxx|xxxxx31111111000000000xxx|xxxxx31111111000000000xxx|xxxxxxxxxxxxxxx00xxxxxxxx|xxxxxxxxxxxxxxx00xxxxxxxx|xxxxxxxxxxxxxxx00xxxxxxxx|xxxxxxxxxxxxxxx00xxxxxxxx|xxxxxxxxxxxxxxxxxxxxxxxxx', '0'),
('md_a', 1, 5, 7, 'xxxxxxxx77xxxxxxxxxxxxxxxx|xxxxxxxx77xxxxxxxxxxxxxxxx|xxxxxx77777x77xxxxxxxxxxxx|xxx77777777777xxx44xxxxxxx|77777777777777xx444444444x|777777777777777xx44444444x|xxx777777777777xx44444444x|xxxx7777777777xxx44444444x|7777777777777777744448444x|7777777777777x4x744448444x|777777777777x444444448444x|7777777777774444444448444x|7777777777774444444448444x|777777777777x444444448444x|7777777777777x44444448444x|xxx777777777777x444448444x|xxx7777777777777444448444x|xxx7777777777777444448444x|xxx777777777777x444448444x|xxx77777777777x4444444444x|xxxx777777777444444444444x|xxxxxxxxxxxxxxxxxxxxxxxxxx', '0'),
('picnic', 16, 5, 2, 'xxxxxxxxxxxxxxxxxxxxxxxxxxxxxxxxxxxxxx|xxxxxxxxxxxxxxxxxxxxxxxxxxxxxxxxxxxxxx|xxxxxxxxxxxxxxxxxxxxxxxxxxxxxxxxxxxxxx|xxxxxxxxxxxxxxxxxxxxxxxxxxxxxxxxxxxxxx|xx22222xxxxxxxxxxxxxxxxxxxxxxxxxxxxxxx|22xxxxxxxxxxxxx22xxxxxxxxxxxxxxxxxxxxx|2222222222222222222x222222222222222222|22222222222222222222222222222222222222|22222222222222222222222222222222222222|22222222222222222222222222222222222222|22222222222xxx222222222222222222222222|2222222222xx33x22222222222222222222222|222222222xx3333x2222222222222222222222|222222222x333333x222222222222222222222|222222222x333333x222222222222222222222|2222222222x3332x2222222222222222222222|22222222222x33x22222222222222222222222|22222222222222222222222222222222222222|22222222222222222222222222222222222222|22222222222222222222222222222222222222|22222222222222222222222222222222222222|22222222222222222222222222222222222222|22222222222222222222222222222222222222|22222222x22222xxxx22222222222222222222|22222222222222xxxx22222222222222222222|22222222222222xxx222222222222222222222|22222222222222222222222222222222222222|22222222222222222222222222222222222222|22222222222222222222222222222222222222|22222222222222222222222222222222222222|22222222222222222222222222222222222222|22222222222222222222222222222222222222|22222222222222222222222222222222222222|22222222222222222222222222222222222222|22222222222222222222222222222222222222|22222222222222222222222222222222222222|22222222222222222222222222222222222222|22222222222222222222222222222222222222|22222222222222222222222222222222222222|22222222222222222222222222222222222222|22222222222222222222222222222222222222|22222222222222222222222222222222222222|22222222222222222222222222222222222222|22222222222222222222222222222222222222', '0'),
('park_a', 2, 15, 0, 'xxxxxxxxxxxxxxxxxxxxxxxxxxxxxxxxxxxxxxxxxxxx|xxxxxxxxxxxxxxxxxxxxxxxxxxxxxxxxxxxxxxxxxxxx|xxxxxxxxxxxxxxxxxxxxxxxxxxxxxx0xxxxxxxxxxxxx|xxxxxxxxxxxxxxxxxxxxxxxxxxxxxx00xxxxxxxxxxxx|xxxxxxxxxxxxx0x00xxxxxxxxxxx0x000xxxxxxxxxxx|xxxxxxxxxxxx0000000000000000000000xxxxxxxxxx|xxxxxxxxxxx000000000000000000000000xxxxxxxxx|xxxxxxxxxxx0000000000000000000000000xxxxxxxx|xxxxxxxxxxx00000000000000000000000000xxxxxxx|xxxxxxxx000000000000000000000000000000xxxxxx|xxxxxxx00000000000000000000000000000000xxxxx|xxxxxxx000000000000000000000000000000000xxxx|xxxxxxx0000000000000000000000000000000000xxx|xxxxxxxxx000000000000000000000000000000000xx|00000000000000000000xx00000000000000000000xx|0000000000000000000xxxx00000000000xxxxxxx0xx|0000000000000000000xxxx00000000000x00000xxxx|xxxxx00x0000000000xxxxx0xxxxxx0000x0000000xx|xxxxx0000000000000xxxxx0xx000x0000x000000xxx|xxxxx0000000000000xxxxx0x000000000x00000xxxx|xxxxx000000x0000000xxxx0x000000000xxx00xxxxx|xxxxxxxx000x0000000xxx00xxx000000x0000xxxxxx|xxxxxxxx000x000000xxxx0x0000000000000xxxxxxx|xxxxxxxx000x000000011100000000000000xxxxxxxx|xxxxxxxx000x00000001110000000000000xxxxxxxxx|xxxxxxxxx00x0000000111x00000000x00xxxxxxxxxx|xxxxxxxxxx0x0000000xxx0000000xxxxxxxxxxxxxxx|xxxxxxxxxxxx000000xxxx0000000xxxxxxxxxxxxxxx|xxxxxxxxxxxx000000xxx00xxxxx00xxxxxxxxxxxxxx|xxxxxxxxxxxxxxxxx0xxx0xx000x00xxxxxxxxxxxxxx|xxxxxxxxxxxxxxxxx0xxx0x000000xxxxxxxxxxxxxxx|xxxxxxxxxxxxxxxxx0xxx0x00000xxxxxxxxxxxxxxxx|xxxxxxxxxxxxxxxxx0xxxxx00xxxxxxxxxxxxxxxxxxx|xxxxxxxxxxxxxxxxx0xxxxx0xxxxxxxxxxxxxxxxxxxx', '0'),
('park_b', 11, 2, 0, '0000x0000000|0000xx000000|000000000000|00000000000x|000000000000|00x0000x0000', '0'),
('pool_b', 9, 21, 7, 'xxxxxxxxxxxxxxxxxxxxxxxxxxxxxxxxxxxxxxxxxxxxx|xxxxxxxxxxxxxxxxxxxxxxxxxxxxxxxx7xxxxxxxxxxxx|xxxxxxxxxxxxxxxxxxxxxxxxxxxxxxx777xxxxxxxxxxx|xxxxxxxxxxxxxxxxxx8888888x7xxx77777xxxxxxxxxx|xxxxxxxxxxxxxxxxxx8888888x7xxx777777xxxxxxxxx|xxxxxxxxxxxxxxxx88xxxxx77x7x777777777xxxxxxxx|xxxxxxxxxxxxxxxx88x7777777777777777777xxxxxxx|xxxxxxxxxxxxxxxx88x77777777777777777777xxxxxx|xxxxxxxxxxxxxx9988x77777777777777777777xxxxxx|xxxxxxxxxxxxxx9988x7777777777777777777x00xxxx|xxxxxxxxxxxxxx9988x777777777777777777x0000xxx|xxxxxxxxxxxxxx9988x7777777x0000000000000000xx|xxxxxxxxxxxxxx9988x777777x000000000000000000x|7777777777xxxx9988777777x0x0000000000000000xx|x7777777777xxx998877777x000x00000000000000xxx|xx7777777777xx99887777x00000x000000000000xxxx|xxx7777777777x9988777x0000000x0000000000xxxxx|xxxx777777777x777777x00000000x000000000xxxxxx|xxxxx777777777777777000000000x00000000xxxxxxx|xxxxxx77777777777777000000000x0000000xxxxxxxx|xxxxxxx777777x7777770000000000xxxx00xxxxxxxxx|xxxxxxxx77777777777xx0000000000000xxxxxxxxxxx|xxxxxxxxx777777110000x000000000000xxxxxxxxxxx|xxxxxxxxxx7x77x1100000x0000000000xxxxxxxxxxxx|xxxxxxxxxxx777x11000000x00000000xxxxxxxxxxxxx|xxxxxxxxxxxx771110000000x000000xxxxxxxxxxxxxx|xxxxxxxxxxxxx111100000000x0000xxxxxxxxxxxxxxx|xxxxxxxxxxxxxx11100000000x000xxxxxxxxxxxxxxxx|xxxxxxxxxxxxxxx1100000000x00xxxxxxxxxxxxxxxxx|xxxxxxxxxxxxxxxx110000000x0xxxxxxxxxxxxxxxxxx|xxxxxxxxxxxxxxxxx110000000xxxxxxxxxxxxxxxxxxx|xxxxxxxxxxxxxxxxxx1100000xxxxxxxxxxxxxxxxxxxx|xxxxxxxxxxxxxxxxxxx11000xxxxxxxxxxxxxxxxxxxxx|xxxxxxxxxxxxxxxxxxxx110xxxxxxxxxxxxxxxxxxxxxx|xxxxxxxxxxxxxxxxxxxxx1xxxxxxxxxxxxxxxxxxxxxxx|xxxxxxxxxxxxxxxxxxxxxxxxxxxxxxxxxxxxxxxxxxxxx|xxxxxxxxxxxxxxxxxxxxxxxxxxxxxxxxxxxxxxxxxxxxx|xxxxxxxxxxxxxxxxxxxxxxxxxxxxxxxxxxxxxxxxxxxxx|xxxxxxxxxxxxxxxxxxxxxxxxxxxxxxxxxxxxxxxxxxxxx|xxxxxxxxxxxxxxxxxxxxxxxxxxxxxxxxxxxxxxxxxxxxx|xxxxxxxxxxxxxxxxxxxxxxxxxxxxxxxxxxxxxxxxxxxxx|xxxxxxxxxxxxxxxxxxxxxxxxxxxxxxxxxxxxxxxxxxxxx|xxxxxxxxxxxxxxxxxxxxxxxxxxxxxxxxxxxxxxxxxxxxx|xxxxxxxxxxxxxxxxxxxxxxxxxxxxxxxxxxxxxxxxxxxxx|xxxxxxxxxxxxxxxxxxxxxxxxxxxxxxxxxxxxxxxxxxxxx|xxxxxxxxxxxxxxxxxxxxxxxxxxxxxxxxxxxxxxxxxxxxx|xxxxxxxxxxxxxxxxxxxxxxxxxxxxxxxxxxxxxxxxxxxxx|xxxxxxxxxxxxxxxxxxxxxxxxxxxxxxxxxxxxxxxxxxxxx', '0'),
('ballroom', 13, 6, 0, 'xxxx4444444444444444444|xxxx4444444444444444444|xxxx4444444444444444444|xxxx33x2222444442222x33|xxxx2222222x00xx2222222|xxxx22222220000x2222222|xxxx11x0000x000x0000x11|xxxx0000000000000000000|11100000000000000000000|11100000000000000000000|11100000000000000000000|xxxx0000000000000000000|22210000000000000000000|22210000000000000000000|22210000000000000000000|xxxx0000000000000000000|11100000000000000000000|11100000000000000000000|11100000000000000000000|xxxxx000x11111111x0000x|xxxxxx00x1111x111x000xx|xxxxxxx0x11111111x00xxx|xxxxxxxxx11111111x0xxxx|xxxxxxxxx11111111xxxxxx', '0'),
('spa', 9, 29, 0, 'xxxxxxxxxx1111xxxxxxx|xxxxxxxxxx11111xxxxxx|xxxxxxxxxx111111xxxxx|xx111111111111111xxxx|x11111111111111111xxx|1111111111111111111xx|11111111111111111111x|111111111111111111111|111111111111111111111|1111111111111x1111111|1111111000000x1111111|1111111000000x1111111|1111111000000x1111111|1111111000000x1111111|1111111000000x1111111|1111111000000x1111111|1111111000000x1111111|1111111000000x1111111|1111111000000x1111111|1111111000000xxx00000|111111100000000000000|111111100000000000000|111111100000000000000|111111100000000xxxxx0|11111110000000xxxxxx0|11111110000000xxxxxx0|11111110000000xxxxxxx|x1111110000000xxxxxxx|xxxxxxxx0000000000xxx|xxxxxxxx000xxxxxxxxxx|xxxxxxxx000xxxxxxxxxx|xxxxxxxx000xxxxxxxxxx|xxxxxxxxxxxxxxxxxxxxx|xxxxxxxxxxxxxxxxxxxxx|xxxxxxxxxxxxxxxxxxxxx', '0'),
('cafe', 30, 40, 0, 'xxxxxxxxxxxxxxxxxxxxxxxxxxxxxxxxxxxxxxxxxxxxxxxxxx|xxxxxxxxxxxxxxxxxxxxxxxxxxxxxxxxxxxxxxxxxxxxxxxxxx|xxxxxxxxxxxxxxxxxxxxxxxxxxxxxxxxxxxxxxxxxxxxxxxxxx|xxxxxxxxxxxxxxxxxxxxxxxxxxxxxxxxxxxxxxxxxxxxxxxxxx|xxxxxxxxxxxxxxxxxxxxxxxxxxxxxxxxxxxxxxxxxxxxxxxxxx|xxxxxxxxxxxxxxxxxxxxxxxxxxxxxxxxxxxxxxxxxxxxxxxxxx|xxxxxxxxxxxxxxxxxxxxxxxxxxxxxxxxxxxxxxxxxxxxxxxxxx|xxxxxxxxxxxxxxxxxxxxxxxxxxxxxxxxxxxxxxxxxxxxxxxxxx|xxxxxxxxxxxxxxxxxxxxxxxxxxxxxxxxxxxxxxxxxxxxxxxxxx|xxxxxxxxxxxxxxxxxxxxxxxxxxxxxxxxxxxxxxxxxxxxxxxxxx|xxxxxxxxxxxxxxxxxxxxxxxxxxxxxxxxxxxxxxxxxxxxxxxxxx|xxxxxxxxxxxxxxxxxxxxxxxxxxxxxxxxxxxxxxxxxxxxxxxxxx|xxxxxxxxxxxxxxxxxxxxxxxxxxxxxxxxxxxxxxxxxxxxxxxxxx|xxxxxxxxxxxxxxxxxxxxxxxxxxxxxxxxxxxxxxxxxxxxxxxxxx|xxxxxxxxxxxxxxxxxxxxxxxxxxxxxxxxxxxxxxxxxxxxxxxxxx|xxxxxxxxxxxxxxxxxxxxxxxxxxxxxxxxxxxxxxxxxxxxxxxxxx|xxxxxxxxxxxxxxxxxxxxxxxxxxxxxxxxxxxxxxxxxxxxxxxxxx|xxxxxxxxxxxxxxxxxxxxxxxxxxxxxxxxxxxxxxxxxxxxxxxxxx|xxxxxxxxxxxxxxxxxxxxxxxxxxxxxxxxxxxxxxxxxxxxxxxxxx|xxxxxxxxxxxxxxxxxxxxxxxxxxxxxxxxxxxxxxxxxxxxxxxxxx|xxxxxxxxxxxxxxxxxxxxxxxxxxxxxxxxxxxxxxxxxxxxxxxxxx|xxxxxxxxxxxxxxxxxxxxxxxxxxxxxxxx000000xxxxxxxxxxxx|xxxxxxxxxxxxxxxxxxxxxxxxxxxxxxxx0000000xxxxxxxxxxx|xxxxxxxxxxxxxxxxxxxxxxxxx00000xx00000000xxxxxxxxxx|xxxxxxxxxxxxxxxxxxxxxx000000000000000000xxxxxxxxxx|xxxxxxxxxxxxxxxxxxxxxx000000000000000000xxxxxxxxxx|xxxxxxxxxxxxxxxxxxxxxx000000000000000000xxxxxxxxxx|xxxxxxxxxxxxxxxxxxxxxx000000000000000000xxxxxxxxxx|xxxxxxxxxxxxxxxxxxxxxx00000000xxx0000000xxxxxxxxxx|xxxxxxxxxxxxxxxxxxxxxx00000000xxxx000000xxxxxxxxxx|xxxxxxxxxxxxxxxxxxxxxx00000000xxxxxxxxxxxxxxxxxxxx|xxxxxxxxxxxxxxxxxxxxxx0000000000000000xxxxxxxxxxxx|xxxxxxxxxxxxxxxxxxxxx00000000000000000xxxxxxxxxxxx|xxxxxxxxxxxxxxxxxxxxx00000000000000000xxxxxxxxxxxx|xxxxxxxxxxxxxxxxxxxxx00000000000000000xxxxxxxxxxxx|xxxxxxxxxxxxxxxxxxxxx00000000000000000xxxxxxxxxxxx|xxxxxxxxxxxxxxxxxxxxx00000000000000000xxxxxxxxxxxx|xxxxxxxxxxxxxxxxxxxxxxxxxxxxxx00000000xxxxxxxxxxxx|xxxxxxxxxxxxxxxxxxxxxxxxxxxxxxx0000000xxxxxxxxxxxx|xxxxxxxxxxxxxxxxxxxxxxxxxxxxxxxx0000xxxxxxxxxxxxxx|xxxxxxxxxxxxxxxxxxxxxxxxxxxxxxxx0000xxxxxxxxxxxxxx|xxxxxxxxxxxxxxxxxxxxxxxxxxxxxxxx0000xxxxxxxxxxxxxx|xxxxxxxxxxxxxxxxxxxxxxxxxxxxxxxxxxxxxxxxxxxxxxxxxx|xxxxxxxxxxxxxxxxxxxxxxxxxxxxxxxxxxxxxxxxxxxxxxxxxx|xxxxxxxxxxxxxxxxxxxxxxxxxxxxxxxxxxxxxxxxxxxxxxxxxx|xxxxxxxxxxxxxxxxxxxxxxxxxxxxxxxxxxxxxxxxxxxxxxxxxx|xxxxxxxxxxxxxxxxxxxxxxxxxxxxxxxxxxxxxxxxxxxxxxxxxx|xxxxxxxxxxxxxxxxxxxxxxxxxxxxxxxxxxxxxxxxxxxxxxxxxx|xxxxxxxxxxxxxxxxxxxxxxxxxxxxxxxxxxxxxxxxxxxxxxxxxx|xxxxxxxxxxxxxxxxxxxxxxxxxxxxxxxxxxxxxxxxxxxxxxxxxx', '0'),
('den', 3, 22, 0, '00000000xxxxxxxx|0000000000000000|0000000000000000|000000000000xx00|0000000000000000|0000000000000000|0000000000000000|x000000000000000|0000000000000000|0000000000000000|0000000000000000|0000000000000000|x000000000000000|x000000000000000|x000000000000000|x000000000000000|x000000000000000|x000000000000000|x000000000000000|x000000000000000|xxx00xxxxxxxxxxx|xxx00xxxxxxxxxxx|xxx00xxxxxxxxxxx', '0'),
('gardens', 2, 15, 0, 'xxxxxxxxxxxxxxxxxxxxxxxxxxxxxxxxxxxxxxxxxxxx|xxxxxxxxxxxxxxxxxxxxxxxxxxxxxxxxxxxxxxxxxxxx|xxxxxxxxxxxxxxxxxxxxxxxxxxxxxx0xxxxxxxxxxxxx|xxxxxxxxxxxxxxxxxxxxxxxxxxxxxx00xxxxxxxxxxxx|xxxxxxxxxxxxx0x00xxxxxxxxxxx0x000xxxxxxxxxxx|xxxxxxxxxxxx0000000000000000000000xxxxxxxxxx|xxxxxxxxxxx000000000000000000000000xxxxxxxxx|xxxxxxxxxxx0000000000000000000000000xxxxxxxx|xxxxxxxxxxx00000000000000000000000000xxxxxxx|xxxxxxxx000000000000000000000000000000xxxxxx|xxxxxxx00000000000000000000000000000000xxxxx|xxxxxxx000000000000000000000000000000000xxxx|xxxxxxx0000000000000000000000000000000000xxx|xxxxxxxxx000000000000000000000000000000000xx|00000000000000000000xx00000000000000000000xx|0000000000000000000xxxx00000000000xxxxxxx0xx|0000000000000000000xxxx00000000000x00000xxxx|xxxxx00x0000000000xxxxx0xxxxxx0000x0000000xx|xxxxx0000000000000xxxxx0xx000x0000x000000xxx|xxxxx0000000000000xxxxx0x000000000x00000xxxx|xxxxx000000x0000000xxxx0x000000000xxx00xxxxx|xxxxxxxx000x0000000xxx00xxx000000x0000xxxxxx|xxxxxxxx000x000000xxxx0x0000000000000xxxxxxx|xxxxxxxx000x000000011100000000000000xxxxxxxx|xxxxxxxx000x00000001110000000000000xxxxxxxxx|xxxxxxxxx00x0000000111x00000000x00xxxxxxxxxx|xxxxxxxxxx0x0000000xxx0000000xxxxxxxxxxxxxxx|xxxxxxxxxxxx000000xxxx0000000xxxxxxxxxxxxxxx|xxxxxxxxxxxx000000xxx00xxxxx00xxxxxxxxxxxxxx|xxxxxxxxxxxxxxxxx0xxx0xx000x00xxxxxxxxxxxxxx|xxxxxxxxxxxxxxxxx0xxx0x000000xxxxxxxxxxxxxxx|xxxxxxxxxxxxxxxxx0xxx0x00000xxxxxxxxxxxxxxxx|xxxxxxxxxxxxxxxxx0xxxxx00xxxxxxxxxxxxxxxxxxx|xxxxxxxxxxxxxxxxx0xxxxx0xxxxxxxxxxxxxxxxxxxx', '0'),
('gate_park', 17, 26, 0, 'xxxxxxxxx222xx222222xxx222xxxxxx|xxxxxxxxx222xx2222222xx222xxxxxx|xxxxxxxxx22222222222222222xxxxxx|xxxxxxxxx22222222222222222xxxxxx|xxxxxxxxx22222222222222222xxxxxx|xxxxxxxxx22222x22222x22222xxxxxx|xxxxxxxxx11111x22222x11111xxxxxx|0000000xx00000x22222x00000xxxxxx|0000000xx00000000000000000xxxxxx|000000000000000000000000000xx00x|000000000000xxx00000xxx00000000x|000000000000xxx00000xxx00000000x|000000000000xxx00000xxx000000000|00000000000000000000000000000000|x0000000000000000000000000000000|xxx00000000000000000000000000000|xxxxx000000000000000000000000000|xxxxx000000000000000000000000000|xxxxx000000000000000000000000xxx|xxxxxx00000000000000000000000xxx|xxxxxxx000000000000000000000xxxx|xxxxxxxxxx00000000000000000xxxxx|xxxxxxxxxx0000000000000000xxxxxx|xxxxxxxxxx000000000000000xxxxxxx|xxxxxxxxxxxxx00000000000xxxxxxxx|xxxxxxxxxxxxxx000000000xxxxxxxxx|xxxxxxxxxxxxxxxx000xxxxxxxxxxxxx|xxxxxxxxxxxxxxxx000xxxxxxxxxxxxx|xxxxxxxxxxxxxxxx000xxxxxxxxxxxxx', '0'),
('square_2', 17, 23, 0, 'xxxxxxxxxxx111111111111xxxxxxxxxxxx|xxxxxxxxxx11111111111111xxxxxxxxxxx|xxxxxxxxxx11111111111111xxxxxxxxxxx|xxxxxxxxxx11xxxx11xxxx11xxxxxxxxxxx|xxxxxxxxxx00xxxx00xxxx00xxxxxxxxxxx|xxxxxxx0000000000000000000xxxxxxxxx|xxxxxx000000000000000000000xxxxxxxx|xxxxx0000000000000000000x000xxxxxxx|xxxx00000000000000000000xx000xxxxxx|xxxx00000000000000000000xxx000xxxxx|xxxx00000000000000000000xxxx00xxxxx|000000000000000000000000000000xxxxx|0000000000000000000000000000000xxxx|000000000000000000000000000000xxxxx|000000000000000000000000000000xxxxx|000000000000000000000000000000xxxxx|xx00000000000000000000000000000000x|xxx000xxxx00000000000000xxxx0000000|xxx0000xxx00000000000000xxx00000000|xxxx0000xx00000000000000xx000000000|xxxxx0000x00000000000000x00000000xx|xxxxxx00000000000000000000000xxxxxx|xxxxxxx00000x000000000000000x0xxxxx|xxxxxxxx0000xxx0000xxx000000xxxxxxx|xxxxxxxxx000xxx0000xxx000000xxxxxxx|xxxxxxxxxxxxxxx0000xxx000000xxxxxxx|xxxxxxxxxxxxxxxx000xxx000000xxxxxxx|xxxxxxxxxxxxxxxxxxxxxx00000xxxxxxxx', '0'),
('sun_terrace', 9, 17, 0, 'xxxxxx21000000000xxxxxxxx|xxxxxx3xxx000xx000xxxxxxx|xxxxxx4xxx000xxx000xxxxxx|xxxxxx44xx000x00x000xxxxx|xxxxxx44xx0000xx00000xxxx|xxxxxx44xx000000000000xxx|xxxxxx44xx0000000000000xx|xxxxxxx4xxxxxxx00000000xx|xxxxxxx4xxxxxxx0000000xxx|xxxxxx444432222xxx00xxxxx|xxxxxx444432222x0000000xx|xxxxxx444432222x0000000xx|xxxxxx44400x222x0000000xx|xxxxxx444000x11x0000000xx|xxxxxx444000000x0000000xx|xxxxxx444000000x0000000xx|xxxxxx440000000000000000x|xxxxxx4400000000000000000|x8876x444000000x000000000|x8xx6x444000000x000000000|x9xx6x444000000x000000000|999x65444000000x000000000|999xxx444xxxxxxxxxx000000|999xxx444xxxxxxxxxxx00000|999xxx333xxxxxxxxxxxx0000|999xxx222222222222222x000|xxxxxx222222222222222xx00|xxxxxx222222222222222xxx0|xxxxxx222222222222222xxxx|xxxxxxx22222222222222xxxx|xxxxxxxx2222222222222xxxx', '0'),
('space_cafe', 21, 17, 1, 'x3333x333211111xxxxxxxxx|x3333x333211111xx3333333|xxxxxx333211111xx3333333|33333333xx11111xx3333333|33333333xx11111xx3333333|33x333xxxx11111xx3333333|xxx222xxx111111xx3333333|22222222xx11111xx3333333|22222222xxx1111xx3333333|22222222xxxx1111x2222222|22222222xxxx1111x1111111|22222222xxxx111111111111|22222222xxxx111111111111|xxx222xxxxx1111111111111|xxxx33xxxx11111111111111|xxx333321111111111111111|xxx333321111111111111111|xxx333321111111111111111|xxxxxxxxxxxxx1111xxxx11x|xxxxxxxxxxxxx0000xxxx11x|xxxxxxxxxx0000000xxxx11x|xxxxxxxxxx0000000xxxxxxx|xxxxxxxxxx0000000xxxxxxx|xxxxxxxxxx0000000xxxxxxx|xxxxxxxxxx0000000xxxxxxx|xxxxxxxxxx0000000xxxxxxx', '0'),
('beauty_salon0', 4, 3, 0, 'xxxxxxxxxxxxxxxxxxxxxxxx|xxxxxxxxxxxxxxxxxxxxxxxx|xxx0000000000000xxxxxxxx|xxx00000000000000xxxxxxx|xxxxxx000000000000xxxxxx|xxxxxxxxxxxxx0000xxxxxxx|xxxx0x0000x00000000xxxxx|xxx00xxxxxx0000000xxxxxx|xx000x000xx0000000xxxxxx|xx000xxxxx00000000xxxxxx|xx000x000000000000xxxxxx|xx000x000000000000xxxxxx|xx00xx000000000000xxxxxx|xx00xx00x0000000000xxxxx|xx00xx00x0000000000xxxxx|xx00xx0000000000000xxxxx|xx00xx0000000000000xxxxx|xx000x0xx0000000000xxxxx|xx000x0x00000000000xxxxx|xx000x0x00x00000000xxxxx|xx000x0x00000000000xxxxx|xx000x0x00x00000000xxxxx|xx000xx000000000000xxxxx|xx00000000000000000000xx|xx00000000000000000000xx|xxxxxx0000000000000000xx', '0'),
('chill', 22, 22, 0, 'xxxxxxxxxxxxxxxxxxxxxxxxx|xxxxxxxxxxxxxxxxxxxxxxxxx|xxxxxxxxxxxxxxx00xxxxxxxx|xxxxxxxxxxx000000xxxxxxxx|xxxxxxxxxxx000000xxxxxxxx|xxxxxxxxxxxxxx000xxxxxxxx|xxxxxxxxxxxxxxxx0xxxxxxxx|xxxxxxxxx00000000xxxxxxxx|xxxxxxxx000000xxxxxxxxxxx|xxxxxxxx000000xxxxxxxxxxx|xxxxxxxx000000xxxxxxxxxxx|xxxxxxxx000000xxxxxxxxxxx|xxxxxxxx000000xxxxxxxxxxx|xxxxxxxx0000000xxxxxxxxxx|xxxxxxxx00000000xxxxxxxxx|xxxxxxxx0000000000xxxxxxx|xxxxxxxx0000000000xxxxxxx|xxxxxxxx0000000000xxxxxxx|xxxxxxxx0000000000xxxxxxx|xx000000000000xxxxxxxxxxx|xx000000000000000000000xx|xx000000000000000000000xx|xx000000000xx0000000000xx|xx000000000xxxxx000000000|xx000000000xxx0x000000000|xx00000x000xxx0x000000000|xx000000000xxxxx0000000xx|xx000000000000000000000xx|xx000000000000000000000xx|xx000000000000000000000xx|xx000000000000xxxxxxxxxxx', '0'),
('dusty_lounge', 14, 1, 2, 'xxxxxxxxxxxxxx22xxxxxxxxxxxxx|xxxxxxxxxx222x222x2xxxxxxxxxx|xxxxxxx33322222222223xxxxxxx3|xxxxxxx33322222222223xxxxxxx3|xxxxxxx33322222222223x33333x3|xxxxxxx33322222222223x33333x3|xx111xx33322222222223xxxxxxx3|xx111xxx332222222222333333333|xx111xxxx32222222222333333333|xx111xxxxxx222222222333333333|xx111xxxxxxx1111111x333333333|xx111xxxxxxx1111111x222222222|xx111xxxxxx111111111111111111|xx111xxxxxx111111111111111111|11111xxxxxx111111111111111111|11111xxxxxx111111111111111111|11x11xxxxxx111111111111111111|11xxxxxxxxx11111111111111111x|x11xxxxxxxxx1111111x1111111xx|xx11xxxxxxx111111111111111xxx|xxx11xxxxxx11111111111111xxxx|xxxx11111111111111111111xxxxx|xxxxx11111111111111xxxxxxxxxx|xxxxxxxxxxx11111111xxxxxxxxxx|xxxxxxxxxxx11111111xxxxxxxxxx', '0'),
('cr_staff', 3, 22, 0, '00000000xxxxxxxx|0000000000000000|0000000000000000|000000000000xx00|0000000000000000|0000000000000000|0000000000000000|x000000000000000|0000000000000000|0000000000000000|0000000000000000|0000000000000000|x000000000000000|x000000000000000|x000000000000000|x000000000000000|x000000000000000|x000000000000000|x000000000000000|x000000000000000|xxx00xxxxxxxxxxx|xxx00xxxxxxxxxxx|xxx00xxxxxxxxxxx', '0'),
('rooftop', 17, 12, 4, '44xxxxxxxxxxxxxxxxxx|444xxxxxxxxxxx444444|4444xxxxxxxxxx444444|44444xxxx4xxxx444444|444444xxx44xxx444444|44444444444444444444|44444444444444444444|44444444444444444444|44444444xx44xx44xx44|44444444xx44xx44xx44|44444444444444444444|44444444444444444444|44444444444444444444|x444444x444444xx4444|x444444x444444xx333x|x444444x444444xx222x|x444444x444444xx11xx|x444444x444444xxxxxx', '0'),
('rooftop_2', 4, 9, 0, 'x0000x000|xxxxxx000|000000000|000000000|000000000|000000000|000000000|000000000|000000000|000000000|xxx000xxx|xxx000xxx', '0'),
('tearoom', 21, 19, 1, 'xxxxxxxxxxxxxxxxxxxxxx|xxxxxxxx3333x33333333x|333333xx3333x33333333x|3333333x3333x33333333x|3333333x3333x33333333x|3333333xxxxxx33333333x|333333333333333333333x|333333333333333333333x|333333333333333333333x|333333333333333333333x|33333333222x333333333x|33333333222x333333333x|33333333222x333333333x|33333333222x333333333x|33333333111x333333333x|33333333111x333333333x|33333333111x333333333x|xxxxxxxx111xxxxxxxxxxx|11111111111111111111xx|1111111111111111111111|1111111111111111111111|11111111111111111111xx', '0'),
('taivas_cafe', 14, 29, 0, 'XXXXXXXXXXXXX111111X|XXXXXXXXXXXXX1111111|XXXXXXXXXXXXX1111111|XXXXXXXXXXXXX1111111|XXXXXXXXXXXXX1111111|XXX11111111111111111|XXX11111111111111111|XX111111111111111111|XX111111111111111111|XX111111111111111111|XXX11111111111111111|111111111XXXXXXX1111|111111111X0000000000|111111111X0000000000|111111111X0000000000|111111111X0000000000|111111111X0000000000|111111111X0000000000|111111111X0000000000|111111111X0000000000|111111111X0000000000|X11111111X0000000000|XX1111111X0000000000|XXX111111X0000000000|XXXX11111X0000000000|XXXXX111110000000000|XXXXXX11110000000000|XXXXXXX1110000000000|XXXXXXXX11000000000X|XXXXXXXXXX00000000XX|XXXXXXXXXXXXXX00XXXX|XXXXXXXXXXXXXX00XXXX', '0'),
('cr_cafe', 20, 10, 0, '0000000000000000000xx|x000000000000000000xx|xx00000000000000000xx|xx00000000000000000xx|xx00000000000000000xx|xxxx000000000000000xx|0000000000000000000xx|0000000000000000000xx|x000000000000000000xx|xx00000000000000000xx|xxxx00000000000000000|xxx000000000000000000|xxx0000000000000000xx|xxx0000000000000000xx|xx00000000000000000xx|xx00000000000000000xx|xx00000000000000000xx|xx00000000000000000xx|xx00000000000000000xx|xx00000000000000000xx', '0'),
('lobby_a', 12, 27, 1, 'XXXXXXXXX77777777777XXXXX|XXXXXXXXX777777777777XXXX|XXXXXXXXX777777777766XXXX|XXXXXXXXX777777777755XXXX|XX333333333333333334433XX|XX333333333333333333333XX|XX333333333333333333333XX|33333333333333333333333XX|333333XXXXXXX3333333333XX|333333XXXXXXX2222222222XX|333333XXXXXXX2222222222XX|XX3333XXXXXXX2222222222XX|XX3333XXXXXXX222222221111|XX3333XXXXXXX111111111111|333333XXXXXXX111111111111|3333333222211111111111111|3333333222211111111111111|3333333222211111111111111|XX33333222211111111111111|XX33333222211111111111111|XX3333322221111111XXXXXXX|XXXXXXX22221111111XXXXXXX|XXXXXXX22221111111XXXXXXX|XXXXXXX22221111111XXXXXXX|XXXXXXX22221111111XXXXXXX|XXXXXXX222X1111111XXXXXXX|XXXXXXX222X1111111XXXXXXX|XXXXXXXXXXXX11XXXXXXXXXXX|XXXXXXXXXXXX11XXXXXXXXXXX|XXXXXXXXXXXX11XXXXXXXXXXX|XXXXXXXXXXXX11XXXXXXXXXXX', '0'),
('floorlobby_c', 9, 21, 0, 'XXXXXXXXXXXXXXXXXXXXXXXXXXX|XXXXXXXXXXXXXXXXXXXXXXXXXXX|XXX0000000000000000XXXXXXX0|XXX000000000000000000XXXX00|X00000000000000000000000000|X00000000000000000000000000|XXX000000000000000000000000|XXXXXXX00000000000000000000|XXX111100000011111111111111|XXX111100000011111111111111|XXX111100000011111111111111|XXX111100000011111111111111|XXX111100000011111111111111|XXX111100000011111111111111|XXX1XX100000011111111111111|XXX1XX100000011111111111111|XXX111100000011111111111111|XXX111100000011111111111111|XXX111100000011111111111111|XXXXXXXX0000XXXXXXXXXXXXXXX|XXXXXXXX0000XXXXXXXXXXXXXXX|XXXXXXXX0000XXXXXXXXXXXXXXX', '0'),
('floorlobby_b', 9, 21, 0, 'XXXXXXXXXXXXXXXXXXXXXXXXXXX|XXXXXXXXXXXXXXXXXXXXXXXXXXX|XXX0000000000000000XXXXXXX0|XXX000000000000000000XXXX00|X00000000000000000000000000|X00000000000000000000000000|XXX000000000000000000000000|XXXXXXX00000000000000000000|XXX111100000011111111111111|XXX111100000011111111111111|XXX111100000011111111111111|XXX111100000011111111111111|XXX111100000011111111111111|XXX111100000011111111111111|XXX1XX100000011111111111111|XXX1XX100000011111111111111|XXX111100000011111111111111|XXX111100000011111111111111|XXX111100000011111111111111|XXXXXXXX0000XXXXXXXXXXXXXXX|XXXXXXXX0000XXXXXXXXXXXXXXX|XXXXXXXX0000XXXXXXXXXXXXXXX', '0'),
('floorlobby_a', 9, 21, 0, 'XXXXXXXXXXXXXXXXXXXXXXXXXXX|XXXXXXXXXXXXXXXXXXXXXXXXXXX|XXX0000000000000000XXXXXXX0|XXX000000000000000000XXXX00|X00000000000000000000000000|X00000000000000000000000000|XXX000000000000000000000000|XXXXXXX00000000000000000000|XXX111100000011111111111111|XXX111100000011111111111111|XXX111100000011111111111111|XXX111100000011111111111111|XXX111100000011111111111111|XXX111100000011111111111111|XXX1XX100000011111111111111|XXX1XX100000011111111111111|XXX111100000011111111111111|XXX111100000011111111111111|XXX111100000011111111111111|XXXXXXXX0000XXXXXXXXXXXXXXX|XXXXXXXX0000XXXXXXXXXXXXXXX|XXXXXXXX0000XXXXXXXXXXXXXXX', '0'),
('cinema_a', 20, 27, 1, 'xxxxxxx1xx11111111xxxxxx|xxx1111111111111111xxxxx|xxx111xxxx1111111111xxxx|xxxx2xxxxxxxxxxxxxxxxxxx|xx3x3x333311xxxxxxxxxx11|xx3333333311111111111111|xx3333333311111111111111|xx3333333311111111122111|xx3333333311x22222222111|xx3333333311x22222222111|xx3333333311xxxxxxxxx111|xx3333333311111111111111|xx3333333311111111111111|xx3333333311111111111111|xx3333333311111xxxx11111|xx3333333311111xxxx11111|xx3333333311111xxxx11111|xx3333333311111xxxx11111|xx3333333311111xxxx11111|xx3333333311111xxxx11111|xx3333333311111xxxx11111|333333332111111xxxx11111|333333332111111111111111|333333332111111111111111|333333332111111111111111|xx3333332111111111111111|xxxxxxxxxxxxxxxxxxx11111|xxxxxxxxxxxxxxxxxxx11111|xxxxxxxxxxxxxxxxxxx11111', '0'),
('sport', 0, 0, 1, '111222222222222222x2222|x11222222222222222x2222|x11222222222222222x2222|xx1x2222222222222211111|x11xx222222222222211111|x11xx222222x22222211111|x11xx222222x222222x1111|x11xx222222x222222x1111|x11xx2222222222222x1111|x11xxxxxxxxxxxxxxxx1111|x1111111111111111111111|x1111111111111111111111|x1111111111111111111111|x1111111111111111111111|xxxx1111111111111x1111x|111x1111111111111x1111x|111x1111111111111x1111x|111x1111111111111x1111x|111x11111xxxxxxxxxxxxxx|x11x1111xxxxxxxxxxxxxxx|xxxx111xxxxxxxxxxxxxxxx', '0'),
('old_skool0', 2, 1, 0, 'xx0xxxxxxxxxxxxxx|0000000xxx00000xx|0000000x0000000xx|0000000xxxxxxxxxx|0000000000000000x|0000000000000000x|0000000000000000x|0000000000000000x|0000000000000000x|0000000000000000x|0000000000000000x|0000000000000000x|0000000000000000x|0000000000000000x|0000000000000000x|0000000000000000x|0000000000000000x|0000000000000000x|00000000000000000|0000000000000000x|0000000000000000x|0000000000000000x|0000000000000000x|0000000000000000x|0000000000000000x', '0'),
('old_skool1', 1, 7, 6, 'x6666666665432100|x6666666665432100|x6600000000000x00|x6600000000000000|x6600000000000000|x6600000000000000|x660000000000x000|666000000000x1111|x66000000000xx111|x66000000000x1111|x66000000000x1111|x55000000000x1111|x44000000000x1111|x33000000000x1111|x22000000000xx111|x11x00000000x1111|x00000000000x1111|x00000000000xx111', '0'),
('malja_bar_a', 4, 24, 1, 'xxxxxxxxxxx44444|xxxx444444444444|xxxx444444444444|xxxx444444444444|xxxx444444444444|xxxx444444444444|xxxxxxxxxxxxx333|1111111111111222|1111111111111111|1111111111111111|1111111111111111|1111111111111111|1111111111111111|1111111111111111|1111111111111111|1111111111111111|1111111111111111|1111111111111111|1111111111111111|111111111xxxxxxx|xxx11111xxxxxxxx|11111111xxxxxxxx|11111111xxxxxxxx|11111111xxxxxxxx|11111111xxxxxxxx', '0'),
('malja_bar_b', 4, 24, 3, '6666333333333333|6666333333333333|6666333333333333|7766333333333333|7755333333333333|8855333333332223|8844333311111111|9944333311111111|9933333311111111|9933333311111111|9933333311111111|9933333311111111|9933333311111111|9933333311111111|9933333211111111|9933333211111111|9933333211111111|9933333311111111|99333333xxxxxxxx|99333333xxxxxxxx|xxx33333xxxxxxxx|xxx33333xxxxxxxx|3xx33333xxxxxxxx|xxx33333xxxxxxxx|xxx33333xxxxxxxx|xxx33333xxxxxxxx', '0'),
('bar_a', 5, 1, 7, 'xxxx8888xxxxxxxxxxx|xxxx7777xxxxxxxxxxx|xxxx6666xxxxxxxxxxx|xxx6666666555555555|xxx6666666555555555|xxx6666666555555555|xxx6666666555555555|xxx6666666555555555|xxx6666666555555555|xxx6666666555555555|xxx6666666555xxxxxx|xxx6666666555555555|xxx5555555555555555|xxx5555555555555555|xxx5555555555555555|xxx5555555555555555|xxx5555555555xxxxxx|xxx5555555555555555|xxx5555555555555555|xxx5555555555555555|xxx5555555555555555|xxx5555555555555555|xxx5555555555xxxxxx|xxxx555555555555555|55xx555555555555555|55xx555555555555555|5555555555555555555|5555555555555555555|xxxxxxxx55555xxxxxx|xxxxxxxxx5555xxxxxx|xxxxxxxxx5555xxxxxx|xxxxxxxxx5555xxxxxx|xxxxxxxxx4444xxxxxx|xxxxxxxxx3333xxxxxx', '0'),
('bar_b', 2, 12, 4, 'xxxxx4xxxxxxxxxxxx|xxxx4444444xxxxxxx|xxxx4444444xxxxxxx|xxx444444444444444|xxx444444444444444|xxx444444444444444|xxx444444444444444|xxx444444444444444|xxx444444444444444|xxx444444444444444|654444444444444444|654444444444444444|654444444444444444|654444444444444444|xxx444444444444444|xxx444444444444444|xxx444444444444444|xxx444444444444444|xxx444444444444444|xxxx44444444444444|xxxx33444444444444|xxxx22444444444444|xxxx2222222222xx44|xxxx2222222222xx44|xxxxx222222222xxxx|xxxxxx22222222xxxx|xxxxxx22222222xxxx|xxxxxx22222222xxxx|xxxxxx22222222xxxx|xxxxxx22222222xxxx|xxxxxx22222222xxxx', '0'),
('habburger', 22, 10, 0, '22222222222222222222xxx|22222222222222222222xxx|22222222222222222222xxx|22222222222222222222xxx|xxxxxxxxxxxxxxxx1111xxx|xxxxxxxxxxxxxxxx0000xxx|xxx00000000000000000xxx|00000000000000000000xxx|00000000000000000000xxx|00000000000000000000000|00000000000000000000000|00000000000000000000xxx|00000000000000000000xxx|00000000000000000000xxx|xxx00000000000000000xxx', '0'),
('pizza', 5, 27, 1, 'xxxxxxxxx0000000|x11111x1xx000000|11xxxxx111x00000|11x1111111xx0000|11x1111111100000|xxx1111111100000|1111111111100000|1111111111100000|1111111111100000|1111111111100000|1111111111100000|1111111111100000|1111111111100000|1111111111100000|1111111111100000|1111111111100000|1111111111100000|11111111111xxxxx|1111111111xxxxxx|1111111111111111|1111111111111111|1111111111111111|1111111111111111|1111111111111111|1111111111111111|11xx11xx11111111|xxxx11xxxxxxxxxx|xxxx11xxxxxxxxxx', '0'),
('bb_lobby_1', 14, 19, 0, 'xxx2222222222222222x|xxx2222222222222222x|xxx2222222222222222x|xxx2222222222222222x|xxx11111111111111111|11x11111111111111111|11x11111111111111111|11x11111111111111111|x1x11111111111111111|xxx11111111111111111|xxx11111111111111111|xxx11111111111111111|xxx11111111111111111|xxx11111111111111111|xxxxxxxxx00000000000|xxxxxxxxx00000000000|xxxxxxxxx00000000000|xxxxxxxxx00000000000|xxxxxxxxx00000000000|xxxxxxxxx00000000000|xxxxxxxxxxxxx000xxxx|xxxxxxxxxxxxx000xxxx|xxxxxxxxxxxxx000xxxx', '0'),
('snowwar_lobby_1', 41, 36, 1, 'xxxxxxxxxxxxxxxxxxxxxxxxxxxxxxxxxxxxxxxxxxxxxxxxxx|xxxxxxxxxxxxxxxxxxxxxxxxxxxxxxxxxxxxxxxxxxxxxxxxxx|xxxxxxxxxxxxxxxxxxxxxxxxxxxxxxxxxxxxxxxxxxxxxxxxxx|xxxxxxxxxxxxxxxxxxxxxxxxxxxxxxxxxxxxxxxxxxxxxxxxxx|xxxxxxxxxxxxxxxxxxxxxxxxxxxxxxxxxxxxxxxxxxxxxxxxxx|xxxxxxxxxxxxxxxxxxxxxxxxxxxxxxxxxxxxxxxxxxxxxxxxxx|xxxxxxxxxxxxxxxxxxxxxxxxxxxxxxxxxxxxxxxxxxxxxxxxxx|xxxxxxxxxxxxxxxxxxxxxxxxxxxxxxxxxxxxxxxxxxxxxxxxxx|xxxxxxxxxxxxxxxxxxxxxxxxxxxxxxxxxxxxxxxxxxxxxxxxxx|xxxxxxxxxxxxxxxxxxxxxxxxxxxxxxxxxxxxxxxxxxxxxxxxxx|xxxxxxxxxxxxxxxxxxxxxxxxxxxxxxxxxxxxxxxxxxxxxxxxxx|xxxxxxxxxxxxxxxxxxxxxxxxxxxxxxxxxxxxxxxxxxxxxxxxxx|xxxxxxxxxxxxxxxxxxxxxxxxxxxxxxxxxxxxxxxxxxxxxxxxxx|xxxxxxxxxxxxxxxxxxxxxxxxxxxxxxxxxxxxxxxxxxxxxxxxxx|xxxxxxxxxxxxxxxxxxxxxxxxxxxxxxxxxxxxxxxxxxxxxxxxxx|xxxxxxxxxxxxxxxxxxxxxxxxxxxxxxxxxxxxxxxxxxxxxxxxxx|xxxxxxxxxxxxxxxxxxxxxxxxxxxxxxxxxxxxxxxxxxxxxxxxxx|xxxxxxxxxxxxxxxxxxxxxxxxxxxxxx11111xx1xxxxxxxxxxxx|xxxxxxxxxxxxxxxxxxxxxxxxxxxxxx11111xx1111xxxxxxxxx|xxxxxxxxxxxxxxxxxxxxxxxxxxxxx111111xxxxxxxxxxxxxxx|xxxxxxxxxxxxxxxxxxxxxxxxxxx1111111111111111xxxxxxx|xxxxxxxxxxxxxxxxxxxxxxxxxxx1111111111111111xxxxxxx|xxxxxxxxxxxxxxxxxxxxxxxxxxx1111111111111111xxxxxxx|xxxxxxxxxxxxxxxxxxxxxxxxxxx1111111111111111xxxxxxx|xxxxxxxxxxxxxxxxxxxxxxxxxxx1111111111111111xxxxxxx|xxxxxxxxxxxxxxxxxxxxxxxxxxx1111111111111111xxxxxxx|xxxxxxxxxxxxxxxxxxxxxxxxxxx1111111111111111xxxxxxx|xxxxxxxxxxxxxxxxxxxxxxxxxxx1111111111111111xxxxxxx|xxxxxxxxxxxxxxxxxxxxxxxxxxx1111111111111111xxxxxxx|xxxxxxxxxxxxxxxxxxxxxxxxxxx1111111111111111xxxxxxx|xxxxxxxxxxxxxxxxxxxxxxxxxxx1111111111111111xxxxxxx|xxxxxxxxxxxxxxxxxxxxxxxxxxxx111111111111111xxxxxxx|xxxxxxxxxxxxxxxxxxxxxxxxxxx1111111111111111xxxxxxx|xxxxxxxxxxxxxxxxxxxxxxxxxxx1111111111111111xxxxxxx|xxxxxxxxxxxxxxxxxxxxxxxxxxx1111111111111111xxxxxxx|xxxxxxxxxxxxxxxxxxxxxxxxxxxx111111111111111xxxxxxx|xxxxxxxxxxxxxxxxxxxxxxxxxxxx1111x1111111111xxxxxxx|xxxxxxxxxxxxxxxxxxxxxxxxxxxxxxxxxxxxxxxxxxxxxxxxxx|xxxxxxxxxxxxxxxxxxxxxxxxxxxxxxxxxxxxxxxxxxxxxxxxxx|xxxxxxxxxxxxxxxxxxxxxxxxxxxxxxxxxxxxxxxxxxxxxxxxxx|xxxxxxxxxxxxxxxxxxxxxxxxxxxxxxxxxxxxxxxxxxxxxxxxxx|xxxxxxxxxxxxxxxxxxxxxxxxxxxxxxxxxxxxxxxxxxxxxxxxxx|xxxxxxxxxxxxxxxxxxxxxxxxxxxxxxxxxxxxxxxxxxxxxxxxxx|xxxxxxxxxxxxxxxxxxxxxxxxxxxxxxxxxxxxxxxxxxxxxxxxxx|xxxxxxxxxxxxxxxxxxxxxxxxxxxxxxxxxxxxxxxxxxxxxxxxxx|xxxxxxxxxxxxxxxxxxxxxxxxxxxxxxxxxxxxxxxxxxxxxxxxxx|xxxxxxxxxxxxxxxxxxxxxxxxxxxxxxxxxxxxxxxxxxxxxxxxxx|xxxxxxxxxxxxxxxxxxxxxxxxxxxxxxxxxxxxxxxxxxxxxxxxxx|xxxxxxxxxxxxxxxxxxxxxxxxxxxxxxxxxxxxxxxxxxxxxxxxxx|xxxxxxxxxxxxxxxxxxxxxxxxxxxxxxxxxxxxxxxxxxxxxxxxxx', '0');
INSERT INTO `rooms_models` (`modeltype`, `door_x`, `door_y`, `door_z`, `heightmap`, `usertype`) VALUES
('club_mammoth', 6, 16, 4, 'xxxxxx4444444x4444xxxxxxxxxxxxx|xxxxxx4444444x444322xxxxxxxxxxx|xxxxxxxxxxxxxx444322xxxxxxxxxxx|x444444444444444442222xxxxxxxxx|4444444444444444442222xxxxxxxxx|4xxxxxxxxxxxxxxxxx2222xxxxxxxxx|4xxxxxxxxxx22222xx2222xxxxxxxxx|44xxxxxxxxx22222x2xxxxxxxxxxxxx|x4444444xxx22222x22xxxxxxxxxxxx|xx4444444xx22x22x222xxxxxxxxxxx|xxxxxxx444x22222xxxxxxxxxxxxxxx|xxxxxx444322222222211111111xxxx|xxxxxx444322222222211111111xxxx|xxxxxx444442222222211111111xxxx|xxx444444442222222211111111xxxx|xxx444444442222222211111111xxxx|xxx444444442222222211111111xxxx|xxx444444442222222211111111xxxx|xxxxxx4444422222222x1111111xxxx|xxxxxx4444422222222xxxxxxxxxxxx|xxxxxx4443222222222222222222xxx|xxxxxx4443xxxxxxx2xxxxx222xxxxx|xxxxxx444xxxxxxxxxxxxxxx22xxxxx|xxxxxx4xxxxxxxxxxxxx444422xxxxx|xxx4444xxxxxxxxxxxxx4444x2xxxxx|xxx566666666666666664444xxxxxxx|xxxx66666666666666664444xxxxxxx|xxxxxxx666666666666544xxxxxxxxx|xxxxxxx666666666666544xxxxxxxxx|xxxxxxx6666666666666xxxxxxxxxxx|xxxxxxx6666666666666xxxxxxxxxxx|xxxxxxxxxxxxxxxxxxxxxxxxxxxxxxx', '0'),
('hotel_kitchen', 7, 21, 0, 'x0xxxx000xxxx000x0x|x000000000000000000|x000000000000000000|x000000000000000xxx|x00xxxx00xxxx000xxx|x00xxxx00xxxx00xxxx|x00000000000000xxxx|x00000000000000xxxx|x00000000000000xxxx|x00xxxxxxxxxx00xxxx|x00xxxxxxxxxx00xxxx|x00xxxxxxxxxx000xxx|0000000000000000xxx|000000000000000xxxx|000000000000000xxxx|000xxx0000xxx00xxxx|000xxx0000xxx00xxxx|000000000000000xxxx|000000000000000xxxx|000000000000000xxxx|xxxxxxx00xxxxxxxxxx|xxxxxxx00xxxxxxxxxx|xxxxxxx00xxxxxxxxxx', '0'),
('orient', 35, 22, 0, 'xxxxxxxxxxxxxxxxxxxxxxxxxxxxxxxxxxxx|xxxxxxxxxxxxxxxx00000000xxxxxxxxxxxx|xxxxxxxxxxxxxx1000000000xxxxxxxxxxxx|xxxxxxxxxxxxxx1xxxxxxxxxxxxxxxxxxxxx|xxxxxxxxxxxxxx1xxxxxxxxxxxxxxxxxxxxx|xxxxxxxxxxxxxx1xxxxxxxxxxxxxxxxxxxxx|xxxxxxxxxxxxxx1xxxxxxxxxxxxxxxxxxxxx|xxxxxxxxxxxxxx1xxxxxxxxxxxxxxxxxxxxx|xxxxxxxxxxxxxx1xxxxxxxxxxxxxxxxxxxxx|xxxxxxxxxxxxxx1xxxxxxxxxxxxxxxxxxxxx|xxxxxxxxxxxxxx1xx000x000xx111x111xxx|xxxxxxxxxxxxxx1xx000x000xxxxxx1111xx|xxxxxxxxxxxxxx1xx000x000x111111111xx|xxxxxxxxxxxxxx1xx000x000x111111111xx|xxx111111111111xx000x000x111111111xx|xxx1xxxxxxxxxxxxx000x000x111111111xx|xxx1x1111111111000000000x111111111xx|xxx1x1111111111000000000xx1111111xxx|xxx1x11xxxxxx11000000000xx1111111100|xxx111xxxxxxx11000000000011111111100|xxx111xxxxxxx11000000000011111111100|xxxxx1xxxxxxx11000000000011111111100|xxxxx11xxxxxx11000000000xx1111111100|xxxxx1111111111000000000xx1111111xxx|xxxxx1111111111xx000x000x111111111xx|xxxxxxxxxxxxxxxxx000x000x111111111xx|xxxxxxxxxxxxxxxxx000x000x111111111xx|xxxxxxxxxxxxxxxxx000x000x111111111xx|xxxxxxxxxxxxxxxxx000x000x111111111xx|xxxxxxxxxxxxxxxxx000x00xx11xxxx111xx|xxxxxxxxxxxxxxxxxxxxxxxxxx11111111xx', '0'),
('hallway', 1, 3, 0, 'XXXX000000001111111111111111XXXX|XXXX000000001111111111111111XXXX|00000000000011111111111111111111|00000000000011111111111111111111|00000000000011111111111111111111|00000000000011111111111111111111|XXXX000000001111111111111111XXXX|XXXX0000000X1111111111111111XXXX|XXXXXXXXXXXXX1111111XXXXXXXXXXXX|XXXXXXXXXXXX11111111XXXXXXXXXXXX|XXXXXXXXXXXX11111111XXXXXXXXXXXX|XXXXXXXXXXXX11111111XXXXXXXXXXXX|XXXXXXXXXXXX11111111XXXXXXXXXXXX|XXXXXXXXXXXX11111111XXXXXXXXXXXX|XXXXXXXXXXXX11111111XXXXXXXXXXXX|XXXXXXXXXXXX11111111XXXXXXXXXXXX|XXXXXXXXXXXXXX1111XXXXXXXXXXXXXX|XXXXXXXXXXXXXX1111XXXXXXXXXXXXXX|XXXXXXXXXXXXXX1111XXXXXXXXXXXXXX|XXXXXXXXXXXXXX1111XXXXXXXXXXXXXX', '1'),
('hallway_ii', 10, 10, 0, 'XXXX1111111111111111XXXX|XXXX1111111111111111XXXX|XXXX1111111111111111XXXX|XXXX1111111111111111XXXX|XXXX1111XXXXXXXXXXXXXXXX|XXXX1111XXXXXXXXXXXXXXXX|XXXX1111XXXXXXXXXXXXXXXX|XXXX1111XXXXXXXXXXXXXXXX|XXXX1111111100000000XXXX|XXXX1111111100000000XXXX|111111111111000000000000|111111111111000000000000|111111111111000000000000|111111111111000000000000|XXXX1111111100000000XXXX|XXXX1111111100000000XXXX|XXXXXXXX1111XXXXXXXXXXXX|XXXXXXXX1111XXXXXXXXXXXX|XXXXXXXX1111XXXXXXXXXXXX|XXXXXXXX1111XXXXXXXXXXXX|XXXXXXXX111111111111XXXX|XXXXXXXX111111111111XXXX|XXXXXXXX111111111111XXXX|XXXXXXXX111111111111XXXX', '1');

-- --------------------------------------------------------

--
-- Table structure for table `rooms_rights`
--

CREATE TABLE IF NOT EXISTS `rooms_rights` (
  `roomid` int(10) unsigned NOT NULL,
  `userid` int(10) unsigned NOT NULL
) ENGINE=MyISAM DEFAULT CHARSET=latin1 COLLATE=latin1_general_ci;

-- --------------------------------------------------------

--
-- Table structure for table `server_startups`
--

CREATE TABLE IF NOT EXISTS `server_startups` (
  `startup` datetime NOT NULL
) ENGINE=MyISAM DEFAULT CHARSET=latin1 COLLATE=latin1_general_ci;

--
-- Dumping data for table `server_startups`
--

INSERT INTO `server_startups` (`startup`) VALUES
('2011-12-23 20:54:26'),
('2011-12-23 21:09:20'),
('2011-12-23 21:13:38'),
('2011-12-23 22:21:50'),
('2011-12-23 22:28:08'),
('2011-12-23 22:34:38'),
('2011-12-25 00:31:03'),
('2011-12-25 02:30:52'),
('2011-12-25 03:22:26'),
('2011-12-25 03:25:36'),
('2011-12-25 03:53:16'),
('2011-12-25 04:16:02'),
('2011-12-25 04:17:33'),
('2011-12-25 04:25:31'),
('2011-12-25 04:34:10'),
('2011-12-25 04:35:24'),
('2011-12-25 04:44:22'),
('2011-12-25 04:54:05'),
('2011-12-25 05:04:47'),
('2011-12-25 05:39:13'),
('2011-12-25 06:36:36'),
('2011-12-25 06:42:42'),
('2011-12-25 06:43:52'),
('2011-12-25 06:44:03'),
('2011-12-25 06:48:09'),
('2011-12-25 06:51:25'),
('2011-12-25 07:46:04'),
('2011-12-25 07:59:31'),
('2011-12-25 12:53:48'),
('2011-12-25 13:33:42'),
('2011-12-25 14:09:51'),
('2011-12-25 14:30:39'),
('2011-12-25 14:36:14'),
('2011-12-25 14:47:00'),
('2011-12-25 14:49:55'),
('2011-12-25 14:52:11'),
('2011-12-25 14:55:47'),
('2011-12-25 15:36:04'),
('2011-12-27 15:31:17'),
('2012-09-30 12:17:02'),
('2012-09-30 12:28:46'),
('2012-09-30 12:31:28'),
('2012-09-30 12:34:10'),
('2012-09-30 12:37:15'),
('2012-09-30 12:38:34'),
('2012-09-30 12:40:06'),
('2012-09-30 12:45:32'),
('2012-09-30 12:47:05'),
('2012-09-30 12:48:27'),
('2012-09-30 12:50:13'),
('2012-09-30 12:52:07'),
('2012-09-30 12:55:08'),
('2012-09-30 12:56:14'),
('2012-09-30 12:58:50'),
('2012-09-30 13:06:09'),
('2012-09-30 13:17:49'),
('2012-09-30 13:23:01'),
('2012-09-30 13:38:54'),
('2012-09-30 15:35:12'),
('2012-09-30 15:36:20'),
('2012-09-30 15:38:54'),
('2012-09-30 15:46:47'),
('2012-09-30 15:55:11'),
('2012-09-30 15:55:39'),
('2012-09-30 16:21:18');

-- --------------------------------------------------------

--
-- Table structure for table `session_actions`
--

CREATE TABLE IF NOT EXISTS `session_actions` (
  `id` int(10) unsigned NOT NULL AUTO_INCREMENT,
  `moment` datetime NOT NULL,
  `action` enum('changemail','changepwd','login','register') COLLATE latin1_general_ci NOT NULL,
  `sessionid` int(10) unsigned NOT NULL,
  `userid` int(10) unsigned NOT NULL,
  PRIMARY KEY (`id`)
) ENGINE=MyISAM DEFAULT CHARSET=latin1 COLLATE=latin1_general_ci AUTO_INCREMENT=1 ;

-- --------------------------------------------------------

--
-- Table structure for table `store_catalogue_pages`
--

CREATE TABLE IF NOT EXISTS `store_catalogue_pages` (
  `id` int(10) NOT NULL,
  `orderid` int(10) NOT NULL,
  `minrole` int(2) NOT NULL,
  `name_index` varchar(100) COLLATE latin1_general_ci NOT NULL,
  `name` varchar(255) COLLATE latin1_general_ci NOT NULL,
  `layout` varchar(100) COLLATE latin1_general_ci NOT NULL DEFAULT 'ctlg_layout2',
  `img_headline` varchar(200) COLLATE latin1_general_ci NOT NULL,
  `img_teasers` varchar(255) COLLATE latin1_general_ci NOT NULL,
  `body` text COLLATE latin1_general_ci NOT NULL,
  `label_pick` varchar(200) COLLATE latin1_general_ci DEFAULT NULL,
  `label_extra_s` text COLLATE latin1_general_ci,
  `label_extra_t` text COLLATE latin1_general_ci,
  PRIMARY KEY (`id`)
) ENGINE=MyISAM DEFAULT CHARSET=latin1 COLLATE=latin1_general_ci;

--
-- Dumping data for table `store_catalogue_pages`
--

INSERT INTO `store_catalogue_pages` (`id`, `orderid`, `minrole`, `name_index`, `name`, `layout`, `img_headline`, `img_teasers`, `body`, `label_pick`, `label_extra_s`, `label_extra_t`) VALUES
(1, 1, 1, 'Frontpage', 'Frontpage', 'ctlg_frontpage2', 'catal_fp_header', 'catal_fp_pic4,catal_fp_pic5,', 'Need some Furni for your Habbo room?  Well, you’re in the right place!  This Catalogue is packed FULL of funky Furni, just click the tabs on the right to browse.<br><br>We regularly add and remove Furni, so check back regularly for new items.<br><br>', NULL, 'Oost west - Suelake best!', '1:You need Credits to buy Furni for your room, click the Purse at the bottom of your screen for more information about Credits.'),
(22, 22, 1, 'Sports', 'Sport', 'ctlg_layout2', 'catalog_sports_headline1', 'catalog_sports_teaser1,', 'For the sporty people, here is the Sports section! Create your own hockey stadium!', 'Click on the item you want for more information', '2:Yay!', NULL),
(23, 23, 1, 'Rugs', 'Rugs', 'ctlg_layout2', 'catalog_rugs_headline1', 'catalog_rugs_teaser1,', 'We have rugs for all occasions. All rugs are non-slip and washable.', 'Click on the item you want for more information', '2:We have rugs for ANY room!', NULL),
(3, 3, 1, 'Spaces', 'Spaces', 'ctlg_spaces', 'catalog_spaces_headline1', '', 'Are you walls looking a little gay? What you need is a splash of paint and this is the place to sooo get it! <br><br>A splash of sperm on the walls and a nice jew on the floor can make all the difference. Use the virtual room below to test stuff out before you buy!', NULL, NULL, '1:Wall\r\n2:Floor\r\n3:Pattern\r\n4:Colour\r\n5:Pattern\r\n6:Colour\r\n7:Preview'),
(2, 2, 1, 'Rare', 'Rare', 'ctlg_productpage1', 'catalog_rares_headline1', '', 'Okay this thing is fucking epic!\\rEnjoy it while it lasts!', NULL, NULL, NULL),
(24, 24, 1, 'Gallery', 'Gallery', 'ctlg_layout2', 'catalog_gallery_headline1', 'catalog_gallery_teaser1,', 'Adorn your walls with wondrous works of art, posters, plaques and wall hangings. We have items to suit all tastes, from kitsch to cool, traditional to modern.', 'Click on the item you want for more information', '2: Brighten up your walls!', NULL),
(25, 25, 1, 'Flags', 'Flags', 'ctlg_layout2', 'catalog_flags_headline1', 'catalog_flags_teaser1,', 'If you''re feeling patriotic, get a flag to prove it. Our finest cloth flags will brighten up the dullest walls.', 'Click on the item you want for more information', '2:Hail Nillus!', NULL),
(26, 26, 1, 'Trophies', 'Trophies', 'ctlg_trophies', 'catalog_trophies_headline1', '', 'Reward your friends, or yourself with one of our fabulous glittering array of bronze, silver and gold trophies.<br><br>First choose the trophy model (click on the arrows to see all the different styles) and then the metal (click on the seal below the trophy). Type your inscription below and we''ll engrave it on the trophy along with your name and today''s date.<br>', NULL, NULL, '1:Type your inscription CAREFULLY, it''s permanent!'),
(7, 7, 1, 'Pets', 'Pets', 'ctlg_pets', 'catalog_pet_headline1', 'catalog_pets_teaser1,', 'Pets! Those furry friends are even cuter than jews on your floor and mudkips in your bathtub! Get them now because they are officially coded!', 'Find your own pet!', NULL, '1:Give name:'),
(4, 4, 1, 'Bank', 'Exchange', 'ctlg_layout2', 'catalog_bank_headline1', 'catalog_bank_teaser,', 'With Bank items you can exchange your valueable Credits for currency-solid items! You can trade these freely with other users or put them in your room and exchange them back for credits by double clicking tem!', 'Click on the item you want for more information', 'EPIC YAY!', NULL),
(5, 5, 1, 'Rollers', 'Rollers', 'ctlg_layout2', 'catalog_roller_headline1', '', 'Move your imagination, while you move yourself!  Perfect for mazes, games, for keeping your queue moving or making your pet go round in circles for hours.  Available in multi-packs – the more you buy the cheaper the Roller!', 'Click on a Roller to see more information!', 'You can fit 30 Rollers in a user flat!', NULL),
(6, 6, 1, 'Teleporters', 'Teleporters', 'ctlg_productpage3', 'catalog_doors_headline1', 'catalog_door_a,catalog_door_c,catalog_door_b,', 'Beam your user from one room to another with one of our cunningly disguised, space age teleports. Now you can link any two rooms together! Teleports are sold in pairs, so if you trade for them, check you''re getting a linked pair.', 'Click on the item you want for more information', 'Beam!', NULL),
(8, 8, 1, 'Petstuff', 'Pet accessories', 'ctlg_layout2', 'catalog_pet_headline2', 'ctlg_pet_teaser1,', 'You''ll need to take care of your pet to keep it happy and healthy. This section of has EVERYTHING you’ll need to satisfy your pet’s needs.  PLEASE NOTE:  No fish were harmed in the creating of this section! (just jews)', 'Click on the item you want for more information', 'You''ll have to share it!', NULL),
(9, 9, 1, 'Area', 'Area', 'Area', 'catalog_area_headline1', 'catalog_area_teaser1,', 'Introducing the Area Collection...  Clean, chunky lines set this collection apart as a preserve of the down-to-earth person. It''s beautiful in its simplicity, and welcoming to everyone.', 'Click on the item you want for more information', '2: Beautiful in it''s simplicity!', NULL),
(10, 10, 1, 'Gothic', 'Gothic', 'ctlg_layout2', 'catalog_gothic_headline1', 'catalog_gothic_teaser1,', 'The Gothic section is full of medieval looking items. Create your own Gothic castle!', 'Click on the item you want for more information', NULL, NULL),
(11, 11, 1, 'Soundmachines', 'Trax', 'ctlg_soundmachine', 'catalog_djshop_headline1', 'catalog_djshop_teaser1,', 'Bring sound to your room! Purchase a sound machine plus some sample packs and create your own songs to play in your flat!<br>Moar soundsets coming soon!', 'Click on the item you want for more information', NULL, NULL),
(12, 12, 1, 'Candy', 'Candy', 'ctlg_layout2', 'catalog_candy_headline1', 'catalog_candy_teaser1,', 'Sleek, girly and a total ripoff of the Mode collection. We present to you the one and only Candy range!<br>Decorate your room with these items and express your feministihingsthangthing feelings!', 'Click on the item you want for more information', '2: WTF SCREW YOU LOL', NULL),
(13, 13, 1, 'Asian', 'Asian', 'ctlg_layout2', 'catalog_asian_headline1', 'catalog_asian_teaser1,', 'Introducing the Asian collection... These handcrafted items are the result of years of child slavery, some mixture of Ying and Yang and a mass-shipping from China. These authentic items fit in every oriental themed user flat. Made in China: fo'' real nigga.', 'Click on the item you want for more information', NULL, NULL),
(14, 14, 1, 'Iced', 'Iced', 'ctlg_layout2', 'catalog_iced_headline1', 'catalog_iced_teaser1,', 'Introducing the Iced Collection...  For the person who needs no introduction. It''s so chic, it says everything and nothing. It''s a blank canvas, let your imagination to run wild!', 'Click on the item you want for more information', '2: These chairs are so filthy', NULL),
(15, 15, 1, 'Lodge', 'Lodge', 'ctlg_layout2', 'catalog_lodge_headline1', 'catalog_lodge_teaser1,', 'Introducing the Lodge Collection...  Do you appreciate the beauty of wood?  For that ski lodge effect, or to match that open fire... Lodge is the Furni of choice for people with that no frills approach to decorating.', 'Click on the item you want for more information', '2: I luv wood!', NULL),
(16, 16, 1, 'Plasto', 'Plasto', 'ctlg_plasto', 'catalog_plasto_headline1', '', 'Introducing The Plasto Collection...  Can you feel that 1970s vibe?  Decorate with Plasto and add some colour to your life. Choose a colour that reflect your mood, or just pick your favourite shade.', 'Select an item and a colour and buy!', 'New colors!', '1:Choose an item\r\n2:Select the color\r\n3:Preview'),
(17, 17, 1, 'Pura', 'Pura', 'ctlg_layout2', 'catalog_pura_headline1', 'catalog_pura_teaser1,', 'Introducing the Pura Collection...  This collection breathes fresh, clean air and cool tranquillity. Use it to create a special haven away from the hullabaloo of life outside the Hotel.', 'Click on the item you want for more information', NULL, NULL),
(18, 18, 1, 'Mode', 'Mode', 'ctlg_layout2', 'catalog_mode_headline1', 'catalog_mode_teaser1,', 'Introducing the Mode Collection...  Steely grey functionality combined with sleek designer upholstery. The person that chooses this furniture is a cool urban cat - streetwise, sassy and so slightly untouchable.', 'Click on the item you want for more information', '2: So shiny and new...', NULL),
(19, 19, 1, 'Accessories', 'Accessories', 'ctlg_layout2', 'catalog_extra_headline1', 'catalog_extra_teaser1,', 'Is your room missing something?  Well, now you can add the finishing touches that express your true personality. And don''t forget, like everything else, these accessories can be moved about to suit your mood.', 'Click on the item you want for more information', '2: I herd u liek mudkips?', NULL),
(20, 20, 1, 'Bathroom', 'Bathroom', 'ctlg_layout2', 'catalog_bath_headline1', 'catalog_bath_teaser1,', 'Introducing the Bathroom Collection...  Have some fun with the cheerful bathroom collection. Give yourself and your guests somewhere to freshen up - vital if you want to avoid nasty niffs. Put your loo in a corner though...', 'Click on the item you want for more information', NULL, NULL),
(21, 21, 1, 'Plants', 'Plants', 'ctlg_layout2', 'catalog_plants_headline1', 'catalog_plants_teaser1,', 'Introducing the Plant Collection...  Every room needs a plant! Not only do they bring a bit of the outside inside, they also enhance the air quality! Do we give a fuck? Up to you!', 'Click on the item you want for more information', NULL, NULL),
(40, 40, 5, 'staffHC', 'Club Shop', 'ctlg_layout2', 'catalog_club_headline1', 'catalog_hc_teaser,', 'Welcome to the Club Shop! All ''Habbo Club membership gifts'' are available here, use them wisely you greedy cunt! We have sofas, butlers and all the happy stuff.', 'Click on the item you want for more information', NULL, NULL),
(41, 41, 5, 'Dragons', 'Dragons', 'ctlg_layout2', 'catalog_rares_headline1', '', 'The Dragon page contains all of the Dragon Lamps.', 'Click on the item you want for more information', NULL, NULL);

-- --------------------------------------------------------

--
-- Table structure for table `store_catalogue_sales`
--

CREATE TABLE IF NOT EXISTS `store_catalogue_sales` (
  `salecode` varchar(100) COLLATE latin1_general_ci NOT NULL,
  `pageid` int(10) NOT NULL,
  `orderid` int(10) NOT NULL,
  `price` int(5) NOT NULL,
  `item_definitionid` int(10) NOT NULL,
  `item_specialspriteid` int(5) NOT NULL,
  `package_name` varchar(200) COLLATE latin1_general_ci DEFAULT NULL,
  `package_description` varchar(200) COLLATE latin1_general_ci DEFAULT NULL,
  `ispackage` enum('true','false') COLLATE latin1_general_ci NOT NULL DEFAULT 'false',
  PRIMARY KEY (`salecode`)
) ENGINE=MyISAM DEFAULT CHARSET=latin1 COLLATE=latin1_general_ci;

--
-- Dumping data for table `store_catalogue_sales`
--

INSERT INTO `store_catalogue_sales` (`salecode`, `pageid`, `orderid`, `price`, `item_definitionid`, `item_specialspriteid`, `package_name`, `package_description`, `ispackage`) VALUES
('floor', 3, 1, 2, 2407, 0, NULL, NULL, 'false'),
('CF_50_goldbar', 4, 5, 50, 1765, 0, NULL, NULL, 'false'),
('CF_20_moneybag', 4, 4, 20, 1764, 0, NULL, NULL, 'false'),
('CF_10_coin_gold', 4, 3, 10, 1762, 0, NULL, NULL, 'false'),
('CF_5_coin_silver', 4, 2, 5, 1766, 0, NULL, NULL, 'false'),
('CF_1_coin_bronze', 4, 1, 1, 1763, 0, NULL, NULL, 'false'),
('deal_rollers_red_5', 5, 1, 25, 0, 0, 'Red Roller 5Pack', '5 Red Rollers in a convenient pack', 'true'),
('deal_rollers_red_3', 5, 2, 15, 0, 0, 'Red Roller 3Pack', '3 Red Rollers in a convenient pack', 'true'),
('roller_red', 5, 3, 7, 1448, 0, NULL, NULL, 'false'),
('deal_rollers_blue_5', 5, 4, 25, 0, 0, 'Blue Roller 5Pack', '5 Blue Rollers in a convenient pack', 'true'),
('deal_rollers_blue_3', 5, 5, 15, 0, 0, 'Blue Roller 3Pack', '3 Blue Rollers in a convenient pack', 'true'),
('roller_blue', 5, 6, 7, 1442, 0, NULL, NULL, 'false'),
('deal_rollers_green_5', 5, 7, 25, 0, 0, 'Green Roller 5Pack', '5 Green Rollers in a convenient pack', 'true'),
('deal_rollers_green_3', 5, 8, 15, 0, 0, 'Green Roller 3Pack', '3 Green Rollers in a convenient pack', 'true'),
('roller_green', 5, 9, 7, 1444, 0, NULL, NULL, 'false'),
('deal_rollers_navy_5', 5, 10, 25, 0, 0, 'Navy Roller 5Pack', '5 Navy Rollers in a convenient pack', 'true'),
('deal_rollers_navy_3', 5, 11, 15, 0, 0, 'Navy Roller 3Pack', '3 Navy Rollers in a convenient pack', 'true'),
('roller_navy', 5, 12, 7, 1445, 0, NULL, NULL, 'false'),
('deal_rollers_purple_5', 5, 14, 25, 0, 0, 'Purple Roller 5Pack', '5 Purple Rollers in a convenient pack', 'true'),
('roller_purple', 5, 16, 7, 1447, 0, NULL, NULL, 'false'),
('deal_rollers_purple_3', 5, 15, 15, 0, 0, 'Purple Roller 3Pack', '3 Purple Rollers in a convenient pack', 'true'),
('tele_london', 6, 1, 5, 1179, 0, NULL, NULL, 'false'),
('tele_portaloo', 6, 2, 4, 1181, 0, NULL, NULL, 'false'),
('tele_wardrobe', 6, 3, 3, 1180, 0, NULL, NULL, 'false'),
('pet0', 7, 1, 20, 1320, 0, NULL, NULL, 'false'),
('pet1', 7, 2, 20, 1320, 0, NULL, NULL, 'false'),
('pet2', 7, 3, 20, 1320, 0, NULL, NULL, 'false'),
('deal_dogfood', 8, 1, 2, 0, 0, 'Doggy Bones', 'Natural nutrition for the barking one', 'true'),
('deal_catfood', 8, 2, 2, 0, 0, 'Sardines', 'Fresh catch of the day', 'true'),
('deal_crocfood', 8, 3, 2, 0, 0, 'T-Bones', 'For the croc!', 'true'),
('deal_cabbage', 8, 4, 2, 0, 0, 'Cabbage', 'Health food for pets', 'true'),
('dogfood', 8, 5, 1, 1321, 0, NULL, NULL, 'false'),
('catfood', 8, 6, 1, 1322, 0, NULL, NULL, 'false'),
('crocfood', 8, 7, 1, 1827, 0, NULL, NULL, 'false'),
('cabbage', 8, 8, 1, 1323, 0, NULL, NULL, 'false'),
('waterbowlblue', 8, 9, 2, 1324, 0, NULL, NULL, 'false'),
('waterbowlbrown', 8, 10, 2, 1325, 0, NULL, NULL, 'false'),
('waterbowlgreen', 8, 11, 2, 1326, 0, NULL, NULL, 'false'),
('waterbowlred', 8, 12, 2, 1327, 0, NULL, NULL, 'false'),
('waterbowlyellow', 8, 13, 2, 1328, 0, NULL, NULL, 'false'),
('chocmouse', 8, 14, 1, 1337, 0, NULL, NULL, 'false'),
('marzipanman', 8, 15, 1, 1334, 0, NULL, NULL, 'false'),
('petball1', 8, 16, 2, 1329, 0, NULL, NULL, 'false'),
('petball2', 8, 17, 2, 1330, 0, NULL, NULL, 'false'),
('petball3', 8, 18, 2, 1331, 0, NULL, NULL, 'false'),
('petball4', 8, 19, 2, 1332, 0, NULL, NULL, 'false'),
('petball5', 8, 20, 2, 1333, 0, NULL, NULL, 'false'),
('bed_silo_two', 9, 1, 3, 1030, 0, NULL, NULL, 'false'),
('bed_silo_one', 9, 2, 3, 1029, 0, NULL, NULL, 'false'),
('shelves_silo', 9, 3, 3, 1003, 0, NULL, NULL, 'false'),
('sofa_silo', 9, 4, 3, 1013, 0, NULL, NULL, 'false'),
('sofachair_silo', 9, 5, 3, 1021, 0, NULL, NULL, 'false'),
('kuttafel', 9, 6, 1, 1031, 0, NULL, NULL, 'false'),
('silo_gate', 9, 7, 6, 1227, 0, NULL, NULL, 'false'),
('silo_screen', 9, 8, 3, 1225, 0, NULL, NULL, 'false'),
('silo_corner', 9, 9, 3, 1223, 0, NULL, NULL, 'false'),
('chair_silo', 9, 10, 3, 1012, 0, NULL, NULL, 'false'),
('safe_silo', 9, 11, 3, 1681, 0, NULL, NULL, 'false'),
('barchair_silo', 9, 12, 3, 1465, 0, NULL, NULL, 'false'),
('table_silo_med', 9, 13, 3, 1007, 0, NULL, NULL, 'false'),
('gothicchair', 10, 1, 10, 1789, 0, NULL, NULL, 'false'),
('gothicsofa', 10, 2, 7, 1790, 0, NULL, NULL, 'false'),
('gothicstool', 10, 3, 5, 1791, 0, NULL, NULL, 'false'),
('gothic_carpet1', 10, 4, 5, 1829, 0, NULL, NULL, 'false'),
('gothic_carpet2', 10, 5, 5, 1830, 0, NULL, NULL, 'false'),
('goth_table', 10, 6, 15, 1772, 0, NULL, NULL, 'false'),
('gothrailing', 10, 7, 8, 1771, 0, NULL, NULL, 'false'),
('gothgate', 10, 8, 10, 1769, 0, NULL, NULL, 'false'),
('goth_torch', 10, 9, 7, 2373, 0, NULL, NULL, 'false'),
('goth_fountain', 10, 10, 7, 2370, 0, NULL, NULL, 'false'),
('gothiccandle', 10, 11, 8, 1770, 0, NULL, NULL, 'false'),
('industrialfan', 10, 12, 5, 2372, 0, NULL, NULL, 'false'),
('deal_soundmachine1', 11, 1, 10, 0, 0, 'Soundmachine starterset', 'Gray soundmachine with Duck Funk sampleset', 'true'),
('soundset1', 11, 2, 3, 1858, 0, NULL, NULL, 'false'),
('soundset2', 11, 3, 3, 1860, 0, NULL, NULL, 'false'),
('soundset4', 11, 5, 3, 1860, 0, '', '', 'false'),
('soundset5', 11, 6, 3, 1860, 0, '', '', 'false'),
('soundset3', 11, 4, 3, 1860, 0, '', '', 'false'),
('soundset6', 11, 7, 3, 1863, 0, '', '', 'false'),
('soundset7', 11, 8, 3, 1864, 0, '', '', 'false'),
('soundset9', 11, 10, 3, 1865, 0, '', '', 'false'),
('soundset8', 11, 9, 3, 1865, 0, '', '', 'false'),
('candy_bar', 12, 1, 3, 1618, 0, NULL, NULL, 'false'),
('candy_corner', 12, 2, 3, 1626, 0, NULL, NULL, 'false'),
('candy_hatch', 12, 3, 6, 1634, 0, NULL, NULL, 'false'),
('candy_sofachair', 12, 4, 3, 1136, 0, NULL, NULL, 'false'),
('candy_sofa', 12, 5, 4, 1139, 0, NULL, NULL, 'false'),
('candy_rug', 12, 6, 0, 1128, 0, NULL, NULL, 'false'),
('candy_bed_one', 12, 7, 3, 1137, 0, NULL, NULL, 'false'),
('candy_bed_two', 12, 8, 4, 1138, 0, NULL, NULL, 'false'),
('wall_china', 13, 1, 8, 1707, 0, NULL, NULL, 'false'),
('corner_china', 13, 2, 8, 1708, 0, NULL, NULL, 'false'),
('shelve_china', 13, 3, 8, 1688, 0, NULL, NULL, 'false'),
('chair_china', 13, 4, 5, 1675, 0, NULL, NULL, 'false'),
('table_china', 13, 5, 6, 1676, 0, NULL, NULL, 'false'),
('sofa_china', 13, 6, 9, 1454, 0, NULL, NULL, 'false'),
('poster_china', 13, 7, 3, 2409, 57, NULL, NULL, 'false'),
('knots_china', 13, 8, 5, 2409, 58, NULL, NULL, 'false'),
('lantern_china', 13, 9, 9, 1453, 0, NULL, NULL, 'false'),
('chair_norja', 14, 1, 3, 1015, 0, NULL, NULL, 'false'),
('couch_norja', 14, 2, 3, 1014, 0, NULL, NULL, 'false'),
('table_norja_med', 14, 3, 3, 2410, 0, NULL, NULL, 'false'),
('shelves_norja', 14, 4, 3, 1001, 0, NULL, NULL, 'false'),
('soft_sofachair_norja', 14, 5, 3, 1174, 0, NULL, NULL, 'false'),
('soft_sofa_norja', 14, 6, 4, 1175, 0, NULL, NULL, 'false'),
('norja_bardesk', 14, 7, 3, 1224, 0, NULL, NULL, 'false'),
('norja_barcorner', 14, 8, 3, 1222, 0, NULL, NULL, 'false'),
('norja_hatch', 14, 9, 6, 1226, 0, NULL, NULL, 'false'),
('norja_shutter', 14, 10, 5, 1706, 0, NULL, NULL, 'false'),
('norja_shutter_corner', 14, 11, 4, 1705, 0, NULL, NULL, 'false'),
('bed_armas_two', 15, 1, 3, 1032, 0, NULL, NULL, 'false'),
('bed_armas_one', 15, 2, 3, 1042, 0, NULL, NULL, 'false'),
('fireplace_armas', 15, 3, 4, 1040, 0, NULL, NULL, 'false'),
('bartable_armas', 15, 4, 3, 1117, 0, NULL, NULL, 'false'),
('table_armas', 15, 5, 3, 1037, 0, NULL, NULL, 'false'),
('bench_armas', 15, 6, 3, 1036, 0, NULL, NULL, 'false'),
('divider_armas', 15, 7, 3, 1220, 0, NULL, NULL, 'false'),
('corner_armas', 15, 8, 3, 1219, 0, NULL, NULL, 'false'),
('gate_armas', 15, 9, 6, 1221, 0, NULL, NULL, 'false'),
('shelves_armas', 15, 10, 3, 1035, 0, NULL, NULL, 'false'),
('bar_armas', 15, 11, 4, 1116, 0, NULL, NULL, 'false'),
('bar_chair_armas', 15, 12, 1, 1118, 0, NULL, NULL, 'false'),
('lamp_armas', 15, 13, 3, 1041, 0, NULL, NULL, 'false'),
('candle_armas', 15, 14, 3, 1177, 0, NULL, NULL, 'false'),
('small_table_armas', 15, 15, 2, 1038, 0, NULL, NULL, 'false'),
('small_chair_armas', 15, 16, 1, 1039, 0, NULL, NULL, 'false'),
('bed_budgetb_one', 17, 1, 3, 1140, 0, NULL, NULL, 'false'),
('bed_budgetb_two', 17, 2, 3, 1141, 0, NULL, NULL, 'false'),
('shelves_basic', 17, 3, 3, 1173, 0, NULL, NULL, 'false'),
('bar_basic', 17, 4, 4, 1172, 0, NULL, NULL, 'false'),
('fridge', 17, 5, 6, 1178, 0, NULL, NULL, 'false'),
('lamp_basic', 17, 6, 3, 1176, 0, NULL, NULL, 'false'),
('bed_polyfon_two', 18, 1, 4, 1025, 0, NULL, NULL, 'false'),
('bed_polyfon_one', 18, 2, 3, 1026, 0, NULL, NULL, 'false'),
('fireplace_polyfon', 18, 3, 5, 1046, 0, NULL, NULL, 'false'),
('sofachair_polyfon', 18, 5, 3, 1019, 0, NULL, NULL, 'false'),
('bar_polyfon', 18, 6, 5, 1110, 0, NULL, NULL, 'false'),
('mode_bardesk', 18, 7, 3, 1113, 0, NULL, NULL, 'false'),
('mode_barcorner', 18, 8, 3, 1114, 0, NULL, NULL, 'false'),
('mode_hatch', 18, 9, 6, 1218, 0, NULL, NULL, 'false'),
('dinerchair_polyfon', 18, 10, 3, 1005, 0, NULL, NULL, 'false'),
('dinertable_polyfon', 18, 12, 4, 1135, 0, NULL, NULL, 'false'),
('coffeetable_polyfon2', 18, 13, 3, 1016, 0, NULL, NULL, 'false'),
('table_polyfon_small', 18, 14, 1, 1004, 0, NULL, NULL, 'false'),
('shelves_polyfon', 18, 15, 4, 1002, 0, NULL, NULL, 'false'),
('polyfon_zshelf', 18, 16, 1, 1011, 0, NULL, NULL, 'false'),
('tv_luxus', 19, 1, 6, 1155, 0, NULL, NULL, 'false'),
('wood_tv', 19, 2, 4, 1127, 0, NULL, NULL, 'false'),
('red_tv', 19, 3, 3, 1126, 0, NULL, NULL, 'false'),
('stickies', 19, 4, 3, 2360, 0, NULL, NULL, 'false'),
('pizzabox', 19, 5, 3, 1105, 0, NULL, NULL, 'false'),
('drinks', 19, 6, 3, 1106, 0, NULL, NULL, 'false'),
('bottle', 19, 7, 3, 1112, 0, NULL, NULL, 'false'),
('holodice', 19, 8, 6, 1213, 0, NULL, NULL, 'false'),
('cakewasalie', 19, 9, 4, 1207, 0, NULL, NULL, 'false'),
('menorah', 19, 10, 3, 1187, 0, NULL, NULL, 'false'),
('bunny', 19, 11, 3, 1210, 0, NULL, NULL, 'false'),
('mummy', 19, 12, 3, 2490, 44, NULL, NULL, 'false'),
('wcandleset', 19, 13, 3, 1198, 0, NULL, NULL, 'false'),
('rcandleset', 19, 14, 3, 1199, 0, NULL, NULL, 'false'),
('ham', 19, 15, 3, 1189, 0, NULL, NULL, 'false'),
('alert', 19, 16, 5, 1295, 0, NULL, NULL, 'false'),
('bath', 20, 1, 6, 1156, 0, NULL, NULL, 'false'),
('sink', 20, 2, 3, 1157, 0, NULL, NULL, 'false'),
('duck', 20, 3, 1, 1159, 0, NULL, NULL, 'false'),
('toilet_blue', 20, 4, 4, 1158, 0, NULL, NULL, 'false'),
('toilet_red', 20, 5, 4, 1161, 0, NULL, NULL, 'false'),
('toilet_yellow', 20, 6, 4, 1162, 0, NULL, NULL, 'false'),
('tile_blue', 20, 7, 3, 1160, 0, NULL, NULL, 'false'),
('tile_red', 20, 8, 3, 1163, 0, NULL, NULL, 'false'),
('tile_yellow', 20, 9, 3, 1164, 0, NULL, NULL, 'false'),
('plant_flowers', 21, 1, 4, 1206, 0, NULL, NULL, 'false'),
('plant_rose', 21, 2, 3, 1154, 0, NULL, NULL, 'false'),
('plant_sunflower', 21, 3, 3, 1153, 0, NULL, NULL, 'false'),
('plant_yukka', 21, 4, 3, 1147, 0, NULL, NULL, 'false'),
('plant_ananas', 21, 5, 3, 1142, 0, NULL, NULL, 'false'),
('plant_bonsai', 21, 6, 3, 1145, 0, NULL, NULL, 'false'),
('plant_big_cactus', 21, 7, 3, 1146, 0, NULL, NULL, 'false'),
('plant_small_cactus', 21, 8, 1, 1144, 0, NULL, NULL, 'false'),
('plant_fruittree', 21, 9, 3, 1143, 0, NULL, NULL, 'false'),
('plant_bulrush', 21, 10, 3, 1826, 0, NULL, NULL, 'false'),
('plant_aloevera', 21, 11, 6, 1111, 0, NULL, NULL, 'false'),
('plant_mazehedge', 21, 12, 5, 1825, 0, NULL, NULL, 'false'),
('plant_mazegate', 21, 13, 6, 1824, 0, NULL, NULL, 'false'),
('poster_pedobear', 2, 1, 25, 2409, 1338, NULL, NULL, 'false'),
('hockeystick1', 22, 1, 3, 2409, 52, NULL, NULL, 'false'),
('hockeystick2', 22, 2, 3, 2409, 53, NULL, NULL, 'false'),
('hockeystick3', 22, 3, 3, 2409, 54, NULL, NULL, 'false'),
('scoreboard', 22, 4, 6, 1294, 0, NULL, NULL, 'false'),
('bballthrophy', 22, 5, 6, 1246, 0, NULL, NULL, 'false'),
('bballhoop', 22, 6, 3, 2409, 51, NULL, NULL, 'false'),
('bballcourt', 22, 7, 3, 1244, 0, NULL, NULL, 'false'),
('sportbench', 22, 8, 6, 1245, 0, NULL, NULL, 'false'),
('track_straight_tartan', 22, 9, 3, 1455, 0, NULL, NULL, 'false'),
('track_straight_asphalt', 22, 12, 3, 1457, 0, NULL, NULL, 'false'),
('track_straight_grass', 22, 15, 3, 1456, 0, NULL, NULL, 'false'),
('track_corner_tartan', 22, 10, 3, 1458, 0, NULL, NULL, 'false'),
('track_corner_asphalt', 22, 13, 3, 1459, 0, NULL, NULL, 'false'),
('track_corner_grass', 22, 16, 3, 1460, 0, NULL, NULL, 'false'),
('track_goal_tartan', 22, 11, 3, 1461, 0, NULL, NULL, 'false'),
('track_goal_asphalt', 22, 14, 3, 1462, 0, NULL, NULL, 'false'),
('track_goal_grass', 22, 17, 3, 1463, 0, NULL, NULL, 'false'),
('soccerlamp', 22, 18, 4, 1464, 0, NULL, NULL, 'false'),
('carpet_standard4', 23, 1, 3, 1073, 0, NULL, NULL, 'false'),
('carpet_standard5', 23, 2, 3, 1077, 0, NULL, NULL, 'false'),
('carpet_standard', 23, 3, 3, 1043, 0, NULL, NULL, 'false'),
('carpet_standardb', 23, 4, 3, 1152, 0, NULL, NULL, 'false'),
('carpet_standarda', 23, 5, 3, 1151, 0, NULL, NULL, 'false'),
('carpet_standard3', 23, 6, 3, 1066, 0, NULL, NULL, 'false'),
('carpet_standard2', 23, 7, 3, 1060, 0, NULL, NULL, 'false'),
('carpet_standard8', 23, 8, 3, 1149, 0, NULL, NULL, 'false'),
('carpet_standard7', 23, 9, 3, 1148, 0, NULL, NULL, 'false'),
('carpet_standard1', 23, 10, 3, 1052, 0, NULL, NULL, 'false'),
('carpet_standard6', 23, 11, 3, 1103, 0, NULL, NULL, 'false'),
('carpet_standard9', 23, 12, 3, 1150, 0, NULL, NULL, 'false'),
('carpet_soft', 23, 13, 3, 1119, 0, NULL, NULL, 'false'),
('carpet_soft1', 23, 14, 3, 1120, 0, NULL, NULL, 'false'),
('carpet_soft2', 23, 15, 3, 1121, 0, NULL, NULL, 'false'),
('carpet_soft3', 23, 16, 3, 1122, 0, NULL, NULL, 'false'),
('carpet_soft4', 23, 17, 3, 1123, 0, NULL, NULL, 'false'),
('carpet_soft5', 23, 18, 3, 1124, 0, NULL, NULL, 'false'),
('carpet_soft6', 23, 19, 3, 1125, 0, NULL, NULL, 'false'),
('doormat_love', 23, 20, 1, 1017, 0, NULL, NULL, 'false'),
('doormat0', 23, 21, 1, 1018, 0, NULL, NULL, 'false'),
('doormat1', 23, 22, 1, 1053, 0, NULL, NULL, 'false'),
('doormat2', 23, 23, 1, 2412, 0, NULL, NULL, 'false'),
('doormat3', 23, 24, 1, 2413, 0, NULL, NULL, 'false'),
('doormat4', 23, 25, 1, 2411, 0, NULL, NULL, 'false'),
('doormat5', 23, 26, 1, 2414, 0, NULL, NULL, 'false'),
('doormat6', 23, 27, 1, 1075, 0, NULL, NULL, 'false'),
('carpet_handwoven', 23, 28, 3, 1044, 0, NULL, NULL, 'false'),
('carpet_polarbear', 23, 29, 4, 1045, 0, NULL, NULL, 'false'),
('trophy_duck_bronze', 26, 1, 8, 1297, 0, NULL, NULL, 'false'),
('trophy_globe_bronze', 26, 2, 8, 1298, 0, NULL, NULL, 'false'),
('trophy_fish_bronze', 26, 3, 8, 1299, 0, NULL, NULL, 'false'),
('trophy_duo_bronze', 26, 4, 8, 1300, 0, NULL, NULL, 'false'),
('trophy_champion_bronze', 26, 5, 8, 1301, 0, NULL, NULL, 'false'),
('trophy_classic_bronze', 26, 6, 8, 1314, 0, NULL, NULL, 'false'),
('trophy_duck_silver', 26, 7, 10, 1309, 0, NULL, NULL, 'false'),
('trophy_globe_silver', 26, 8, 10, 1310, 0, NULL, NULL, 'false'),
('trophy_fish_silver', 26, 9, 10, 1311, 0, NULL, NULL, 'false'),
('trophy_duo_silver', 26, 10, 10, 1312, 0, NULL, NULL, 'false'),
('trophy_champion_silver', 26, 11, 10, 1313, 0, NULL, NULL, 'false'),
('trophy_classic_silver', 26, 12, 10, 1308, 0, NULL, NULL, 'false'),
('trophy_duck_gold', 26, 13, 12, 1303, 0, NULL, NULL, 'false'),
('trophy_globe_gold', 26, 14, 12, 1304, 0, NULL, NULL, 'false'),
('trophy_fish_gold', 26, 15, 12, 1305, 0, NULL, NULL, 'false'),
('trophy_duo_gold', 26, 16, 12, 1306, 0, NULL, NULL, 'false'),
('trophy_champion_gold', 26, 17, 12, 1301, 0, NULL, NULL, 'false'),
('trophy_classic_gold', 26, 18, 12, 1307, 0, NULL, NULL, 'false'),
('wallpaper1', 3, 2, 2, 2408, 1, NULL, NULL, 'false'),
('wallpaper2', 3, 3, 2, 2408, 2, NULL, NULL, 'false'),
('wallpaper3', 3, 4, 2, 2408, 3, NULL, NULL, 'false'),
('wallpaper4', 3, 5, 2, 2408, 4, NULL, NULL, 'false'),
('wallpaper5', 3, 6, 2, 2408, 5, NULL, NULL, 'false'),
('wallpaper6', 3, 7, 2, 2408, 6, NULL, NULL, 'false'),
('wallpaper7', 3, 8, 2, 2408, 7, NULL, NULL, 'false'),
('wallpaper8', 3, 9, 2, 2408, 8, NULL, NULL, 'false'),
('wallpaper9', 3, 10, 2, 2408, 9, NULL, NULL, 'false'),
('wallpaper10', 3, 11, 2, 2408, 10, NULL, NULL, 'false'),
('wallpaper11', 3, 12, 3, 2408, 11, NULL, NULL, 'false'),
('wallpaper12', 3, 13, 3, 2408, 12, NULL, NULL, 'false'),
('wallpaper13', 3, 14, 3, 2408, 13, NULL, NULL, 'false'),
('wallpaper14', 3, 15, 3, 2408, 14, NULL, NULL, 'false'),
('wallpaper15', 3, 16, 3, 2408, 15, NULL, NULL, 'false'),
('wallpaper16', 3, 17, 3, 2408, 16, NULL, NULL, 'false'),
('wallpaper17', 3, 18, 3, 2408, 17, NULL, NULL, 'false'),
('wallpaper18', 3, 19, 3, 2408, 18, NULL, NULL, 'false'),
('wallpaper19', 3, 20, 3, 2408, 19, NULL, NULL, 'false'),
('wallpaper20', 3, 21, 3, 2408, 20, NULL, NULL, 'false'),
('wallpaper21', 3, 22, 3, 2408, 21, NULL, NULL, 'false'),
('wallpaper22', 3, 23, 3, 2408, 22, NULL, NULL, 'false'),
('wallpaper23', 3, 24, 3, 2408, 23, NULL, NULL, 'false'),
('wallpaper24', 3, 25, 3, 2408, 24, NULL, NULL, 'false'),
('wallpaper25', 3, 26, 3, 2408, 25, NULL, NULL, 'false'),
('wallpaper26', 3, 27, 3, 2408, 26, NULL, NULL, 'false'),
('wallpaper27', 3, 28, 3, 2408, 27, NULL, NULL, 'false'),
('wallpaper28', 3, 29, 3, 2408, 28, NULL, NULL, 'false'),
('wallpaper29', 3, 30, 3, 2408, 29, NULL, NULL, 'false'),
('wallpaper30', 3, 31, 3, 2408, 30, NULL, NULL, 'false'),
('wallpaper31', 3, 32, 3, 2408, 31, NULL, NULL, 'false'),
('poster_hammer', 24, 1, 3, 2409, 7, NULL, NULL, 'false'),
('poster_bflies_blue', 24, 2, 3, 2409, 18, NULL, NULL, 'false'),
('poster_bflies', 24, 3, 3, 2409, 17, NULL, NULL, 'false'),
('poster_bear', 24, 4, 3, 2409, 4, NULL, NULL, 'false'),
('poster_fish', 24, 5, 3, 2409, 3, NULL, NULL, 'false'),
('poster_carrot', 24, 6, 3, 2409, 2, NULL, NULL, 'false'),
('poster_lapland', 24, 7, 3, 2409, 10, NULL, NULL, 'false'),
('poster_himalaya', 24, 8, 3, 2409, 15, NULL, NULL, 'false'),
('poster_rainforest', 24, 9, 3, 2409, 9, NULL, NULL, 'false'),
('poster_colors', 24, 10, 3, 2409, 8, NULL, NULL, 'false'),
('poster_hole', 24, 11, 3, 2409, 19, NULL, NULL, 'false'),
('poster_bars', 24, 12, 3, 2409, 16, NULL, NULL, 'false'),
('poster_duck', 24, 13, 3, 2409, 5, NULL, NULL, 'false'),
('poster_abstract', 24, 14, 3, 2409, 6, NULL, NULL, 'false'),
('poster_shiva', 24, 15, 3, 2409, 32, NULL, NULL, 'false'),
('poster_granny', 24, 16, 3, 2409, 1, NULL, NULL, 'false'),
('poster_cunningfox', 24, 17, 3, 2409, 14, NULL, NULL, 'false'),
('poster_givingtree', 24, 18, 3, 2409, 55, NULL, NULL, 'false'),
('poster_panda', 24, 19, 3, 2409, 33, NULL, NULL, 'false'),
('poster_cert', 24, 20, 3, 2409, 11, NULL, NULL, 'false'),
('flag_nl', 25, 1, 3, 2409, 511, NULL, NULL, 'false'),
('flag_us', 25, 2, 3, 2409, 502, NULL, NULL, 'false'),
('flag_au', 25, 3, 3, 2409, 513, NULL, NULL, 'false'),
('flag_br', 25, 4, 3, 2409, 521, NULL, NULL, 'false'),
('flag_ca', 25, 5, 3, 2409, 505, NULL, NULL, 'false'),
('flag_de', 25, 6, 3, 2409, 504, NULL, NULL, 'false'),
('flag_en', 25, 7, 3, 2409, 516, NULL, NULL, 'false'),
('flag_fr', 25, 8, 3, 2409, 507, NULL, NULL, 'false'),
('flag_ire', 25, 9, 3, 2409, 512, NULL, NULL, 'false'),
('flag_ind', 25, 10, 3, 2409, 523, NULL, NULL, 'false'),
('flag_jam', 25, 11, 3, 2409, 509, NULL, NULL, 'false'),
('flag_jp', 25, 12, 3, 2409, 522, NULL, NULL, 'false'),
('flag_rainbow', 25, 13, 3, 2409, 520, NULL, NULL, 'false'),
('flag_scot', 25, 14, 3, 2409, 517, NULL, NULL, 'false'),
('flag_es', 25, 15, 3, 2409, 508, NULL, NULL, 'false'),
('flag_eu', 25, 16, 3, 2409, 514, NULL, NULL, 'false'),
('flag_fi', 25, 17, 3, 2409, 506, NULL, NULL, 'false'),
('flag_it', 25, 18, 3, 2409, 510, NULL, NULL, 'false'),
('flag_wales', 25, 19, 3, 2409, 518, NULL, NULL, 'false'),
('flag_se', 25, 20, 3, 2409, 515, NULL, NULL, 'false'),
('flag_ch', 25, 21, 3, 2409, 503, NULL, NULL, 'false'),
('flag_uk', 25, 22, 3, 2409, 500, NULL, NULL, 'false'),
('flag_pirate', 25, 23, 3, 2409, 501, NULL, NULL, 'false'),
('hc_sofa', 40, 1, 5, 1214, 0, NULL, NULL, 'false'),
('hc_mocca', 40, 2, 5, 1243, 0, NULL, NULL, 'false'),
('hc_dice', 40, 3, 5, 1248, 0, NULL, NULL, 'false'),
('hc_tub', 40, 4, 5, 1252, 0, NULL, NULL, 'false'),
('hc_tele', 40, 5, 5, 1296, 0, NULL, NULL, 'false'),
('hc_tsofa', 40, 6, 5, 1251, 0, NULL, NULL, 'false'),
('hc_lmp', 40, 7, 5, 1316, 0, NULL, NULL, 'false'),
('hc_tbl', 40, 8, 5, 1317, 0, NULL, NULL, 'false'),
('hc_chair', 40, 9, 5, 1318, 0, NULL, NULL, 'false'),
('hc_dsk', 40, 10, 5, 1319, 0, NULL, NULL, 'false'),
('hc_trolly', 40, 11, 5, 1782, 0, NULL, NULL, 'false'),
('hc_strtlmp', 40, 12, 5, 1778, 0, NULL, NULL, 'false'),
('hc_curtain', 40, 13, 5, 1775, 0, NULL, NULL, 'false'),
('hc_tv', 40, 14, 5, 1768, 0, NULL, NULL, 'false'),
('hc_butler', 40, 15, 5, 1774, 0, NULL, NULL, 'false'),
('hc_bkshlf', 40, 16, 5, 1773, 0, NULL, NULL, 'false'),
('hc_rontgen', 40, 17, 5, 1781, 0, NULL, NULL, 'false'),
('hc_fireplace', 40, 18, 5, 1777, 0, NULL, NULL, 'false'),
('hc_dj', 40, 19, 5, 1776, 0, NULL, NULL, 'false'),
('hc_wallamp', 40, 20, 5, 2371, 0, NULL, NULL, 'false'),
('hc_machine', 40, 21, 5, 1779, 0, NULL, NULL, 'false'),
('deal_hcrollers', 40, 22, 5, 0, 0, 'HC rollers set', 'Five of those uber rollers in one pack!', 'true'),
('deal_throne', 40, 23, 5, 0, 0, 'Throne', 'Ten for the price of one!', 'true'),
('rare_dragonlamp_4', 41, 1, 5, 1411, 0, NULL, NULL, 'false'),
('rare_dragonlamp_0', 41, 2, 5, 1412, 0, NULL, NULL, 'false'),
('', 0, 0, 0, 1413, 0, NULL, NULL, 'false'),
('rare_dragonlamp_2', 41, 4, 5, 1414, 0, NULL, NULL, 'false'),
('rare_dragonlamp_8', 41, 5, 5, 1415, 0, NULL, NULL, 'false'),
('rare_dragonlamp_9', 41, 6, 5, 1416, 0, NULL, NULL, 'false'),
('rare_dragonlamp_7', 41, 7, 5, 1417, 0, NULL, NULL, 'false'),
('rare_dragonlamp_6', 41, 8, 5, 1418, 0, NULL, NULL, 'false'),
('rare_dragonlamp_1', 41, 9, 5, 1419, 0, NULL, NULL, 'false'),
('rare_dragonlamp_3', 41, 10, 5, 1420, 0, NULL, NULL, 'false');

-- --------------------------------------------------------

--
-- Table structure for table `store_catalogue_sales_packages`
--

CREATE TABLE IF NOT EXISTS `store_catalogue_sales_packages` (
  `salecode` varchar(200) COLLATE latin1_general_ci NOT NULL,
  `definitionid` int(10) NOT NULL,
  `specialspriteid` int(10) NOT NULL,
  `amount` int(5) NOT NULL
) ENGINE=MyISAM DEFAULT CHARSET=latin1 COLLATE=latin1_general_ci;

--
-- Dumping data for table `store_catalogue_sales_packages`
--

INSERT INTO `store_catalogue_sales_packages` (`salecode`, `definitionid`, `specialspriteid`, `amount`) VALUES
('deal_rollers_red_5', 1448, 0, 5),
('deal_rollers_red_3', 1448, 0, 3),
('deal_rollers_blue_5', 1442, 0, 5),
('deal_rollers_blue_3', 1442, 0, 3),
('deal_rollers_green_5', 1444, 0, 5),
('deal_rollers_green_3', 1444, 0, 3),
('deal_rollers_navy_5', 1445, 0, 5),
('deal_rollers_navy_3', 1445, 0, 3),
('deal_rollers_purple_5', 1447, 0, 5),
('deal_rollers_purple_3', 1447, 0, 3),
('deal_dogfood', 1321, 0, 6),
('deal_catfood', 1322, 0, 6),
('deal_crocfood', 1827, 0, 6),
('deal_cabbage', 1323, 0, 6),
('deal_soundmachine1', 1802, 0, 1),
('deal_soundmachine1', 1858, 0, 1),
('deal_hcrollers', 1780, 0, 5),
('deal_throne', 1204, 0, 10);

-- --------------------------------------------------------

--
-- Table structure for table `users`
--

CREATE TABLE IF NOT EXISTS `users` (
  `id` int(10) NOT NULL AUTO_INCREMENT,
  `username` varchar(14) COLLATE latin1_general_ci NOT NULL,
  `password` char(32) COLLATE latin1_general_ci NOT NULL,
  `role` enum('7','6','5','4','3','2','1','0') COLLATE latin1_general_ci NOT NULL DEFAULT '1',
  `signedup` date NOT NULL,
  `figure` char(25) COLLATE latin1_general_ci NOT NULL DEFAULT '1000118001270012900121001',
  `sex` char(1) COLLATE latin1_general_ci NOT NULL DEFAULT 'M',
  `motto` varchar(50) COLLATE latin1_general_ci NOT NULL DEFAULT '',
  `motto_messenger` varchar(50) COLLATE latin1_general_ci NOT NULL DEFAULT '',
  `credits` int(6) NOT NULL DEFAULT '200',
  `tickets` int(6) NOT NULL DEFAULT '0',
  `film` int(6) NOT NULL DEFAULT '0',
  `currentbadge` varchar(5) COLLATE latin1_general_ci NOT NULL DEFAULT '',
  `lastactivity` datetime NOT NULL,
  `club_daysleft` int(7) NOT NULL DEFAULT '0',
  `club_monthsleft` int(7) NOT NULL DEFAULT '0',
  `club_monthsexpired` int(7) NOT NULL DEFAULT '0',
  `club_lastupdate` datetime NOT NULL,
  `email` varchar(50) COLLATE latin1_general_ci NOT NULL,
  `dob` char(10) COLLATE latin1_general_ci NOT NULL DEFAULT '00-00-000',
  `ticket` varchar(90) COLLATE latin1_general_ci NOT NULL DEFAULT '',
  PRIMARY KEY (`id`,`username`),
  UNIQUE KEY `userid` (`id`),
  KEY `ticket` (`ticket`)
) ENGINE=MyISAM  DEFAULT CHARSET=latin1 COLLATE=latin1_general_ci AUTO_INCREMENT=13 ;

--
-- Dumping data for table `users`
--

INSERT INTO `users` (`id`, `username`, `password`, `role`, `signedup`, `figure`, `sex`, `motto`, `motto_messenger`, `credits`, `tickets`, `film`, `currentbadge`, `lastactivity`, `club_daysleft`, `club_monthsleft`, `club_monthsexpired`, `club_lastupdate`, `email`, `dob`, `ticket`) VALUES
(11, 'Will', '3ac53bd5176e8cdf0811d1f0fc04f023', '6', '2012-09-30', '8020618001285023000622520', 'M', 'Hotel Manager', '', 9917, 0, 0, 'ADM', '2012-09-30 16:22:27', 31, 5, 0, '2012-09-30 16:07:48', 's@m.com', '05.01.1977', '');

-- --------------------------------------------------------

--
-- Table structure for table `users_access`
--

CREATE TABLE IF NOT EXISTS `users_access` (
  `userid` int(10) NOT NULL,
  `sessionid` int(10) NOT NULL,
  `moment` datetime NOT NULL,
  `ip` varchar(16) COLLATE latin1_general_ci NOT NULL,
  `machineid` varchar(30) COLLATE latin1_general_ci NOT NULL
) ENGINE=MyISAM DEFAULT CHARSET=latin1 COLLATE=latin1_general_ci;

--
-- Dumping data for table `users_access`
--

INSERT INTO `users_access` (`userid`, `sessionid`, `moment`, `ip`, `machineid`) VALUES
(2, 3, '2011-12-23 20:56:19', '192.168.1.140', '36958188012232011854'),
(2, 4, '2011-12-23 21:01:55', '192.168.1.140', '36958188012232011854'),
(2, 1, '2011-12-23 21:09:41', '192.168.1.140', '36958188012232011854'),
(3, 1, '2011-12-23 21:35:23', '142.68.95.37', '672680423122011905'),
(2, 2, '2011-12-23 21:37:22', '192.168.1.140', '36958188012232011854'),
(2, 1, '2011-12-23 22:23:27', '192.168.1.140', '36958188012232011854'),
(2, 1, '2011-12-23 22:28:31', '192.168.1.140', '36958188012232011854'),
(2, 2, '2011-12-23 22:34:12', '192.168.1.140', '36958188012232011854'),
(2, 1, '2011-12-23 22:34:51', '192.168.1.140', '36958188012232011854'),
(2, 1, '2011-12-25 00:34:22', '192.168.1.140', '36958188012232011854'),
(2, 2, '2011-12-25 03:19:54', '192.168.1.140', '36958188012232011854'),
(2, 1, '2011-12-25 03:22:42', '192.168.1.140', '36958188012232011854'),
(2, 2, '2011-12-25 03:23:39', '192.168.1.140', '36958188012232011854'),
(2, 1, '2011-12-25 03:25:48', '192.168.1.140', '36958188012232011854'),
(2, 1, '2011-12-25 03:53:46', '192.168.1.140', '36958188012232011854'),
(2, 2, '2011-12-25 04:14:59', '192.168.1.140', '36958188012232011854'),
(2, 1, '2011-12-25 04:16:14', '192.168.1.140', '36958188012232011854'),
(2, 1, '2011-12-25 04:17:59', '192.168.1.140', '36958188012232011854'),
(2, 1, '2011-12-25 04:25:52', '192.168.1.140', '36958188012232011854'),
(2, 1, '2011-12-25 04:35:41', '192.168.1.140', '36958188012232011854'),
(2, 1, '2011-12-25 04:44:40', '192.168.1.140', '36958188012232011854'),
(2, 1, '2011-12-25 05:42:08', '192.168.1.140', '36958188012232011854'),
(2, 2, '2011-12-25 06:26:25', '192.168.1.140', '52850334450312252011'),
(2, 3, '2011-12-25 06:34:32', '192.168.1.140', '#52850334450312252011'),
(2, 1, '2011-12-25 06:36:55', '192.168.1.140', '#52850334450312252011'),
(2, 1, '2011-12-25 06:43:03', '192.168.1.140', '#52850334450312252011'),
(2, 1, '2011-12-25 06:44:17', '192.168.1.140', '#52850334450312252011'),
(2, 1, '2011-12-25 06:48:42', '192.168.1.140', '#52850334450312252011'),
(2, 1, '2011-12-25 06:51:40', '192.168.1.140', '#52850334450312252011'),
(6, 2, '2011-12-25 07:16:20', '62.31.145.53', '0A364AEA7A8D4381DCB4985D'),
(2, 3, '2011-12-25 07:17:05', '192.168.1.140', '#52850334450312252011'),
(2, 4, '2011-12-25 07:43:11', '192.168.1.140', '#52850334450312252011'),
(2, 1, '2011-12-25 07:46:16', '192.168.1.140', '#52850334450312252011'),
(6, 2, '2011-12-25 07:46:33', '62.31.145.53', '0A364AEA7A8D4381DCB4985D'),
(2, 1, '2011-12-25 07:59:49', '192.168.1.140', '#52850334450312252011'),
(2, 1, '2011-12-25 13:35:09', '192.168.1.140', '#52850334450312252011'),
(2, 2, '2011-12-25 14:02:19', '192.168.1.140', '#52850334450312252011'),
(2, 1, '2011-12-25 14:10:05', '192.168.1.140', '#52850334450312252011'),
(2, 1, '2011-12-25 14:30:52', '192.168.1.140', '#52850334450312252011'),
(2, 1, '2011-12-25 14:37:33', '192.168.1.140', '#52850334450312252011'),
(2, 1, '2011-12-25 14:47:13', '192.168.1.140', '#52850334450312252011'),
(2, 2, '2011-12-25 14:47:46', '192.168.1.140', '#52850334450312252011'),
(2, 3, '2011-12-25 14:48:05', '192.168.1.140', '#52850334450312252011'),
(2, 1, '2011-12-25 14:50:08', '192.168.1.140', '#52850334450312252011'),
(2, 2, '2011-12-25 14:50:36', '192.168.1.140', '#52850334450312252011'),
(2, 3, '2011-12-25 14:51:06', '192.168.1.140', '#52850334450312252011'),
(2, 1, '2011-12-25 14:52:28', '192.168.1.140', '#52850334450312252011'),
(2, 2, '2011-12-25 14:53:38', '192.168.1.140', '#52850334450312252011'),
(2, 1, '2011-12-25 14:56:02', '192.168.1.140', '#52850334450312252011'),
(2, 2, '2011-12-25 15:45:09', '192.168.1.140', '#52850334450312252011'),
(8, 3, '2011-12-25 23:45:05', '77.249.124.21', '0A344AEA7A8D4084DCB3995D'),
(8, 4, '2011-12-26 00:40:49', '77.249.124.21', '0A344AEA7A8D4084DCB3995D'),
(8, 5, '2011-12-26 05:00:53', '77.249.124.21', '0A344AEA7A8D4084DCB3995D'),
(8, 6, '2011-12-26 09:41:32', '77.249.124.21', '0A344AEA7A8D4084DCB3995D'),
(8, 9, '2011-12-26 23:54:27', '77.249.124.21', '0A344AEA7A8D4084DCB3995D'),
(2, 1, '2011-12-27 15:31:35', '192.168.1.139', '57E87B8D4082DCB6925D44C7'),
(11, 2, '2012-09-30 12:17:46', '127.0.0.1', '20724861200504062012'),
(11, 1, '2012-09-30 12:29:09', '127.0.0.1', '20724861200504062012'),
(11, 1, '2012-09-30 12:31:39', '127.0.0.1', '20724861200504062012'),
(11, 2, '2012-09-30 12:32:21', '127.0.0.1', '20724861200504062012'),
(11, 2, '2012-09-30 12:34:35', '127.0.0.1', '20724861200504062012'),
(11, 3, '2012-09-30 12:36:00', '127.0.0.1', '20724861200504062012'),
(11, 1, '2012-09-30 12:39:06', '127.0.0.1', '20724861200504062012'),
(11, 2, '2012-09-30 12:40:41', '127.0.0.1', '20724861200504062012'),
(11, 1, '2012-09-30 12:45:54', '127.0.0.1', '20724861200504062012'),
(11, 1, '2012-09-30 12:47:26', '127.0.0.1', '20724861200504062012'),
(11, 1, '2012-09-30 12:48:46', '127.0.0.1', '20724861200504062012'),
(11, 1, '2012-09-30 12:50:32', '127.0.0.1', '20724861200504062012'),
(11, 1, '2012-09-30 12:52:16', '127.0.0.1', '20724861200504062012'),
(11, 1, '2012-09-30 12:55:27', '127.0.0.1', '20724861200504062012'),
(11, 1, '2012-09-30 12:56:23', '127.0.0.1', '20724861200504062012'),
(11, 1, '2012-09-30 12:58:59', '127.0.0.1', '20724861200504062012'),
(11, 1, '2012-09-30 13:06:35', '127.0.0.1', '20724861200504062012'),
(11, 2, '2012-09-30 13:11:27', '127.0.0.1', '20724861200504062012'),
(11, 3, '2012-09-30 13:13:18', '127.0.0.1', '20724861200504062012'),
(11, 4, '2012-09-30 13:14:25', '127.0.0.1', '20724861200504062012'),
(11, 2, '2012-09-30 13:23:15', '127.0.0.1', '20724861200504062012'),
(11, 3, '2012-09-30 13:33:32', '127.0.0.1', '20724861200504062012'),
(11, 4, '2012-09-30 13:34:29', '127.0.0.1', '20724861200504062012'),
(11, 1, '2012-09-30 13:40:11', '127.0.0.1', '20724861200504062012'),
(11, 1, '2012-09-30 15:35:34', '127.0.0.1', '20724861200504062012'),
(11, 1, '2012-09-30 15:36:46', '127.0.0.1', '20724861200504062012'),
(11, 1, '2012-09-30 15:47:23', '127.0.0.1', '20724861200504062012'),
(11, 2, '2012-09-30 15:53:11', '127.0.0.1', '20724861200504062012'),
(11, 1, '2012-09-30 15:56:01', '127.0.0.1', '20724861200504062012'),
(11, 2, '2012-09-30 16:03:17', '127.0.0.1', '20724861200504062012'),
(11, 3, '2012-09-30 16:05:30', '127.0.0.1', '20724861200504062012'),
(11, 4, '2012-09-30 16:17:33', '127.0.0.1', '20724861200504062012'),
(11, 1, '2012-09-30 16:21:26', '127.0.0.1', '20724861200504062012');

-- --------------------------------------------------------

--
-- Table structure for table `users_badges`
--

CREATE TABLE IF NOT EXISTS `users_badges` (
  `userid` int(10) unsigned NOT NULL,
  `badge` varchar(5) COLLATE latin1_general_ci NOT NULL
) ENGINE=MyISAM DEFAULT CHARSET=latin1 COLLATE=latin1_general_ci;

--
-- Dumping data for table `users_badges`
--

INSERT INTO `users_badges` (`userid`, `badge`) VALUES
(11, 'AU3'),
(11, 'UK3');

-- --------------------------------------------------------

--
-- Table structure for table `users_club_fuserights`
--

CREATE TABLE IF NOT EXISTS `users_club_fuserights` (
  `fuseright` varchar(100) COLLATE latin1_general_ci NOT NULL,
  PRIMARY KEY (`fuseright`)
) ENGINE=MyISAM DEFAULT CHARSET=latin1 COLLATE=latin1_general_ci;

--
-- Dumping data for table `users_club_fuserights`
--

INSERT INTO `users_club_fuserights` (`fuseright`) VALUES
('fuse_extended_buddylist'),
('fuse_furni_chooser'),
('fuse_habbo_chooser'),
('fuse_priority_access'),
('fuse_room_queue_club'),
('fuse_use_club_badge'),
('fuse_use_club_dance'),
('fuse_use_club_outfits'),
('fuse_use_special_room_layouts');

-- --------------------------------------------------------

--
-- Table structure for table `users_club_gifts`
--

CREATE TABLE IF NOT EXISTS `users_club_gifts` (
  `month` int(5) NOT NULL,
  `item` varchar(100) COLLATE latin1_general_ci NOT NULL
) ENGINE=MyISAM DEFAULT CHARSET=latin1 COLLATE=latin1_general_ci;

-- --------------------------------------------------------

--
-- Table structure for table `users_creditlog`
--

CREATE TABLE IF NOT EXISTS `users_creditlog` (
  `userid` int(10) NOT NULL,
  `moment` datetime NOT NULL,
  `type` enum('web_internal','sms_win_vodafone','tsms_win_tmobile','messenger','creditcards_is','htk_singledrop','refunds','splashplastic','sms_win_orange','bibit','stuff_store','sms_win_btcellnet','win_voucher','club_habbo') COLLATE latin1_general_ci NOT NULL,
  `activity` int(5) NOT NULL
) ENGINE=MyISAM DEFAULT CHARSET=latin1 COLLATE=latin1_general_ci;

--
-- Dumping data for table `users_creditlog`
--

INSERT INTO `users_creditlog` (`userid`, `moment`, `type`, `activity`) VALUES
(2, '2011-12-23 20:59:23', 'club_habbo', -105),
(2, '2011-12-23 21:40:36', 'stuff_store', -5),
(2, '2011-12-23 21:40:43', 'stuff_store', -5),
(2, '2011-12-23 21:40:45', 'stuff_store', -5),
(2, '2011-12-23 21:40:47', 'stuff_store', -5),
(2, '2011-12-23 21:40:49', 'stuff_store', -5),
(2, '2011-12-23 21:40:51', 'stuff_store', -5),
(2, '2011-12-23 21:40:53', 'stuff_store', -5),
(2, '2011-12-23 21:40:55', 'stuff_store', -5),
(2, '2011-12-23 21:40:58', 'stuff_store', -5),
(2, '2011-12-23 21:41:03', 'stuff_store', -5),
(2, '2011-12-23 21:41:05', 'stuff_store', -5),
(2, '2011-12-23 21:41:25', 'stuff_store', -5),
(2, '2011-12-23 21:41:28', 'stuff_store', -5),
(2, '2011-12-23 21:41:30', 'stuff_store', -5),
(2, '2011-12-23 21:41:36', 'stuff_store', -5),
(2, '2011-12-23 21:41:38', 'stuff_store', -5),
(2, '2011-12-23 21:43:11', 'stuff_store', -25),
(2, '2011-12-23 22:03:07', 'stuff_store', -3),
(2, '2011-12-23 22:03:09', 'stuff_store', -3),
(2, '2011-12-23 22:03:10', 'stuff_store', -3),
(2, '2011-12-25 06:35:42', 'stuff_store', -25),
(2, '2011-12-25 14:04:25', 'stuff_store', -2),
(2, '2011-12-25 14:04:37', 'stuff_store', -50),
(2, '2011-12-25 14:05:42', 'stuff_store', -50),
(2, '2011-12-25 14:10:23', 'stuff_store', -1),
(2, '2011-12-25 14:10:27', 'stuff_store', -3),
(2, '2011-12-25 14:10:42', 'stuff_store', -3),
(2, '2011-12-25 15:45:32', 'stuff_store', -5),
(2, '2011-12-25 15:45:53', 'stuff_store', -5),
(8, '2011-12-25 23:47:15', 'club_habbo', -105),
(8, '2011-12-25 23:47:58', 'stuff_store', -25),
(8, '2011-12-25 23:48:17', 'stuff_store', -10),
(8, '2011-12-26 00:50:13', 'stuff_store', -6),
(8, '2011-12-26 00:50:23', 'stuff_store', -50),
(11, '2012-09-30 12:18:16', 'stuff_store', -7),
(11, '2012-09-30 12:31:57', 'stuff_store', -3),
(11, '2012-09-30 12:35:05', 'stuff_store', -5),
(11, '2012-09-30 12:35:24', 'stuff_store', -3),
(11, '2012-09-30 13:07:13', 'stuff_store', -3),
(11, '2012-09-30 13:07:28', 'stuff_store', -20),
(11, '2012-09-30 13:08:18', 'stuff_store', -3),
(11, '2012-09-30 13:08:22', 'stuff_store', -2),
(11, '2012-09-30 13:14:49', 'web_internal', 500),
(11, '2012-09-30 13:16:47', 'stuff_store', -3),
(11, '2012-09-30 13:24:08', 'win_voucher', 123),
(11, '2012-09-30 13:28:46', 'stuff_store', -10),
(11, '2012-09-30 13:29:04', 'stuff_store', -10),
(11, '2012-09-30 13:30:07', 'stuff_store', -10),
(11, '2012-09-30 13:30:34', 'stuff_store', -6),
(11, '2012-09-30 13:30:41', 'stuff_store', -3),
(11, '2012-09-30 13:30:47', 'stuff_store', -5),
(11, '2012-09-30 13:41:47', 'stuff_store', -5),
(11, '2012-09-30 13:53:37', 'stuff_store', -5),
(11, '2012-09-30 15:58:24', 'stuff_store', -7),
(11, '2012-09-30 16:07:48', 'club_habbo', -105);

-- --------------------------------------------------------

--
-- Table structure for table `users_fuserights`
--

CREATE TABLE IF NOT EXISTS `users_fuserights` (
  `id` int(11) NOT NULL AUTO_INCREMENT,
  `userid` int(11) NOT NULL,
  `fuse` varchar(30) NOT NULL,
  PRIMARY KEY (`id`)
) ENGINE=MyISAM  DEFAULT CHARSET=latin1 AUTO_INCREMENT=6 ;

--
-- Dumping data for table `users_fuserights`
--

INSERT INTO `users_fuserights` (`id`, `userid`, `fuse`) VALUES
(5, 3, 'housekeeping_hobbamanagement');

-- --------------------------------------------------------

--
-- Table structure for table `users_roles_badges`
--

CREATE TABLE IF NOT EXISTS `users_roles_badges` (
  `minrole` int(5) NOT NULL,
  `badge` varchar(5) COLLATE latin1_general_ci NOT NULL,
  PRIMARY KEY (`badge`)
) ENGINE=MyISAM DEFAULT CHARSET=latin1 COLLATE=latin1_general_ci;

--
-- Dumping data for table `users_roles_badges`
--

INSERT INTO `users_roles_badges` (`minrole`, `badge`) VALUES
(2, 'XXX'),
(3, 'NWB'),
(4, 'HBA'),
(5, 'ADM'),
(6, 'AM3'),
(1, 'EAR'),
(2, 'BBA'),
(6, 'DIL'),
(2, 'HX1');

-- --------------------------------------------------------

--
-- Table structure for table `users_roles_fuserights`
--

CREATE TABLE IF NOT EXISTS `users_roles_fuserights` (
  `minrole` int(2) NOT NULL,
  `fuseright` varchar(100) COLLATE latin1_general_ci NOT NULL,
  PRIMARY KEY (`fuseright`)
) ENGINE=MyISAM DEFAULT CHARSET=latin1 COLLATE=latin1_general_ci;

--
-- Dumping data for table `users_roles_fuserights`
--

INSERT INTO `users_roles_fuserights` (`minrole`, `fuseright`) VALUES
(0, 'default'),
(1, 'fuse_login'),
(1, 'fuse_buy_credits'),
(1, 'fuse_trade'),
(1, 'fuse_room_queue_default'),
(6, 'fuse_enter_full_rooms'),
(3, 'fuse_enter_locked_rooms'),
(3, 'fuse_kick'),
(3, 'fuse_mute'),
(4, 'fuse_ban'),
(4, 'fuse_room_mute'),
(4, 'fuse_room_kick'),
(4, 'fuse_receive_calls_for_help'),
(4, 'fuse_remove_stickies'),
(5, 'fuse_mod'),
(5, 'fuse_superban'),
(6, 'fuse_pick_up_any_furni'),
(5, 'fuse_ignore_room_owner'),
(4, 'fuse_any_room_controller'),
(2, 'fuse_room_alert'),
(5, 'fuse_moderator_access'),
(6, 'fuse_administrator_access'),
(6, 'fuse_see_flat_ids'),
(1, 'fuse_performance_panel'),
(4, 'fuse_enter_all_rooms'),
(5, 'fuse_hotelalert'),
(3, 'fuse_alert'),
(6, 'fuse_debug'),
(5, 'fuse_funchatcommands'),
(4, 'fuse_see_all_roomowners'),
(3, 'housekeeping_chatlog'),
(5, 'housekeeping_logs_stafflog'),
(3, 'housekeeping_logs_creditslog'),
(4, 'housekeeping_logs_userlogin'),
(6, 'housekeeping_logs_hklog'),
(6, 'housekeeping_remote_offline'),
(6, 'housekeeping_remote_stopserver'),
(6, 'housekeeping_badges_management'),
(6, 'housekeeping_blacklist'),
(6, 'housekeeping_credits_management'),
(6, 'housekeeping_usermanagement'),
(6, 'housekeeping_externaltexts'),
(6, 'housekeeping_siteoffon'),
(2, 'housekeeping_login'),
(6, 'housekeeping_loaderedit'),
(6, 'housekeeping_news'),
(3, 'housekeeping_findroomid'),
(6, 'housekeeping_roommanagement'),
(6, 'housekeeping_userranks'),
(2, 'whosonline_server');

-- --------------------------------------------------------

--
-- Table structure for table `users_vouchers`
--

CREATE TABLE IF NOT EXISTS `users_vouchers` (
  `code` varchar(20) COLLATE latin1_general_ci NOT NULL,
  `type` enum('item','credits') COLLATE latin1_general_ci NOT NULL,
  `value` varchar(100) COLLATE latin1_general_ci NOT NULL,
  `redeemer_userid` int(10) DEFAULT NULL,
  PRIMARY KEY (`code`)
) ENGINE=MyISAM DEFAULT CHARSET=latin1 COLLATE=latin1_general_ci;

--
-- Dumping data for table `users_vouchers`
--

INSERT INTO `users_vouchers` (`code`, `type`, `value`, `redeemer_userid`) VALUES
('12', 'item', 'shelves_norja', 11);

