INSERT INTO `items_information` (`id`, `name`, `item_name`, `type`, `furni_type`, `sprite_id`, `width`, `length`, `height`, `can_stack`, `can_sit`, `can_walk`, `can_gift`, `can_trade`, `can_recycle`, `can_sell`) VALUES
(2160, 'prizetrophy_2011_p', '', 's', 'default', 3483, 1, 1, 1, '1', '0', '0', '1', '1', '1', '1'),
(2161, 'fireworks_02', '', 's', 'default', 3484, 1, 1, 1, '1', '0', '0', '1', '1', '1', '1'),
(2162, 'year2011_waver_r', '', 's', 'default', 3485, 1, 1, 1, '1', '0', '0', '1', '1', '1', '1'),
(2163, 'prizetrophy_2011_g', '', 's', 'default', 3486, 1, 1, 1, '1', '0', '0', '1', '1', '1', '1'),
(2164, 'fireworks_05', '', 's', 'default', 3487, 1, 1, 1, '1', '0', '0', '1', '1', '1', '1'),
(2165, 'year2011_waver_g', '', 's', 'default', 3488, 1, 1, 1, '1', '0', '0', '1', '1', '1', '1'),
(2166, 'year2011_waver_b', '', 's', 'default', 3489, 1, 1, 1, '1', '0', '0', '1', '1', '1', '1'),
(2167, 'fireworks_07', '', 's', 'default', 3490, 1, 1, 1, '1', '0', '0', '1', '1', '1', '1'),
(2168, 'fireworks_06', '', 's', 'default', 3491, 1, 1, 1, '1', '0', '0', '1', '1', '1', '1'),
(2169, 'fireworks_04', '', 's', 'default', 3492, 1, 1, 1, '1', '0', '0', '1', '1', '1', '1'),
(2170, 'bling11_statue2', '', 's', 'default', 3493, 2, 2, 1, '1', '0', '0', '1', '1', '1', '1'),
(2171, 'bling11_slot', '', 's', 'default', 3494, 1, 1, 1, '1', '0', '0', '1', '1', '1', '1'),
(2172, 'bling11_towels', '', 's', 'default', 3495, 1, 1, 1, '1', '0', '0', '1', '1', '1', '1'),
(2173, 'bling11_rug1', '', 's', 'default', 3496, 2, 2, 1, '1', '0', '1', '1', '1', '1', '1'),
(2174, 'bling11_tele', '', 's', 'default', 3497, 1, 1, 1, '1', '0', '0', '1', '1', '1', '1'),
(2175, 'bling11_sofa', '', 's', 'default', 3498, 3, 1, 1, '1', '1', '1', '1', '1', '1', '1'),
(2176, 'bling11_statue1', '', 's', 'default', 3499, 1, 1, 1, '1', '0', '0', '1', '1', '1', '1'),
(2177, 'val11_floor', '', 's', 'default', 3500, 2, 2, 1, '1', '0', '1', '1', '1', '1', '1'),
(2178, 'bling11_dvd', '', 's', 'default', 3501, 1, 2, 1, '1', '0', '0', '1', '1', '1', '1'),
(2179, 'bling11_floor', '', 's', 'default', 3502, 2, 2, 1, '1', '0', '1', '1', '1', '1', '1'),
(2180, 'china_rabbit', '', 's', 'default', 3504, 1, 1, 1, '1', '0', '0', '1', '1', '1', '1'),
(2181, 'bling11_rug2', '', 's', 'default', 3505, 3, 3, 1, '1', '0', '1', '1', '1', '1', '1'),
(2182, 'bling11_dvn', '', 's', 'default', 3506, 1, 3, 1, '1', '0', '0', '1', '1', '1', '1'),
(2183, 'bling11_seat2', '', 's', 'default', 3507, 1, 1, 1, '1', '0', '0', '1', '1', '1', '1'),
(2184, 'bling11_seat1', '', 's', 'default', 3508, 1, 1, 1, '1', '0', '0', '1', '1', '1', '1'),
(2185, 'bling11_block', '', 's', 'default', 3509, 1, 1, 1, '1', '0', '0', '1', '1', '1', '1'),
(2186, 'bling11_pillar', '', 's', 'default', 3510, 1, 1, 1, '1', '0', '0', '1', '1', '1', '1'),
(2187, 'qt_val11_holoduck', '', 's', 'default', 3511, 1, 1, 1, '1', '0', '0', '1', '1', '1', '1'),
(2188, 'val11_playa', '', 's', 'default', 3512, 1, 1, 1, '1', '0', '0', '1', '1', '1', '1'),
(2189, 'qt_val11_discoball', '', 's', 'default', 3513, 1, 1, 1, '1', '0', '1', '1', '1', '1', '1'),
(2190, 'val11_chair', '', 's', 'default', 3514, 1, 1, 1, '1', '1', '1', '1', '1', '1', '1'),
(2191, 'qt_val11_nest', '', 's', 'default', 3515, 1, 1, 1, '1', '0', '0', '1', '1', '1', '1'),
(2192, 'nest_terrarium', '', 's', 'default', 3516, 1, 1, 1, '1', '0', '0', '1', '1', '1', '1'),
(2193, 'qt_val11_duckformer', '', 's', 'default', 3517, 1, 1, 1, '1', '0', '0', '1', '1', '1', '1'),
(2194, 'qt_val11_jellychair', '', 's', 'default', 3518, 1, 1, 1, '1', '1', '1', '1', '1', '1', '1'),
(2195, 'qt_val11_jellyheart', '', 's', 'default', 3519, 1, 1, 1, '1', '0', '0', '1', '1', '1', '1'),
(2196, 'val11_rail', '', 's', 'default', 3520, 1, 2, 1, '1', '0', '0', '1', '1', '1', '1'),
(2197, 'qt_val11_holoheart', '', 's', 'default', 3521, 1, 1, 1, '1', '0', '0', '1', '1', '1', '1'),
(2198, 'ads_sunnyvend', '', 's', 'default', 3522, 1, 1, 1, '1', '0', '0', '1', '1', '1', '1'),
(2199, 'limo_w_mid', '', 's', 'default', 3523, 2, 1, 1, '1', '0', '0', '1', '1', '1', '1'),
(2200, 'limo_w_mid2', '', 's', 'default', 3524, 2, 1, 1, '1', '0', '0', '1', '1', '1', '1'),
(2201, 'ads_leaf_teleport', '', 's', 'default', 3525, 1, 1, 1, '1', '0', '0', '1', '1', '1', '1'),
(2202, 'petfood19', '', 's', 'default', 3526, 1, 1, 1, '1', '0', '0', '1', '1', '1', '1'),
(2203, 'limo_w_back', '', 's', 'default', 3527, 2, 1, 1, '1', '0', '0', '1', '1', '1', '1'),
(2204, 'petfood18', '', 's', 'default', 3528, 1, 1, 1, '1', '0', '0', '1', '1', '1', '1'),
(2205, 'limo_w_front', '', 's', 'default', 3529, 2, 1, 1, '1', '0', '0', '1', '1', '1', '1'),
(2206, 'petfood17', '', 's', 'default', 3530, 1, 1, 1, '1', '0', '0', '1', '1', '1', '1'),
(2207, 'gothic_bed', '', 's', 'default', 3532, 2, 3, 1, '1', '0', '0', '1', '1', '1', '1'),
(2208, 'gothic_candles', '', 's', 'default', 3533, 1, 1, 1, '1', '0', '0', '1', '1', '1', '1'),
(2209, 'gothic_desk', '', 's', 'default', 3534, 1, 2, 1, '1', '0', '0', '1', '1', '1', '1'),
(2210, 'ads_grefu_trophy', '', 's', 'default', 3535, 1, 1, 1, '1', '0', '0', '1', '1', '1', '1'),
(2211, 'gothic_bowl', '', 's', 'default', 3536, 1, 1, 1, '1', '0', '0', '1', '1', '1', '1'),
(2212, 'nest_frog', '', 's', 'default', 3538, 1, 1, 1, '1', '0', '0', '1', '1', '1', '1'),
(2213, 'pond', '', 's', 'default', 3539, 1, 1, 1, '1', '0', '0', '1', '1', '1', '1'),
(2214, 'val11_present', '', 's', 'default', 3540, 1, 1, 1, '1', '0', '0', '1', '1', '1', '1'),
(2215, 'prizetrophy_cine', '', 's', 'default', 3541, 1, 1, 1, '1', '0', '0', '1', '1', '1', '1'),
(2216, 'cine_vipsign', '', 's', 'default', 3542, 1, 1, 1, '1', '0', '0', '1', '1', '1', '1'),
(2217, 'limo_b_mid3', '', 's', 'default', 3543, 2, 1, 1, '1', '0', '0', '1', '1', '1', '1'),
(2218, 'limo_b_mid2', '', 's', 'default', 3544, 2, 1, 1, '1', '0', '0', '1', '1', '1', '1'),
(2219, 'limo_b_front', '', 's', 'default', 3545, 2, 1, 1, '1', '0', '0', '1', '1', '1', '1'),
(2220, 'limo_b_mid', '', 's', 'default', 3546, 2, 1, 1, '1', '0', '0', '1', '1', '1', '1'),
(2221, 'cine_star', '', 's', 'default', 3547, 1, 1, 1, '1', '0', '0', '1', '1', '1', '1'),
(2222, 'limo_b_back', '', 's', 'default', 3548, 2, 1, 1, '1', '0', '0', '1', '1', '1', '1'),
(2223, 'cine_curtain', '', 's', 'default', 3549, 8, 1, 1, '1', '0', '0', '1', '1', '1', '1'),
(2224, 'cine_screen', '', 's', 'default', 3550, 6, 1, 1, '1', '0', '0', '1', '1', '1', '1'),
(2225, 'theatre_seat_g', '', 's', 'default', 3551, 1, 1, 1, '1', '0', '0', '1', '1', '1', '1'),
(2226, 'cine_tile', '', 's', 'default', 3552, 1, 1, 1, '1', '0', '0', '1', '1', '1', '1'),
(2227, 'cine_bench_b', '', 's', 'default', 3553, 3, 1, 1, '1', '1', '1', '1', '1', '1', '1'),
(2228, 'theatre_seat_b', '', 's', 'default', 3554, 1, 1, 1, '1', '0', '0', '1', '1', '1', '1'),
(2229, 'cine_roof', '', 's', 'default', 3555, 3, 3, 1, '1', '0', '0', '1', '1', '1', '1'),
(2230, 'cine_popcorn', '', 's', 'default', 3556, 1, 1, 1, '1', '0', '0', '1', '1', '1', '1'),
(2231, 'cine_bench', '', 's', 'default', 3557, 3, 1, 1, '1', '1', '1', '1', '1', '1', '1'),
(2232, 'cine_bench_g', '', 's', 'default', 3558, 3, 1, 1, '1', '1', '1', '1', '1', '1', '1'),
(2233, 'cine_ticket_booth', '', 's', 'default', 3559, 1, 1, 1, '1', '0', '0', '1', '1', '1', '1'),
(2234, 'cine_projector', '', 's', 'default', 3560, 1, 1, 1, '1', '0', '0', '1', '1', '1', '1'),
(2235, 'wf_box', '', 's', 'default', 3561, 1, 1, 0.5, '1', '0', '1', '1', '1', '1', '1'),
(2236, 'cubie_lamp_b', '', 's', 'default', 3562, 1, 1, 1, '1', '0', '0', '1', '1', '1', '1'),
(2237, 'ads_rangocactus', '', 's', 'default', 3563, 1, 1, 1, '1', '0', '0', '1', '1', '1', '1'),
(2238, 'cubie_chair_b', '', 's', 'default', 3564, 1, 1, 1, '1', '1', '1', '1', '1', '1', '1'),
(2239, 'cubie_rug_b', '', 's', 'default', 3565, 2, 3, 1, '1', '0', '1', '1', '1', '1', '1'),
(2240, 'wf_maze', '', 's', 'default', 3566, 1, 1, 0.5, '1', '0', '1', '1', '1', '1', '1'),
(2241, 'cubie_bigtable_b', '', 's', 'default', 3567, 2, 2, 1, '1', '0', '0', '1', '1', '1', '1'),
(2242, 'cubie_beanbag_p', '', 's', 'default', 3568, 1, 1, 1, '1', '0', '0', '1', '1', '1', '1'),
(2243, 'cubie_lamp_p', '', 's', 'default', 3569, 1, 1, 1, '1', '0', '0', '1', '1', '1', '1'),
(2244, 'cubie_sofaseat_p', '', 's', 'default', 3570, 1, 1, 1, '1', '1', '1', '1', '1', '1', '1'),
(2245, 'cubie_shelf_0_b', '', 's', 'default', 3571, 1, 1, 1, '1', '0', '0', '1', '1', '1', '1'),
(2246, 'cubie_shelf_4_p', '', 's', 'default', 3572, 3, 1, 1, '1', '0', '0', '1', '1', '1', '1'),
(2247, 'cubie_shelf_2_p', '', 's', 'default', 3573, 2, 1, 1, '1', '0', '0', '1', '1', '1', '1'),
(2248, 'cubie_bed_p', '', 's', 'default', 3574, 1, 3, 1, '1', '0', '0', '1', '1', '1', '1'),
(2249, 'cubie_stool_b', '', 's', 'default', 3575, 1, 1, 1, '1', '0', '0', '1', '1', '1', '1'),
(2250, 'cubie_rug_p', '', 's', 'default', 3576, 2, 3, 1, '1', '0', '1', '1', '1', '1', '1'),
(2251, 'cubie_bed_b', '', 's', 'default', 3577, 1, 3, 1, '1', '0', '0', '1', '1', '1', '1'),
(2252, 'cubie_shelf_3_b', '', 's', 'default', 3578, 2, 1, 1, '1', '0', '0', '1', '1', '1', '1'),
(2253, 'cubie_shelf_3_p', '', 's', 'default', 3579, 2, 1, 1, '1', '0', '0', '1', '1', '1', '1'),
(2254, 'cubie_shelf_1_p', '', 's', 'default', 3580, 1, 1, 1, '1', '0', '0', '1', '1', '1', '1'),
(2255, 'cubie_shelf_1_b', '', 's', 'default', 3581, 1, 1, 1, '1', '0', '0', '1', '1', '1', '1'),
(2256, 'cine_glass', '', 's', 'default', 3582, 1, 1, 1, '1', '0', '0', '1', '1', '1', '1'),
(2257, 'cubie_bigtable_p', '', 's', 'default', 3583, 2, 2, 1, '1', '0', '0', '1', '1', '1', '1'),
(2258, 'cubie_beanbag_b', '', 's', 'default', 3584, 1, 1, 1, '1', '0', '0', '1', '1', '1', '1'),
(2259, 'cubie_stool_p', '', 's', 'default', 3585, 1, 1, 1, '1', '0', '0', '1', '1', '1', '1'),
(2260, 'cubie_chair_p', '', 's', 'default', 3586, 1, 1, 1, '1', '1', '1', '1', '1', '1', '1'),
(2261, 'wf_cnd_has_furni_on', '', 's', 'default', 3587, 1, 1, 0.5, '1', '0', '1', '1', '1', '1', '1'),
(2262, 'cubie_table', '', 's', 'default', 3588, 1, 2, 1, '1', '0', '0', '1', '1', '1', '1'),
(2263, 'cubie_sofaseat_b', '', 's', 'default', 3589, 1, 1, 1, '1', '1', '1', '1', '1', '1', '1'),
(2264, 'cubie_shelf_4_b', '', 's', 'default', 3590, 3, 1, 1, '1', '0', '0', '1', '1', '1', '1'),
(2265, 'cubie_shelf_2_b', '', 's', 'default', 3591, 2, 1, 1, '1', '0', '0', '1', '1', '1', '1'),
(2266, 'cubie_shelf_0_p', '', 's', 'default', 3592, 1, 1, 1, '1', '0', '0', '1', '1', '1', '1'),
(2267, 'newbie_present', '', 's', 'default', 3593, 1, 1, 1, '1', '0', '0', '1', '1', '1', '1'),
(2268, 'tv_flat', '', 's', 'default', 3594, 2, 1, 1, '1', '0', '0', '1', '1', '1', '1'),
(2269, 'waasa_table2', '', 's', 'default', 3595, 2, 1, 1, '1', '0', '0', '1', '1', '1', '1'),
(2270, 'computer_flatscreen', '', 's', 'default', 3596, 1, 1, 1, '1', '0', '0', '1', '1', '1', '1'),
(2271, 'waasa_chair', '', 's', 'default', 3597, 1, 1, 1, '1', '1', '1', '1', '1', '1', '1'),
(2272, 'waasa_ship2', '', 's', 'default', 3598, 2, 1, 1, '1', '0', '0', '1', '1', '1', '1'),
(2273, 'waasa_ship1', '', 's', 'default', 3599, 1, 1, 1, '1', '0', '0', '1', '1', '1', '1'),
(2274, 'waasa_bunk_bed', '', 's', 'default', 3600, 3, 1, 1, '1', '0', '0', '1', '1', '1', '1'),
(2275, 'computer_laptop', '', 's', 'default', 3601, 1, 1, 1, '1', '0', '0', '1', '1', '1', '1'),
(2276, 'computer_old', '', 's', 'default', 3602, 1, 1, 1, '1', '0', '0', '1', '1', '1', '1'),
(2277, 'waasa_table1', '', 's', 'default', 3603, 1, 1, 1, '1', '0', '0', '1', '1', '1', '1'),
(2278, 'waasa_desk', '', 's', 'default', 3604, 2, 1, 1, '1', '0', '0', '1', '1', '1', '1'),
(2279, 'post.it.vd', '', 'i', 'default', 2, 0, 0, 1, '1', '0', '0', '1', '1', '1', '1'),
(2280, 'photo', '', 'i', 'default', 3, 0, 0, 1, '1', '0', '0', '1', '1', '1', '1'),
(2281, 'Chess', '', 'i', 'default', 1001, 0, 0, 1, '1', '0', '0', '1', '1', '1', '1'),
(2282, 'TicTacToe', '', 'i', 'default', 1011, 0, 0, 1, '1', '0', '0', '1', '1', '1', '1'),
(2283, 'BattleShip', '', 'i', 'default', 1021, 0, 0, 1, '1', '0', '0', '1', '1', '1', '1'),
(2284, 'Poker', '', 'i', 'default', 2010, 0, 0, 1, '1', '0', '0', '1', '1', '1', '1'),
(2285, 'wallpaper', '', 'i', 'default', 3001, 0, 0, 1, '1', '0', '0', '1', '1', '1', '1'),
(2286, 'a2 l', '', 'i', 'default', 3002, 1, 1, 1, '1', '0', '0', '1', '1', '1', '1'),
(2287, 'poster', '', 'i', 'default', 4001, 0, 0, 1, '1', '0', '0', '1', '1', '1', '1'),
(2288, 'gothicfountain', '', 'i', 'default', 4002, 0, 0, 1, '1', '0', '0', '1', '1', '1', '1'),
(2289, 'hc_wall_lamp', '', 'i', 'default', 4003, 0, 0, 1, '1', '0', '0', '1', '1', '1', '1'),
(2290, 'industrialfan', '', 'i', 'default', 4004, 0, 0, 1, '1', '0', '0', '1', '1', '1', '1'),
(2291, 'torch', '', 'i', 'default', 4005, 0, 0, 1, '1', '0', '0', '1', '1', '1', '1'),
(2292, 'val_heart', '', 'i', 'default', 4006, 0, 0, 1, '1', '0', '0', '1', '1', '1', '1'),
(2293, 'wallmirror', '', 'i', 'default', 4007, 0, 0, 1, '1', '0', '0', '1', '1', '1', '1'),
(2294, 'jp_ninjastars', '', 'i', 'default', 4008, 0, 0, 1, '1', '0', '0', '1', '1', '1', '1'),
(2295, 'habw_mirror', '', 'i', 'default', 4009, 0, 0, 1, '1', '0', '0', '1', '1', '1', '1'),
(2296, 'habbowheel', '', 'i', 'default', 4010, 0, 0, 1, '1', '0', '0', '1', '1', '1', '1'),
(2297, 'guitar_skull', '', 'i', 'default', 4011, 0, 0, 1, '1', '0', '0', '1', '1', '1', '1'),
(2298, 'guitar_v', '', 'i', 'default', 4012, 0, 0, 1, '1', '0', '0', '1', '1', '1', '1'),
(2299, 'xmas_light', '', 'i', 'default', 4013, 0, 0, 1, '1', '0', '0', '1', '1', '1', '1'),
(2300, 'hrella_poster_3', '', 'i', 'default', 4014, 0, 0, 1, '1', '0', '0', '1', '1', '1', '1'),
(2301, 'hrella_poster_2', '', 'i', 'default', 4015, 0, 0, 1, '1', '0', '0', '1', '1', '1', '1'),
(2302, 'hrella_poster_1', '', 'i', 'default', 4016, 0, 0, 1, '1', '0', '0', '1', '1', '1', '1'),
(2303, 'sw_swords', '', 'i', 'default', 4017, 0, 0, 1, '1', '0', '0', '1', '1', '1', '1'),
(2304, 'sw_stone', '', 'i', 'default', 4018, 0, 0, 1, '1', '0', '0', '1', '1', '1', '1'),
(2305, 'sw_hole', '', 'i', 'default', 4019, 0, 0, 1, '1', '0', '0', '1', '1', '1', '1'),
(2306, 'md_logo_wall', '', 'i', 'default', 4020, 0, 0, 1, '1', '0', '0', '1', '1', '1', '1'),
(2307, 'md_can', '', 'i', 'default', 4021, 0, 0, 1, '1', '0', '0', '1', '1', '1', '1'),
(2308, 'jp_sheet3', '', 'i', 'default', 4022, 0, 0, 1, '1', '0', '0', '1', '1', '1', '1'),
(2309, 'jp_sheet2', '', 'i', 'default', 4023, 0, 0, 1, '1', '0', '0', '1', '1', '1', '1'),
(2310, 'jp_sheet1', '', 'i', 'default', 4024, 0, 0, 1, '1', '0', '0', '1', '1', '1', '1'),
(2311, 'arabian_swords', '', 'i', 'default', 4025, 0, 0, 1, '1', '0', '0', '1', '1', '1', '1'),
(2312, 'arabian_wndw', '', 'i', 'default', 4026, 0, 0, 1, '1', '0', '0', '1', '1', '1', '1'),
(2313, 'roomdimmer', '', 'i', 'dimmer', 4027, 0, 0, 1, '1', '0', '0', '1', '1', '1', '1'),
(2314, 'tiki_wallplnt', '', 'i', 'default', 4028, 0, 0, 1, '1', '0', '0', '1', '1', '1', '1'),
(2315, 'tiki_surfboard', '', 'i', 'default', 4029, 0, 0, 1, '1', '0', '0', '1', '1', '1', '1'),
(2316, 'tampax_wall', '', 'i', 'default', 4030, 0, 0, 1, '1', '0', '0', '1', '1', '1', '1'),
(2317, 'ads_sunnyd', '', 'i', 'default', 4031, 0, 0, 1, '1', '0', '0', '1', '1', '1', '1'),
(2318, 'window_single_default', '', 'i', 'default', 4032, 0, 0, 1, '1', '0', '0', '1', '1', '1', '1'),
(2319, 'window_double_default', '', 'i', 'default', 4033, 0, 0, 1, '1', '0', '0', '1', '1', '1', '1'),
(2320, 'noob_window_double', '', 'i', 'default', 4034, 0, 0, 1, '1', '0', '0', '1', '1', '1', '1'),
(2321, 'window_triple', '', 'i', 'default', 4035, 0, 0, 1, '1', '0', '0', '1', '1', '1', '1'),
(2322, 'window_square', '', 'i', 'default', 4036, 0, 0, 1, '1', '0', '0', '1', '1', '1', '1'),
(2323, 'window_romantic_wide', '', 'i', 'default', 4037, 0, 0, 1, '1', '0', '0', '1', '1', '1', '1'),
(2324, 'window_romantic_narrow', '', 'i', 'default', 4038, 0, 0, 1, '1', '0', '0', '1', '1', '1', '1'),
(2325, 'window_grunge', '', 'i', 'default', 4039, 0, 0, 1, '1', '0', '0', '1', '1', '1', '1'),
(2326, 'window_golden', '', 'i', 'default', 4040, 0, 0, 1, '1', '0', '0', '1', '1', '1', '1'),
(2327, 'window_chinese_wide', '', 'i', 'default', 4041, 0, 0, 1, '1', '0', '0', '1', '1', '1', '1'),
(2328, 'window_chinese_narrow', '', 'i', 'default', 4042, 0, 0, 1, '1', '0', '0', '1', '1', '1', '1'),
(2329, 'window_basic', '', 'i', 'default', 4043, 0, 0, 1, '1', '0', '0', '1', '1', '1', '1'),
(2330, 'window_70s_wide', '', 'i', 'default', 4044, 0, 0, 1, '1', '0', '0', '1', '1', '1', '1'),
(2331, 'window_70s_narrow', '', 'i', 'default', 4045, 0, 0, 1, '1', '0', '0', '1', '1', '1', '1'),
(2332, 'window_diner2', '', 'i', 'default', 4046, 0, 0, 1, '1', '0', '0', '1', '1', '1', '1'),
(2333, 'window_diner', '', 'i', 'default', 4047, 0, 0, 1, '1', '0', '0', '1', '1', '1', '1'),
(2334, 'diner_walltable', '', 'i', 'default', 4048, 0, 0, 1, '1', '0', '0', '1', '1', '1', '1'),
(2335, 'ads_dave_wall', '', 'i', 'default', 4049, 0, 0, 1, '1', '0', '0', '1', '1', '1', '1'),
(2336, 'window_hole', '', 'i', 'default', 4050, 0, 0, 1, '1', '0', '0', '1', '1', '1', '1'),
(2337, 'easy_poster', '', 'i', 'default', 4051, 0, 0, 1, '1', '0', '0', '1', '1', '1', '1'),
(2338, 'ads_nokia_logo', '', 'i', 'default', 4052, 0, 0, 1, '1', '0', '0', '1', '1', '1', '1'),
(2339, 'ads_nokia_phone', '', 'i', 'default', 4053, 0, 0, 1, '1', '0', '0', '1', '1', '1', '1'),
(2340, 'window_skyscraper', '', 'i', 'default', 4054, 0, 0, 1, '1', '0', '0', '1', '1', '1', '1'),
(2341, 'netari_poster', '', 'i', 'default', 4055, 0, 0, 1, '1', '0', '0', '1', '1', '1', '1'),
(2342, 'det_bhole', '', 'i', 'default', 4056, 0, 0, 1, '1', '0', '0', '1', '1', '1', '1'),
(2343, 'landscape', '', 'i', 'default', 4057, 0, 0, 1, '1', '0', '0', '1', '1', '1', '1'),
(2344, 'ads_campguitar', '', 'i', 'default', 4058, 0, 0, 1, '1', '0', '0', '1', '1', '1', '1'),
(2345, 'hween08_rad', '', 'i', 'default', 4059, 0, 0, 1, '1', '0', '0', '1', '1', '1', '1'),
(2346, 'hween08_wndwb', '', 'i', 'default', 4060, 0, 0, 1, '1', '0', '0', '1', '1', '1', '1'),
(2347, 'hween08_wndw', '', 'i', 'default', 4061, 0, 0, 1, '1', '0', '0', '1', '1', '1', '1'),
(2348, 'hween08_bio', '', 'i', 'default', 4062, 0, 0, 1, '1', '0', '0', '1', '1', '1', '1'),
(2349, 'hw_08_xray', '', 'i', 'default', 4063, 0, 0, 1, '1', '0', '0', '1', '1', '1', '1'),
(2350, 'gothicfountain2', '', 'i', 'default', 4064, 0, 0, 1, '1', '0', '0', '1', '1', '1', '1'),
(2351, 'hw08_xray', '', 'i', 'default', 4065, 0, 0, 1, '1', '0', '0', '1', '1', '1', '1'),
(2352, 'ads_cmusic', '', 'i', 'default', 4066, 0, 0, 1, '1', '0', '0', '1', '1', '1', '1'),
(2353, 'party_wc_boy', '', 'i', 'default', 4067, 0, 0, 1, '1', '0', '0', '1', '1', '1', '1'),
(2354, 'party_led', '', 'i', 'default', 4068, 0, 0, 1, '1', '0', '0', '1', '1', '1', '1'),
(2355, 'party_neon5', '', 'i', 'default', 4069, 0, 0, 1, '1', '0', '0', '1', '1', '1', '1'),
(2356, 'party_neon1', '', 'i', 'default', 4070, 0, 0, 1, '1', '0', '0', '1', '1', '1', '1'),
(2357, 'party_neon2', '', 'i', 'default', 4071, 0, 0, 1, '1', '0', '0', '1', '1', '1', '1'),
(2358, 'party_wc_girl', '', 'i', 'default', 4072, 0, 0, 1, '1', '0', '0', '1', '1', '1', '1'),
(2359, 'party_neon3', '', 'i', 'default', 4073, 0, 0, 1, '1', '0', '0', '1', '1', '1', '1'),
(2360, 'party_shelf', '', 'i', 'default', 4074, 0, 0, 1, '1', '0', '0', '1', '1', '1', '1'),
(2361, 'party_neon4', '', 'i', 'default', 4075, 0, 0, 1, '1', '0', '0', '1', '1', '1', '1'),
(2362, 'xmas08_wallpaper', '', 'i', 'default', 4076, 0, 0, 1, '1', '0', '0', '1', '1', '1', '1'),
(2363, 'xmas08_icewall', '', 'i', 'default', 4077, 0, 0, 1, '1', '0', '0', '1', '1', '1', '1'),
(2364, 'xmas_icewall', '', 'i', 'default', 4078, 0, 0, 1, '1', '0', '0', '1', '1', '1', '1'),
(2365, 'ads_clwall1', '', 'i', 'default', 4079, 0, 0, 1, '1', '0', '0', '1', '1', '1', '1'),
(2366, 'ads_clwall2', '', 'i', 'default', 4080, 0, 0, 1, '1', '0', '0', '1', '1', '1', '1'),
(2367, 'ads_clwall3', '', 'i', 'default', 4081, 0, 0, 1, '1', '0', '0', '1', '1', '1', '1'),
(2368, 'ads_ob_wall', '', 'i', 'default', 4082, 0, 0, 1, '1', '0', '0', '1', '1', '1', '1'),
(2369, 'ads_mall_window', '', 'i', 'default', 4083, 0, 0, 1, '1', '0', '0', '1', '1', '1', '1'),
(2370, 'china_pstr2', '', 'i', 'default', 4084, 0, 0, 1, '1', '0', '0', '1', '1', '1', '1'),
(2371, 'china_light', '', 'i', 'default', 4085, 0, 0, 1, '1', '0', '0', '1', '1', '1', '1'),
(2372, 'china_pstr1', '', 'i', 'default', 4086, 0, 0, 1, '1', '0', '0', '1', '1', '1', '1'),
(2373, 'bolly_wdw_wd', '', 'i', 'default', 4087, 0, 0, 1, '1', '0', '0', '1', '1', '1', '1'),
(2374, 'ads_igor_wall', '', 'i', 'default', 4088, 0, 0, 1, '1', '0', '0', '1', '1', '1', '1'),
(2375, 'ads_igorevilb', '', 'i', 'default', 4089, 0, 0, 1, '1', '0', '0', '1', '1', '1', '1'),
(2376, 'ads_idol_wall', '', 'i', 'default', 4090, 0, 0, 1, '1', '0', '0', '1', '1', '1', '1'),
(2377, 'ads_mall_winfur', '', 'i', 'default', 4091, 0, 0, 1, '1', '0', '0', '1', '1', '1', '1'),
(2378, 'lc_wall1', '', 'i', 'default', 4093, 0, 0, 1, '1', '0', '0', '1', '1', '1', '1'),
(2379, 'lc_window2', '', 'i', 'default', 4094, 0, 0, 1, '1', '0', '0', '1', '1', '1', '1'),
(2380, 'lc_window1', '', 'i', 'default', 4095, 0, 0, 1, '1', '0', '0', '1', '1', '1', '1'),
(2381, 'ads_idol_tv', '', 'i', 'default', 4096, 0, 0, 1, '1', '0', '0', '1', '1', '1', '1'),
(2382, 'lc_wall2', '', 'i', 'default', 4097, 0, 0, 1, '1', '0', '0', '1', '1', '1', '1'),
(2383, 'ads_idol_mirror', '', 'i', 'default', 4098, 0, 0, 1, '1', '0', '0', '1', '1', '1', '1'),
(2384, 'ads_mall_wincin', '', 'i', 'default', 4099, 0, 0, 1, '1', '0', '0', '1', '1', '1', '1'),
(2385, 'ads_mall_winmus', '', 'i', 'default', 4100, 0, 0, 1, '1', '0', '0', '1', '1', '1', '1'),
(2386, 'ads_mall_winbea', '', 'i', 'default', 4101, 0, 0, 1, '1', '0', '0', '1', '1', '1', '1'),
(2387, 'eco_curtains1', '', 'i', 'default', 4102, 0, 0, 1, '1', '0', '0', '1', '1', '1', '1'),
(2388, 'ads_mall_winchi', '', 'i', 'default', 4103, 0, 0, 1, '1', '0', '0', '1', '1', '1', '1'),
(2389, 'eco_curtains3', '', 'i', 'default', 4104, 0, 0, 1, '1', '0', '0', '1', '1', '1', '1'),
(2390, 'eco_curtains2', '', 'i', 'default', 4105, 0, 0, 1, '1', '0', '0', '1', '1', '1', '1'),
(2391, 'ads_mall_winice', '', 'i', 'default', 4106, 0, 0, 1, '1', '0', '0', '1', '1', '1', '1'),
(2392, 'ads_mall_winspo', '', 'i', 'default', 4107, 0, 0, 1, '1', '0', '0', '1', '1', '1', '1'),
(2393, 'ads_idol_logo', '', 'i', 'default', 4108, 0, 0, 1, '1', '0', '0', '1', '1', '1', '1'),
(2394, 'exe_map', '', 'i', 'default', 4109, 0, 0, 1, '1', '0', '0', '1', '1', '1', '1'),
(2395, 'exe_wfall', '', 'i', 'default', 4110, 0, 0, 0.5, '1', '0', '1', '1', '1', '1', '1'),
(2396, 'ads_lin_wh_c', '', 'i', 'default', 4111, 0, 0, 1, '1', '0', '0', '1', '1', '1', '1'),
(2397, 'ads_malaco_tv', '', 'i', 'default', 4112, 0, 0, 1, '1', '0', '0', '1', '1', '1', '1'),
(2398, 'ads_puffet_tv', '', 'i', 'default', 4113, 0, 0, 1, '1', '0', '0', '1', '1', '1', '1'),
(2399, 'ads_reebok_tv', '', 'i', 'default', 4114, 0, 0, 1, '1', '0', '0', '1', '1', '1', '1'),
(2400, 'country_forestwall', '', 'i', 'default', 4115, 0, 0, 1, '1', '0', '0', '1', '1', '1', '1'),
(2401, 'country_fp', '', 'i', 'default', 4116, 0, 0, 1, '1', '0', '0', '1', '1', '1', '1'),
(2402, 'country_wall', '', 'i', 'default', 4117, 0, 0, 1, '1', '0', '0', '1', '1', '1', '1'),
(2403, 'country_lantern', '', 'i', 'default', 4118, 0, 0, 1, '1', '0', '0', '1', '1', '1', '1'),
(2404, 'flag_norway', '', 'i', 'default', 4119, 0, 0, 1, '1', '0', '0', '1', '1', '1', '1'),
(2405, 'diner_poster', '', 'i', 'default', 4120, 0, 0, 1, '1', '0', '0', '1', '1', '1', '1'),
(2406, 'lt_jngl_wall', '', 'i', 'default', 4121, 0, 0, 1, '1', '0', '0', '1', '1', '1', '1'),
(2407, 'ads_mirror', '', 'i', 'default', 4122, 0, 0, 1, '1', '0', '0', '1', '1', '1', '1'),
(2408, 'lt_wall', '', 'i', 'default', 4123, 0, 0, 1, '1', '0', '0', '1', '1', '1', '1'),
(2409, 'post_it_vd', '', 'i', 'default', 4237, 0, 0, 1, '1', '0', '0', '1', '1', '1', '1'),
(2410, 'post_it', '', 'i', 'default', 4238, 0, 0, 1, '1', '0', '0', '1', '1', '1', '1'),
(2411, 'sf_window', '', 'i', 'default', 4239, 0, 0, 1, '1', '0', '0', '1', '1', '1', '1'),
(2412, 'sf_wall2', '', 'i', 'default', 4240, 0, 0, 1, '1', '0', '0', '1', '1', '1', '1'),
(2413, 'ads_wwe_poster', '', 'i', 'default', 4241, 0, 0, 1, '1', '0', '0', '1', '1', '1', '1'),
(2414, 'ads_mall_wintra', '', 'i', 'default', 4242, 0, 0, 1, '1', '0', '0', '1', '1', '1', '1'),
(2415, 'sf_wall3', '', 'i', 'default', 4243, 0, 0, 1, '1', '0', '0', '1', '1', '1', '1'),
(2416, 'sf_wall', '', 'i', 'default', 4244, 0, 0, 1, '1', '0', '0', '1', '1', '1', '1'),
(2417, 'ads_veet', '', 'i', 'default', 4245, 0, 0, 1, '1', '0', '0', '1', '1', '1', '1'),
(2418, 'rela_wall', '', 'i', 'default', 4246, 0, 0, 1, '1', '0', '0', '1', '1', '1', '1'),
(2419, 'flag_belgium', '', 'i', 'default', 4247, 0, 0, 1, '1', '0', '0', '1', '1', '1', '1'),
(2420, 'flag_portugal', '', 'i', 'default', 4248, 0, 0, 1, '1', '0', '0', '1', '1', '1', '1'),
(2421, 'ads_mall_wingar', '', 'i', 'default', 4249, 0, 0, 1, '1', '0', '0', '1', '1', '1', '1'),
(2422, 'ktchn_wall', '', 'i', 'default', 4250, 0, 0, 1, '1', '0', '0', '1', '1', '1', '1'),
(2423, 'ads_mall_winclo', '', 'i', 'default', 4251, 0, 0, 1, '1', '0', '0', '1', '1', '1', '1'),
(2424, 'ktchn_oven', '', 'i', 'default', 4252, 0, 0, 1, '1', '0', '0', '1', '1', '1', '1'),
(2425, 'ktchn_knives', '', 'i', 'default', 4253, 0, 0, 1, '1', '0', '0', '1', '1', '1', '1'),
(2426, 'dimmer_fuse6', '', 'i', 'dimmer', 4254, 0, 0, 1, '1', '0', '0', '1', '1', '1', '1'),
(2427, 'dimmer_swtch', '', 'i', 'dimmer', 4255, 0, 0, 1, '1', '0', '0', '1', '1', '1', '1'),
(2428, 'dimmer_fuse2', '', 'i', 'dimmer', 4256, 0, 0, 1, '1', '0', '0', '1', '1', '1', '1'),
(2430, 'ads_idol_l_logo', '', 'i', 'default', 4258, 0, 0, 1, '1', '0', '0', '1', '1', '1', '1'),
(2431, 'urban_wall', '', 'i', 'default', 4259, 0, 0, 1, '1', '0', '0', '1', '1', '1', '1'),
(2432, 'ads_idol_l_tv', '', 'i', 'default', 4260, 0, 0, 1, '1', '0', '0', '1', '1', '1', '1'),
(2433, 'ads_mtv_bigtv', '', 'i', 'default', 4261, 0, 0, 1, '1', '0', '0', '1', '1', '1', '1'),
(2434, 'ads_mtv_tv', '', 'i', 'default', 4262, 0, 0, 1, '1', '0', '0', '1', '1', '1', '1'),
(2435, 'flag_singapore', '', 'i', 'default', 4263, 0, 0, 1, '1', '0', '0', '1', '1', '1', '1'),
(2436, 'hween09_curt', '', 'i', 'default', 4264, 0, 0, 1, '1', '0', '0', '1', '1', '1', '1'),
(2437, 'flag_columbia', '', 'i', 'default', 4265, 0, 0, 1, '1', '0', '0', '1', '1', '1', '1'),
(2438, 'flag_chile', '', 'i', 'default', 4266, 0, 0, 1, '1', '0', '0', '1', '1', '1', '1'),
(2439, 'hween09_crnr1', '', 'i', 'default', 4267, 0, 0, 1, '1', '0', '0', '1', '1', '1', '1'),
(2440, 'flag_ecuador', '', 'i', 'default', 4268, 0, 0, 1, '1', '0', '0', '1', '1', '1', '1'),
(2441, 'hween09_paint', '', 'i', 'default', 4269, 0, 0, 1, '1', '0', '0', '1', '1', '1', '1'),
(2442, 'flag_dominicanrepublic', '', 'i', 'default', 4270, 0, 0, 1, '1', '0', '0', '1', '1', '1', '1'),
(2443, 'flag_newzealand', '', 'i', 'default', 4271, 0, 0, 1, '1', '0', '0', '1', '1', '1', '1'),
(2444, 'flag_malaysia', '', 'i', 'default', 4272, 0, 0, 1, '1', '0', '0', '1', '1', '1', '1'),
(2445, 'byesw_loadscreen', '', 'i', 'default', 4273, 0, 0, 1, '1', '0', '0', '1', '1', '1', '1'),
(2446, 'flag_venezl', '', 'i', 'default', 4274, 0, 0, 1, '1', '0', '0', '1', '1', '1', '1'),
(2447, 'hween09_treewall', '', 'i', 'default', 4275, 0, 0, 1, '1', '0', '0', '1', '1', '1', '1'),
(2448, 'flag_algeria', '', 'i', 'default', 4276, 0, 0, 1, '1', '0', '0', '1', '1', '1', '1'),
(2449, 'flag_tunisia', '', 'i', 'default', 4277, 0, 0, 1, '1', '0', '0', '1', '1', '1', '1'),
(2450, 'flag_panama', '', 'i', 'default', 4278, 0, 0, 1, '1', '0', '0', '1', '1', '1', '1'),
(2451, 'flag_mexico', '', 'i', 'default', 4279, 0, 0, 1, '1', '0', '0', '1', '1', '1', '1'),
(2452, 'flag_argentina', '', 'i', 'default', 4280, 0, 0, 1, '1', '0', '0', '1', '1', '1', '1'),
(2453, 'hween09_wall1', '', 'i', 'default', 4281, 0, 0, 1, '1', '0', '0', '1', '1', '1', '1'),
(2454, 'flag_philippines', '', 'i', 'default', 4282, 0, 0, 1, '1', '0', '0', '1', '1', '1', '1'),
(2455, 'flag_greece', '', 'i', 'default', 4283, 0, 0, 1, '1', '0', '0', '1', '1', '1', '1'),
(2456, 'flag_peru', '', 'i', 'default', 4284, 0, 0, 1, '1', '0', '0', '1', '1', '1', '1'),
(2457, 'hween09_stonewall', '', 'i', 'default', 4285, 0, 0, 1, '1', '0', '0', '1', '1', '1', '1'),
(2458, 'flag_morocco', '', 'i', 'default', 4286, 0, 0, 1, '1', '0', '0', '1', '1', '1', '1'),
(2459, 'flag_turkey', '', 'i', 'default', 4287, 0, 0, 1, '1', '0', '0', '1', '1', '1', '1'),
(2460, 'ads_twi_bwall2', '', 'i', 'default', 4288, 0, 0, 1, '1', '0', '0', '1', '1', '1', '1'),
(2461, 'ads_twi_paint', '', 'i', 'default', 4289, 0, 0, 1, '1', '0', '0', '1', '1', '1', '1'),
(2462, 'ads_twi_bwall1', '', 'i', 'default', 4290, 0, 0, 1, '1', '0', '0', '1', '1', '1', '1'),
(2463, 'ads_twi_dreamc', '', 'i', 'default', 4291, 0, 0, 1, '1', '0', '0', '1', '1', '1', '1'),
(2464, 'ads_twi_windw', '', 'i', 'default', 4292, 0, 0, 1, '1', '0', '0', '1', '1', '1', '1'),
(2465, 'hween09_win', '', 'i', 'default', 4293, 0, 0, 1, '1', '0', '0', '1', '1', '1', '1'),
(2466, 'ads_twi_crest', '', 'i', 'default', 4294, 0, 0, 1, '1', '0', '0', '1', '1', '1', '1'),
(2467, 'xm09_bauble_3', '', 'i', 'default', 4295, 0, 0, 1, '1', '0', '0', '1', '1', '1', '1'),
(2468, 'xm09_bauble_23', '', 'i', 'default', 4296, 0, 0, 1, '1', '0', '0', '1', '1', '1', '1'),
(2469, 'xm09_bauble_17', '', 'i', 'default', 4297, 0, 0, 1, '1', '0', '0', '1', '1', '1', '1'),
(2470, 'xm09_bauble_9', '', 'i', 'default', 4298, 0, 0, 1, '1', '0', '0', '1', '1', '1', '1'),
(2471, 'xm09_bauble_27', '', 'i', 'default', 4299, 0, 0, 1, '1', '0', '0', '1', '1', '1', '1'),
(2472, 'xm09_bauble_20', '', 'i', 'default', 4300, 0, 0, 1, '1', '0', '0', '1', '1', '1', '1'),
(2473, 'xm09_bauble_10', '', 'i', 'default', 4301, 0, 0, 1, '1', '0', '0', '1', '1', '1', '1'),
(2474, 'xm09_bauble_16', '', 'i', 'default', 4302, 0, 0, 1, '1', '0', '0', '1', '1', '1', '1'),
(2475, 'xm09_bauble_26', '', 'i', 'default', 4303, 0, 0, 1, '1', '0', '0', '1', '1', '1', '1'),
(2476, 'xm09_bauble_2', '', 'i', 'default', 4304, 0, 0, 1, '1', '0', '0', '1', '1', '1', '1'),
(2477, 'xm09_bauble_13', '', 'i', 'default', 4306, 0, 0, 1, '1', '0', '0', '1', '1', '1', '1'),
(2478, 'xm09_bauble_22', '', 'i', 'default', 4307, 0, 0, 1, '1', '0', '0', '1', '1', '1', '1'),
(2479, 'xm09_bauble_21', '', 'i', 'default', 4308, 0, 0, 1, '1', '0', '0', '1', '1', '1', '1'),
(2480, 'xm09_bauble_6', '', 'i', 'default', 4309, 0, 0, 1, '1', '0', '0', '1', '1', '1', '1'),
(2481, 'xm09_bauble_11', '', 'i', 'default', 4310, 0, 0, 1, '1', '0', '0', '1', '1', '1', '1'),
(2482, 'xm09_stocking', '', 'i', 'default', 4311, 0, 0, 1, '1', '0', '0', '1', '1', '1', '1'),
(2483, 'arabian_wall', '', 'i', 'default', 4312, 0, 0, 1, '1', '0', '0', '1', '1', '1', '1'),
(2484, 'xm09_bauble_7', '', 'i', 'default', 4313, 0, 0, 1, '1', '0', '0', '1', '1', '1', '1'),
(2485, 'xm09_bauble_12', '', 'i', 'default', 4314, 0, 0, 1, '1', '0', '0', '1', '1', '1', '1'),
(2486, 'xm09_bauble_4', '', 'i', 'default', 4315, 0, 0, 1, '1', '0', '0', '1', '1', '1', '1'),
(2487, 'xm09_bauble_1', '', 'i', 'default', 4316, 0, 0, 1, '1', '0', '0', '1', '1', '1', '1'),
(2488, 'xm09_bauble_5', '', 'i', 'default', 4317, 0, 0, 1, '1', '0', '0', '1', '1', '1', '1'),
(2489, 'xm09_bauble_8', '', 'i', 'default', 4318, 0, 0, 1, '1', '0', '0', '1', '1', '1', '1'),
(2490, 'xm09_bauble_18', '', 'i', 'default', 4319, 0, 0, 1, '1', '0', '0', '1', '1', '1', '1'),
(2491, 'xm09_bauble_25', '', 'i', 'default', 4320, 0, 0, 1, '1', '0', '0', '1', '1', '1', '1'),
(2492, 'xm09_bauble_24', '', 'i', 'default', 4321, 0, 0, 1, '1', '0', '0', '1', '1', '1', '1'),
(2493, 'xm09_bauble_14', '', 'i', 'default', 4322, 0, 0, 1, '1', '0', '0', '1', '1', '1', '1'),
(2494, 'xm09_bauble_19', '', 'i', 'default', 4323, 0, 0, 1, '1', '0', '0', '1', '1', '1', '1'),
(2495, 'xm09_lodgewall', '', 'i', 'default', 4324, 0, 0, 1, '1', '0', '0', '1', '1', '1', '1'),
(2496, 'xm09_infotv', '', 'i', 'default', 4325, 0, 0, 1, '1', '0', '0', '1', '1', '1', '1'),
(2497, 'xm09_firwall', '', 'i', 'default', 4326, 0, 0, 1, '1', '0', '0', '1', '1', '1', '1'),
(2498, 'xm09_forestwall', '', 'i', 'default', 4327, 0, 0, 1, '1', '0', '0', '1', '1', '1', '1'),
(2499, 'xm09_frplc', '', 'i', 'default', 4328, 0, 0, 1, '1', '0', '0', '1', '1', '1', '1'),
(2500, 'party_lights', '', 'i', 'default', 4329, 0, 0, 1, '1', '0', '0', '1', '1', '1', '1'),
(2501, 'china_pstr3', '', 'i', 'default', 4330, 0, 0, 1, '1', '0', '0', '1', '1', '1', '1'),
(2502, 'ads_tv_jaapuisto', '', 'i', 'default', 4331, 0, 0, 1, '1', '0', '0', '1', '1', '1', '1'),
(2503, 'year2010', '', 'i', 'default', 4332, 0, 0, 1, '1', '0', '0', '1', '1', '1', '1'),
(2504, 'ads_percyw', '', 'i', 'default', 4333, 0, 0, 1, '1', '0', '0', '1', '1', '1', '1'),
(2505, 'bling_sink', '', 'i', 'default', 4334, 0, 0, 1, '1', '0', '0', '1', '1', '1', '1'),
(2506, 'val09_wall2', '', 'i', 'default', 4335, 0, 0, 1, '1', '0', '0', '1', '1', '1', '1'),
(2507, 'val09_wdrobe_b', '', 'i', 'default', 4336, 0, 0, 1, '1', '0', '0', '1', '1', '1', '1'),
(2508, 'val09_wall1', '', 'i', 'default', 4337, 0, 0, 1, '1', '0', '0', '1', '1', '1', '1'),
(2509, 'val09_wdrobe_g', '', 'i', 'default', 4338, 0, 0, 1, '1', '0', '0', '1', '1', '1', '1'),
(2510, 'bling_cabinet', '', 'i', 'default', 4339, 0, 0, 1, '1', '0', '0', '1', '1', '1', '1'),
(2511, 'ads_tlc_wheel', '', 'i', 'default', 4340, 0, 0, 1, '1', '0', '0', '1', '1', '1', '1'),
(2512, 'ads_boost_surfb', '', 'i', 'default', 4341, 0, 0, 1, '1', '0', '0', '1', '1', '1', '1'),
(2513, 'ads_tv_yle', '', 'i', 'default', 4342, 0, 0, 1, '1', '0', '0', '1', '1', '1', '1'),
(2514, 'garden_wall', '', 'i', 'default', 4343, 0, 0, 1, '1', '0', '0', '1', '1', '1', '1'),
(2515, 'runway_shelf', '', 'i', 'default', 4344, 0, 0, 1, '1', '0', '0', '1', '1', '1', '1'),
(2516, 'ads_target_wall', '', 'i', 'default', 4345, 0, 0, 1, '1', '0', '0', '1', '1', '1', '1'),
(2517, 'runway_fabric', '', 'i', 'default', 4346, 0, 0, 1, '1', '0', '0', '1', '1', '1', '1'),
(2518, 'ads_nokia_x6', '', 'i', 'default', 4347, 0, 0, 1, '1', '0', '0', '1', '1', '1', '1'),
(2519, 'ads_latrobe_flag', '', 'i', 'default', 4348, 0, 0, 1, '1', '0', '0', '1', '1', '1', '1'),
(2520, 'hc3_walldeco', '', 'i', 'default', 4349, 0, 0, 1, '1', '0', '0', '1', '1', '1', '1'),
(2521, 'ads_super_pop', '', 'i', 'default', 4350, 0, 0, 1, '1', '0', '0', '1', '1', '1', '1'),
(2522, 'ads_tv_chocapic_02', '', 'i', 'default', 4351, 0, 0, 1, '1', '0', '0', '1', '1', '1', '1'),
(2523, 'ads_tv_chocapic_01', '', 'i', 'default', 4352, 0, 0, 1, '1', '0', '0', '1', '1', '1', '1'),
(2524, 'ads_grefusa_surfb', '', 'i', 'default', 4353, 0, 0, 1, '1', '0', '0', '1', '1', '1', '1'),
(2525, 'bw_jaws', '', 'i', 'default', 4354, 0, 0, 1, '1', '0', '0', '1', '1', '1', '1'),
(2526, 'hosptl_xray', '', 'i', 'default', 4355, 0, 0, 1, '1', '0', '0', '1', '1', '1', '1'),
(2527, 'ktchn10_cabnt', '', 'i', 'default', 4356, 0, 0, 1, '1', '0', '0', '1', '1', '1', '1'),
(2528, 'bb_painimies1', '', 'i', 'default', 4357, 0, 0, 1, '1', '0', '0', '1', '1', '1', '1'),
(2529, 'ads_mtv_tv2', '', 'i', 'default', 4358, 0, 0, 1, '1', '0', '0', '1', '1', '1', '1'),
(2530, 'bb_painimies2', '', 'i', 'default', 4359, 0, 0, 1, '1', '0', '0', '1', '1', '1', '1'),
(2531, 'ads_mtv_bigtv2', '', 'i', 'default', 4360, 0, 0, 1, '1', '0', '0', '1', '1', '1', '1'),
(2532, 'hween10_fogwall', '', 'i', 'default', 4361, 0, 0, 1, '1', '0', '0', '1', '1', '1', '1'),
(2533, 'hween10_wallskull', '', 'i', 'default', 4362, 0, 0, 1, '1', '0', '0', '1', '1', '1', '1'),
(2534, 'hween10_card_5', '', 'i', 'default', 4363, 0, 0, 1, '1', '0', '0', '1', '1', '1', '1'),
(2535, 'hween10_card_1', '', 'i', 'default', 4364, 0, 0, 1, '1', '0', '0', '1', '1', '1', '1'),
(2536, 'hween10_card_6', '', 'i', 'default', 4365, 0, 0, 1, '1', '0', '0', '1', '1', '1', '1'),
(2537, 'hween10_card_2', '', 'i', 'default', 4366, 0, 0, 1, '1', '0', '0', '1', '1', '1', '1'),
(2538, 'hween10_card_4', '', 'i', 'default', 4367, 0, 0, 1, '1', '0', '0', '1', '1', '1', '1'),
(2539, 'hween10_card_3', '', 'i', 'default', 4368, 0, 0, 1, '1', '0', '0', '1', '1', '1', '1'),
(2540, 'ads_nokiax3_wall2', '', 'i', 'default', 4369, 0, 0, 1, '1', '0', '0', '1', '1', '1', '1'),
(2541, 'ads_nokiax3_wall3', '', 'i', 'default', 4370, 0, 0, 1, '1', '0', '0', '1', '1', '1', '1'),
(2542, 'ads_nokiax3_wall1', '', 'i', 'default', 4371, 0, 0, 1, '1', '0', '0', '1', '1', '1', '1'),
(2543, 'ads_nokiax3_phn', '', 'i', 'default', 4372, 0, 0, 1, '1', '0', '0', '1', '1', '1', '1'),
(2544, 'exe_sensor', '', 'i', 'default', 4373, 0, 0, 1, '1', '0', '0', '1', '1', '1', '1'),
(2545, 'qt_xm10_bauble2', '', 'i', 'default', 4374, 0, 0, 1, '1', '0', '0', '1', '1', '1', '1'),
(2546, 'es_build1', '', 'i', 'default', 4375, 0, 0, 1, '1', '0', '0', '1', '1', '1', '1'),
(2547, 'qt_calendar2', '', 'i', 'default', 4376, 0, 0, 1, '1', '0', '0', '1', '1', '1', '1'),
(2548, 'ads_r7logo', '', 'i', 'default', 4377, 0, 0, 1, '1', '0', '0', '1', '1', '1', '1'),
(2549, 'es_build4', '', 'i', 'default', 4378, 0, 0, 1, '1', '0', '0', '1', '1', '1', '1'),
(2550, 'qt_calendar0', '', 'i', 'default', 4379, 0, 0, 1, '1', '0', '0', '1', '1', '1', '1'),
(2551, 'es_build2', '', 'i', 'default', 4380, 0, 0, 1, '1', '0', '0', '1', '1', '1', '1'),
(2552, 'qt_xm10_bauble1', '', 'i', 'default', 4381, 0, 0, 1, '1', '0', '0', '1', '1', '1', '1'),
(2553, 'es_build3', '', 'i', 'default', 4382, 0, 0, 1, '1', '0', '0', '1', '1', '1', '1'),
(2554, 'qt_calendar1', '', 'i', 'default', 4383, 0, 0, 1, '1', '0', '0', '1', '1', '1', '1'),
(2555, 'es_window', '', 'i', 'default', 4384, 0, 0, 1, '1', '0', '0', '1', '1', '1', '1'),
(2556, 'qt_xm10_bauble3', '', 'i', 'default', 4385, 0, 0, 1, '1', '0', '0', '1', '1', '1', '1'),
(2557, 'qt_xm10_icestar', '', 'i', 'default', 4386, 0, 0, 1, '1', '0', '0', '1', '1', '1', '1'),
(2558, 'es_big1', '', 'i', 'default', 4387, 0, 0, 1, '1', '0', '0', '1', '1', '1', '1'),
(2559, 'es_big3', '', 'i', 'default', 4388, 0, 0, 1, '1', '0', '0', '1', '1', '1', '1'),
(2560, 'es_big2', '', 'i', 'default', 4389, 0, 0, 1, '1', '0', '0', '1', '1', '1', '1'),
(2561, 'year2011', '', 'i', 'default', 4390, 0, 0, 1, '1', '0', '0', '1', '1', '1', '1'),
(2562, 'bling11_wall1', '', 'i', 'default', 4391, 0, 0, 1, '1', '0', '0', '1', '1', '1', '1'),
(2563, 'bling11_wall4', '', 'i', 'default', 4392, 0, 0, 1, '1', '0', '0', '1', '1', '1', '1'),
(2564, 'bling11_wall2', '', 'i', 'default', 4393, 0, 0, 1, '1', '0', '0', '1', '1', '1', '1'),
(2565, 'bling11_wall3', '', 'i', 'default', 4394, 0, 0, 1, '1', '0', '0', '1', '1', '1', '1'),
(2566, 'qt_val11_heartlights', '', 'i', 'default', 4395, 0, 0, 1, '1', '0', '0', '1', '1', '1', '1'),
(2567, 'bling11_big1', '', 'i', 'default', 4396, 0, 0, 1, '1', '0', '0', '1', '1', '1', '1'),
(2568, 'gothic_st_glass', '', 'i', 'default', 4397, 0, 0, 1, '1', '0', '0', '1', '1', '1', '1'),
(2569, 'ads_bigtv_missmix', '', 'i', 'default', 4398, 0, 0, 1, '1', '0', '0', '1', '1', '1', '1'),
(2570, 'cine_light2', '', 'i', 'default', 4399, 0, 0, 1, '1', '0', '0', '1', '1', '1', '1'),
(2571, 'cine_light1', '', 'i', 'default', 4400, 0, 0, 1, '1', '0', '0', '1', '1', '1', '1'),
(2572, 'cubie_decal_3_b', '', 'i', 'default', 4401, 0, 0, 1, '1', '0', '0', '1', '1', '1', '1'),
(2573, 'cubie_decklight_p', '', 'i', 'default', 4402, 0, 0, 1, '1', '0', '0', '1', '1', '1', '1'),
(2574, 'cubie_decal_1_b', '', 'i', 'default', 4403, 0, 0, 1, '1', '0', '0', '1', '1', '1', '1'),
(2575, 'cubie_decal_2_b', '', 'i', 'default', 4404, 0, 0, 1, '1', '0', '0', '1', '1', '1', '1'),
(2576, 'cubie_wallshelf_b', '', 'i', 'default', 4406, 0, 0, 1, '1', '0', '0', '1', '1', '1', '1'),
(2577, 'cubie_decal_1_p', '', 'i', 'default', 4407, 0, 0, 1, '1', '0', '0', '1', '1', '1', '1'),
(2578, 'cubie_decal_3', '', 'i', 'default', 4408, 0, 0, 1, '1', '0', '0', '1', '1', '1', '1'),
(2579, 'cubie_wallshelf_p', '', 'i', 'default', 4409, 0, 0, 1, '1', '0', '0', '1', '1', '1', '1'),
(2580, 'cubie_decal_2_p', '', 'i', 'default', 4410, 0, 0, 1, '1', '0', '0', '1', '1', '1', '1'),
(2581, 'cubie_decklight_b', '', 'i', 'default', 4411, 0, 0, 1, '1', '0', '0', '1', '1', '1', '1'),
(2582, 'cubie_decal_0', '', 'i', 'default', 4412, 0, 0, 1, '1', '0', '0', '1', '1', '1', '1'),
(2583, 'waasa_wall_shelf2', '', 'i', 'default', 4413, 0, 0, 1, '1', '0', '0', '1', '1', '1', '1'),
(2584, 'waasa_wall_shelf1', '', 'i', 'default', 4414, 0, 0, 1, '1', '0', '0', '1', '1', '1', '1'),
(2585, 'a2 t', '', 'i', 'default', 3002, 1, 1, 1, '1', '0', '0', '1', '1', '1', '1'),
(2586, 'dimmer_buttn', '', 'i', 'dimmer', 4257, 0, 0, 1, '0', '0', '0', '1', '1', '1', '1'),
(2587, 'avatar_effect9', 'avatar_effect9', 'e', 'default', 9, 0, 0, 1, '1', '0', '0', '1', '1', '1', '1'),
(2588, 'avatar_effect1', 'avatar_effect1', 'e', 'default', 1, 0, 0, 1, '1', '0', '0', '1', '1', '1', '1'),
(2589, 'avatar_effect2', 'avatar_effect2', 'e', 'default', 2, 0, 0, 1, '1', '0', '0', '1', '1', '1', '1'),
(2590, 'avatar_effect3', 'avatar_effect3', 'e', 'default', 3, 0, 0, 1, '1', '0', '0', '1', '1', '1', '1'),
(2591, 'avatar_effect4', 'avatar_effect4', 'e', 'default', 4, 0, 0, 1, '1', '0', '0', '1', '1', '1', '1'),
(2592, 'avatar_effect5', 'avatar_effect5', 'e', 'default', 5, 0, 0, 1, '1', '0', '0', '1', '1', '1', '1'),
(2593, 'avatar_effect6', 'avatar_effect6', 'e', 'default', 6, 0, 0, 1, '1', '0', '0', '1', '1', '1', '1'),
(2594, 'avatar_effect7', 'avatar_effect7', 'e', 'default', 7, 0, 0, 1, '1', '0', '0', '1', '1', '1', '1'),
(2595, 'avatar_effect8', 'avatar_effect8', 'e', 'default', 8, 0, 0, 1, '1', '0', '0', '1', '1', '1', '1'),
(2596, 'avatar_effect10', 'avatar_effect10', 'e', 'default', 10, 0, 0, 1, '1', '0', '0', '1', '1', '1', '1'),
(2597, 'avatar_effect11', 'avatar_effect11', 'e', 'default', 11, 0, 0, 1, '1', '0', '0', '1', '1', '1', '1'),
(2598, 'avatar_effect12', 'avatar_effect12', 'e', 'default', 12, 0, 0, 1, '1', '0', '0', '1', '1', '1', '1'),
(2599, 'avatar_effect13', 'avatar_effect13', 'e', 'default', 13, 0, 0, 1, '1', '0', '0', '1', '1', '1', '1'),
(2600, 'avatar_effect14', 'avatar_effect14', 'e', 'default', 14, 0, 0, 1, '1', '0', '0', '1', '1', '1', '1'),
(2601, 'avatar_effect15', 'avatar_effect15', 'e', 'default', 15, 0, 0, 1, '1', '0', '0', '1', '1', '1', '1'),
(2602, 'avatar_effect16', 'avatar_effect16', 'e', 'default', 16, 0, 0, 1, '1', '0', '0', '1', '1', '1', '1'),
(2603, 'avatar_effect17', 'avatar_effect17', 'e', 'default', 17, 0, 0, 1, '1', '0', '0', '1', '1', '1', '1'),
(2604, 'avatar_effect18', 'avatar_effect18', 'e', 'default', 18, 0, 0, 1, '1', '0', '0', '1', '1', '1', '1'),
(2605, 'avatar_effect19', 'avatar_effect19', 'e', 'default', 19, 0, 0, 1, '1', '0', '0', '1', '1', '1', '1'),
(2606, 'avatar_effect20', 'avatar_effect20', 'e', 'default', 20, 0, 0, 1, '1', '0', '0', '1', '1', '1', '1'),
(2607, 'avatar_effect21', 'avatar_effect21', 'e', 'default', 21, 0, 0, 1, '1', '0', '0', '1', '1', '1', '1'),
(2608, 'ads_mall_winpet', '', 'i', 'default', 4092, 1, 0, 1, '1', '0', '0', '1', '1', '1', '1'),
(2609, 'xm09_bauble_15', '', 'i', 'default', 4305, 1, 0, 1, '1', '0', '0', '1', '1', '1', '1'),
(2610, 'cubie_decal_3_p', '', 'i', 'default', 4405, 1, 0, 1, '1', '0', '0', '1', '1', '1', '1'),
(2611, 'easter11_wall', '', 'i', 'default', 4415, 1, 0, 1, '1', '0', '0', '1', '1', '1', '1'),
(2612, 'ads_suunvuorow', '', 'i', 'default', 4416, 1, 0, 1, '1', '0', '0', '1', '1', '1', '1'),
(2613, 'ads_volkswagen_poster', '', 'i', 'default', 4417, 1, 0, 1, '1', '0', '0', '1', '1', '1', '1'),
(2614, 'picture_car', '', 'i', 'default', 4418, 1, 0, 1, '1', '0', '0', '1', '1', '1', '1'),
(2615, 'ads_kfp2_tv', '', 'i', 'default', 4419, 1, 0, 1, '1', '0', '0', '1', '1', '1', '1'),
(2616, 'ads_kfp2_wall', '', 'i', 'default', 4420, 1, 0, 1, '1', '0', '0', '1', '1', '1', '1'),
(2617, 'waasa_rug5', '', 's', 'default', 3606, 2, 4, 1, '1', '0', '1', '1', '1', '1', '1'),
(2618, 'waasa_rug1', '', 's', 'default', 3607, 2, 4, 1, '1', '0', '1', '1', '1', '1', '1'),
(2619, 'waasa_rug3', '', 's', 'default', 3608, 2, 4, 1, '1', '0', '1', '1', '1', '1', '1'),
(2620, 'waasa_aquarium', '', 's', 'default', 3609, 2, 1, 1, '1', '0', '0', '1', '1', '1', '1'),
(2621, 'waasa_rug4', '', 's', 'default', 3610, 2, 4, 1, '1', '0', '1', '1', '1', '1', '1'),
(2622, 'waasa_chair_wood', '', 's', 'default', 3611, 1, 1, 1, '1', '1', '1', '1', '1', '1', '1'),
(2623, 'waasa_rug2', '', 's', 'default', 3612, 2, 4, 1, '1', '0', '1', '1', '1', '1', '1'),
(2624, 'milkbowl', '', 's', 'default', 3613, 1, 1, 1, '1', '0', '0', '1', '1', '1', '1'),
(2625, 'petfood21', '', 's', 'default', 3614, 1, 1, 1, '1', '0', '0', '1', '1', '1', '1'),
(2626, 'jukebox_big', '', 's', 'musicplayer', 3615, 2, 1, 1, '1', '0', '0', '1', '1', '1', '1'),
(2627, 'easter11_basket', '', 's', 'default', 3616, 1, 1, 1, '1', '0', '0', '1', '1', '1', '1'),
(2628, 'easter11_grasspatch', '', 's', 'default', 3617, 2, 2, 1, '1', '0', '1', '1', '1', '1', '1'),
(2629, 'ads_wowpball', '', 's', 'default', 3618, 1, 1, 1, '1', '0', '1', '1', '1', '1', '1'),
(2630, 'pet_food_corn', '', 's', 'default', 3619, 1, 1, 1, '1', '0', '0', '1', '1', '1', '1'),
(2631, 'pet_toy_trampoline', '', 's', 'default', 3620, 1, 1, 1, '1', '0', '0', '1', '1', '1', '1'),
(2632, 'nest_chick', '', 's', 'default', 3621, 1, 1, 1, '1', '0', '0', '1', '1', '1', '1'),
(2633, 'easter11_tag', '', 's', 'default', 3622, 1, 1, 1, '1', '0', '0', '1', '1', '1', '1'),
(2634, 'easter11_tuip_g', '', 's', 'default', 3623, 1, 1, 1, '1', '0', '0', '1', '1', '1', '1'),
(2635, 'easter11_tuip_y', '', 's', 'default', 3624, 1, 1, 1, '1', '0', '0', '1', '1', '1', '1'),
(2636, 'easter11_mushroom4', '', 's', 'default', 3625, 1, 1, 1, '1', '0', '0', '1', '1', '1', '1'),
(2637, 'easter11_mushroom1', '', 's', 'default', 3626, 1, 1, 1, '1', '0', '0', '1', '1', '1', '1'),
(2638, 'kuurna_sofa', '', 's', 'default', 3627, 2, 1, 1, '1', '1', '1', '1', '1', '1', '1'),
(2639, 'easter11_mushroom3', '', 's', 'default', 3628, 1, 1, 1, '1', '0', '0', '1', '1', '1', '1'),
(2640, 'easter11_mushroom2', '', 's', 'default', 3629, 1, 1, 1, '1', '0', '0', '1', '1', '1', '1'),
(2641, 'kuurna_lamp', '', 's', 'default', 3630, 1, 1, 1, '1', '0', '0', '1', '1', '1', '1'),
(2642, 'kuurna_chair', '', 's', 'default', 3631, 1, 1, 1, '1', '1', '1', '1', '1', '1', '1'),
(2643, 'kuurna_mat', '', 's', 'default', 3632, 3, 2, 1, '1', '0', '0', '1', '1', '1', '1'),
(2644, 'kuurna_table1', '', 's', 'default', 3633, 1, 1, 1, '1', '0', '0', '1', '1', '1', '1'),
(2645, 'kuurna_table', '', 's', 'default', 3634, 2, 2, 1, '1', '0', '0', '1', '1', '1', '1'),
(2646, 'ads_suun', '', 's', 'default', 3635, 1, 1, 1, '1', '0', '0', '1', '1', '1', '1'),
(2647, 'kuurna_chair1', '', 's', 'default', 3636, 1, 1, 1, '1', '1', '1', '1', '1', '1', '1'),
(2648, 'easter11_tuip_p', '', 's', 'default', 3637, 1, 1, 1, '1', '0', '0', '1', '1', '1', '1'),
(2649, 'anna_divider*1', '', 's', 'default', 3638, 1, 1, 1, '1', '0', '0', '1', '1', '1', '1'),
(2650, 'anna_divider*2', '', 's', 'default', 3639, 1, 1, 1, '1', '0', '0', '1', '1', '1', '1'),
(2651, 'anna_divider*3', '', 's', 'default', 3640, 1, 1, 1, '1', '0', '0', '1', '1', '1', '1'),
(2652, 'anna_divider*4', '', 's', 'default', 3641, 1, 1, 1, '1', '0', '0', '1', '1', '1', '1'),
(2653, 'anna_divider*5', '', 's', 'default', 3642, 1, 1, 1, '1', '0', '0', '1', '1', '1', '1'),
(2654, 'anna_div_gate*1', '', 's', 'gate', 3643, 1, 1, 1, '1', '0', '0', '1', '1', '1', '1'),
(2655, 'anna_div_gate*2', '', 's', 'gate', 3644, 1, 1, 1, '1', '0', '0', '1', '1', '1', '1'),
(2656, 'anna_div_gate*3', '', 's', 'gate', 3645, 1, 1, 1, '1', '0', '0', '1', '1', '1', '1'),
(2657, 'anna_div_gate*4', '', 's', 'gate', 3646, 1, 1, 1, '1', '0', '0', '1', '1', '1', '1'),
(2658, 'anna_div_gate*5', '', 's', 'gate', 3647, 1, 1, 1, '1', '0', '0', '1', '1', '1', '1'),
(2659, 'anna_chair*1', '', 's', 'default', 3648, 1, 1, 1, '1', '1', '1', '1', '1', '1', '1'),
(2660, 'anna_chair*2', '', 's', 'default', 3649, 1, 1, 1, '1', '1', '1', '1', '1', '1', '1'),
(2661, 'anna_chair*3', '', 's', 'default', 3650, 1, 1, 1, '1', '1', '1', '1', '1', '1', '1'),
(2662, 'anna_chair*4', '', 's', 'default', 3651, 1, 1, 1, '1', '1', '1', '1', '1', '1', '1'),
(2663, 'anna_chair*5', '', 's', 'default', 3652, 1, 1, 1, '1', '1', '1', '1', '1', '1', '1'),
(2664, 'anna_stool*1', '', 's', 'default', 3653, 1, 1, 1, '1', '0', '0', '1', '1', '1', '1'),
(2665, 'anna_stool*2', '', 's', 'default', 3654, 1, 1, 1, '1', '0', '0', '1', '1', '1', '1'),
(2666, 'anna_stool*3', '', 's', 'default', 3655, 1, 1, 1, '1', '0', '0', '1', '1', '1', '1'),
(2667, 'anna_stool*4', '', 's', 'default', 3656, 1, 1, 1, '1', '0', '0', '1', '1', '1', '1'),
(2668, 'anna_stool*5', '', 's', 'default', 3657, 1, 1, 1, '1', '0', '0', '1', '1', '1', '1'),
(2669, 'anna_table*1', '', 's', 'default', 3658, 2, 2, 1, '1', '0', '0', '1', '1', '1', '1'),
(2670, 'anna_table*2', '', 's', 'default', 3659, 2, 2, 1, '1', '0', '0', '1', '1', '1', '1'),
(2671, 'anna_table*3', '', 's', 'default', 3660, 2, 2, 1, '1', '0', '0', '1', '1', '1', '1'),
(2672, 'anna_table*4', '', 's', 'default', 3661, 2, 2, 1, '1', '0', '0', '1', '1', '1', '1'),
(2673, 'anna_table*5', '', 's', 'default', 3662, 2, 2, 1, '1', '0', '0', '1', '1', '1', '1'),
(2674, 'anna_rug*1', '', 's', 'default', 3663, 2, 2, 1, '1', '0', '1', '1', '1', '1', '1'),
(2675, 'anna_rug*2', '', 's', 'default', 3664, 2, 2, 1, '1', '0', '1', '1', '1', '1', '1'),
(2676, 'anna_rug*3', '', 's', 'default', 3665, 2, 2, 1, '1', '0', '1', '1', '1', '1', '1'),
(2677, 'anna_rug*4', '', 's', 'default', 3666, 2, 2, 1, '1', '0', '1', '1', '1', '1', '1'),
(2678, 'anna_rug*5', '', 's', 'default', 3667, 2, 2, 1, '1', '0', '1', '1', '1', '1', '1'),
(2679, 'anna_sofa*1', '', 's', 'default', 3668, 2, 1, 1, '1', '1', '1', '1', '1', '1', '1'),
(2680, 'anna_sofa*2', '', 's', 'default', 3669, 2, 1, 1, '1', '1', '1', '1', '1', '1', '1'),
(2681, 'anna_sofa*3', '', 's', 'default', 3670, 2, 1, 1, '1', '1', '1', '1', '1', '1', '1'),
(2682, 'anna_sofa*4', '', 's', 'default', 3671, 2, 1, 1, '1', '1', '1', '1', '1', '1', '1'),
(2683, 'anna_sofa*5', '', 's', 'default', 3672, 2, 1, 1, '1', '1', '1', '1', '1', '1', '1'),
(2684, 'anna_pill*1', '', 's', 'default', 3673, 1, 1, 1, '1', '0', '0', '1', '1', '1', '1'),
(2685, 'anna_pill*2', '', 's', 'default', 3674, 1, 1, 1, '1', '0', '0', '1', '1', '1', '1'),
(2686, 'anna_pill*3', '', 's', 'default', 3675, 1, 1, 1, '1', '0', '0', '1', '1', '1', '1'),
(2687, 'anna_pill*4', '', 's', 'default', 3676, 1, 1, 1, '1', '0', '0', '1', '1', '1', '1'),
(2688, 'anna_pill*5', '', 's', 'default', 3677, 1, 1, 1, '1', '0', '0', '1', '1', '1', '1'),
(2689, 'anna_lamp*1', '', 's', 'default', 3678, 1, 1, 1, '1', '0', '0', '1', '1', '1', '1'),
(2690, 'anna_lamp*2', '', 's', 'default', 3679, 1, 1, 1, '1', '0', '0', '1', '1', '1', '1'),
(2691, 'anna_lamp*3', '', 's', 'default', 3680, 1, 1, 1, '1', '0', '0', '1', '1', '1', '1'),
(2692, 'anna_lamp*4', '', 's', 'default', 3681, 1, 1, 1, '1', '0', '0', '1', '1', '1', '1'),
(2693, 'anna_lamp*5', '', 's', 'default', 3682, 1, 1, 1, '1', '0', '0', '1', '1', '1', '1'),
(2694, 'anna_div_crnr*1', '', 's', 'default', 3683, 1, 1, 1, '1', '0', '0', '1', '1', '1', '1');
INSERT INTO `items_information` (`id`, `name`, `item_name`, `type`, `furni_type`, `sprite_id`, `width`, `length`, `height`, `can_stack`, `can_sit`, `can_walk`, `can_gift`, `can_trade`, `can_recycle`, `can_sell`) VALUES
(2695, 'anna_div_crnr*2', '', 's', 'default', 3684, 1, 1, 1, '1', '0', '0', '1', '1', '1', '1'),
(2696, 'anna_div_crnr*3', '', 's', 'default', 3685, 1, 1, 1, '1', '0', '0', '1', '1', '1', '1'),
(2697, 'anna_div_crnr*4', '', 's', 'default', 3686, 1, 1, 1, '1', '0', '0', '1', '1', '1', '1'),
(2698, 'anna_div_crnr*5', '', 's', 'default', 3687, 1, 1, 1, '1', '0', '0', '1', '1', '1', '1'),
(2699, 'picnic_blanket_yel', '', 's', 'default', 3688, 3, 3, 1, '1', '0', '0', '1', '1', '1', '1'),
(2700, 'picnic_pillow_yel', '', 's', 'default', 3689, 1, 1, 1, '1', '0', '0', '1', '1', '1', '1'),
(2701, 'picnic_food1', '', 's', 'default', 3690, 1, 1, 1, '1', '0', '0', '1', '1', '1', '1'),
(2702, 'note_tag', '', 's', 'default', 3691, 1, 1, 1, '1', '0', '0', '1', '1', '1', '1'),
(2703, 'picnic_wfall', '', 's', 'default', 3692, 2, 2, 0.5, '1', '0', '1', '1', '1', '1', '1'),
(2704, 'picnic_blanket_blu', '', 's', 'default', 3693, 3, 3, 1, '1', '0', '0', '1', '1', '1', '1'),
(2705, 'picnic_food3', '', 's', 'default', 3694, 1, 1, 1, '1', '0', '0', '1', '1', '1', '1'),
(2706, 'picnic_blanket', '', 's', 'default', 3695, 3, 3, 1, '1', '0', '0', '1', '1', '1', '1'),
(2707, 'picnic_pillow_blu', '', 's', 'default', 3696, 1, 1, 1, '1', '0', '0', '1', '1', '1', '1'),
(2708, 'picnic_food2', '', 's', 'default', 3697, 1, 1, 1, '1', '0', '0', '1', '1', '1', '1'),
(2709, 'picnic_tele', '', 's', 'default', 3698, 1, 1, 1, '1', '0', '0', '1', '1', '1', '1'),
(2710, 'picnic_basket', '', 's', 'default', 3699, 1, 1, 1, '1', '0', '0', '1', '1', '1', '1'),
(2711, 'picnic_pillow', '', 's', 'default', 3700, 1, 1, 1, '1', '0', '0', '1', '1', '1', '1'),
(2712, 'picnic_chair', '', 's', 'default', 3701, 1, 1, 1, '1', '1', '1', '1', '1', '1', '1'),
(2713, 'picnic_3brds', '', 's', 'default', 3702, 1, 1, 1, '1', '0', '0', '1', '1', '1', '1'),
(2714, 'ads_kelloggs_statue', '', 's', 'default', 3703, 1, 1, 1, '1', '0', '0', '1', '1', '1', '1'),
(2715, 'ads_background', '', 's', 'default', 3704, 1, 1, 1, '1', '0', '0', '1', '1', '1', '1'),
(2716, 'ads_kfp2statue', '', 's', 'default', 3706, 1, 1, 1, '1', '0', '0', '1', '1', '1', '1'),
(2717, 'petfood23', '', 's', 'default', 3707, 1, 1, 1, '1', '0', '0', '1', '1', '1', '1'),
(2718, 'petfood22', '', 's', 'default', 3708, 1, 1, 1, '1', '0', '0', '1', '1', '1', '1'),
(2719, 'nest_dragon', '', 's', 'default', 3709, 1, 1, 1, '1', '0', '0', '1', '1', '1', '1'),
(2720, 'ashtree', '', 's', 'default', 3710, 1, 1, 1, '1', '0', '0', '1', '1', '1', '1'),
(2721, 'a0 pet0', 'a0 pet0', 's', 'pet', 456, 1, 1, 1, '1', '0', '0', '1', '0', '0', '0'),
(2722, 'a0 pet1', 'a0 pet1', 's', 'pet', 457, 1, 1, 1, '1', '0', '0', '1', '0', '0', '0'),
(2723, 'a0 pet2', 'a0 pet2', 's', 'pet', 1316, 1, 1, 1, '1', '0', '0', '1', '0', '0', '0'),
(2724, 'a0 pet4', 'a0 pet4', 's', 'pet', 4213, 1, 1, 1, '1', '0', '0', '1', '0', '0', '0'),
(2725, 'a0 pet3', 'a0 pet3', 's', 'pet', 4212, 1, 1, 1, '1', '0', '0', '1', '0', '0', '0'),
(2726, 'a0 pet5', 'a0 pet5', 's', 'pet', 4214, 1, 1, 1, '1', '0', '0', '1', '0', '0', '0'),
(2727, 'a0 pet7', 'a0 pet7', 's', 'pet', 4761, 1, 1, 1, '1', '0', '0', '1', '0', '0', '0'),
(2728, 'a0 pet6', 'a0 pet6', 's', 'pet', 4760, 1, 1, 1, '1', '0', '0', '1', '0', '0', '0'),
(2729, 'a0 pet8', 'a0 pet8', 's', 'pet', 5251, 1, 1, 1, '1', '0', '0', '1', '0', '0', '0'),
(2730, 'a0 pet11', 'a0 pet11', 's', 'pet', 5266, 1, 1, 1, '1', '0', '0', '1', '0', '0', '0'),
(2731, 'a0 pet10', 'a0 pet10', 's', 'pet', 5430, 1, 1, 1, '1', '0', '0', '1', '0', '0', '0'),
(2732, 'a0 pet12', 'a0 pet12', 's', 'pet', 5848, 1, 1, 1, '1', '0', '0', '1', '0', '0', '0'),
(2733, 'grail_water', '', 's', 'default', 3711, 1, 1, 1, '1', '0', '0', '1', '1', '1', '1'),
(2734, 'grail_nectar', '', 's', 'default', 3712, 1, 1, 1, '1', '0', '0', '1', '1', '1', '1'),
(2735, 'dng_cube', '', 's', 'default', 3713, 1, 1, 1, '1', '0', '0', '1', '1', '1', '1'),
(2736, 'dng_ground', '', 's', 'default', 3714, 2, 2, 1, '1', '0', '0', '1', '1', '1', '1'),
(2737, 'dng_pillar', '', 's', 'default', 3715, 1, 1, 1, '1', '0', '0', '1', '1', '1', '1'),
(2738, 'dng_treasure2', '', 's', 'default', 3716, 1, 1, 1, '1', '0', '0', '1', '1', '1', '1'),
(2739, 'dng_floor', '', 's', 'default', 3717, 2, 2, 1, '1', '0', '1', '1', '1', '1', '1'),
(2740, 'dng_stairs', '', 's', 'default', 3718, 1, 1, 1, '1', '0', '0', '1', '1', '1', '1'),
(2741, 'dng_treasure', '', 's', 'default', 3719, 2, 2, 1, '1', '0', '0', '1', '1', '1', '1'),
(2742, 'dng_throne', '', 's', 'default', 3720, 1, 1, 1, '1', '1', '1', '1', '1', '1', '1'),
(2743, 'dng_block', '', 's', 'default', 3721, 1, 1, 1, '1', '0', '0', '1', '1', '1', '1'),
(2744, 'dng_wall', '', 'i', 'default', 4421, 1, 0, 1, '1', '0', '0', '1', '1', '1', '1'),
(2745, 'petfood_19', '', 's', 'default', 3722, 1, 1, 1, '1', '0', '1', '1', '1', '1', '1'),
(2746, 'ads_cchups_screen', '', 'i', 'default', 4422, 1, 0, 1, '1', '0', '1', '1', '1', '1', '1'),
(2747, 'mm_lamp', '', 's', 'default', 3723, 1, 1, 1, '1', '0', '1', '1', '1', '1', '1'),
(2748, 'mm_tub', '', 's', 'default', 3724, 1, 2, 1, '1', '0', '1', '1', '1', '1', '1'),
(2749, 'mm_lemon_drink', '', 's', 'default', 3725, 1, 1, 1, '1', '0', '1', '1', '1', '1', '1'),
(2750, 'qt_sum11_shell1', '', 's', 'default', 3726, 1, 1, 1, '1', '0', '1', '1', '1', '1', '1'),
(2751, 'qt_sum11_ictrolley', '', 's', 'default', 3727, 1, 1, 1, '1', '0', '1', '1', '1', '1', '1'),
(2752, 'qt_sum11_petfood', '', 's', 'default', 3728, 1, 1, 1, '1', '0', '1', '1', '1', '1', '1'),
(2753, 'qt_sum11_shell4', '', 's', 'default', 3729, 1, 1, 1, '1', '0', '1', '1', '1', '1', '1'),
(2754, 'qt_sum11_shell3', '', 's', 'default', 3730, 1, 1, 1, '1', '0', '1', '1', '1', '1', '1'),
(2755, 'qt_sum11_platfrm', '', 's', 'default', 3731, 2, 2, 1, '1', '0', '1', '1', '1', '1', '1'),
(2756, 'qt_sum11_shell2', '', 's', 'default', 3732, 1, 1, 1, '1', '0', '1', '1', '1', '1', '1'),
(2757, 'qt_sum11_shell5', '', 's', 'default', 3733, 1, 1, 1, '1', '0', '1', '1', '1', '1', '1'),
(2758, 'qt_sum11_chair', '', 's', 'default', 3734, 1, 1, 1, '1', '0', '1', '1', '1', '1', '1'),
(2759, 'prizetrophy_skate*1', '', 's', 'default', 3735, 1, 1, 1, '1', '0', '1', '1', '1', '1', '1'),
(2760, 'prizetrophy_skate*2', '', 's', 'default', 3736, 1, 1, 1, '1', '0', '1', '1', '1', '1', '1'),
(2761, 'prizetrophy_skate*3', '', 's', 'default', 3737, 1, 1, 1, '1', '0', '1', '1', '1', '1', '1'),
(2762, 'sb_rail', '', 's', 'default', 3738, 1, 1, 1, '1', '0', '1', '1', '1', '1', '1'),
(2763, 'sb_ramp', '', 's', 'default', 3739, 2, 1, 1, '1', '0', '1', '1', '1', '1', '1'),
(2764, 'sb_block', '', 's', 'default', 3740, 2, 2, 1, '1', '0', '1', '1', '1', '1', '1'),
(2765, 'sb_cans', '', 's', 'default', 3741, 1, 1, 1, '1', '0', '1', '1', '1', '1', '1'),
(2766, 'sb_tile', '', 's', 'default', 3742, 2, 2, 1, '1', '0', '1', '1', '1', '1', '1'),
(2767, 'sb_tag1', '', 'i', 'default', 4423, 1, 0, 1, '1', '0', '1', '1', '1', '1', '1'),
(2768, 'sb_wall', '', 'i', 'default', 4424, 1, 0, 1, '1', '0', '1', '1', '1', '1', '1'),
(2769, 'sb_tag2', '', 'i', 'default', 4425, 1, 0, 1, '1', '0', '1', '1', '1', '1', '1'),
(2770, 'sb_tag3', '', 'i', 'default', 4426, 1, 0, 1, '1', '0', '1', '1', '1', '1', '1'),
(2771, 'fball_ptch6', '', 's', 'default', 3203, 3, 3, 0.1, '1', '0', '1', '1', '1', '1', '1'),
(2772, 'a0 pet9', 'a0 pet9', 's', 'pet', 3817, 1, 1, 1, '1', '0', '1', '1', '1', '1', '1'),
(2773, 'a0 pet14', 'a0 pet14', 's', 'pet', 30000, 1, 1, 1, '1', '0', '1', '1', '1', '1', '1'),
(2774, 'nest_turtle', '', 's', 'default', 3743, 1, 1, 1, '1', '0', '1', '1', '1', '1', '1'),
(2775, 'ads_mpu_720', '', 's', 'default', 3744, 1, 1, 1, '1', '0', '1', '1', '1', '1', '1'),
(2776, 'petfood24', '', 's', 'default', 3745, 1, 1, 1, '1', '0', '1', '1', '1', '1', '1'),
(2777, 'coco_stool_c2', '', 's', 'default', 3747, 1, 1, 1, '1', '0', '1', '1', '1', '1', '1'),
(2778, 'coco_divan_c4', '', 's', 'default', 3748, 2, 1, 1, '1', '0', '1', '1', '1', '1', '1'),
(2779, 'coco_throne_c3', '', 's', 'default', 3749, 1, 1, 1, '1', '0', '1', '1', '1', '1', '1'),
(2780, 'coco_chair', '', 's', 'default', 3750, 1, 1, 1, '1', '0', '1', '1', '1', '1', '1'),
(2781, 'coco_throne__c2', '', 's', 'default', 3751, 1, 1, 1, '1', '0', '1', '1', '1', '1', '1'),
(2782, 'coco_stool_c4', '', 's', 'default', 3752, 1, 1, 1, '1', '0', '1', '1', '1', '1', '1'),
(2783, 'coco_patch', '', 's', 'default', 3753, 2, 3, 1, '1', '0', '1', '1', '1', '1', '1'),
(2784, 'coco_divan_c2', '', 's', 'default', 3754, 2, 1, 1, '1', '0', '1', '1', '1', '1', '1'),
(2785, 'coco_sofatable_c3', '', 's', 'default', 3755, 1, 1, 1, '1', '1', '1', '1', '1', '1', '1'),
(2786, 'coco_stool_c3', '', 's', 'default', 3756, 1, 1, 1, '1', '0', '1', '1', '1', '1', '1'),
(2787, 'coco_sofatable_c4', '', 's', 'default', 3757, 1, 1, 1, '1', '1', '1', '1', '1', '1', '1'),
(2788, 'coco_sofa_c3', '', 's', 'default', 3758, 3, 1, 1, '1', '1', '1', '1', '1', '1', '1'),
(2789, 'coco_table', '', 's', 'default', 3759, 2, 3, 1, '1', '0', '1', '1', '1', '1', '1'),
(2790, 'coco_stool', '', 's', 'default', 3760, 1, 1, 1, '1', '0', '1', '1', '1', '1', '1'),
(2791, 'coco_chair_c2', '', 's', 'default', 3761, 1, 1, 1, '1', '0', '1', '1', '1', '1', '1'),
(2792, 'coco_stick', '', 's', 'default', 3762, 1, 1, 1, '1', '0', '1', '1', '1', '1', '1'),
(2793, 'coco_throne', '', 's', 'default', 3763, 1, 1, 1, '1', '0', '1', '1', '1', '1', '1'),
(2794, 'coco_table2', '', 's', 'default', 3764, 2, 2, 1, '1', '0', '1', '1', '1', '1', '1'),
(2795, 'coco_sofa_c2', '', 's', 'default', 3765, 3, 1, 1, '1', '1', '1', '1', '1', '1', '1'),
(2796, 'coco_chair_c4', '', 's', 'default', 3766, 1, 1, 1, '1', '0', '1', '1', '1', '1', '1'),
(2797, 'coco_chair_c3', '', 's', 'default', 3767, 1, 1, 1, '1', '0', '1', '1', '1', '1', '1'),
(2798, 'coco_divan', '', 's', 'default', 3768, 2, 1, 1, '1', '0', '1', '1', '1', '1', '1'),
(2799, 'coco_divan_c3', '', 's', 'default', 3769, 2, 1, 1, '1', '0', '1', '1', '1', '1', '1'),
(2800, 'coco_sofatable', '', 's', 'default', 3770, 1, 1, 1, '1', '1', '1', '1', '1', '1', '1'),
(2801, 'coco_sofa_c4', '', 's', 'default', 3771, 3, 1, 1, '1', '1', '1', '1', '1', '1', '1'),
(2802, 'coco_sofatable_c2', '', 's', 'default', 3772, 1, 1, 1, '1', '1', '1', '1', '1', '1', '1'),
(2803, 'coco_throne_c4', '', 's', 'default', 3773, 1, 1, 1, '1', '0', '1', '1', '1', '1', '1'),
(2804, 'coco_sofa', '', 's', 'default', 3774, 3, 1, 1, '1', '1', '1', '1', '1', '1', '1'),
(2805, 'lm_crystal_skull', '', 's', 'default', 3775, 1, 1, 1, '1', '0', '1', '1', '1', '1', '1'),
(2806, 'lm_bananadrink', '', 's', 'default', 3776, 1, 1, 1, '1', '0', '1', '1', '1', '1', '1'),
(2807, 'lm_jackbox', '', 's', 'default', 3777, 1, 1, 1, '1', '0', '1', '1', '1', '1', '1'),
(2808, 'ads_mpu_300', '', 's', 'default', 3778, 1, 1, 1, '1', '0', '1', '1', '1', '1', '1'),
(2809, 'ads_durex_vend', '', 's', 'default', 3779, 2, 1, 1, '1', '0', '1', '1', '1', '1', '1'),
(2810, 'ads_durex_carpet', '', 's', 'default', 3780, 3, 3, 1, '1', '0', '1', '1', '1', '1', '1'),
(2811, 'petfood25', '', 's', 'default', 3781, 1, 1, 1, '1', '0', '1', '1', '1', '1', '1'),
(2812, 'hole', '', 's', 'default', 3782, 2, 2, 1, '1', '0', '1', '1', '1', '1', '1'),
(2813, 'lm_pond', '', 's', 'default', 3784, 1, 1, 1, '1', '0', '1', '1', '1', '1', '1'),
(2814, 'nest_with_statue', '', 's', 'default', 3785, 1, 1, 1, '1', '0', '1', '1', '1', '1', '1'),
(2815, 'nest_monkey', '', 's', 'default', 3786, 1, 1, 1, '1', '0', '1', '1', '1', '1', '1'),
(2816, 'sound_set_73', '', 's', 'default', 3787, 1, 1, 1, '1', '0', '1', '1', '1', '1', '1'),
(2817, 'sound_set_74', '', 's', 'default', 3788, 1, 1, 1, '1', '0', '1', '1', '1', '1', '1'),
(2818, 'sound_set_76', '', 's', 'default', 3789, 1, 1, 1, '1', '0', '1', '1', '1', '1', '1'),
(2819, 'sound_set_75', '', 's', 'default', 3790, 1, 1, 1, '1', '0', '1', '1', '1', '1', '1'),
(2820, 'ads_mtv_floor', '', 's', 'default', 3791, 1, 1, 1, '1', '0', '1', '1', '1', '1', '1'),
(2821, 'summer_blaster', '', 's', 'default', 3792, 1, 1, 1, '1', '0', '1', '1', '1', '1', '1'),
(2822, 's12_bonfire', '', 's', 'default', 3793, 2, 2, 1, '1', '0', '1', '1', '1', '1', '1'),
(2823, 'studio_monitor', '', 's', 'default', 3794, 1, 1, 1, '1', '0', '1', '1', '1', '1', '1'),
(2824, 'studio_stool', '', 's', 'default', 3795, 1, 1, 1, '1', '0', '1', '1', '1', '1', '1'),
(2825, 'studio_fencecr', '', 's', 'default', 3796, 1, 1, 1, '1', '0', '1', '1', '1', '1', '1'),
(2826, 'studio_guitar', '', 's', 'default', 3797, 1, 1, 1, '1', '0', '1', '1', '1', '1', '1'),
(2827, 'studio_amp2', '', 's', 'default', 3798, 2, 1, 1, '1', '0', '1', '1', '1', '1', '1'),
(2828, 'studio_fence', '', 's', 'default', 3799, 1, 2, 1, '1', '0', '1', '1', '1', '1', '1'),
(2829, 'studio_amp1', '', 's', 'default', 3800, 2, 1, 1, '1', '0', '1', '1', '1', '1', '1'),
(2830, 'studio_floorlight', '', 's', 'default', 3801, 1, 1, 1, '1', '0', '1', '1', '1', '1', '1'),
(2831, 'lm_bigrock', '', 's', 'default', 3802, 2, 3, 1, '1', '0', '1', '1', '1', '1', '1'),
(2832, 'studio_mixingdesk', '', 's', 'default', 3803, 5, 1, 1, '1', '0', '1', '1', '1', '1', '1'),
(2833, 'studio_camera', '', 's', 'default', 3804, 1, 1, 1, '1', '0', '1', '1', '1', '1', '1'),
(2834, 'studio_tv', '', 's', 'default', 3805, 1, 1, 1, '1', '0', '1', '1', '1', '1', '1'),
(2835, 'studio_lights3', '', 's', 'default', 3806, 1, 1, 1, '1', '0', '1', '1', '1', '1', '1'),
(2836, 'lm_palm1', '', 's', 'default', 3808, 1, 1, 1, '1', '0', '1', '1', '1', '1', '1'),
(2837, 'studio_drums', '', 's', 'default', 3809, 3, 1, 1, '1', '0', '1', '1', '1', '1', '1'),
(2838, 'studio_lights1', '', 's', 'default', 3810, 1, 1, 1, '1', '0', '1', '1', '1', '1', '1'),
(2839, 'lm_totem', '', 's', 'default', 3811, 1, 1, 1, '1', '0', '1', '1', '1', '1', '1'),
(2840, 'studio_chair', '', 's', 'default', 3812, 1, 1, 1, '1', '0', '1', '1', '1', '1', '1'),
(2841, 'hole2', '', 's', 'default', 3813, 2, 2, 1, '1', '0', '1', '1', '1', '1', '1'),
(2842, 'lm_palm2', '', 's', 'default', 3814, 1, 1, 1, '1', '0', '1', '1', '1', '1', '1'),
(2843, 'qt_sum11_dragon', '', 's', 'default', 3815, 1, 1, 1, '1', '0', '1', '1', '1', '1', '1'),
(2844, 'ads_durex_screen', '', 'i', 'default', 4427, 1, 0, 1, '1', '0', '1', '1', '1', '1', '1'),
(2845, 'ads_mtv_wall', '', 'i', 'default', 4428, 1, 0, 1, '1', '0', '1', '1', '1', '1', '1'),
(2846, 'summer_sunset_wall', '', 'i', 'default', 4429, 1, 0, 1, '1', '0', '1', '1', '1', '1', '1'),
(2847, 'usva3_rug', '', 's', 'default', 3816, 2, 2, 0, '1', '0', '1', '1', '1', '1', '1'),
(2848, 'usva4_lamble', '', 's', 'default', 3818, 1, 1, 0, '1', '0', '1', '1', '1', '1', '1'),
(2849, 'usva3_shelf', '', 's', 'default', 3819, 1, 1, 0, '1', '0', '1', '1', '1', '1', '1'),
(2850, 'usva_rug', '', 's', 'default', 3820, 2, 2, 0, '1', '0', '1', '1', '1', '1', '1'),
(2851, 'usva2_table', '', 's', 'default', 3821, 2, 2, 0, '1', '0', '1', '1', '1', '1', '1'),
(2852, 'usva_shelf2', '', 's', 'default', 3822, 1, 1, 0, '1', '0', '1', '1', '1', '1', '1'),
(2853, 'usva4_sofa', '', 's', 'default', 3823, 2, 1, 0, '1', '1', '1', '1', '1', '1', '1'),
(2854, 'usva_table', '', 's', 'default', 3824, 2, 2, 0, '1', '0', '1', '1', '1', '1', '1'),
(2855, 'usva5_table', '', 's', 'default', 3825, 2, 2, 0, '1', '0', '1', '1', '1', '1', '1'),
(2856, 'usva_lamble', '', 's', 'default', 3826, 1, 1, 0, '1', '0', '1', '1', '1', '1', '1'),
(2857, 'usva2_sofa', '', 's', 'default', 3827, 2, 1, 0, '1', '1', '1', '1', '1', '1', '1'),
(2858, 'usva2_chair', '', 's', 'default', 3828, 1, 1, 0, '1', '0', '1', '1', '1', '1', '1'),
(2859, 'usva_lamp', '', 's', 'default', 3829, 1, 1, 0, '1', '0', '1', '1', '1', '1', '1'),
(2860, 'usva2_shelf2', '', 's', 'default', 3830, 1, 1, 0, '1', '0', '1', '1', '1', '1', '1'),
(2861, 'usva_chair', '', 's', 'default', 3831, 1, 1, 0, '1', '0', '1', '1', '1', '1', '1'),
(2862, 'usva5_lamble', '', 's', 'default', 3832, 1, 1, 0, '1', '0', '1', '1', '1', '1', '1'),
(2863, 'usva2_lamp', '', 's', 'default', 3833, 1, 1, 0, '1', '0', '1', '1', '1', '1', '1'),
(2864, 'usva4_chair', '', 's', 'default', 3834, 1, 1, 0, '1', '0', '1', '1', '1', '1', '1'),
(2865, 'usva3_shelf2', '', 's', 'default', 3835, 1, 1, 0, '1', '0', '1', '1', '1', '1', '1'),
(2866, 'usva3_table', '', 's', 'default', 3836, 2, 2, 0, '1', '0', '1', '1', '1', '1', '1'),
(2867, 'usva2_rug', '', 's', 'default', 3837, 2, 2, 0, '1', '0', '1', '1', '1', '1', '1'),
(2868, 'usva4_table', '', 's', 'default', 3838, 2, 2, 0, '1', '0', '1', '1', '1', '1', '1'),
(2869, 'usva5_lamp', '', 's', 'default', 3839, 1, 1, 0, '1', '0', '1', '1', '1', '1', '1'),
(2870, 'usva3_chair', '', 's', 'default', 3840, 1, 1, 0, '1', '0', '1', '1', '1', '1', '1'),
(2871, 'usva3_lamble', '', 's', 'default', 3841, 1, 1, 0, '1', '0', '1', '1', '1', '1', '1'),
(2872, 'usva_sofa', '', 's', 'default', 3842, 2, 1, 0, '1', '1', '1', '1', '1', '1', '1'),
(2873, 'usva_shelf', '', 's', 'default', 3843, 1, 1, 0, '1', '0', '1', '1', '1', '1', '1'),
(2874, 'usva4_lamp', '', 's', 'default', 3844, 1, 1, 0, '1', '0', '1', '1', '1', '1', '1'),
(2875, 'usva2_lamble', '', 's', 'default', 3845, 1, 1, 0, '1', '0', '1', '1', '1', '1', '1'),
(2876, 'usva3_lamp', '', 's', 'default', 3846, 1, 1, 0, '1', '0', '1', '1', '1', '1', '1'),
(2877, 'usva4_rug', '', 's', 'default', 3847, 2, 2, 0, '1', '0', '1', '1', '1', '1', '1'),
(2878, 'usva2_shelf', '', 's', 'default', 3848, 1, 1, 0, '1', '0', '1', '1', '1', '1', '1'),
(2879, 'usva3_sofa', '', 's', 'default', 3849, 2, 1, 0, '1', '1', '1', '1', '1', '1', '1'),
(2880, 'usva5_rug', '', 's', 'default', 3850, 2, 2, 0, '1', '0', '1', '1', '1', '1', '1'),
(2881, 'usva5_chair', '', 's', 'default', 3851, 1, 1, 0, '1', '0', '1', '1', '1', '1', '1'),
(2882, 'usva5_wallrug', '', 'i', 'default', 4430, 1, 0, 0, '1', '0', '1', '1', '1', '1', '1'),
(2883, 'usva3_wallrug', '', 'i', 'default', 4431, 1, 0, 0, '1', '0', '1', '1', '1', '1', '1'),
(2884, 'usva_wallrug', '', 'i', 'default', 4432, 1, 0, 0, '1', '0', '1', '1', '1', '1', '1'),
(2885, 'usva4_wallrug', '', 'i', 'default', 4433, 1, 0, 0, '1', '0', '1', '1', '1', '1', '1'),
(2886, 'usva2_wallrug', '', 'i', 'default', 4434, 1, 0, 0, '1', '0', '1', '1', '1', '1', '1'),
(2887, 'uservoice_soapbox', '', 's', 'default', 3852, 1, 1, 0, '1', '0', '1', '1', '1', '1', '1'),
(2888, 'school_platform', '', 's', 'default', 3853, 1, 1, 0, '1', '0', '1', '1', '1', '1', '1'),
(2889, 'school_locker_b', '', 's', 'default', 3854, 1, 1, 0, '1', '0', '1', '1', '1', '1', '1'),
(2890, 'school_locker_r_nosale', '', 's', 'default', 3855, 1, 1, 0, '1', '0', '1', '1', '1', '1', '1'),
(2891, 'school_toilet_stall', '', 's', 'default', 3856, 1, 1, 0, '1', '0', '1', '1', '1', '1', '1'),
(2892, 'school_stuff_06', '', 's', 'default', 3857, 1, 1, 0, '1', '0', '1', '1', '1', '1', '1'),
(2893, 'school_locker_r', '', 's', 'default', 3858, 1, 1, 0, '1', '0', '1', '1', '1', '1', '1'),
(2894, 'school_bus', '', 's', 'default', 3859, 2, 4, 0, '1', '0', '1', '1', '1', '1', '1'),
(2895, 'school_table', '', 's', 'default', 3860, 3, 2, 0, '1', '0', '1', '1', '1', '1', '1'),
(2896, 'school_bench', '', 's', 'default', 3861, 3, 1, 0, '1', '0', '1', '1', '1', '1', '1'),
(2897, 'school_console', '', 's', 'default', 3862, 1, 1, 0, '1', '0', '1', '1', '1', '1', '1'),
(2898, 'school_stuff_01', '', 's', 'default', 3863, 1, 1, 0, '1', '0', '1', '1', '1', '1', '1'),
(2899, 'school_stuff_05', '', 's', 'default', 3864, 1, 1, 0, '1', '0', '1', '1', '1', '1', '1'),
(2900, 'school_floor', '', 's', 'default', 3865, 2, 2, 0, '1', '0', '1', '1', '1', '1', '1'),
(2901, 'school_locker_b_nosale', '', 's', 'default', 3866, 1, 1, 0, '1', '0', '1', '1', '1', '1', '1'),
(2902, 'school_stuff_02', '', 's', 'default', 3867, 1, 1, 0, '1', '0', '1', '1', '1', '1', '1'),
(2903, 'school_stuff_04', '', 's', 'default', 3868, 1, 1, 0, '1', '0', '1', '1', '1', '1', '1'),
(2904, 'school_stuff_03', '', 's', 'default', 3869, 1, 1, 0, '1', '0', '1', '1', '1', '1', '1'),
(2905, 'school_chair', '', 's', 'default', 3870, 1, 1, 0, '1', '0', '1', '1', '1', '1', '1'),
(2906, 'petfood26', '', 's', 'default', 3871, 1, 1, 0, '1', '0', '1', '1', '1', '1', '1'),
(2907, 'boutique_floor1a', '', 's', 'default', 3872, 1, 1, 0, '1', '0', '1', '1', '1', '1', '1'),
(2908, 'boutique_table1', '', 's', 'default', 3873, 1, 1, 0, '1', '0', '1', '1', '1', '1', '1'),
(2909, 'boutique_clothingpile', '', 's', 'default', 3874, 1, 1, 0, '1', '0', '1', '1', '1', '1', '1'),
(2910, 'boutique_changing1', '', 's', 'default', 3875, 1, 1, 0, '1', '0', '1', '1', '1', '1', '1'),
(2911, 'boutique_changing3', '', 's', 'default', 3876, 1, 1, 0, '1', '0', '1', '1', '1', '1', '1'),
(2912, 'boutique_sofa2', '', 's', 'default', 3877, 2, 1, 0, '1', '0', '1', '1', '1', '1', '1'),
(2913, 'boutique_mannequin1', '', 's', 'default', 3878, 1, 1, 0, '1', '0', '1', '1', '1', '1', '1'),
(2914, 'boutique_sofa1', '', 's', 'default', 3879, 1, 1, 0, '1', '0', '1', '1', '1', '1', '1'),
(2915, 'boutique_table2', '', 's', 'default', 3880, 3, 1, 0, '1', '0', '1', '1', '1', '1', '1'),
(2916, 'boutique_cashreg', '', 's', 'default', 3881, 1, 1, 0, '1', '0', '1', '1', '1', '1', '1'),
(2917, 'boutique_changing2', '', 's', 'default', 3882, 1, 1, 0, '1', '0', '1', '1', '1', '1', '1'),
(2918, 'boutique_plant1', '', 's', 'default', 3883, 1, 1, 0, '1', '0', '1', '1', '1', '1', '1'),
(2919, 'boutique_plant2', '', 's', 'default', 3884, 2, 1, 0, '1', '0', '1', '1', '1', '1', '1'),
(2920, 'boutique_counter', '', 's', 'default', 3885, 2, 1, 0, '1', '0', '1', '1', '1', '1', '1'),
(2921, 'boutique_floor2b', '', 's', 'default', 3886, 3, 3, 0, '1', '0', '1', '1', '1', '1', '1'),
(2922, 'boutique_floor1b', '', 's', 'default', 3887, 3, 3, 0, '1', '0', '1', '1', '1', '1', '1'),
(2923, 'boutique_floor2a', '', 's', 'default', 3888, 1, 1, 0, '1', '0', '1', '1', '1', '1', '1'),
(2924, 'waterbowl_basic*1', '', 's', 'default', 3889, 1, 1, 0, '1', '0', '1', '1', '1', '1', '1'),
(2925, 'waterbowl_basic*2', '', 's', 'default', 3890, 1, 1, 0, '1', '0', '1', '1', '1', '1', '1'),
(2926, 'waterbowl_basic*3', '', 's', 'default', 3891, 1, 1, 0, '1', '0', '1', '1', '1', '1', '1'),
(2927, 'waterbowl_basic*4', '', 's', 'default', 3892, 1, 1, 0, '1', '0', '1', '1', '1', '1', '1'),
(2928, 'waterbowl_basic*5', '', 's', 'default', 3893, 1, 1, 0, '1', '0', '1', '1', '1', '1', '1'),
(2929, 'boutique_hcsign', '', 's', 'default', 3894, 1, 1, 0, '1', '0', '1', '1', '1', '1', '1'),
(2930, 'boutique_vipsign', '', 's', 'default', 3895, 1, 1, 0, '1', '0', '1', '1', '1', '1', '1'),
(2931, 'bubble_lamp1', '', 's', 'default', 3896, 1, 1, 0, '1', '0', '1', '1', '1', '1', '1'),
(2932, 'pura_roundpad8', '', 's', 'default', 3897, 1, 1, 0, '1', '0', '1', '1', '1', '1', '1'),
(2933, 'pura_block_lamp1', '', 's', 'default', 3898, 1, 1, 0, '1', '0', '1', '1', '1', '1', '1'),
(2934, 'pura_roundpad9', '', 's', 'default', 3899, 1, 1, 0, '1', '0', '1', '1', '1', '1', '1'),
(2935, 'eleblock2', '', 's', 'default', 3900, 1, 1, 0, '1', '0', '1', '1', '1', '1', '1'),
(2936, 'eleblock4', '', 's', 'default', 3901, 1, 1, 0, '1', '0', '1', '1', '1', '1', '1'),
(2937, 'pura_roundpad6', '', 's', 'default', 3902, 1, 1, 0, '1', '0', '1', '1', '1', '1', '1'),
(2938, 'eleblock7', '', 's', 'default', 3903, 1, 1, 0, '1', '0', '1', '1', '1', '1', '1'),
(2939, 'pura_roundpad3', '', 's', 'default', 3904, 1, 1, 0, '1', '0', '1', '1', '1', '1', '1'),
(2940, 'pura_roundpad4', '', 's', 'default', 3905, 1, 1, 0, '1', '0', '1', '1', '1', '1', '1'),
(2941, 'eleblock5', '', 's', 'default', 3906, 1, 1, 0, '1', '0', '1', '1', '1', '1', '1'),
(2942, 'eleblock1', '', 's', 'default', 3908, 1, 1, 0, '1', '0', '1', '1', '1', '1', '1'),
(2943, 'pura_roundpad1', '', 's', 'default', 3909, 1, 1, 0, '1', '0', '1', '1', '1', '1', '1'),
(2944, 'pura_roundpad2', '', 's', 'default', 3910, 1, 1, 0, '1', '0', '1', '1', '1', '1', '1'),
(2945, 'eleblock8', '', 's', 'default', 3911, 1, 1, 0, '1', '0', '1', '1', '1', '1', '1'),
(2946, 'pura_roundpad5', '', 's', 'default', 3912, 1, 1, 0, '1', '0', '1', '1', '1', '1', '1'),
(2947, 'eleblock9', '', 's', 'default', 3913, 1, 1, 0, '1', '0', '1', '1', '1', '1', '1'),
(2948, 'pura_roundpad7', '', 's', 'default', 3914, 1, 1, 0, '1', '0', '1', '1', '1', '1', '1'),
(2949, 'eleblock6', '', 's', 'default', 3915, 1, 1, 0, '1', '0', '1', '1', '1', '1', '1'),
(2950, 'horse_dye_08', '', 's', 'default', 3916, 1, 1, 0, '1', '0', '1', '1', '1', '1', '1'),
(2951, 'horse_hayfloor', '', 's', 'default', 3917, 2, 2, 0, '1', '0', '1', '1', '1', '1', '1'),
(2952, 'horse_dye_11', '', 's', 'default', 3918, 1, 1, 0, '1', '0', '1', '1', '1', '1', '1'),
(2953, 'horse_hairdye_06', '', 's', 'default', 3919, 1, 1, 0, '1', '0', '1', '1', '1', '1', '1'),
(2954, 'horse_dye_02', '', 's', 'default', 3920, 1, 1, 0, '1', '0', '1', '1', '1', '1', '1'),
(2955, 'horse_stable_gate', '', 's', 'default', 3921, 1, 2, 0, '1', '0', '1', '1', '1', '1', '1'),
(2956, 'horse_hairdye_09', '', 's', 'default', 3922, 1, 1, 0, '1', '0', '1', '1', '1', '1', '1'),
(2957, 'horse_hairdye_07', '', 's', 'default', 3923, 1, 1, 0, '1', '0', '1', '1', '1', '1', '1'),
(2958, 'horse_dye_12', '', 's', 'default', 3924, 1, 1, 0, '1', '0', '1', '1', '1', '1', '1'),
(2959, 'horse_dye_03', '', 's', 'default', 3925, 1, 1, 0, '1', '0', '1', '1', '1', '1', '1'),
(2960, 'horse_dye_05', '', 's', 'default', 3926, 1, 1, 0, '1', '0', '1', '1', '1', '1', '1'),
(2961, 'horse_hairdye_11', '', 's', 'default', 3927, 1, 1, 0, '1', '0', '1', '1', '1', '1', '1'),
(2962, 'horse_hairdye_12', '', 's', 'default', 3928, 1, 1, 0, '1', '0', '1', '1', '1', '1', '1'),
(2963, 'horse_saddle1', '', 's', 'default', 3929, 1, 1, 0, '1', '0', '1', '1', '1', '1', '1'),
(2964, 'horse_stable_fence_w', '', 's', 'default', 3930, 1, 2, 0, '1', '0', '1', '1', '1', '1', '1'),
(2965, 'horse_stable_gate_w', '', 's', 'default', 3931, 1, 2, 0, '1', '0', '1', '1', '1', '1', '1'),
(2966, 'horse_dye_04', '', 's', 'default', 3932, 1, 1, 0, '1', '0', '1', '1', '1', '1', '1'),
(2967, 'horse_hairdye_10', '', 's', 'default', 3933, 1, 1, 0, '1', '0', '1', '1', '1', '1', '1'),
(2968, 'horse_hairdye_01', '', 's', 'default', 3934, 1, 1, 0, '1', '0', '1', '1', '1', '1', '1'),
(2969, 'horse_hairdye_02', '', 's', 'default', 3935, 1, 1, 0, '1', '0', '1', '1', '1', '1', '1'),
(2970, 'horse_dye_13', '', 's', 'default', 3936, 1, 1, 0, '1', '0', '1', '1', '1', '1', '1'),
(2971, 'horse_sawdustfloor', '', 's', 'default', 3937, 2, 2, 0, '1', '0', '1', '1', '1', '1', '1'),
(2972, 'horse_hairdye_05', '', 's', 'default', 3938, 1, 1, 0, '1', '0', '1', '1', '1', '1', '1'),
(2973, 'horse_hairdye_04', '', 's', 'default', 3939, 1, 1, 0, '1', '0', '1', '1', '1', '1', '1'),
(2974, 'horse_hairdye_00', '', 's', 'default', 3940, 1, 1, 0, '1', '0', '1', '1', '1', '1', '1'),
(2975, 'horse_stable_fence', '', 's', 'default', 3941, 1, 2, 0, '1', '0', '1', '1', '1', '1', '1'),
(2976, 'horse_dye_09', '', 's', 'default', 3942, 1, 1, 0, '1', '0', '1', '1', '1', '1', '1'),
(2977, 'horse_dye_10', '', 's', 'default', 3943, 1, 1, 0, '1', '0', '1', '1', '1', '1', '1'),
(2978, 'horse_stbl_fnc_corn_w', '', 's', 'default', 3944, 1, 1, 0, '1', '0', '1', '1', '1', '1', '1'),
(2979, 'horse_dye_06', '', 's', 'default', 3945, 1, 1, 0, '1', '0', '1', '1', '1', '1', '1'),
(2980, 'horse_hairdye_03', '', 's', 'default', 3946, 1, 1, 0, '1', '0', '1', '1', '1', '1', '1'),
(2981, 'horse_hay', '', 's', 'default', 3947, 1, 1, 0, '1', '0', '1', '1', '1', '1', '1'),
(2982, 'horse_stbl_fnc_corner', '', 's', 'default', 3948, 1, 1, 0, '1', '0', '1', '1', '1', '1', '1'),
(2983, 'horse_dye_07', '', 's', 'default', 3949, 1, 1, 0, '1', '0', '1', '1', '1', '1', '1'),
(2984, 'horse_dye_14', '', 's', 'default', 3950, 1, 1, 0, '1', '0', '1', '1', '1', '1', '1'),
(2985, 'horse_hairdye_08', '', 's', 'default', 3951, 1, 1, 0, '1', '0', '1', '1', '1', '1', '1'),
(2986, 'horse_dye_01', '', 's', 'default', 3952, 1, 1, 0, '1', '0', '1', '1', '1', '1', '1'),
(2987, 'horse_dye_00', '', 's', 'default', 3953, 1, 1, 0, '1', '0', '1', '1', '1', '1', '1'),
(2988, 'horse_poop', '', 's', 'default', 3954, 1, 1, 0, '1', '0', '1', '1', '1', '1', '1'),
(2989, 'horse_trough', '', 's', 'default', 3955, 1, 1, 0, '1', '0', '1', '1', '1', '1', '1'),
(2990, 'horse_hairstyle_3', '', 's', 'default', 3956, 1, 1, 0, '1', '0', '1', '1', '1', '1', '1'),
(2991, 'horse_hairstyle_5', '', 's', 'default', 3957, 1, 1, 0, '1', '0', '1', '1', '1', '1', '1'),
(2992, 'horse_dye_15', '', 's', 'default', 3958, 1, 1, 0, '1', '0', '1', '1', '1', '1', '1'),
(2993, 'horse_hairstyle_1', '', 's', 'default', 3959, 1, 1, 0, '1', '0', '1', '1', '1', '1', '1'),
(2994, 'horse_hairstyle_0', '', 's', 'default', 3960, 1, 1, 0, '1', '0', '1', '1', '1', '1', '1'),
(2995, 'horse_hairstyle_4', '', 's', 'default', 3961, 1, 1, 0, '1', '0', '1', '1', '1', '1', '1'),
(2996, 'horse_dye_16', '', 's', 'default', 3962, 1, 1, 0, '1', '0', '1', '1', '1', '1', '1'),
(2997, 'horse_hairstyle_2', '', 's', 'default', 3963, 1, 1, 0, '1', '0', '1', '1', '1', '1', '1'),
(2998, 'gld_carpet', '', 's', 'default', 3964, 2, 3, 0, '1', '0', '1', '1', '1', '1', '1'),
(2999, 'gld_badgewall_tall', '', 's', 'default', 3965, 1, 1, 0, '1', '0', '1', '1', '1', '1', '1'),
(3000, 'gld_stool2', '', 's', 'default', 3966, 1, 1, 0, '1', '0', '1', '1', '1', '1', '1'),
(3001, 'gld_stool1', '', 's', 'default', 3967, 1, 1, 0, '1', '0', '1', '1', '1', '1', '1'),
(3002, 'gld_wall_tall', '', 's', 'default', 3968, 1, 1, 0, '1', '0', '1', '1', '1', '1', '1'),
(3003, 'gld_pennant', '', 's', 'default', 3969, 1, 1, 0, '1', '0', '1', '1', '1', '1', '1'),
(3004, 'gld_sofa1', '', 's', 'default', 3970, 2, 1, 0, '1', '0', '1', '1', '1', '1', '1'),
(3005, 'ads_frank_trophy', '', 's', 'default', 3971, 1, 1, 0, '1', '0', '1', '1', '1', '1', '1'),
(3006, 'prizetrophy_hween11', '', 's', 'default', 3972, 1, 1, 0, '1', '0', '1', '1', '1', '1', '1'),
(3007, 'hween11_disflo2', '', 's', 'default', 3973, 2, 2, 0, '1', '0', '1', '1', '1', '1', '1'),
(3008, 'hween11_punch', '', 's', 'default', 3974, 1, 1, 0, '1', '0', '1', '1', '1', '1', '1'),
(3009, 'hween11_dish2', '', 's', 'default', 3975, 1, 1, 0, '1', '0', '1', '1', '1', '1', '1'),
(3010, 'hween11_pumpkin', '', 's', 'default', 3976, 1, 1, 0, '1', '0', '1', '1', '1', '1', '1'),
(3011, 'hween11_sofa', '', 's', 'default', 3977, 2, 1, 0, '1', '0', '1', '1', '1', '1', '1'),
(3012, 'hween11_dish3', '', 's', 'default', 3978, 1, 1, 0, '1', '0', '1', '1', '1', '1', '1'),
(3013, 'hween11_dish4', '', 's', 'default', 3979, 1, 1, 0, '1', '0', '1', '1', '1', '1', '1'),
(3014, 'hween11_disflo', '', 's', 'default', 3980, 2, 2, 0, '1', '0', '1', '1', '1', '1', '1'),
(3015, 'hween11_dish1', '', 's', 'default', 3981, 1, 1, 0, '1', '0', '1', '1', '1', '1', '1'),
(3016, 'lm_pumpkin', '', 's', 'default', 3982, 1, 1, 0, '1', '0', '1', '1', '1', '1', '1'),
(3017, 'horse_poop_luxus', '', 's', 'default', 3983, 1, 1, 0, '1', '0', '1', '1', '1', '1', '1'),
(3018, 'ads_mpu_160', '', 's', 'default', 3984, 1, 1, 0, '1', '0', '1', '1', '1', '1', '1'),
(3019, 'ads_liisu', '', 's', 'default', 3985, 1, 1, 0, '1', '0', '1', '1', '1', '1', '1'),
(3020, 'school_chalkboard', '', 'i', 'default', 4435, 1, 0, 0, '1', '0', '1', '1', '1', '1', '1'),
(3021, 'school_urinal', '', 'i', 'default', 4436, 1, 0, 0, '1', '0', '1', '1', '1', '1', '1'),
(3022, 'school_wall', '', 'i', 'default', 4437, 1, 0, 0, '1', '0', '1', '1', '1', '1', '1'),
(3023, 'school_charts', '', 'i', 'default', 4438, 1, 0, 0, '1', '0', '1', '1', '1', '1', '1'),
(3024, 'school_toilet_wall', '', 'i', 'default', 4439, 1, 0, 0, '1', '0', '1', '1', '1', '1', '1'),
(3025, 'boutique_lampwall', '', 'i', 'default', 4440, 1, 0, 0, '1', '0', '1', '1', '1', '1', '1'),
(3026, 'boutique_shrack2', '', 'i', 'default', 4441, 1, 0, 0, '1', '0', '1', '1', '1', '1', '1'),
(3027, 'boutique_shrack1', '', 'i', 'default', 4442, 1, 0, 0, '1', '0', '1', '1', '1', '1', '1'),
(3028, 'boutique_speakers', '', 'i', 'default', 4443, 1, 0, 0, '1', '0', '1', '1', '1', '1', '1'),
(3029, 'boutique_clrack2', '', 'i', 'default', 4444, 1, 0, 0, '1', '0', '1', '1', '1', '1', '1'),
(3030, 'boutique_clrack1', '', 'i', 'default', 4445, 1, 0, 0, '1', '0', '1', '1', '1', '1', '1'),
(3031, 'ads_flag_un', '', 'i', 'default', 4446, 1, 0, 0, '1', '0', '1', '1', '1', '1', '1'),
(3032, 'horse_pitchfork_wall', '', 'i', 'default', 4447, 1, 0, 0, '1', '0', '1', '1', '1', '1', '1'),
(3033, 'horse_stable_wall', '', 'i', 'default', 4448, 1, 0, 0, '1', '0', '1', '1', '1', '1', '1'),
(3034, 'horse_stable_wall_w', '', 'i', 'default', 4449, 1, 0, 0, '1', '0', '1', '1', '1', '1', '1'),
(3035, 'horse_shoe_wall', '', 'i', 'default', 4450, 1, 0, 0, '1', '0', '1', '1', '1', '1', '1'),
(3036, 'hween11_window', '', 'i', 'default', 4451, 1, 0, 0, '1', '0', '1', '1', '1', '1', '1');

-- --------------------------------------------------------

--
-- Estructura de tabla para la tabla `navigator_categories`
--

CREATE TABLE IF NOT EXISTS `navigator_categories` (
  `id` int(255) NOT NULL AUTO_INCREMENT,
  `min_rank` int(255) NOT NULL DEFAULT '1',
  `caption` text NOT NULL,
  PRIMARY KEY (`id`)
) ENGINE=MyISAM  DEFAULT CHARSET=latin1 AUTO_INCREMENT=9 ;

--
-- Volcado de datos para la tabla `navigator_categories`
--

INSERT INTO `navigator_categories` (`id`, `min_rank`, `caption`) VALUES
(1, 1, '[AYUDA] ¡Dispuestos a echar una mano!'),
(2, 1, '[MODA] ¡Muestra tu estilo!'),
(3, 1, '[CAMBIOS] Busca el objeto con el que soñabas'),
(4, 1, '[FIESTAS] Las mejores que puedas imaginar'),
(5, 1, '[AMIGOS] Haz nuevos amigos'),
(6, 6, '[STAFF] Eventos Staff'),
(7, 6, '[STAFF] Salas Staff'),
(8, 1, 'Sin Categoría');

-- --------------------------------------------------------

--
-- Estructura de tabla para la tabla `navigator_publics`
--

CREATE TABLE IF NOT EXISTS `navigator_publics` (
  `id` int(255) NOT NULL AUTO_INCREMENT,
  `categoryid` int(255) NOT NULL DEFAULT '-1',
  `roomid` int(255) NOT NULL,
  `name` text NOT NULL,
  `description` text NOT NULL,
  `image` text NOT NULL,
  `is_category` enum('0','1') NOT NULL,
  `bannertype` enum('0','1') NOT NULL,
  `internal` enum('0','1') NOT NULL DEFAULT '1',
  `external_image` text NOT NULL,
  PRIMARY KEY (`id`)
) ENGINE=MyISAM DEFAULT CHARSET=latin1 AUTO_INCREMENT=1 ;

-- --------------------------------------------------------

--
-- Estructura de tabla para la tabla `quests`
--

CREATE TABLE IF NOT EXISTS `quests` (
  `id` int(255) NOT NULL AUTO_INCREMENT,
  `type` text NOT NULL,
  `secondtype` text NOT NULL,
  `extravalue` text NOT NULL,
  `category` enum('daily','room_builder','social','identity','explore','pets','battleball','freeze') NOT NULL,
  `usersactive` text NOT NULL,
  `award` int(255) NOT NULL,
  `countfurnis` int(255) NOT NULL,
  UNIQUE KEY `id` (`id`)
) ENGINE=MyISAM  DEFAULT CHARSET=latin1 AUTO_INCREMENT=13 ;

--
-- Volcado de datos para la tabla `quests`
--

INSERT INTO `quests` (`id`, `type`, `secondtype`, `extravalue`, `category`, `usersactive`, `award`, `countfurnis`) VALUES
(1, 'FIND_STUFF', 'FINDTRAY', '', 'daily', '1;', 1, 1),
(2, 'MOVE_ITEM', 'MOVEITEM', '_2', 'room_builder', '1;', 50, 3),
(3, 'ENTER_OTHER_USERS_ROOM', 'ENTEROTHERSROOM', '_2', 'social', '1;', 50, 1),
(4, 'CHANGE_FIGURE', 'CHANGEFIGURE', '_2', 'identity', '', 50, 1),
(5, 'FIND_STUFF', 'FINDLIFEGUARDTOWER', '_2', 'explore', '', 50, 1),
(6, 'PET_RESPECT', 'SCRATCHAPET', '_2', 'pets', '', 50, 1),
(7, 'FIND_STUFF', 'FINDBBCOUNTER', '', 'battleball', '', 30, 1),
(8, 'GAME_JOIN_GAME', 'FREEZEJOIN', '', 'freeze', '', 30, 1),
(9, 'ROTATE_ITEM', 'ROTATEITEM', '', 'room_builder', '1;', 50, 3),
(10, 'PLACE_ITEM', 'PLACEITEM', '', 'room_builder', '1;', 50, 1),
(11, 'PICKUP_ITEM', 'PICKUPITEM', '', 'room_builder', '1;', 50, 1),
(12, 'SWITCH_ITEM_STATE', 'SWITCHSTATE', '', 'room_builder', '1;', 50, 2);

-- --------------------------------------------------------

--
-- Estructura de tabla para la tabla `rooms`
--

CREATE TABLE IF NOT EXISTS `rooms` (
  `id` int(255) NOT NULL AUTO_INCREMENT,
  `ownerid` int(255) NOT NULL,
  `name` text NOT NULL,
  `description` text NOT NULL,
  `state` enum('0','1','2') NOT NULL,
  `maxusers` int(255) NOT NULL,
  `score` int(255) NOT NULL,
  `category` enum('0','1','3','4','5','6','7','8') NOT NULL,
  `tags` text NOT NULL,
  `model` text NOT NULL,
  `public_room` enum('0','1') NOT NULL,
  `icon_bg` int(255) NOT NULL,
  `icon_fg` int(255) NOT NULL,
  `wall` int(255) NOT NULL,
  `floor` int(255) NOT NULL,
  `landscape` double NOT NULL,
  `hidewalls` enum('0','1') NOT NULL DEFAULT '0',
  `pets` enum('0','1') NOT NULL DEFAULT '0',
  `petseat` enum('0','1') NOT NULL DEFAULT '0',
  `walkonusers` enum('0','1') NOT NULL DEFAULT '0',
  PRIMARY KEY (`id`)
) ENGINE=MyISAM  DEFAULT CHARSET=latin1 AUTO_INCREMENT=5 ;

--
-- Volcado de datos para la tabla `rooms`
--

INSERT INTO `rooms` (`id`, `ownerid`, `name`, `description`, `state`, `maxusers`, `score`, `category`, `tags`, `model`, `public_room`, `icon_bg`, `icon_fg`, `wall`, `floor`, `landscape`, `hidewalls`, `pets`, `petseat`, `walkonusers`) VALUES
(1, 1, 'Itachi rules', '', '0', 10, 0, '0', '', 'model_a', '0', 12, 5, 0, 104, 0, '0', '0', '0', '0'),
(2, 1, 'XDD', '', '0', 10, 0, '0', '', 'model_a', '0', 0, 0, 101, 104, 0, '0', '0', '0', '0'),
(3, 1, 'Wired Testing', '', '0', 10, 0, '0', '', 'model_a', '0', 0, 0, 0, 0, 0, '0', '0', '0', '0'),
(4, 1, 'Footballing', '', '0', 10, 0, '0', '', 'model_i', '0', 24, 8, 0, 0, 0, '0', '0', '0', '0');

-- --------------------------------------------------------

--
-- Estructura de tabla para la tabla `rooms_chatlogs`
--

CREATE TABLE IF NOT EXISTS `rooms_chatlogs` (
  `id` int(255) NOT NULL AUTO_INCREMENT,
  `userid` int(255) NOT NULL,
  `roomid` int(255) NOT NULL,
  `username` text NOT NULL,
  `hour` int(255) NOT NULL,
  `minute` int(255) NOT NULL,
  `message` text NOT NULL,
  `tito` enum('0','1') NOT NULL,
  PRIMARY KEY (`id`)
) ENGINE=MyISAM  DEFAULT CHARSET=latin1 AUTO_INCREMENT=122 ;

--
-- Volcado de datos para la tabla `rooms_chatlogs`
--

INSERT INTO `rooms_chatlogs` (`id`, `userid`, `roomid`, `username`, `hour`, `minute`, `message`, `tito`) VALUES
(1, 1, 1, 'Itachi', 0, 55, ':O', '0'),
(2, 1, 2, 'Itachi', 21, 56, ':commands', '0'),
(3, 1, 2, 'Itachi', 21, 58, ':coman', '0'),
(4, 1, 2, 'Itachi', 22, 1, ':comandos', '0'),
(5, 1, 2, 'Itachi', 22, 2, 'xD', '0'),
(6, 1, 2, 'Itachi', 24, 14, ':ha hola?', '0'),
(7, 1, 2, 'Itachi', 24, 25, ':ha 0 xd', '0'),
(8, 1, 2, 'Itachi', 24, 34, ':ha 1 xd', '0'),
(9, 1, 2, 'Itachi', 24, 44, ':ha 3 weeeeeeeeeeeeeee', '0'),
(10, 1, 1, 'Itachi', 50, 42, ':ha', '0'),
(11, 1, 1, 'Itachi', 6, 45, ':givebadge 1 VI', '0'),
(12, 1, 1, 'Itachi', 7, 36, ':givebadge 1 PRE', '0'),
(13, 1, 1, 'Itachi', 10, 56, ':givebadgetouser Itachi GLK', '0'),
(14, 1, 1, 'Itachi', 25, 41, ':givebadge 1 GM4', '0'),
(15, 1, 1, 'Itachi', 32, 11, ':commands', '0'),
(16, 1, 1, 'Itachi', 18, 12, ':givebadge 1 Z05', '0'),
(17, 1, 1, 'Itachi', 20, 20, ':givebadge 1 DS5', '0'),
(18, 1, 1, 'Itachi', 33, 43, ':givebadge 1 DS3', '0'),
(19, 1, 1, 'Itachi', 21, 7, ':givebadge', '0'),
(20, 1, 1, 'Itachi', 21, 20, ':givebadge 1 DS1', '0'),
(21, 1, 1, 'Itachi', 25, 25, ':update_catalog', '0'),
(22, 1, 1, 'Itachi', 31, 58, ':update_catalog', '0'),
(23, 1, 1, 'Itachi', 28, 8, ':update_catalog', '0'),
(24, 1, 1, 'Itachi', 49, 46, ':update_catalog', '0'),
(25, 1, 1, 'Itachi', 27, 41, ':update_catalog', '0'),
(26, 1, 1, 'Itachi', 38, 7, ':update_catalog', '0'),
(27, 1, 1, 'Itachi', 39, 53, ':update_catalog', '0'),
(28, 1, 1, 'Itachi', 47, 1, ':update_catalog', '0'),
(29, 1, 1, 'Itachi', 8, 28, ':update_catalog', '0'),
(30, 1, 1, 'Itachi', 8, 37, ':update_catalog', '0'),
(31, 1, 1, 'Itachi', 15, 6, ':update_catalog', '0'),
(32, 1, 1, 'Itachi', 16, 2, ':update_catalog', '0'),
(33, 1, 1, 'Itachi', 21, 58, ':update_catalog', '0'),
(34, 1, 1, 'Itachi', 24, 57, ':update_catalog', '0'),
(35, 1, 1, 'Itachi', 36, 38, ':update_catalog', '0'),
(36, 1, 1, 'Itachi', 37, 53, ':update_catalog', '0'),
(37, 1, 1, 'Itachi', 39, 57, ':update_catalog', '0'),
(38, 1, 1, 'Itachi', 40, 29, ':update_catalog', '0'),
(39, 1, 1, 'Itachi', 43, 37, ':update_catalog', '0'),
(40, 1, 1, 'Itachi', 44, 11, ':update_catalog', '0'),
(41, 1, 1, 'Itachi', 45, 19, ':update_catalog', '0'),
(42, 1, 1, 'Itachi', 46, 8, ':update_catalog', '0'),
(43, 1, 1, 'Itachi', 47, 39, ':update_catalog', '0'),
(44, 1, 1, 'Itachi', 57, 8, ':update_catalog', '0'),
(45, 1, 1, 'Itachi', 57, 58, ':update_catalog', '0'),
(46, 1, 1, 'Itachi', 58, 18, ':update_catalog', '0'),
(47, 1, 1, 'Itachi', 0, 36, ':update_catalog', '0'),
(48, 1, 1, 'Itachi', 1, 4, ':update_catalog', '0'),
(49, 1, 1, 'Itachi', 1, 25, ':update_catalog', '0'),
(50, 1, 1, 'Itachi', 3, 6, ':update_catalog', '0'),
(51, 1, 1, 'Itachi', 4, 9, ':upadte_catalog', '0'),
(52, 1, 1, 'Itachi', 4, 17, ':update_catalog', '0'),
(53, 1, 1, 'Itachi', 4, 54, ':update_catalog', '0'),
(54, 1, 1, 'Itachi', 5, 13, ':update_catalog', '0'),
(55, 1, 1, 'Itachi', 5, 38, ':update_catalog', '0'),
(56, 1, 1, 'Itachi', 8, 2, ':update_catalog', '0'),
(57, 1, 1, 'Itachi', 31, 23, ':update_catalog', '0'),
(58, 1, 1, 'Itachi', 34, 34, ':update_catalog', '0'),
(59, 1, 1, 'Itachi', 6, 0, ':update_catalog', '0'),
(60, 1, 1, 'Itachi', 6, 54, ':update_catalog', '0'),
(61, 1, 1, 'Itachi', 15, 24, ':update_catalog', '0'),
(62, 1, 1, 'Itachi', 24, 33, ':update_catalog', '0'),
(63, 1, 1, 'Itachi', 26, 18, ':update_catalog', '0'),
(64, 1, 1, 'Itachi', 40, 50, ':update_catalog', '0'),
(65, 1, 1, 'Itachi', 42, 58, ':update_catalog', '0'),
(66, 1, 1, 'Itachi', 34, 42, ':staffsonline', '0'),
(67, 1, 1, 'Itachi', 45, 0, ':update_catalog', '0'),
(68, 1, 1, 'Itachi', 54, 21, ':update_catalog', '0'),
(69, 1, 1, 'Itachi', 29, 59, ':update_catalog', '0'),
(70, 1, 1, 'Itachi', 36, 41, ':update_catalog', '0'),
(71, 1, 1, 'Itachi', 17, 1, ':update_quests', '0'),
(72, 1, 1, 'Itachi', 35, 11, ':update_catalog', '0'),
(73, 1, 1, 'Itachi', 9, 36, ':update_catalog', '0'),
(74, 1, 1, 'Itachi', 10, 15, ':update_catalog', '0'),
(75, 1, 1, 'Itachi', 12, 5, ':update_catalog', '0'),
(76, 1, 1, 'Itachi', 15, 35, ':update_catalog', '0'),
(77, 1, 1, 'Itachi', 17, 4, ':update_catalog', '0'),
(78, 1, 1, 'Itachi', 17, 50, ':update_catalog', '0'),
(79, 1, 1, 'Itachi', 22, 52, ':update_catalog', '0'),
(80, 1, 1, 'Itachi', 25, 12, ':update_catalog', '0'),
(81, 1, 1, 'Itachi', 29, 11, ':update_catalog', '0'),
(82, 1, 1, 'Itachi', 30, 7, ':update_catalog', '0'),
(83, 1, 1, 'Itachi', 32, 54, ':update_catalog', '0'),
(84, 1, 1, 'Itachi', 33, 43, ':update_catalog', '0'),
(85, 1, 1, 'Itachi', 11, 37, 'Battle Banzai reset and work 100%', '0'),
(86, 1, 1, 'Itachi', 16, 46, 'HabboSC, ¡pronto battle banzai 100%!', '0'),
(87, 1, 1, 'Itachi', 31, 20, 'xD', '0'),
(88, 1, 1, 'Itachi', 31, 23, 'Hola Space', '0'),
(89, 1, 1, 'Itachi', 31, 27, 'Placas retos y demás mierda van >', '0'),
(90, 1, 1, 'Itachi', 26, 51, '!', '0'),
(91, 1, 1, 'Itachi', 26, 51, 'Vamos!', '0'),
(92, 1, 2, 'Itachi', 7, 38, 'Hi!', '0'),
(93, 1, 3, 'Itachi', 12, 18, 'Stacking rules!', '0'),
(94, 1, 3, 'Itachi', 40, 33, ':moonwalk on', '0'),
(95, 1, 3, 'Itachi', 43, 15, ':moonwalk off', '0'),
(96, 1, 3, 'Itachi', 43, 19, 'lol', '0'),
(97, 1, 1, 'Itachi', 26, 39, ':update_catalog', '0'),
(98, 1, 1, 'Itachi', 28, 9, ':update_catalog', '0'),
(99, 1, 3, 'Itachi', 0, 26, 'LOL', '0'),
(100, 1, 1, 'Itachi', 18, 9, 'lol', '0'),
(101, 1, 1, 'Itachi', 19, 56, ':effect 0', '0'),
(102, 1, 1, 'Itachi', 20, 22, 'mira, camino hacia la luna!', '0'),
(103, 1, 1, 'Itachi', 20, 34, ':moonwalk on', '0'),
(104, 1, 1, 'Itachi', 21, 27, ':moonwalk off', '0'),
(105, 1, 1, 'Itachi', 9, 31, 'Battle Banzai pause 100%', '0'),
(106, 1, 4, 'Itachi', 50, 46, ':effect 0', '0'),
(107, 1, 4, 'Itachi', 54, 1, ':effect 60', '0'),
(108, 1, 4, 'Itachi', 54, 4, ':effect 63', '0'),
(109, 1, 4, 'Itachi', 54, 8, ':effect 73', '0'),
(110, 1, 4, 'Itachi', 54, 12, ':effect 74', '0'),
(111, 1, 4, 'Itachi', 51, 43, ':effect 0', '0'),
(112, 1, 1, 'Itachi', 9, 27, ':update_catalog', '0'),
(113, 1, 1, 'Itachi', 51, 51, 'zalta zalta!', '0'),
(114, 1, 1, 'Itachi', 52, 13, 'Ostia que se puede pausar y to que pornoh!', '0'),
(115, 1, 1, 'Itachi', 52, 39, 'ganeh!', '0'),
(116, 1, 2, 'Itachi', 53, 11, 'zocorro!', '0'),
(117, 1, 3, 'Itachi', 53, 37, 'lol', '0'),
(118, 1, 4, 'Itachi', 2, 35, 'gooh!', '0'),
(119, 1, 4, 'Itachi', 3, 17, 'mis placas molan :O', '0'),
(120, 1, 4, 'Itachi', 5, 28, 'loh iconoh molan!', '0'),
(121, 1, 1, 'Itachi', 54, 39, 'no recuerdas blizzard D:', '0');

-- --------------------------------------------------------

--
-- Estructura de tabla para la tabla `rooms_icons`
--

CREATE TABLE IF NOT EXISTS `rooms_icons` (
  `roomid` int(255) NOT NULL,
  `itempos` int(255) NOT NULL,
  `itemid` int(255) NOT NULL
) ENGINE=MyISAM DEFAULT CHARSET=latin1;

--
-- Volcado de datos para la tabla `rooms_icons`
--

INSERT INTO `rooms_icons` (`roomid`, `itempos`, `itemid`) VALUES
(1, 0, 1),
(1, 4, 2),
(4, 4, 7),
(4, 0, 8),
(4, 8, 1);

-- --------------------------------------------------------

--
-- Estructura de tabla para la tabla `rooms_items`
--

CREATE TABLE IF NOT EXISTS `rooms_items` (
  `id` int(255) NOT NULL AUTO_INCREMENT,
  `room_id` int(255) NOT NULL,
  `furni_id` int(255) NOT NULL,
  `extradata` text NOT NULL,
  `x` int(255) NOT NULL,
  `y` int(255) NOT NULL,
  `w` text NOT NULL,
  `rot` int(255) NOT NULL,
  `moodlight` text NOT NULL,
  `wired_string` varchar(9500) NOT NULL DEFAULT '',
  `wired_items` text NOT NULL,
  PRIMARY KEY (`id`)
) ENGINE=MyISAM  DEFAULT CHARSET=latin1 AUTO_INCREMENT=8 ;

--
-- Volcado de datos para la tabla `rooms_items`
--

INSERT INTO `rooms_items` (`id`, `room_id`, `furni_id`, `extradata`, `x`, `y`, `w`, `rot`, `moodlight`, `wired_string`, `wired_items`) VALUES
(1, 1, 11, '', 7, 6, '', 0, '', '', ''),
(2, 1, 11, '', 7, 8, '', 0, '', '', ''),
(3, 1, 11, '', 7, 7, '', 0, '', '', ''),
(4, 1, 11, '', 5, 6, '', 0, '', '', ''),
(5, 1, 11, '', 5, 5, '', 0, '', '', ''),
(6, 1, 11, '', 5, 4, '', 0, '', '', ''),
(7, 1, 11, '', 5, 3, '', 0, '', '', '');

-- --------------------------------------------------------

--
-- Estructura de tabla para la tabla `rooms_models`
--

CREATE TABLE IF NOT EXISTS `rooms_models` (
  `model_name` text NOT NULL,
  `door_x` int(255) NOT NULL,
  `door_y` int(255) NOT NULL,
  `door_z` int(255) NOT NULL,
  `door_dir` int(255) NOT NULL,
  `heightmap` text NOT NULL,
  `items` text NOT NULL,
  `club_only` enum('0','1') NOT NULL,
  `limit_users` int(255) NOT NULL
) ENGINE=MyISAM DEFAULT CHARSET=latin1;

--
-- Volcado de datos para la tabla `rooms_models`
--

INSERT INTO `rooms_models` (`model_name`, `door_x`, `door_y`, `door_z`, `door_dir`, `heightmap`, `items`, `club_only`, `limit_users`) VALUES
('model_c', 5, 7, 0, 2, 'xxxxxxxxxxxx\r\nxxxxxxxxxxxx\r\nxxxxxxxxxxxx\r\nxxxxxxxxxxxx\r\nxxxxxxxxxxxx\r\nxxxxx000000x\r\nxxxxx000000x\r\nxxxxx000000x\r\nxxxxx000000x\r\nxxxxx000000x\r\nxxxxx000000x\r\nxxxxxxxxxxxx\r\nxxxxxxxxxxxx\r\nxxxxxxxxxxxx\r\nxxxxxxxxxxxx\r\nxxxxxxxxxxxx', '', '0', 25),
('model_b', 1, 5, 0, 2, 'xxxxxxxxxxxx\r\nxxxxx0000000\r\nxxxxx0000000\r\nxxxxx0000000\r\nxxxxx0000000\r\nx00000000000\r\nx00000000000\r\nx00000000000\r\nx00000000000\r\nx00000000000\r\nx00000000000\r\nxxxxxxxxxxxx\r\nxxxxxxxxxxxx\r\nxxxxxxxxxxxx\r\nxxxxxxxxxxxx\r\nxxxxxxxxxxxx', '', '0', 25),
('model_a', 4, 5, 0, 2, 'xxxxxxxxxxxx\r\nxxxx00000000\r\nxxxx00000000\r\nxxxx00000000\r\nxxxx00000000\r\nxxxx00000000\r\nxxxx00000000\r\nxxxx00000000\r\nxxxx00000000\r\nxxxx00000000\r\nxxxx00000000\r\nxxxx00000000\r\nxxxx00000000\r\nxxxx00000000\r\nxxxxxxxxxxxx\r\nxxxxxxxxxxxx', '', '0', 25),
('model_d', 5, 7, 0, 2, 'xxxxxxxxxxxx\r\nxxxxx000000x\r\nxxxxx000000x\r\nxxxxx000000x\r\nxxxxx000000x\r\nxxxxx000000x\r\nxxxxx000000x\r\nxxxxx000000x\r\nxxxxx000000x\r\nxxxxx000000x\r\nxxxxx000000x\r\nxxxxx000000x\r\nxxxxx000000x\r\nxxxxx000000x\r\nxxxxx000000x\r\nxxxxxxxxxxxx', '', '0', 25),
('model_e', 2, 5, 0, 2, 'xxxxxxxxxxxx\r\nxxxxxxxxxxxx\r\nxxxxxxxxxxxx\r\nxx0000000000\r\nxx0000000000\r\nxx0000000000\r\nxx0000000000\r\nxx0000000000\r\nxx0000000000\r\nxx0000000000\r\nxx0000000000\r\nxxxxxxxxxxxx\r\nxxxxxxxxxxxx\r\nxxxxxxxxxxxx\r\nxxxxxxxxxxxx\r\nxxxxxxxxxxxx', '', '0', 25),
('model_f', 3, 5, 0, 2, 'xxxxxxxxxxxx\r\nxxxxxxx0000x\r\nxxxxxxx0000x\r\nxxx00000000x\r\nxxx00000000x\r\nxxx00000000x\r\nxxx00000000x\r\nx0000000000x\r\nx0000000000x\r\nx0000000000x\r\nx0000000000x\r\nxxxxxxxxxxxx\r\nxxxxxxxxxxxx\r\nxxxxxxxxxxxx\r\nxxxxxxxxxxxx\r\nxxxxxxxxxxxx', '', '0', 25),
('model_i', 1, 11, 0, 2, 'xxxxxxxxxxxxxxxxx\r\nx0000000000000000\r\nx0000000000000000\r\nx0000000000000000\r\nx0000000000000000\r\nx0000000000000000\r\nx0000000000000000\r\nx0000000000000000\r\nx0000000000000000\r\nx0000000000000000\r\nx0000000000000000\r\nx0000000000000000\r\nx0000000000000000\r\nx0000000000000000\r\nx0000000000000000\r\nx0000000000000000\r\nx0000000000000000\r\nx0000000000000000\r\nx0000000000000000\r\nx0000000000000000\r\nx0000000000000000\r\nx0000000000000000\r\nx0000000000000000\r\nx0000000000000000\r\nx0000000000000000\r\nx0000000000000000\r\nx0000000000000000\r\nxxxxxxxxxxxxxxxxx', '', '0', 50),
('model_j', 1, 10, 0, 2, 'xxxxxxxxxxxxxxxxxxxxx\r\nxxxxxxxxxxx0000000000\r\nxxxxxxxxxxx0000000000\r\nxxxxxxxxxxx0000000000\r\nxxxxxxxxxxx0000000000\r\nxxxxxxxxxxx0000000000\r\nxxxxxxxxxxx0000000000\r\nx00000000000000000000\r\nx00000000000000000000\r\nx00000000000000000000\r\nx00000000000000000000\r\nx00000000000000000000\r\nx00000000000000000000\r\nx00000000000000000000\r\nx00000000000000000000\r\nx00000000000000000000\r\nx00000000000000000000\r\nx0000000000xxxxxxxxxx\r\nx0000000000xxxxxxxxxx\r\nx0000000000xxxxxxxxxx\r\nx0000000000xxxxxxxxxx\r\nx0000000000xxxxxxxxxx\r\nx0000000000xxxxxxxxxx\r\nxxxxxxxxxxxxxxxxxxxxx', '', '0', 25),
('model_k', 1, 13, 0, 2, 'xxxxxxxxxxxxxxxxxxxxxxxxx\r\nxxxxxxxxxxxxxxxxx00000000\r\nxxxxxxxxxxxxxxxxx00000000\r\nxxxxxxxxxxxxxxxxx00000000\r\nxxxxxxxxxxxxxxxxx00000000\r\nxxxxxxxxx0000000000000000\r\nxxxxxxxxx0000000000000000\r\nxxxxxxxxx0000000000000000\r\nxxxxxxxxx0000000000000000\r\nx000000000000000000000000\r\nx000000000000000000000000\r\nx000000000000000000000000\r\nx000000000000000000000000\r\nx000000000000000000000000\r\nx000000000000000000000000\r\nx000000000000000000000000\r\nx000000000000000000000000\r\nxxxxxxxxx0000000000000000\r\nxxxxxxxxx0000000000000000\r\nxxxxxxxxx0000000000000000\r\nxxxxxxxxx0000000000000000\r\nxxxxxxxxx0000000000000000\r\nxxxxxxxxx0000000000000000\r\nxxxxxxxxx0000000000000000\r\nxxxxxxxxx0000000000000000\r\nxxxxxxxxx0000000000000000\r\nxxxxxxxxx0000000000000000\r\nxxxxxxxxxxxxxxxxxxxxxxxxx', '', '0', 25),
('model_l', 1, 16, 0, 2, 'xxxxxxxxxxxxxxxxxxxxx\r\nx00000000000000000000\r\nx00000000000000000000\r\nx00000000000000000000\r\nx00000000000000000000\r\nx00000000000000000000\r\nx00000000000000000000\r\nx00000000000000000000\r\nx00000000000000000000\r\nx00000000xxxx00000000\r\nx00000000xxxx00000000\r\nx00000000xxxx00000000\r\nx00000000xxxx00000000\r\nx00000000xxxx00000000\r\nx00000000xxxx00000000\r\nx00000000xxxx00000000\r\nx00000000xxxx00000000\r\nx00000000xxxx00000000\r\nx00000000xxxx00000000\r\nx00000000xxxx00000000\r\nx00000000xxxx00000000\r\nxxxxxxxxxxxxxxxxxxxxx', '', '0', 25),
('model_m', 1, 15, 0, 2, 'xxxxxxxxxxxxxxxxxxxxxxxxxxxxx\r\nxxxxxxxxxxx00000000xxxxxxxxxx\r\nxxxxxxxxxxx00000000xxxxxxxxxx\r\nxxxxxxxxxxx00000000xxxxxxxxxx\r\nxxxxxxxxxxx00000000xxxxxxxxxx\r\nxxxxxxxxxxx00000000xxxxxxxxxx\r\nxxxxxxxxxxx00000000xxxxxxxxxx\r\nxxxxxxxxxxx00000000xxxxxxxxxx\r\nxxxxxxxxxxx00000000xxxxxxxxxx\r\nxxxxxxxxxxx00000000xxxxxxxxxx\r\nxxxxxxxxxxx00000000xxxxxxxxxx\r\nx0000000000000000000000000000\r\nx0000000000000000000000000000\r\nx0000000000000000000000000000\r\nx0000000000000000000000000000\r\nx0000000000000000000000000000\r\nx0000000000000000000000000000\r\nx0000000000000000000000000000\r\nx0000000000000000000000000000\r\nxxxxxxxxxxx00000000xxxxxxxxxx\r\nxxxxxxxxxxx00000000xxxxxxxxxx\r\nxxxxxxxxxxx00000000xxxxxxxxxx\r\nxxxxxxxxxxx00000000xxxxxxxxxx\r\nxxxxxxxxxxx00000000xxxxxxxxxx\r\nxxxxxxxxxxx00000000xxxxxxxxxx\r\nxxxxxxxxxxx00000000xxxxxxxxxx\r\nxxxxxxxxxxx00000000xxxxxxxxxx\r\nxxxxxxxxxxx00000000xxxxxxxxxx\r\nxxxxxxxxxxx00000000xxxxxxxxxx\r\nxxxxxxxxxxxxxxxxxxxxxxxxxxxxx', '', '0', 25),
('model_n', 1, 16, 0, 2, 'xxxxxxxxxxxxxxxxxxxxx\r\nx00000000000000000000\r\nx00000000000000000000\r\nx00000000000000000000\r\nx00000000000000000000\r\nx00000000000000000000\r\nx00000000000000000000\r\nx000000xxxxxxxx000000\r\nx000000x000000x000000\r\nx000000x000000x000000\r\nx000000x000000x000000\r\nx000000x000000x000000\r\nx000000x000000x000000\r\nx000000x000000x000000\r\nx000000xxxxxxxx000000\r\nx00000000000000000000\r\nx00000000000000000000\r\nx00000000000000000000\r\nx00000000000000000000\r\nx00000000000000000000\r\nx00000000000000000000\r\nxxxxxxxxxxxxxxxxxxxxx', '', '0', 25),
('model_g', 2, 7, 1, 2, 'xxxxxxxxxxxx\r\nxxxxxxxxxxxx\r\nxxxxxxx00000\r\nxxxxxxx00000\r\nxxxxxxx00000\r\nxx1111000000\r\nxx1111000000\r\nxx1111000000\r\nxx1111000000\r\nxx1111000000\r\nxxxxxxx00000\r\nxxxxxxx00000\r\nxxxxxxx00000\r\nxxxxxxxxxxxx\r\nxxxxxxxxxxxx\r\nxxxxxxxxxxxx\r\nxxxxxxxxxxxx', '', '0', 25),
('model_h', 5, 4, 1, 2, 'xxxxxxxxxxxx\r\nxxxxxxxxxxxx\r\nxxxxx111111x\r\nxxxxx111111x\r\nxxxxx111111x\r\nxxxxx111111x\r\nxxxxx111111x\r\nxxxxx000000x\r\nxxxxx000000x\r\nxxx00000000x\r\nxxx00000000x\r\nxxx00000000x\r\nxxx00000000x\r\nxxxxxxxxxxxx\r\nxxxxxxxxxxxx\r\nxxxxxxxxxxxx', '', '0', 25),
('model_o', 1, 18, 1, 2, 'xxxxxxxxxxxxxxxxxxxxxxxxx\r\nxxxxxxxxxxxxx11111111xxxx\r\nxxxxxxxxxxxxx11111111xxxx\r\nxxxxxxxxxxxxx11111111xxxx\r\nxxxxxxxxxxxxx11111111xxxx\r\nxxxxxxxxxxxxx11111111xxxx\r\nxxxxxxxxxxxxx11111111xxxx\r\nxxxxxxxxxxxxx11111111xxxx\r\nxxxxxxxxxxxxx00000000xxxx\r\nxxxxxxxxx0000000000000000\r\nxxxxxxxxx0000000000000000\r\nxxxxxxxxx0000000000000000\r\nxxxxxxxxx0000000000000000\r\nxxxxxxxxx0000000000000000\r\nxxxxxxxxx0000000000000000\r\nx111111100000000000000000\r\nx111111100000000000000000\r\nx111111100000000000000000\r\nx111111100000000000000000\r\nx111111100000000000000000\r\nx111111100000000000000000\r\nx111111100000000000000000\r\nx111111100000000000000000\r\nxxxxxxxxx0000000000000000\r\nxxxxxxxxx0000000000000000\r\nxxxxxxxxx0000000000000000\r\nxxxxxxxxx0000000000000000\r\nxxxxxxxxxxxxxxxxxxxxxxxxx', '', '0', 50),
('model_p', 1, 23, 2, 2, 'xxxxxxxxxxxxxxxxxxx\r\nxxxxxxx222222222222\r\nxxxxxxx222222222222\r\nxxxxxxx222222222222\r\nxxxxxxx222222222222\r\nxxxxxxx222222222222\r\nxxxxxxx222222222222\r\nxxxxxxx22222222xxxx\r\nxxxxxxx11111111xxxx\r\nx222221111111111111\r\nx222221111111111111\r\nx222221111111111111\r\nx222221111111111111\r\nx222221111111111111\r\nx222221111111111111\r\nx222221111111111111\r\nx222221111111111111\r\nx2222xx11111111xxxx\r\nx2222xx00000000xxxx\r\nx2222xx000000000000\r\nx2222xx000000000000\r\nx2222xx000000000000\r\nx2222xx000000000000\r\nx2222xx000000000000\r\nx2222xx000000000000\r\nxxxxxxxxxxxxxxxxxxx', '', '0', 25),
('model_q', 11, 4, 2, 2, 'xxxxxxxxxxxxxxxxxxx\r\nxxxxxxxxxxx22222222\r\nxxxxxxxxxxx22222222\r\nxxxxxxxxxxx22222222\r\nxxxxxxxxxxx22222222\r\nxxxxxxxxxxx22222222\r\nxxxxxxxxxxx22222222\r\nx222222222222222222\r\nx222222222222222222\r\nx222222222222222222\r\nx222222222222222222\r\nx222222222222222222\r\nx222222222222222222\r\nx2222xxxxxxxxxxxxxx\r\nx2222xxxxxxxxxxxxxx\r\nx2222211111xx000000\r\nx222221111110000000\r\nx222221111110000000\r\nx2222211111xx000000\r\nxx22xxx1111xxxxxxxx\r\nxx11xxx1111xxxxxxxx\r\nx1111xx1111xx000000\r\nx1111xx111110000000\r\nx1111xx111110000000\r\nx1111xx1111xx000000\r\nxxxxxxxxxxxxxxxxxxx', '', '0', 50),
('model_r', 11, 4, 3, 2, 'xxxxxxxxxxxxxxxxxxxxxxxxx\r\nxxxxxxxxxxx33333333333333\r\nxxxxxxxxxxx33333333333333\r\nxxxxxxxxxxx33333333333333\r\nxxxxxxxxxxx33333333333333\r\nxxxxxxxxxxx33333333333333\r\nxxxxxxxxxxx33333333333333\r\nxxxxxxx333333333333333333\r\nxxxxxxx333333333333333333\r\nxxxxxxx333333333333333333\r\nxxxxxxx333333333333333333\r\nxxxxxxx333333333333333333\r\nxxxxxxx333333333333333333\r\nx4444433333xxxxxxxxxxxxxx\r\nx4444433333xxxxxxxxxxxxxx\r\nx44444333333222xx000000xx\r\nx44444333333222xx000000xx\r\nxxx44xxxxxxxx22xx000000xx\r\nxxx33xxxxxxxx11xx000000xx\r\nxxx33322222211110000000xx\r\nxxx33322222211110000000xx\r\nxxxxxxxxxxxxxxxxx000000xx\r\nxxxxxxxxxxxxxxxxx000000xx\r\nxxxxxxxxxxxxxxxxx000000xx\r\nxxxxxxxxxxxxxxxxx000000xx\r\nxxxxxxxxxxxxxxxxxxxxxxxxx', '', '0', 50),
('model_u', 1, 17, 1, 2, 'xxxxxxxxxxxxxxxxxxxxxxxx\r\nx1111100000000000000000x\r\nx1111100000000000000000x\r\nx1111100000000000000000x\r\nx1111100000000000000000x\r\nx1111100000000000000000x\r\nx1111100000000000000000x\r\nx1111100000000000000000x\r\nx1111100000000000000000x\r\nx1111100000000000000000x\r\nx1111100000000000000000x\r\nx1111100000000000000000x\r\nx1111100000000000000000x\r\nx1111100000000000000000x\r\nx1111100000000000000000x\r\nx1111100000000000000000x\r\nx1111100000000000000000x\r\nx1111100000000000000000x\r\nx1111100000000000000000x\r\nx1111100000000000000000x\r\nx1111100000000000000000x\r\nx1111100000000000000000x\r\nx1111100000000000000000x\r\nx1111100000000000000000x\r\nx1111100000000000000000x\r\nx1111100000000000000000x\r\nx1111100000000000000000x\r\nx1111100000000000000000x\r\nx1111100000000000000000x\r\nx1111100000000000000000x\r\nx1111100000000000000000x\r\nx1111100000000000000000x\r\nx1111100000000000000000x\r\nx1111100000000000000000x\r\nx1111100000000000000000x\r\nxxxxxxxxxxxxxxxxxxxxxxxx', '', '0', 50),
('model_v', 1, 3, 2, 2, 'xxxxxxxxxxxxxxxxxxxx\r\nx222221111111111111x\r\nx222221111111111111x\r\nx222221111111111111x\r\nx222221111111111111x\r\nx222221111111111111x\r\nx222221111111111111x\r\nxxxxxxxx1111xxxxxxxx\r\nxxxxxxxx0000xxxxxxxx\r\nx000000x0000x000000x\r\nx000000x0000x000000x\r\nx00000000000x000000x\r\nx00000000000x000000x\r\nx000000000000000000x\r\nx000000000000000000x\r\nxxxxxxxx00000000000x\r\nx000000x00000000000x\r\nx000000x0000xxxxxxxx\r\nx00000000000x000000x\r\nx00000000000x000000x\r\nx00000000000x000000x\r\nx00000000000x000000x\r\nxxxxxxxx0000x000000x\r\nx000000x0000x000000x\r\nx000000x0000x000000x\r\nx000000000000000000x\r\nx000000000000000000x\r\nx000000000000000000x\r\nx000000000000000000x\r\nxxxxxxxxxxxxxxxxxxxx', '', '0', 50),
('model_t', 1, 3, 2, 2, 'xxxxxxxxxxxxxxxxxxxxxxxxxxxxx\r\nx222222222222222222222222222x\r\nx222222222222222222222222222x\r\nx222222222222222222222222222x\r\nx222222222222222222222222222x\r\nx2222xxxxxx222222xxxxxxx2222x\r\nx2222xxxxxx111111xxxxxxx2222x\r\nx2222xx111111111111111xx2222x\r\nx2222xx111111111111111xx2222x\r\nx2222xx11xxx1111xxxx11xx2222x\r\nx2222xx11xxx0000xxxx11xx2222x\r\nx22222111x00000000xx11xx2222x\r\nx22222111x00000000xx11xx2222x\r\nx22222111x00000000xx11xx2222x\r\nx22222111x00000000xx11xx2222x\r\nx22222111x00000000xx11xx2222x\r\nx22222111x00000000xx11xx2222x\r\nx2222xx11xxxxxxxxxxx11xx2222x\r\nx2222xx11xxxxxxxxxxx11xx2222x\r\nx2222xx111111111111111xx2222x\r\nx2222xx111111111111111xx2222x\r\nx2222xxxxxxxxxxxxxxxxxxx2222x\r\nx2222xxxxxxxxxxxxxxxxxxx2222x\r\nx222222222222222222222222222x\r\nx222222222222222222222222222x\r\nx222222222222222222222222222x\r\nx222222222222222222222222222x\r\nxxxxxxxxxxxxxxxxxxxxxxxxxxxxx', '', '0', 50),
('model_w', 1, 3, 2, 2, 'xxxxxxxxxxxxxxxxxxxxxxxxxxx\r\nx2222xx1111111111xx11111111\r\nx2222xx1111111111xx11111111\r\nx22222111111111111111111111\r\nx22222111111111111111111111\r\nx22222111111111111111111111\r\nx22222111111111111111111111\r\nx2222xx1111111111xx11111111\r\nx2222xx1111111111xx11111111\r\nx2222xx1111111111xxxx1111xx\r\nx2222xx1111111111xxxx0000xx\r\nxxxxxxx1111111111xx00000000\r\nxxxxxxx1111111111xx00000000\r\nx22222111111111111000000000\r\nx22222111111111111000000000\r\nx22222111111111111000000000\r\nx22222111111111111000000000\r\nx2222xx1111111111xx00000000\r\nx2222xx1111111111xx00000000\r\nx2222xxxx1111xxxxxxxxxxxxxx\r\nx2222xxxx0000xxxxxxxxxxxxxx\r\nx2222x0000000000xxxxxxxxxxx\r\nx2222x0000000000xxxxxxxxxxx\r\nx2222x0000000000xxxxxxxxxxx\r\nx2222x0000000000xxxxxxxxxxx\r\nx2222x0000000000xxxxxxxxxxx\r\nx2222x0000000000xxxxxxxxxxx', '', '0', 50),
('model_x', 1, 12, 0, 2, 'xxxxxxxxxxxxxxxxxxxx\r\nx000000000000000000x\r\nx000000000000000000x\r\nx000000000000000000x\r\nx000000000000000000x\r\nx000000000000000000x\r\nx000000000000000000x\r\nxxx00xxx0000xxx00xxx\r\nx000000x0000x000000x\r\nx000000x0000x000000x\r\nx000000x0000x000000x\r\nx000000x0000x000000x\r\nx000000x0000x000000x\r\nx000000x0000x000000x\r\nx000000x0000x000000x\r\nx000000x0000x000000x\r\nx000000x0000x000000x\r\nx000000x0000x000000x\r\nx000000xxxxxx000000x\r\nx000000000000000000x\r\nx000000000000000000x\r\nx000000000000000000x\r\nx000000000000000000x\r\nx000000000000000000x\r\nx000000000000000000x\r\nxxxxxxxxxxxxxxxxxxxx', '', '0', 50),
('model_y', 1, 3, 0, 2, 'xxxxxxxxxxxxxxxxxxxxxxxxxxxx\r\nx00000000xx0000000000xx0000x\r\nx00000000xx0000000000xx0000x\r\nx00000000xx0000000000xx0000x\r\nx00000000xx0000000000xx0000x\r\nx00000000xx0000xx0000xx0000x\r\nx00000000xx0000xx0000xx0000x\r\nx00000000xx0000xx0000000000x\r\nx00000000xx0000xx0000000000x\r\nxxxxx0000xx0000xx0000000000x\r\nxxxxx0000xx0000xx0000000000x\r\nxxxxx0000xx0000xxxxxxxxxxxxx\r\nxxxxx0000xx0000xxxxxxxxxxxxx\r\nx00000000xx0000000000000000x\r\nx00000000xx0000000000000000x\r\nx00000000xx0000000000000000x\r\nx00000000xx0000000000000000x\r\nx0000xxxxxxxxxxxxxxxxxx0000x\r\nx0000xxxxxxxxxxxxxxxxxx0000x\r\nx00000000000000000000000000x\r\nx00000000000000000000000000x\r\nx00000000000000000000000000x\r\nx00000000000000000000000000x\r\nxxxxxxxxxxxxxxxxxxxxxxxxxxxx', '', '0', 50),
('model_z', 1, 9, 0, 2, 'xxxxxxxxxxxxxxxxxxxxxxxxxxxxxxx\r\nxxxxxxxxxxx00000000000000000000\r\nxxxxxxxxxxx00000000000000000000\r\nxxxxxxxxxxx00000000000000000000\r\nx00000000xx00000000000000000000\r\nx00000000xx00000000000000000000\r\nx00000000xx00000000000000000000\r\nx00000000xx00000000000000000000\r\nx00000000xx00000000000000000000\r\nx00000000xx00000000000000000000\r\nx00000000xx00000000000000000000\r\nx00000000xx00000000000000000000\r\nx00000000xx00000000000000000000\r\nx00000000xx00000000000000000000\r\nx00000000xx00000000000000000000\r\nx00000000xx00000000000000000000\r\nxxxxxxxxxxx00000000000000000000\r\nxxxxxxxxxxx00000000000000000000\r\nxxxxxxxxxxx00000000000000000000\r\nxxxxxxxxxxxxxxxxxxxxxxxxxxxxxxx', '', '0', 50),
('model_0', 1, 4, 0, 2, 'xxxxxxxxxxxxxxxxxxxxxxxxxxxxxxxxxxxxxxxxxxxxxxxxxxxxxxxxxxxxxxxxxxxxx\r\nx00000000xx00000000xx00000000xxxxxxxxxxxxxxxxxxxxxxxxxxxxxxxxxxxxxxxx\r\nx00000000xx00000000xx00000000xxxxxxxxxxxxxxxxxxxxxxxxxxxxxxxxxxxxxxxx\r\nx00000000xx00000000xx00000000xxxxxxxxxxxxxxxxxxxxxxxxxxxxxxxxxxxx0000\r\n000000000xx00000000xx00000000xxxxxxxxxxxxxxxxxxxxxxxxxxxxxxxxxxxx0000\r\nx00000000xx00000000xx00000000xxxxxxxxxxxxxxxxxxxxxxxxxxxxxxxxxxxx0000\r\nx00000000xx00000000xx00000000xxxxxxxxxxxxxxxxxxxxxxxxxxxxxxxxxxxx0000\r\nx00000000xx00000000xx00000000xxxxxxxxxxxxxxxxxxxxxxxxxxxxxxxxxxxxxxxx\r\nx00000000xx00000000xx00000000xxxxxxxxxxxxxxxxxxxxxxxxxxxxxxxxxxxxxxxx\r\nxxxxxxxxxxxxxxxxxxxxxxxxxxxxxxxxxxxxxxxxxxxxxxxxxxxxxxxxxxxxxxxxxxxxx', '', '0', 50);

-- --------------------------------------------------------

--
-- Estructura de tabla para la tabla `rooms_rights`
--

CREATE TABLE IF NOT EXISTS `rooms_rights` (
  `roomid` int(255) NOT NULL,
  `userid` int(255) NOT NULL
) ENGINE=MyISAM DEFAULT CHARSET=latin1;

-- --------------------------------------------------------

--
-- Estructura de tabla para la tabla `soundtracks`
--

CREATE TABLE IF NOT EXISTS `soundtracks` (
  `id` int(255) NOT NULL AUTO_INCREMENT,
  `title` text NOT NULL,
  `soundtrack` text NOT NULL,
  `creator_id` int(255) NOT NULL,
  `creator_name` text NOT NULL,
  KEY `id` (`id`)
) ENGINE=MyISAM  DEFAULT CHARSET=latin1 AUTO_INCREMENT=951740 ;

--
-- Volcado de datos para la tabla `soundtracks`
--

INSERT INTO `soundtracks` (`id`, `title`, `soundtrack`, `creator_id`, `creator_name`) VALUES
(951713, '68B Attack Sub', '1:688,32;691,32;697,36;697,2;0,2;697,8;697,3;0,1;697,28:2:0,6;687,34;0,4;688,4;0,4;687,8;688,4;695,8;696,8;695,8;696,8;0,16;687,12;0,10;97,2;689,2;0,2;688,4:3:0,15;689,2;0,7;693,4;0,3;106,2;0,8;106,4;0,1;690,2;0,8;693,4;0,2;690,2;689,2;0,12;690,2;689,2;0,10;693,4;0,22;690,2;693,8;0,4;693,4:4:0,12;693,4;129,14;0,2;129,14;0,2;129,14;698,4;0,14;129,12;129,1;0,1;129,1;0,1;129,12;129,1;0,1;129,1;0,9;129,6;0,2;129,8:5:0,44;693,4;0,12;693,4;0,20;688,4;0,2;688,4;690,2;0,7;106,2;0,6;104,7;0,11;44,2:6:0,4;50,10;0,24;700,2;104,1;0,1;104,1;0,1;104,1;0,17;694,2;0,6;698,4;0,12;698,2;689,2;0,5;106,2;0,5;698,2;689,2;0,2;694,2:7:0,8;67,4;0,18;63,2;0,26;692,2;0,2;692,16;0,2;692,36;0,4;692,8;695,4;0,4;696,8:8:0,48;695,8;696,8;0,12;693,4;0,16;699,2;0,2;699,2;0,2;699,4;0,4;699,2;0,2;699,2;0,4;699,2;0,2;699,2:meta,1;c,1', 288000, 'Habnosis'),
(951714, 'The Habstep', '1:672,12;673,2;0,2;672,12;673,2;0,2;672,12;0,12;672,4;673,2;0,2;672,12;672,3;0,1;672,12;673,2;0,10;672,12;673,2;0,2;672,12;673,2:2:671,44;0,4;671,48;0,22;18,2;0,7;81,3:3:0,8;675,38;0,18;675,22;675,1;0,5;675,4;0,23;20,8;21,1;20,6;21,1:4:0,12;670,4;0,15;20,4;26,1;20,3;21,1;20,4;26,1;0,2;20,1;21,3;20,1;21,1;20,1;21,1;0,1;20,6;21,1;73,12;20,1;73,2;73,1;0,1;670,4;0,18;670,4;0,4;670,4;0,4;670,4;0,4;670,4:5:0,16;676,12;676,3;0,1;676,12;676,3;0,5;676,8;685,4;676,20;676,2;0,2;676,14;0,2;676,12;676,3;0,1;676,4;676,3;0,1;676,4;676,3:6:0,32;670,28;0,4;670,8;0,4;670,4;0,8;670,8;0,1;43,1;0,6;669,40:7:0,31;15,1;0,8;681,1;0,5;680,2;678,2;679,2;678,2;679,2;678,2;679,2;678,2;679,2;684,4;681,1;0,1;683,2;684,4;681,1;0,1;683,2;684,2;682,2;684,6;683,2;684,2;682,2;684,8;0,8;36,2;0,10;36,2;0,2;36,2;0,2;36,2:8:0,14;15,1;17,1;0,1;56,2;0,11;18,2;0,12;686,4;0,27;15,1;0,3;18,2;0,19;677,4;0,12;81,3;0,1;674,16;674,3:meta,1;c,1', 288000, 'Habnosis'),
(951715, 'Caliente Street', '1:163,6;0,12;214,2;0,8;490,14;490,1;0,1;490,16;0,33;261,2;313,1;0,22;654,4:2:164,4;167,1;0,1;167,1;0,1;650,16;167,1;0,1;654,12;0,2;654,2;0,2;654,14;0,2;654,12;654,3;0,1;654,4;0,4;654,12;654,3;0,1;654,4:3:0,4;658,10;0,2;658,6;0,1;429,2;0,3;658,14;658,1;0,1;658,8;0,8;658,14;0,2;658,48:4:0,8;651,2;652,2;651,2;652,2;651,2;652,2;651,2;652,2;0,8;653,1;0,3;653,1;0,1;653,1;0,3;653,1;312,1;0,15;167,1;0,8;653,1;0,18;313,1;0,11;312,1;0,20;653,1;0,2;313,1:5:0,6;313,1;261,2;0,15;163,2;0,1;168,1;0,10;429,2;0,4;651,2;652,6;651,2;652,2;651,2;652,2;651,6;652,2;651,6;652,2;0,2;652,6;0,2;651,2;652,2;651,2;652,2;651,2;652,2;651,2;0,8;652,13;167,1:6:0,12;417,4;0,4;417,24;429,2;0,28;214,2;653,1;0,5;164,2;653,1;0,7;653,1;0,7;653,1;0,6;168,1;0,8;653,1:7:0,44;650,32;649,32;0,2;214,2;0,2;214,2:8:0,48;653,1;0,11;657,16;656,32;657,3;0,1;657,3:meta,1;c,1', 248000, 'Barrio Bobba'),
(951716, 'Habbo Libre', '1:535,4;534,22;535,4;598,52:2:0,2;539,8;0,4;537,2;0,2;537,2;0,2;537,2;0,6;592,4;593,8;592,20;590,20:3:0,2;541,24;532,3;0,5;590,48:4:0,4;540,2;533,4;0,4;537,2;0,2;537,2;0,2;537,2;0,10;594,8;541,20;535,12;534,10:5:0,10;547,2;548,2;547,2;548,2;547,2;548,2;547,2;548,2;0,16;534,20;592,12;541,10:6:0,18;538,2;0,2;538,2;0,18;540,2;0,2;547,2;0,2;547,2;548,2;547,2;548,2;547,2;0,6;594,8;0,8;538,2:7:0,50;537,2;0,2;537,2;0,2;537,2;0,6;593,8;537,2;0,2;537,2;0,2;547,2;548,2:8:0,54;538,2;0,2;538,2;0,14;537,2;0,2;537,2;0,2;537,2:meta,1;c,1', 172000, 'Ana Stan Band'),
(951717, 'Uuh Aah', '1:277,58:2:0,8;398,20;0,2;448,4;419,24:3:0,2;217,14;432,1;0,1;432,1;0,1;432,1;0,1;432,1;0,1;432,1;0,1;432,1;0,7;427,16;448,8:4:0,4;253,23;404,2;0,1;418,4;405,8;253,16:5:0,12;169,16;0,2;418,4;405,8;432,1;0,1;432,1;0,1;432,1;0,1;432,1;0,1;432,1;0,1;432,1;0,1;432,1;0,1;432,1;0,1;432,1:6:0,4;68,24;0,14;432,1;0,1;432,1;0,1;432,1;0,1;432,1;0,1;432,1;0,1;432,1;0,1;432,1;0,1;432,1;0,1;432,1:7:0,12;399,8;504,1;0,3;504,1;0,17;504,1;0,3;504,1;0,3;504,1;0,3;504,1:8:0,16;432,1;0,1;432,1;0,1;432,1;0,1;432,1;0,1;432,1;0,1;432,1;0,15;507,2;0,2;507,2;0,2;507,2;0,2;507,2;0,2;507,2:meta,1;c,1', 120000, 'DJ Bobba'),
(951710, 'Electric Pixels', '1:73,36;435,40;565,2;566,2;468,24;0,2:2:0,1;76,2;43,1;0,1;76,2;0,2;76,2;43,1;0,1;76,2;0,2;76,2;0,21;439,8;454,2;0,2;454,2;0,2;454,20;0,6;420,2;0,2;420,2;0,2;420,2;0,2;420,2;0,2;97,2;0,6:3:0,2;76,2;0,2;76,2;0,2;76,2;0,2;76,2;0,2;76,2;0,16;73,30;434,4;420,2;434,6;435,24;0,4:4:0,1;80,16;0,19;463,6;438,2;463,2;438,2;463,2;438,2;0,2;97,2;0,4;79,2;0,2;79,2;42,6;79,2;420,2;0,4;447,20;73,2;0,4:5:52,34;97,2;0,2;420,2;0,2;420,2;0,2;420,2;439,4;0,4;456,22;0,2;456,20;0,6:6:0,7;42,6;0,1;42,6;565,2;566,2;565,2;566,2;565,2;566,2;565,2;566,2;468,38;0,2;73,4;463,2;0,2;439,4;463,2;0,2;439,4;463,2;0,8:7:0,12;577,24;52,62;0,8:8:77,20;553,4;554,4;553,4;554,4;460,32;447,10;0,2;460,18;0,8:', 212000, 'Habbo de Gaia'),
(951712, 'Epic Flail', '1:484,12;0,4;298,2;303,2;298,2;303,2;0,3;366,1;305,4;306,2;0,2;306,2;0,1;366,1;0,4;629,4;630,4;622,4;630,4;305,4;306,2;0,2;306,2;0,1;366,1;298,2;303,2;298,2;303,2;484,12;0,2:2:0,2;471,8;207,3;0,3;298,2;303,2;298,2;303,2;295,2;296,2;305,4;306,2;296,2;306,2;296,2;471,4;629,4;630,4;622,8;305,4;306,2;296,2;306,2;296,2;298,2;303,2;298,2;303,2;471,4;207,3;0,7:3:0,2;471,8;0,2;338,32;39,2;0,6;39,2;0,2;630,4;338,20;471,4;0,10:4:0,3;471,8;0,1;338,32;39,2;0,10;622,4;338,20;0,1;471,4;0,9:5:485,4;0,1;485,4;0,11;295,2;296,2;295,2;296,2;0,4;295,2;296,2;295,2;296,2;0,16;39,2;0,6;295,2;296,2;295,2;296,2;295,2;296,2;295,2;296,2;469,4;0,10:6:472,12;0,8;244,10;182,14;244,2;0,20;244,16;472,8;0,6:', 188000, 'Habbocalyptical'),
(951707, 'Tapes from Goa', '1:0,116;116,8;0,8;5,56;0,64:2:0,49;42,6;0,21;575,4;0,4;575,20;0,4;0,2;290,6;290,2;290,4;293,2;297,1;291,2;0,12;42,6;0,31;75,4;0,6;97,2;0,16;575,4;0,2;502,4;0,12;502,4;0,4;502,4:3:0,42;471,4;0,3;81,4;44,2;0,12;97,2;2,2;0,2;2,2;0,2;2,8;0,1;81,3;0,4;410,14;0,2;410,30;97,2;0,2;410,2;0,2;410,2;0,2;410,2;0,2;410,2;0,10;97,2;0,6;97,2;410,22;97,2;410,16:4:0,44;410,40;157,66;97,2;157,2;97,2;0,4;157,79:5:0,20;577,8;0,8;570,16;79,2;423,2;79,2;423,2;79,2;423,2;79,2;423,2;79,2;423,2;79,2;423,2;79,2;0,2;79,2;97,2;0,6;97,2;0,6;97,2;0,6;97,2;0,14;97,2;101,1;0,1;101,1;0,1;101,1;0,1;101,1;0,1;101,1;0,1;101,1;0,1;101,1;0,1;101,1;0,1;101,1;0,1;101,1;0,1;101,1;100,1;101,1;100,1;101,1;100,1;101,1;100,1;101,1;100,1;101,1;100,1;101,19;100,5;101,1;100,1;101,1;100,6;101,1;100,1;101,1;100,5;101,1;100,1;101,1;0,4;576,4;575,12:6:0,11;576,16;0,5;100,19;101,1;447,32;0,6;447,50;454,36;447,56:7:0,4;575,16;0,6;514,4;0,1;118,1;0,5;118,1;0,3;118,1;97,2;0,6;97,2;0,8;71,24;0,8;471,48;0,24;73,82:8:578,20;0,4;579,8;0,6;73,46;0,4;73,87;97,2;0,44;578,32;579,4:', 512000, 'Habnosis'),
(951708, 'Alley Cat in Trouble', '1:349,20;355,8;349,8;307,8;307,1;307,1;307,1;0,1;349,8;457,2:2:0,2;346,17;0,5;346,11;0,1;361,12;346,7;0,3:3:0,4;240,16;0,8;240,8;307,8;307,1;307,1;307,1;0,1;240,8;0,2:4:0,8;243,12;0,8;243,8;363,8;0,4;243,8;0,2:5:0,12;242,8;0,4;236,4;242,8;457,2;0,2;457,2;0,2;457,2;457,2;242,8;0,2:6:0,2;71,18;0,4;71,32;0,2:', 116000, 'Rage against the Fuse'),
(951711, 'Galactic Disco', '1:214,2;95,20;0,2;260,1;0,3;260,1;0,1;407,16;95,6;0,6:2:0,14;461,2;0,2;461,2;0,10;495,2;0,2;495,2;0,2;495,2;0,2;495,2;0,2;412,2;0,5;495,2;0,3:3:0,2;413,28;458,14;0,2;86,6;0,6:4:0,2;411,42;0,2;256,1;257,5;0,6:5:0,6;465,2;0,2;465,2;0,2;465,2;0,2;465,2;0,2;531,2;0,2;531,2;0,6;461,2;0,2;461,2;0,2;461,2;0,4;92,1;93,4;0,5:6:0,6;72,2;0,2;72,2;0,2;72,2;0,2;72,2;0,2;72,2;0,1;72,3;0,2;72,2;0,2;72,2;0,2;72,2;0,2;72,2;0,4;72,2;0,8:', 116000, 'DJ Bobba feat. Habboway'),
(951709, 'Who Dares Stacks', '1:255,4;310,7;0,9;310,14;0,4:2:0,3;309,1;308,7;309,1;308,7;309,1;308,7;309,1;308,7;309,1;0,2:3:0,4;162,7;0,1;162,7;0,1;162,15;0,3:4:0,6;135,4;135,4;135,4;0,2;135,4;135,4;135,4;135,4;0,2:5:0,14;155,2;0,2;155,2;314,1;315,1;314,1;315,1;314,1;315,1;314,1;0,1;314,1;315,1;314,1;315,1;314,1;315,1;314,1;315,1;0,2:6:0,12;311,1;0,1;311,1;0,1;311,1;0,1;311,1;0,1;311,1;0,5;155,2;311,1;0,1;311,1;0,1;311,1;0,3;311,1;0,1:', 76000, 'Rage against the Fuse'),
(951704, 'Touch the Skyscraper', '1:274,4;275,4;276,8;274,4;276,4;274,4:2:0,4;278,4;279,4;273,12;277,3;0,1:3:0,4;429,2;0,4;430,2;429,2;340,2;342,4;429,2;261,2;342,4:4:0,2;340,2;0,3;429,2;0,1;259,2;271,4;254,12:', 56000, 'Kayne Quest'),
(951694, 'Gold Coin Digger', '1:104,10;102,8;104,4;102,8;104,4:2:0,2;181,8;182,8;181,4;182,8;130,2;106,2:3:0,2;105,2;106,2;186,3;187,1;185,1;184,1;185,1;184,1;185,1;184,1;185,1;187,1;186,3;187,1;185,1;184,1;185,1;184,1;185,1;184,1;185,1;184,1;72,1;100,2;0,1:4:0,4;103,6;133,1;101,1;133,1;101,1;133,1;101,1;133,1;101,1;103,4;133,1;101,1;133,1;101,1;133,1;101,1;133,1;101,1;105,2;101,1;0,1:', 72000, 'Kayne Quest'),
(951705, 'Party Trax', '1:12,16;3,4;19,8;0,2;29,8;0,16:2:13,4;14,4;10,8;0,4;2,8;0,1;33,1;32,18;16,2;32,2;16,2:3:0,2;15,1;17,1;5,4;7,2;24,1;8,1;4,4;0,2;24,1;6,1;0,4;22,4;0,2;28,4;30,4;31,2;16,2;31,2;16,2;20,1;21,1;20,1;21,1;20,1;21,1;20,1;21,1:4:18,2;0,2;10,4;5,22;35,2;0,20;24,1;17,1:', 68000, 'Aerokid'),
(951693, 'Furni Face', '1:379,4;45,4;0,1;205,2;42,5;37,4;384,2;41,4;42,5;0,2:2:0,3;199,3;0,1;383,3;519,4;515,8;519,8;39,2;0,1:3:0,2;205,2;382,4;522,2;516,12;518,8;0,3:4:0,4;386,2;0,2;43,1;0,1;207,3;202,1;520,8;44,2;0,2;520,4;207,3:', 100000, 'Lady BlaBla'),
(951700, 'Call for Help', '1:317,6;318,4;319,4;317,4;319,4;0,2:2:0,2;316,4;0,4;316,4;0,4;316,4;0,2:3:0,6;321,4;323,4;322,10:4:0,18;321,2;324,2;0,2:', 66000, 'BanzaiBabes'),
(951700, 'The Ballad of Bonnie Blonde', '1:371,8;374,4;378,4;0,4;378,4;0,4;377,4;378,4;0,6;371,4;0,4;370,3;377,2;0,7:2:353,24;358,4;363,4;353,10;367,4;353,4;367,4;353,8:3:0,4;291,2;365,2;0,2;365,2;377,2;365,2;377,2;365,2;377,2;0,2;359,4;352,4;357,1;0,1;365,2;0,2;292,4;0,3;357,1;292,4;0,3;357,1;292,4;296,4:4:0,2;368,22;354,4;368,26;361,8:', 48000, 'Pixel! at the Disco!'),
(951695, 'I Write Bans not Tragedies', '1:248,4;247,4;252,4;251,8;245,4;250,4;252,4:2:359,4;250,4;359,4;345,8;0,4;359,8:3:0,3;347,1;359,4;352,8;342,4;350,4;342,4;350,4:4:0,3;357,1;334,4;246,4;343,12;334,4;340,2;0,1;347,1:', 124000, 'Pixel! at the Disco!'),
(951691, 'Habbowood', '1:280,4;265,4;264,4;263,8;0,16:2:262,4;263,8;266,4;267,4;264,12;262,4:3:0,4;268,8;269,4;270,4;268,8;282,4;285,4:4:0,20;74,4;75,3;81,3;0,6:', 64000, 'Michael Bauble'),
(951698, 'Pet Romance', '1:118,1;0,1;136,2;0,2;137,2;0,2;137,2;136,2;137,2;136,4;71,6;0,4:2:121,6;122,4;123,4;122,4;123,2;122,4;0,2;169,2;0,2:3:0,1;125,1;143,8;68,2;165,2;69,1;0,1;69,1;168,1;169,2;69,1;0,1;69,1;125,1;143,4;167,1;0,1:4:0,2;120,8;138,4;120,6;138,6;66,2;121,2:', 72000, 'Lady BlaBla'),
(951699, 'Pixelrazzi', '1:0,3;167,1;163,2;0,2;142,2;163,2;142,2;163,2;142,2;163,2;142,2;0,1;88,1;142,2;163,2;142,2;163,2;142,2;163,2;142,2;163,2:2:89,16;0,2;143,4;119,4;143,4;89,2;119,4;143,4:3:0,3;121,2;0,1;164,2;140,8;141,6;0,1;168,1;141,16:4:0,2;139,2;123,4;143,8;144,2;89,2;144,2;0,1;90,1;144,2;89,2;0,2;89,2;144,2;89,2;0,2;89,2:', 60000, 'Lady BlaBla'),
(951692, 'About VIP Now', '1:152,20;146,1;0,1;152,4;151,4;152,20;153,4:2:0,8;145,12;146,1;0,1;145,4;0,1;151,2;0,1;145,20;0,1;150,2;0,1:3:0,10;150,2;146,1;0,1;150,2;146,1;0,1;150,2;146,1;0,7;151,2;0,2;150,2;146,1;0,1;150,2;146,1;0,1;150,2;0,1;146,1;0,1;146,1;0,1;146,3;0,4:4:0,4;148,2;147,2;148,2;147,2;148,2;147,2;148,2;147,2;148,4;147,2;148,6;147,2;148,2;147,2;148,2;147,2;148,2;147,2;148,2;147,2;0,4:', 80000, 'BanzaiBabes'),
(951703, 'Too Lost in Lido', '1:317,4;408,7;0,1;410,16;413,4;406,4;410,8;412,4:2:0,2;321,2;443,22;91,2;317,8;443,8;412,2;0,2:3:0,3;320,2;0,7;414,4;445,4;412,2;323,2;412,4;96,2;412,2;414,4;445,7;448,1;317,4:4:0,3;324,2;0,6;448,1;0,6;96,2;322,4;96,2;99,2;322,4;412,2;0,2;322,2;96,2;322,2;0,1;324,2;0,3:', 108000, 'BanzaiBabes'),
(951706, 'Phuturistic Chilled Trax', '1:65,2;64,16;0,1;69,1;0,4;31,8;64,12;49,4;53,2:2:0,2;66,18;70,24;75,3;0,3:3:0,6;71,4;72,10;36,4;30,4;36,4;0,4;77,8;0,6:4:0,10;68,2;65,2;68,2;67,4;73,12;0,10;81,3;0,5:', 96000, 'Aerokid'),
(951702, 'The Good Trade', '1:108,4;135,8;130,2;108,2;135,8;127,28:2:0,3;131,9;104,2;0,2;131,8;108,4;102,4;0,8;92,6;0,6:3:134,4;140,8;0,1;133,1;136,2;140,6;0,10;143,16;108,4:4:0,2;104,2;0,1;133,1;0,3;133,1;134,4;0,1;104,2;133,1;0,3;133,1;0,24;136,2;0,4:', 108000, 'Kayne Quest'),
(951697, 'Park Adventure', '1:200,12;199,3;201,1;200,28:2:0,2;190,1;0,1;191,1;0,1;192,1;0,1;190,2;191,1;192,1;190,2;0,1;193,2;190,2;191,1;0,1;190,1;192,2;0,1;191,2;178,2;0,1;178,2;0,1;178,2;0,2;177,2;0,1;176,4:3:0,8;176,2;0,1;177,2;0,3;179,2;0,2;177,2;0,2;176,2;0,1;178,6;0,1;178,2;0,2;177,4;176,2:4:0,8;197,16;0,20:', 104000, 'Kallomies'),
(951696, 'Haven''t Friend Request You Yet', '1:280,4;281,4;282,4;283,4;284,4;285,4;286,4;287,4;288,4:2:0,36:3:0,36:4:0,36:', 72000, 'Michael Bauble');

-- --------------------------------------------------------

--
-- Estructura de tabla para la tabla `system_cfh`
--

CREATE TABLE IF NOT EXISTS `system_cfh` (
  `id` int(255) NOT NULL AUTO_INCREMENT,
  `category` int(255) NOT NULL,
  `type` int(255) NOT NULL,
  `status` text NOT NULL,
  `sender_id` int(255) NOT NULL,
  `reporter_id` int(255) NOT NULL,
  `moderator_id` int(255) NOT NULL,
  `message` text NOT NULL,
  `room_id` int(255) NOT NULL,
  `room_name` text NOT NULL,
  `timestamp` int(255) NOT NULL,
  UNIQUE KEY `id` (`id`)
) ENGINE=MyISAM  DEFAULT CHARSET=latin1 AUTO_INCREMENT=3 ;

--
-- Volcado de datos para la tabla `system_cfh`
--

INSERT INTO `system_cfh` (`id`, `category`, `type`, `status`, `sender_id`, `reporter_id`, `moderator_id`, `message`, `room_id`, `room_name`, `timestamp`) VALUES
(2, 1, 101, 'picked', 1, 0, 1, 'Oíd, que estoy probando el sistema este y que seguramente esteis interesados, ¿o no?', 1, 'Hello iEmulator Five :D!', 1302437455);

-- --------------------------------------------------------

--
-- Estructura de tabla para la tabla `system_configuration`
--

CREATE TABLE IF NOT EXISTS `system_configuration` (
  `name` text NOT NULL,
  `value` text NOT NULL
) ENGINE=MyISAM DEFAULT CHARSET=latin1;

--
-- Volcado de datos para la tabla `system_configuration`
--

INSERT INTO `system_configuration` (`name`, `value`) VALUES
('welcomemessage', '¡Bienvenid@ a iEmulator 5 ;$!'),
('lang', 'es'),
('usersonline', ''),
('server_localtime', '1320069490,50258'),
('server_release', '0.2.4321.28727'),
('hotel_release', '63-34888-34886');

-- --------------------------------------------------------

--
-- Estructura de tabla para la tabla `system_vouchers`
--

CREATE TABLE IF NOT EXISTS `system_vouchers` (
  `code` text NOT NULL,
  `credits` int(255) NOT NULL
) ENGINE=MyISAM DEFAULT CHARSET=latin1;

--
-- Volcado de datos para la tabla `system_vouchers`
--

INSERT INTO `system_vouchers` (`code`, `credits`) VALUES
('a6JDHveW', 100);

-- --------------------------------------------------------

--
-- Estructura de tabla para la tabla `users_badges`
--

CREATE TABLE IF NOT EXISTS `users_badges` (
  `id` int(255) NOT NULL AUTO_INCREMENT,
  `userid` int(255) NOT NULL,
  `badgeid` text NOT NULL,
  `badgeslot` int(255) NOT NULL DEFAULT '0',
  PRIMARY KEY (`id`)
) ENGINE=MyISAM  DEFAULT CHARSET=latin1 AUTO_INCREMENT=10 ;

--
-- Volcado de datos para la tabla `users_badges`
--

INSERT INTO `users_badges` (`id`, `userid`, `badgeid`, `badgeslot`) VALUES
(1, 1, 'ADM', 1),
(2, 1, 'VIP', 2),
(3, 1, 'PRE', 0),
(4, 1, 'GLK', 0),
(6, 1, 'Z05', 0),
(5, 1, 'GM4', 0),
(7, 1, 'DS5', 0),
(8, 1, 'DS3', 0),
(9, 1, 'DS1', 0);

-- --------------------------------------------------------

--
-- Estructura de tabla para la tabla `users_effects`
--

CREATE TABLE IF NOT EXISTS `users_effects` (
  `id` int(255) NOT NULL AUTO_INCREMENT,
  `userid` int(255) NOT NULL,
  `effectid` int(255) NOT NULL,
  `duration` int(255) NOT NULL,
  `timestamp` double NOT NULL,
  `is_activated` enum('0','1') NOT NULL,
  PRIMARY KEY (`id`)
) ENGINE=MyISAM DEFAULT CHARSET=latin1 AUTO_INCREMENT=1 ;

-- --------------------------------------------------------

--
-- Estructura de tabla para la tabla `users_items`
--

CREATE TABLE IF NOT EXISTS `users_items` (
  `id` int(255) NOT NULL AUTO_INCREMENT,
  `userid` int(255) NOT NULL,
  `itemid` int(255) NOT NULL,
  `extradata` text NOT NULL,
  UNIQUE KEY `id` (`id`)
) ENGINE=MyISAM  DEFAULT CHARSET=latin1 AUTO_INCREMENT=10 ;

--
-- Volcado de datos para la tabla `users_items`
--

INSERT INTO `users_items` (`id`, `userid`, `itemid`, `extradata`) VALUES
(2, 1, 11, ''),
(3, 1, 11, ''),
(4, 1, 11, '');

-- --------------------------------------------------------

--
-- Estructura de tabla para la tabla `users_pets`
--

CREATE TABLE IF NOT EXISTS `users_pets` (
  `id` int(255) NOT NULL AUTO_INCREMENT,
  `userid` int(255) NOT NULL,
  `race` int(255) NOT NULL,
  `petname` text NOT NULL,
  `type` int(255) NOT NULL,
  `color` text NOT NULL,
  `experience` int(255) NOT NULL,
  `eat` int(255) NOT NULL,
  `sleep` int(255) NOT NULL,
  `level` int(255) NOT NULL,
  `room_id` int(255) NOT NULL,
  `x` int(255) NOT NULL,
  `y` int(255) NOT NULL,
  `z` double NOT NULL,
  `createdstamp` int(255) NOT NULL,
  `respect` int(255) NOT NULL DEFAULT '0',
  PRIMARY KEY (`id`)
) ENGINE=MyISAM DEFAULT CHARSET=latin1 AUTO_INCREMENT=1 ;

-- --------------------------------------------------------

--
-- Estructura de tabla para la tabla `users_subscriptions`
--

CREATE TABLE IF NOT EXISTS `users_subscriptions` (
  `id` int(255) NOT NULL AUTO_INCREMENT,
  `userid` int(255) NOT NULL,
  `subscription_id` enum('habbo_club','habbo_vip') NOT NULL,
  `sub_activated` int(255) NOT NULL,
  `sub_finished` int(255) NOT NULL,
  `usedgifts` int(255) NOT NULL DEFAULT '0',
  `useddays` int(255) NOT NULL DEFAULT '1',
  PRIMARY KEY (`id`)
) ENGINE=MyISAM  DEFAULT CHARSET=latin1 AUTO_INCREMENT=2 ;

--
-- Volcado de datos para la tabla `users_subscriptions`
--

INSERT INTO `users_subscriptions` (`id`, `userid`, `subscription_id`, `sub_activated`, `sub_finished`, `usedgifts`, `useddays`) VALUES
(1, 1, 'habbo_vip', 1311781097, 1349278697, 0, 1);

-- --------------------------------------------------------

--
-- Estructura de tabla para la tabla `users_wardrobe`
--

CREATE TABLE IF NOT EXISTS `users_wardrobe` (
  `userid` int(255) NOT NULL,
  `pos` int(255) NOT NULL,
  `look` text NOT NULL,
  `gender` enum('M','F') NOT NULL
) ENGINE=MyISAM DEFAULT CHARSET=latin1;

--
-- Volcado de datos para la tabla `users_wardrobe`
--

INSERT INTO `users_wardrobe` (`userid`, `pos`, `look`, `gender`) VALUES
(1, 1, 'ea-3170-1336.hd-185-3.hr-3163-1356.lg-3078-1341.fa-3147-94', 'M');

-- --------------------------------------------------------

--
-- Estructura de tabla para la tabla `wordfilter`
--

CREATE TABLE IF NOT EXISTS `wordfilter` (
  `word` text NOT NULL
) ENGINE=MyISAM DEFAULT CHARSET=latin1;

--
-- Volcado de datos para la tabla `wordfilter`
--

INSERT INTO `wordfilter` (`word`) VALUES
('puta');

