INSERT INTO `furniture` (`id`, `public_name`, `item_name`, `type`, `width`, `length`, `stack_height`, `can_stack`, `can_sit`, `is_walkable`, `sprite_id`, `allow_recycle`, `allow_trade`, `allow_marketplace_sell`, `allow_gift`, `allow_inventory_stack`, `interaction_type`, `interaction_modes_count`, `vending_ids`, `foot_figure`) VALUES
(20196, 'ads_tv_jaapuisto name', 'ads_tv_jaapuisto', 'i', 0, 0, 1, '1', '0', '0', 4315, '1', '1', '1', '1', '1', 'default', 2, '0', ''),
(20197, 'Empire State Building Clock', 'ads_percyw', 'i', 0, 0, 2.5, '1', '0', '0', 4322, '1', '1', '1', '1', '1', 'default', 1, '0', ''),
(20198, 'val09_wdrobe_b', 'val09_wdrobe_b', 'i', 0, 0, 1, '1', '0', '0', 4320, '1', '1', '1', '1', '1', 'default', 2, '0', ''),
(20199, 'val09_wall2', 'val09_wall2', 'i', 0, 0, 1, '1', '0', '0', 4316, '1', '1', '1', '1', '1', 'default', 5, '0', ''),
(20200, 'bling_sink', 'bling_sink', 'i', 0, 0, 1, '1', '0', '0', 4319, '1', '1', '1', '1', '1', 'default', 2, '0', ''),
(20201, 'val09_wall1', 'val09_wall1', 'i', 0, 0, 1, '1', '0', '0', 4318, '1', '1', '1', '1', '1', 'default', 10, '0', ''),
(20202, 'bling_cabinet', 'bling_cabinet', 'i', 0, 0, 1, '1', '0', '0', 4321, '1', '1', '1', '1', '1', 'default', 3, '0', ''),
(20204, 'val09_wdrobe_g', 'val09_wdrobe_g', 'i', 0, 0, 1, '1', '0', '0', 4317, '1', '1', '1', '1', '1', 'default', 2, '0', ''),
(20207, 'rare_ironmaiden name', 'rare_ironmaiden', 's', 1, 1, 0.001, '0', '0', '0', 3399, '1', '1', '0', '1', '1', 'teleport', 2, '0', ''),
(20208, 'rare_trex name', 'rare_trex', 's', 3, 7, 1, '0', '0', '0', 3398, '1', '1', '1', '1', '1', 'default', 1, '0', ''),
(20209, 'beanstalk', 'beanstalk', 's', 1, 1, 0.0001, '1', '0', '0', 3401, '1', '1', '1', '1', '1', 'default', 6, '0', ''),
(20210, 'rare_vdoll name', 'rare_vdoll', 's', 1, 1, 1, '0', '0', '0', 3403, '1', '1', '1', '1', '1', '', 10, '0', ''),
(20211, 'rare_mmmth name', 'rare_mmmth', 's', 2, 1, 1, '0', '1', '0', 3402, '1', '1', '1', '1', '1', '', 0, '0', ''),
(20212, 'crystal_patch', 'crystal_patch', 's', 3, 3, 0, '0', '0', '1', 3400, '1', '1', '1', '1', '1', 'default', 3, '0', ''),
(20213, 'ads_boost_surfb name', 'ads_boost_surfb', 'i', 0, 0, 1, '1', '0', '0', 4323, '1', '1', '1', '1', '1', '', 0, '0', ''),
(20214, 'ads_tlc_wheel name', 'ads_tlc_wheel', 'i', 0, 0, 1, '1', '0', '0', 4324, '1', '1', '1', '1', '1', 'habbowheel', 1, '0', ''),
(292310, 'a0 pet11', 'a0 pet11', 's', 1, 1, 1, '1', '0', '0', 5354, '1', '1', '1', '1', '1', 'pet', 1, '0', ''),
(20221, 'White moon lupine', 'garden_lupin4', 's', 1, 1, 1e-009, '0', '0', '0', 3419, '1', '1', '1', '1', '1', 'default', 3, '0', ''),
(20222, 'Gold rush', 'garden_mursu3', 's', 1, 1, 1, '0', '0', '0', 3408, '1', '1', '1', '1', '1', 'default', 0, '0', ''),
(20223, 'Purple Lupine', 'garden_lupin5', 's', 1, 1, 1, '0', '0', '0', 3411, '1', '1', '1', '1', '1', 'default', 3, '0', ''),
(20224, 'Violet Blossom', 'garden_seed', 's', 1, 1, 1, '0', '0', '0', 3406, '1', '1', '1', '1', '1', 'default', 1, '0', ''),
(20225, 'Snapping teleporter', 'garden_flytrap', 's', 1, 1, 0.001, '0', '0', '0', 3420, '1', '1', '1', '1', '1', 'teleport', 1, '0', ''),
(20226, 'Pink pandemic', 'garden_flo3', 's', 1, 1, 1e-015, '1', '0', '1', 3426, '1', '1', '1', '1', '1', 'default', 1, '0', ''),
(20227, 'Belching pod', 'garden_volcano', 's', 2, 2, 1, '0', '0', '0', 3424, '1', '1', '1', '1', '1', 'alert', 2, '0', ''),
(20228, 'Wonder lamp', 'garden_flolamp', 's', 1, 1, 1, '0', '0', '0', 3415, '1', '1', '1', '1', '1', 'default', 2, '0', ''),
(20229, 'Red rush', 'garden_mursu2', 's', 1, 1, 1, '0', '0', '0', 3412, '1', '1', '1', '1', '1', 'default', 1, '0', ''),
(20230, 'Star flower', 'garden_jyrki', 's', 1, 1, 1, '0', '0', '0', 3405, '1', '1', '1', '1', '1', 'default', 8, '0', ''),
(20231, 'White rush', 'garden_mursu4', 's', 1, 1, 1, '0', '0', '0', 3414, '1', '1', '1', '1', '1', 'default', 1, '0', ''),
(20232, 'Garden leaves', 'garden_leaves', 's', 1, 1, 1e-005, '1', '0', '1', 3425, '1', '1', '1', '1', '1', 'default', 3, '0', ''),
(20233, 'Sky blue lupine', 'garden_lupin2', 's', 1, 1, 1, '0', '0', '0', 3416, '1', '1', '1', '1', '1', 'default', 3, '0', ''),
(20234, 'Red lupine', 'garden_lupin3', 's', 1, 1, 1, '0', '0', '0', 3407, '1', '1', '1', '1', '1', 'default', 3, '0', ''),
(20235, 'Pink rush', 'garden_mursu', 's', 1, 1, 1, '0', '0', '0', 3404, '1', '1', '1', '1', '1', 'default', 1, '0', ''),
(20238, 'Bauhinia orchid tree', 'garden_orchtree', 's', 1, 1, 1, '0', '0', '0', 3413, '1', '1', '1', '1', '1', 'default', 2, '0', ''),
(20237, 'Yellow happiness', 'garden_flo2', 's', 1, 1, 0, '1', '0', '1', 3409, '1', '1', '1', '1', '1', 'default', 1, '0', ''),
(20239, 'Orange lupine', 'garden_lupin1', 's', 1, 1, 1e-005, '1', '0', '1', 3421, '1', '1', '1', '1', '1', 'default', 3, '0', ''),
(20240, 'Weird staring bush', 'garden_staringbush', 's', 1, 3, 1, '0', '0', '0', 3417, '1', '1', '1', '1', '1', 'default', 3, '0', ''),
(20241, 'ads_grefusa_yum name', 'ads_grefusa_yum', 's', 1, 1, 1, '1', '0', '0', 3423, '1', '1', '1', '1', '1', 'vendingmachine', 1, '51', ''),
(20242, 'Blue passion', 'garden_flo1', 's', 1, 1, 1e-008, '1', '0', '1', 3418, '1', '1', '1', '1', '1', 'default', 1, '0', ''),
(20243, 'Duck grass', 'garden_jungle', 's', 1, 1, 1, '1', '0', '0', 3422, '1', '1', '1', '1', '1', '', 1, '0', ''),
(20244, 'merger_chest name', 'merger_chest', 's', 2, 1, 1, '0', '0', '0', 3455, '1', '1', '1', '1', '1', 'default', 2, '0', ''),
(20245, 'Suave Fireplace', 'hc2_frplc', 's', 1, 2, 1, '0', '0', '0', 3458, '1', '1', '1', '1', '1', 'default', 2, '0', ''),
(20246, 'Leather Bar Stool', 'hc2_barchair', 's', 1, 1, 1.7, '0', '1', '0', 3439, '1', '1', '1', '1', '1', 'default', 1, '0', ''),
(20247, 'runway_display name', 'runway_display', 's', 1, 1, 1, '0', '0', '0', 3457, '1', '1', '1', '1', '1', 'default', 1, '0', ''),
(20248, 'runway_bigchr_5 name', 'runway_bigchr_5', 's', 1, 1, 0.8, '1', '1', '0', 3463, '1', '1', '1', '1', '1', 'default', 3, '0', ''),
(20249, 'runway_bigchr_4 name', 'runway_bigchr_4', 's', 1, 1, 0.8, '1', '1', '0', 3435, '1', '1', '1', '1', '1', 'default', 3, '0', ''),
(20250, 'VIP Duvan', 'hc3_dc', 's', 1, 3, 1, '0', '0', '0', 3461, '1', '1', '1', '1', '1', 'bed', 1, '0', ''),
(20252, 'Glass Table', 'hc2_sofatbl', 's', 2, 2, 0.5, '1', '0', '0', 3434, '1', '1', '1', '1', '1', 'default', 1, '0', ''),
(20253, 'runway_stool name', 'runway_stool', 's', 1, 1, 1.2, '0', '1', '0', 3442, '1', '1', '1', '1', '1', 'default', 1, '0', ''),
(20254, 'runway_dvdr name', 'runway_dvdr', 's', 2, 1, 1, '0', '0', '0', 3456, '1', '1', '1', '1', '1', 'default', 1, '0', ''),
(20255, 'runway_block_2 name', 'runway_block_2', 's', 2, 2, 0.8, '1', '0', '1', 3443, '1', '1', '1', '1', '1', 'default', 10, '0', ''),
(20256, 'runway_bigchr_1 name', 'runway_bigchr_1', 's', 1, 1, 0.8, '1', '1', '0', 3462, '1', '1', '1', '1', '1', 'default', 3, '0', ''),
(20257, 'Black Lamp', 'hc2_biglamp', 's', 1, 1, 1, '0', '0', '0', 3446, '1', '1', '1', '1', '1', 'default', 2, '0', ''),
(20258, 'Leather Sofa', 'hc2_sofa', 's', 2, 1, 1, '0', '1', '0', 3452, '1', '1', '1', '1', '1', 'default', 1, '0', ''),
(20259, 'Trendy Rug', 'hc2_carpet', 's', 3, 5, 0, '1', '0', '1', 3440, '1', '1', '1', '1', '1', 'default', 1, '0', ''),
(20260, 'runway_block_1 name', 'runway_block_1', 's', 2, 2, 0.8, '1', '0', '1', 3433, '1', '1', '1', '1', '1', 'default', 10, '0', ''),
(20261, 'runway_bench name', 'runway_bench', 's', 2, 1, 1.4, '0', '1', '0', 3464, '1', '1', '1', '1', '1', 'default', 1, '0', ''),
(20262, 'runway_chair_2 name', 'runway_chair_2', 's', 1, 1, 1.4, '0', '1', '0', 3429, '1', '1', '1', '1', '1', 'default', 1, '0', ''),
(20263, 'ads_cheetos name', 'ads_cheetos', 's', 1, 1, 1, '0', '0', '0', 3453, '1', '1', '1', '1', '1', 'vendingmachine', 1, '52', ''),
(20264, 'VIP Coffee Table', 'hc3_table', 's', 2, 2, 0.5, '1', '0', '0', 3466, '1', '1', '1', '1', '1', 'default', 1, '0', ''),
(20265, 'runway_bigchr_3 name', 'runway_bigchr_3', 's', 1, 1, 0.8, '1', '1', '0', 3454, '1', '1', '1', '1', '1', 'default', 3, '0', ''),
(20266, 'VIP Stool', 'hc3_stool', 's', 1, 1, 1.7, '0', '1', '0', 3448, '1', '1', '1', '1', '1', 'default', 1, '0', ''),
(20267, 'VIP Sofa', 'hc3_sofa', 's', 2, 1, 1, '0', '1', '0', 3441, '1', '1', '1', '1', '1', 'default', 1, '0', ''),
(20268, 'runway_bigchr_2 name', 'runway_bigchr_2', 's', 1, 1, 0.8, '1', '1', '0', 3427, '1', '1', '1', '1', '1', 'default', 3, '0', ''),
(20269, 'Leather Armchair', 'hc2_armchair', 's', 1, 1, 1, '1', '1', '0', 3436, '1', '1', '1', '1', '1', 'default', 1, '0', ''),
(20270, 'runway_table_2 name', 'runway_table_2', 's', 2, 1, 1, '0', '0', '0', 3444, '1', '1', '1', '1', '1', 'default', 1, '0', ''),
(20271, 'runway_table_1 name', 'runway_table_1', 's', 3, 2, 1, '1', '0', '0', 3460, '1', '1', '1', '1', '1', 'default', 3, '0', ''),
(20272, 'runway_manqn_1 name', 'runway_manqn_1', 's', 1, 1, 1, '0', '0', '0', 3437, '1', '1', '1', '1', '1', 'default', 5, '0', ''),
(20273, 'Leather Duvan', 'hc2_dvn', 's', 1, 3, 1, '0', '0', '0', 3459, '1', '1', '1', '1', '1', 'bed', 1, '0', ''),
(20274, 'VIP Light', 'hc3_light', 's', 2, 1, 0, '1', '0', '1', 3465, '1', '1', '1', '1', '1', 'default', 2, '0', ''),
(20275, 'VIP Shelves', 'hc3_shelf', 's', 3, 1, 1.75, '1', '0', '0', 3438, '1', '1', '1', '1', '1', 'default', 2, '0', ''),
(20276, 'runway_head name', 'runway_head', 's', 1, 1, 1, '1', '0', '0', 3432, '1', '1', '1', '1', '1', 'default', 7, '0', ''),
(20277, 'runway_manqn_2 name', 'runway_manqn_2', 's', 1, 1, 1, '0', '0', '0', 3467, '1', '1', '1', '1', '1', 'default', 5, '0', ''),
(20278, 'Black Divider', 'hc2_divider', 's', 1, 3, 1, '0', '0', '0', 3449, '1', '1', '1', '1', '1', 'default', 1, '0', ''),
(20279, 'Espresso Machine', 'hc2_coffee', 's', 1, 1, 1, '0', '0', '0', 3450, '1', '1', '1', '1', '1', 'vendingmachine', 0, '9,8,14,15,6,10,11,12,17,13', ''),
(20280, 'Service Trolley', 'hc2_cart', 's', 1, 1, 1, '0', '0', '0', 3430, '1', '1', '1', '1', '1', 'default', 1, '0', ''),
(20281, 'VIP Bar Desk', 'hc3_bard', 's', 2, 1, 1.05, '1', '0', '0', 3445, '1', '1', '1', '1', '1', 'default', 1, '0', ''),
(20282, 'VIP Lamp', 'hc3_hugelamp', 's', 1, 1, 0, '1', '0', '1', 3447, '1', '1', '1', '1', '1', 'default', 2, '0', ''),
(20283, 'VIP Divider', 'hc3_divider', 's', 1, 3, 1, '0', '0', '0', 3431, '1', '1', '1', '1', '1', 'default', 1, '0', ''),
(20284, 'Black Vase', 'hc2_vase', 's', 1, 1, 1, '0', '0', '0', 3428, '1', '1', '1', '1', '1', 'default', 1, '0', ''),
(20285, 'runway_chair_1 name', 'runway_chair_1', 's', 1, 1, 1.4, '0', '1', '0', 3451, '1', '1', '1', '1', '1', 'default', 1, '0', ''),
(20286, 'Green been vines', 'garden_wall', 'i', 0, 0, 1, '1', '0', '0', 4325, '1', '1', '1', '1', '1', 'default', 3, '0', ''),
(20287, 'ads_tv_yle name', 'ads_tv_yle', 'i', 0, 0, 1, '1', '0', '0', 4326, '1', '1', '1', '1', '1', 'default', 2, '0', ''),
(20288, 'VIP Wall Art', 'hc3_walldeco', 'i', 0, 0, 1, '1', '0', '0', 4329, '1', '1', '1', '1', '1', 'default', 10, '0', ''),
(20289, 'runway_shelf name', 'runway_shelf', 'i', 0, 0, 1, '1', '0', '0', 4327, '1', '1', '1', '1', '1', 'default', 4, '0', ''),
(20290, 'ads_nokia_x6 name', 'ads_nokia_x6', 'i', 0, 0, 1, '1', '0', '0', 4330, '1', '1', '1', '1', '1', 'default', 2, '0', ''),
(20291, 'ads_target_wall name', 'ads_target_wall', 'i', 0, 0, 1, '1', '0', '0', 4332, '1', '1', '1', '1', '1', 'default', 1, '0', ''),
(20292, 'runway_fabric name', 'runway_fabric', 'i', 0, 0, 1, '1', '0', '0', 4331, '1', '1', '1', '1', '1', 'default', 8, '0', ''),
(20293, 'ads_latrobe_flag name', 'ads_latrobe_flag', 'i', 0, 0, 1, '1', '0', '0', 4328, '1', '1', '1', '1', '1', '', 1, '0', ''),
(20295, 'Camera', 'camera', 's', 1, 1, 1, '0', '0', '0', 263, '1', '1', '1', '1', '1', '', 1, '0', ''),
(20296, 'Holly', 'holly', 'i', 0, 0, 0, '1', '0', '0', 4001, '1', '1', '1', '1', '1', 'default', 1, '0', ''),
(1310, 'Greek trophy', 'a0 greektrophy_s', 's', 1, 1, 1, '0', '0', '0', 2913, '1', '1', '1', '1', '0', 'trophy', 1, '0', ''),
(1311, 'Greek trophy', 'a0 greektrophy_b', 's', 1, 1, 1, '0', '0', '0', 2914, '1', '1', '1', '1', '0', 'trophy', 1, '0', ''),
(1563, 'ads_idol_trophy name', 'ads_idol_trophy', 's', 1, 1, 1, '0', '0', '0', 3169, '1', '1', '1', '1', '0', 'trophy', 1, '0', ''),
(20022, 'Champion trophy', 'a0 prizetrophy6_b', 's', 1, 1, 1, '0', '0', '0', 1510, '1', '1', '1', '1', '0', 'trophy', 1, '0', ''),
(20297, 'Pro Digital Deck', 'party_djset', 's', 1, 3, 1, '1', '0', '0', 3484, '1', '1', '1', '1', '1', 'default', 2, '0', ''),
(20298, 'Large Blue Crate', 'party_crate2_1', 's', 2, 1, 1, '1', '0', '0', 3480, '1', '1', '1', '1', '1', 'default', 3, '0', ''),
(20299, 'Small Pink Crate', 'party_crate1_3', 's', 1, 1, 1, '1', '0', '0', 3481, '1', '1', '1', '1', '1', 'default', 3, '0', ''),
(20300, 'Small Yellow Crate', 'party_crate1_4', 's', 1, 1, 1, '1', '0', '0', 3485, '1', '1', '1', '1', '1', 'default', 3, '0', ''),
(20301, 'Small Blue Crate', 'party_crate1_1', 's', 1, 1, 1, '1', '0', '0', 3487, '1', '1', '1', '1', '1', 'default', 3, '0', ''),
(20302, 'Small Green Crate', 'party_crate1_2', 's', 1, 1, 1, '1', '0', '0', 3489, '1', '1', '1', '1', '1', 'default', 3, '0', ''),
(20303, 'Large Green Crate', 'party_crate2_2', 's', 2, 1, 1, '1', '0', '0', 3490, '1', '1', '1', '1', '1', 'default', 3, '0', ''),
(20304, 'Large Pink Crate', 'party_crate2_3', 's', 2, 1, 1, '1', '0', '0', 3491, '1', '1', '1', '1', '1', 'default', 3, '0', ''),
(20305, 'Large Yellow Crate', 'party_crate2_4', 's', 2, 1, 1, '1', '0', '0', 3492, '1', '1', '1', '1', '1', 'default', 3, '0', ''),
(20306, 'Silver Carp', 'cmp_fish_s', 's', 1, 2, 1, '1', '0', '0', 3468, '1', '1', '1', '1', '1', 'default', 2, '0', ''),
(20307, 'Black Carp', 'cmp_fish_bk', 's', 1, 2, 1, '1', '0', '0', 3469, '1', '1', '1', '1', '1', 'default', 2, '0', ''),
(20308, 'Blue Carp', 'cmp_fish_b', 's', 1, 2, 1, '1', '0', '0', 3472, '1', '1', '1', '1', '1', 'default', 2, '0', ''),
(20309, 'Greep Carp', 'cmp_fish_gr', 's', 1, 2, 1, '1', '0', '0', 3474, '1', '1', '1', '1', '1', 'default', 2, '0', ''),
(20310, 'Golden Carp', 'cmp_fish_g', 's', 1, 2, 1, '1', '0', '0', 3475, '1', '1', '1', '1', '1', 'default', 2, '0', ''),
(20311, 'Red Carp', 'cmp_fish_r', 's', 1, 2, 1, '1', '0', '0', 3477, '1', '1', '1', '1', '1', 'default', 2, '0', ''),
(20312, 'Yellow Inflatable Boat', 'bw_boat', 's', 2, 2, 1, '1', '1', '0', 3527, '1', '1', '1', '1', '1', 'default', 1, '0', ''),
(20313, 'Lifeguard Tower', 'bw_lgchair', 's', 1, 1, 3, '1', '1', '0', 3529, '1', '1', '1', '1', '1', 'default', 1, '0', ''),
(20314, 'Water Patch', 'bw_water_1', 's', 2, 2, 0.0001, '1', '0', '1', 3530, '1', '1', '1', '1', '1', 'water1', 1, '0', ''),
(20315, 'Yellow Inflatable Sofa', 'bw_sofa', 's', 2, 1, 1, '1', '1', '0', 3533, '1', '1', '1', '1', '1', 'default', 1, '0', ''),
(20316, 'Shark Fin', 'bw_fin', 's', 1, 1, 1, '1', '0', '0', 3538, '1', '1', '1', '1', '1', 'default', 1, '0', ''),
(20317, 'Coconuts', 'bw_ccnuts', 's', 1, 1, 1, '1', '0', '0', 3539, '1', '1', '1', '1', '1', 'default', 1, '0', ''),
(20318, 'Beach Shower', 'bw_shower', 's', 1, 1, 0.0001, '1', '0', '1', 3540, '1', '1', '1', '1', '1', 'shower', 1, '0', ''),
(20319, 'Deep Water Patch', 'bw_water_2', 's', 2, 2, 0.0001, '1', '0', '1', 3541, '1', '1', '1', '1', '1', 'water2', 1, '0', ''),
(20320, 'Inflatable Croc', 'bw_croc', 's', 1, 3, 1.5, '0', '1', '0', 3542, '1', '1', '1', '1', '1', 'default', 1, '0', ''),
(20321, 'Yellow Surfboard', 'bw_sboard', 's', 2, 1, 0.25, '1', '0', '1', 3543, '1', '1', '1', '1', '1', 'default', 1, '0', ''),
(20322, 'Yellow Inflatable Lounge', 'bw_chair', 's', 1, 1, 1, '1', '1', '0', 3544, '1', '1', '1', '1', '1', 'default', 1, '0', ''),
(20323, 'Yellow Inflatable Table', 'bw_table', 's', 2, 2, 0.5, '1', '0', '0', 3545, '1', '1', '1', '1', '1', 'default', 2, '0', ''),
(20324, 'Beach Ball', 'bw_bball', 's', 1, 1, 1, '1', '0', '0', 3547, '1', '1', '1', '1', '1', 'default', 1, '0', ''),
(20325, 'Yellow Inflatable Mattress', 'bw_mttrss', 's', 2, 1, 0.5, '1', '1', '0', 3548, '1', '1', '1', '1', '1', 'default', 1, '0', ''),
(20326, 'Yellow Van', 'bw_van', 's', 2, 2, 1, '1', '1', '0', 3549, '1', '1', '1', '1', '1', 'default', 1, '0', ''),
(20327, 'Changing Room Teleport', 'bw_tele', 's', 1, 1, 0.001, '1', '0', '0', 3550, '1', '1', '1', '1', '1', 'teleport', 1, '0', ''),
(20328, 'Yellow Buoy Corner', 'bw_fnc_crnr', 's', 1, 1, 1, '1', '0', '0', 3551, '1', '1', '1', '1', '1', 'default', 1, '0', ''),
(20329, 'Yellow Buoy Line', 'bw_fnc', 's', 1, 2, 1, '1', '0', '0', 3552, '1', '1', '1', '1', '1', 'default', 1, '0', ''),
(20330, 'Pink Inflatable Boat', 'bw_boat_p', 's', 2, 2, 1, '1', '1', '0', 3555, '1', '1', '1', '1', '1', 'default', 1, '0', ''),
(20331, 'Blue Pool Stairs', 'bw_pool_a3', 's', 1, 1, 0.0001, '0', '0', '1', 3556, '1', '1', '1', '1', '1', 'default', 1, '0', ''),
(20332, 'Green Buoy Line', 'bw_fnc_g', 's', 1, 2, 1, '1', '0', '0', 3557, '1', '1', '1', '1', '1', 'default', 1, '0', ''),
(20333, 'Green Inflatable Mattress', 'bw_mttrss_g', 's', 2, 1, 0.5, '1', '1', '0', 3558, '1', '1', '1', '1', '1', 'default', 1, '0', ''),
(20334, 'Pink Inflatable Mattress', 'bw_mttrss_p', 's', 2, 1, 1, '', '1', '0', 3559, '1', '1', '1', '1', '1', 'default', 1, '0', ''),
(20335, 'Pink Square Pool Piece', 'bw_pool_b1', 's', 1, 1, 1, '0', '1', '0', 3560, '1', '1', '1', '1', '1', 'default', 1, '0', ''),
(20336, 'Pink Inflatable Sofa', 'bw_sofa_p', 's', 2, 1, 1, '1', '1', '0', 3561, '1', '1', '1', '1', '1', 'default', 1, '0', ''),
(20337, 'Green Surfboard', 'bw_sboard_g', 's', 2, 1, 0.25, '1', '0', '1', 3562, '1', '1', '1', '1', '1', 'default', 1, '0', ''),
(20338, 'Green Buoy Corner', 'bw_fnc_crnr_g', 's', 1, 1, 1, '1', '0', '0', 3563, '1', '1', '1', '1', '1', 'default', 1, '0', ''),
(20339, 'Blue Long Pool Piece', 'bw_pool_a2', 's', 2, 1, 1, '0', '1', '0', 3564, '1', '1', '1', '1', '1', 'default', 1, '0', ''),
(20340, 'Pink Long Pool Piece', 'bw_pool_b2', 's', 2, 1, 1, '0', '1', '0', 3565, '1', '1', '1', '1', '1', 'default', 1, '0', ''),
(20341, 'bw_table_g name', 'bw_table_g', 's', 2, 2, 0.5, '1', '0', '0', 3566, '1', '1', '1', '1', '1', 'default', 2, '0', ''),
(20342, 'Pink Inflatable Lounge', 'bw_chair_p', 's', 1, 1, 1, '1', '1', '0', 3567, '1', '1', '1', '1', '1', 'default', 1, '0', ''),
(20343, 'Green Inflatable Boat', 'bw_boat_g', 's', 2, 2, 1, '1', '1', '0', 3568, '1', '1', '1', '1', '1', 'default', 1, '0', ''),
(20344, 'Pink Buoy Line', 'bw_fnc_p', 's', 1, 2, 1, '1', '0', '0', 3569, '1', '1', '1', '1', '1', 'default', 1, '0', ''),
(20345, 'Pink Van', 'bw_van_p', 's', 2, 2, 1, '1', '1', '0', 3570, '1', '1', '1', '1', '1', 'default', 1, '0', ''),
(20346, 'bw_sboard_p name', 'bw_sboard_p', 's', 2, 1, 0.25, '1', '0', '1', 3571, '1', '1', '1', '1', '1', 'default', 1, '0', ''),
(20347, 'Green Inflatable Lounge', 'bw_chair_g', 's', 1, 1, 1, '1', '1', '0', 3572, '1', '1', '1', '1', '1', 'default', 1, '0', ''),
(20348, 'Pink Pool Stairs', 'bw_pool_b3', 's', 1, 1, 0.0001, '0', '0', '1', 3573, '1', '1', '1', '1', '1', 'default', 1, '0', ''),
(20349, 'Green Van', 'bw_van_g', 's', 2, 2, 1, '1', '1', '0', 3574, '1', '1', '1', '1', '1', 'default', 1, '0', ''),
(20350, 'Green Inflatable Sofa', 'bw_sofa_g', 's', 2, 1, 1, '1', '1', '0', 3575, '1', '1', '1', '1', '1', 'default', 1, '0', ''),
(20351, 'Pink Buoy Corner', 'bw_fnc_crnr_p', 's', 1, 1, 1, '1', '0', '0', 3576, '1', '1', '1', '1', '1', 'default', 1, '0', ''),
(20352, 'Blue Square Pool Piece', 'bw_pool_a1', 's', 1, 1, 1, '0', '1', '0', 3577, '1', '1', '1', '1', '1', 'default', 1, '0', ''),
(20353, 'bw_table_p name', 'bw_table_p', 's', 2, 2, 0.5, '1', '0', '0', 3578, '1', '1', '1', '1', '1', 'default', 2, '0', ''),
(20354, 'Football Bench', 'fball_bench', 's', 3, 1, 1, '1', '1', '0', 3494, '1', '1', '1', '1', '1', 'default', 1, '0', ''),
(20355, 'Football Fence Long', 'fball_fnc3', 's', 1, 3, 1, '1', '0', '0', 3495, '1', '1', '1', '1', '1', 'default', 1, '0', ''),
(20356, 'Football Scoreboard Blue', 'fball_score_b', 's', 1, 1, 1, '1', '0', '0', 3496, '1', '1', '1', '1', '1', 'default', 1, '0', ''),
(20357, 'Blue Game Ball', 'fball_ball3', 's', 1, 1, 0, '0', '0', '1', 3497, '1', '1', '1', '1', '1', 'ball', 1, '0', ''),
(20358, 'Football Patch 6', 'fball_ptch5', 's', 3, 3, 1, '1', '0', '0', 3498, '1', '1', '1', '1', '1', 'default', 1, '0', ''),
(20359, 'Stadium Lights', 'fball_light', 's', 1, 1, 1, '1', '0', '0', 3499, '1', '1', '1', '1', '1', 'default', 2, '0', ''),
(20360, 'Stadium Bench', 'fball_audbench', 's', 4, 1, 1.2, '1', '1', '0', 3500, '1', '1', '1', '1', '1', 'default', 1, '0', ''),
(20361, 'Football Fence Short', 'fball_fnc1', 's', 1, 1, 1, '1', '0', '0', 3501, '1', '1', '1', '1', '1', 'default', 1, '0', ''),
(20362, 'Football Patch 9', 'fball_ptch8', 's', 3, 3, 1e-005, '1', '0', '1', 3502, '1', '1', '1', '1', '1', 'default', 1, '0', ''),
(20363, 'Football Corner', 'fball_crnr', 's', 1, 1, 1, '1', '0', '0', 3503, '1', '1', '1', '1', '1', 'default', 1, '0', ''),
(20364, 'fball_ptch4 name', 'fball_ptch4', 's', 3, 3, 1, '1', '0', '0', 3504, '1', '1', '1', '1', '1', 'default', 1, '0', ''),
(20365, 'World Cup Trophy', 'fball_trophy', 's', 1, 1, 1, '1', '0', '0', 3505, '1', '1', '1', '1', '1', 'trophy', 1, '0', ''),
(20366, 'Football Scoreboard Yellow', 'fball_score_y', 's', 1, 1, 1, '1', '0', '0', 3506, '1', '1', '1', '1', '1', 'default', 1, '0', ''),
(20367, 'Football Barrier', 'fball_cote', 's', 3, 1, 1, '1', '0', '0', 3507, '1', '1', '1', '1', '1', 'default', 1, '0', ''),
(20368, 'Game Ball', 'fball_ball', 's', 1, 1, 1, '0', '0', '0', 3508, '1', '1', '1', '1', '1', 'ball', 1, '0', ''),
(20369, 'Football Patch 7', 'fball_ptch7', 's', 3, 3, 1, '1', '0', '0', 3509, '1', '1', '1', '1', '1', 'default', 1, '0', ''),
(20370, 'Red Game Ball', 'fball_ball2', 's', 1, 1, 1, '0', '0', '0', 3510, '1', '1', '1', '1', '1', 'ball', 1, '0', ''),
(20371, 'Football Patch 3', 'fball_ptch2', 's', 3, 3, 1, '1', '0', '0', 3511, '1', '1', '1', '1', '1', 'default', 1, '0', ''),
(20372, 'Football Scoreboard Green', 'fball_score_g', 's', 1, 1, 1, '1', '0', '0', 3512, '1', '1', '1', '1', '1', 'default', 1, '0', ''),
(20373, 'Football Patch 4', 'fball_ptch3', 's', 3, 3, 1, '1', '0', '0', 3513, '1', '1', '1', '1', '1', 'default', 1, '0', ''),
(20374, 'Football Goal Red', 'fball_goal_r', 's', 3, 1, 1, '1', '0', '0', 3514, '1', '1', '1', '1', '1', 'default', 1, '0', ''),
(20375, 'Football Goal Blue', 'fball_goal_b', 's', 3, 1, 1, '1', '0', '0', 3515, '1', '1', '1', '1', '1', 'default', 1, '0', ''),
(20376, 'Football Gate', 'fball_gate', 's', 1, 1, 0.001, '1', '0', '1', 3516, '1', '1', '1', '1', '1', 'default', 0, '0', ''),
(20377, 'Football Patch 7', 'fball_ptch6', 's', 3, 3, 1, '1', '0', '0', 3517, '1', '1', '1', '1', '1', 'default', 1, '0', ''),
(20378, 'Grand Final Ball', 'fball_ball5', 's', 1, 1, 1, '0', '0', '0', 3518, '1', '1', '1', '1', '1', 'ball', 1, '0', ''),
(20379, 'Football Goal Green', 'fball_goal_g', 's', 3, 1, 1, '1', '0', '0', 3519, '1', '1', '1', '1', '1', 'default', 1, '0', ''),
(20380, 'Football Patch 1', 'fball_ptch0', 's', 3, 3, 1, '1', '0', '0', 3520, '1', '1', '1', '1', '1', 'default', 1, '0', ''),
(20381, 'Yellow Game Ball', 'fball_ball4', 's', 1, 1, 1, '0', '0', '0', 3521, '1', '1', '1', '1', '1', 'ball', 1, '0', ''),
(20382, 'Football Scoreboard Red', 'fball_score_r', 's', 1, 1, 1, '1', '0', '0', 3522, '1', '1', '1', '1', '1', 'default', 1, '0', ''),
(20383, 'Football Goal Yellow', 'fball_goal_y', 's', 3, 1, 1, '1', '0', '0', 3523, '1', '1', '1', '1', '1', 'default', 1, '0', ''),
(20384, 'Football Patch 2', 'fball_ptch1', 's', 3, 3, 1, '1', '0', '0', 3524, '1', '1', '1', '1', '1', 'default', 1, '0', ''),
(20385, 'Counter', 'fball_counter', 's', 2, 1, 1, '1', '0', '0', 3525, '1', '1', '1', '1', '1', 'default', 1, '0', ''),
(20386, 'Prison Gate', 'prison_gate', 's', 1, 1, 1e-006, '1', '0', '0', 3526, '1', '1', '1', '1', '1', 'gate', 1, '0', ''),
(20387, 'Prison Corner', 'prison_crnr', 's', 1, 1, 1, '1', '0', '0', 3528, '1', '1', '1', '1', '1', 'default', 1, '0', ''),
(20388, 'Prison Tower', 'prison_tower', 's', 1, 1, 1, '1', '0', '0', 3531, '1', '1', '1', '1', '1', 'default', 2, '0', ''),
(20389, 'Prison Wall', 'prison_dvdr2', 's', 2, 1, 1, '1', '0', '0', 3532, '1', '1', '1', '1', '1', 'default', 1, '0', ''),
(20390, 'Prison Bars', 'prison_dvdr1', 's', 1, 1, 1, '1', '0', '0', 3534, '1', '1', '1', '1', '1', 'default', 1, '0', ''),
(20391, 'Prison Stones', 'prison_stone', 's', 1, 1, 1, '1', '0', '0', 3537, '1', '1', '1', '1', '1', 'default', 1, '0', ''),
(20392, 'Viking Effect', 'avatar_effect27', 'e', 1, 1, 1, '0', '0', '0', 27, '1', '1', '1', '1', '1', 'default', 1, '0', ''),
(20393, 'ads_capri_chair name', 'ads_capri_chair', 's', 1, 1, 1, '1', '1', '0', 3535, '1', '1', '1', '1', '1', 'default', 1, '0', ''),
(20394, 'Capri-Sun Lava Lamp', 'ads_capri_lava', 's', 1, 1, 1, '1', '0', '0', 3536, '1', '1', '1', '1', '1', 'default', 1, '0', ''),
(20395, 'Capri-Sun Fruit Tree', 'ads_capri_tree', 's', 1, 1, 1, '1', '0', '0', 3546, '1', '1', '1', '1', '1', 'default', 1, '0', ''),
(20396, 'Capri-Sun Arcade Machine', 'ads_capri_arcade', 's', 1, 1, 1, '1', '0', '0', 3553, '1', '1', '1', '1', '1', 'default', 1, '0', ''),
(20397, 'ads_super_pop name', 'ads_super_pop', 'i', 0, 0, 1, '1', '0', '0', 4333, '1', '1', '1', '1', '1', 'default', 2, '0', ''),
(20398, 'Arch', 'wed_arch', 's', 1, 3, 0.001, '0', '0', '1', 3483, '1', '1', '1', '1', '1', 'default', 1, '0', ''),
(20399, 'Ice Sculptur', 'wed_icesculp', 's', 1, 1, 1, '1', '0', '0', 3488, '1', '1', '1', '1', '1', 'default', 1, '0', ''),
(20400, 'Car Sofa', 'wed_carsofa', 's', 2, 1, 1, '1', '1', '0', 3493, '1', '1', '1', '1', '1', 'default', 1, '0', ''),
(20401, 'Flower Arrangement', 'wed_plant', 's', 1, 1, 1, '1', '0', '0', 3482, '1', '1', '1', '1', '1', 'default', 1, '0', ''),
(20402, 'VIP Vase', 'hc3_vase', 's', 1, 1, 1, '1', '0', '0', 3479, '1', '1', '1', '1', '1', 'default', 1, '0', ''),
(20403, 'VIP Stereo', 'hc3_stereo', 's', 3, 1, 1, '1', '0', '0', 3470, '1', '1', '1', '1', '1', 'default', 1, '0', ''),
(20404, 'ads_pepsi0 name', 'ads_pepsi0', 's', 1, 1, 1, '1', '0', '0', 3554, '1', '1', '1', '1', '1', 'vendingmachine', 0, '55', ''),
(20405, 'ads_chocapic name', 'ads_chocapic', 's', 1, 1, 1, '1', '0', '0', 3486, '1', '1', '1', '1', '1', 'default', 2, '0', ''),
(20406, 'ads_cheetos_hotdog name', 'ads_cheetos_hotdog', 's', 1, 1, 1, '1', '0', '0', 3585, '1', '1', '1', '1', '1', 'default', 1, '0', ''),
(20407, 'ads_cheetos_bath name', 'ads_cheetos_bath', 's', 1, 2, 1, '1', '0', '0', 3593, '1', '1', '1', '1', '1', 'default', 2, '0', ''),
(20408, 'ads_oc_soda_cherry name', 'ads_oc_soda_cherry', 's', 1, 1, 1, '1', '0', '0', 3598, '1', '1', '1', '1', '1', 'vendingmachine', 0, '19', ''),
(20409, 'ads_disney_tv name', 'ads_disney_tv', 's', 1, 3, 1, '1', '0', '0', 3613, '1', '1', '1', '1', '1', 'default', 2, '0', ''),
(20410, 'ads_tv_chocapic_02 name', 'ads_tv_chocapic_02', 'i', 0, 0, 1, '1', '0', '0', 4334, '1', '1', '1', '1', '1', 'default', 2, '0', ''),
(20411, 'ads_tv_chocapic_01 name', 'ads_tv_chocapic_01', 'i', 0, 0, 1, '1', '0', '0', 4335, '1', '1', '1', '1', '1', 'default', 2, '0', ''),
(20412, 'Ultramarine', 'cmp_sub', 's', 7, 1, 1, '1', '0', '0', 3478, '1', '1', '1', '1', '1', 'default', 4, '0', ''),
(20413, 'Red Ultimate Machine', 'cmp_nobox', 's', 1, 1, 1, '1', '0', '0', 3476, '1', '1', '1', '1', '1', 'default', 2, '0', ''),
(20414, 'Yellow Ultimate Machine', 'cmp_nobox_3', 's', 1, 1, 1, '1', '0', '0', 3473, '1', '1', '1', '1', '1', 'default', 2, '0', ''),
(20415, 'Blue Ultimate Machine', 'cmp_nobox_2', 's', 1, 1, 1, '1', '0', '0', 3471, '1', '1', '1', '1', '1', 'default', 2, '0', ''),
(20416, 'ktchn10_pot name', 'ktchn10_pot', 's', 1, 1, 1.2, '1', '0', '0', 3580, '1', '1', '1', '1', '1', 'default', 2, '0', ''),
(20417, 'ktchn10_stove name', 'ktchn10_stove', 's', 2, 1, 1.2, '1', '0', '0', 3581, '1', '1', '1', '1', '1', 'default', 2, '0', ''),
(20418, 'ktchn10_block name', 'ktchn10_block', 's', 1, 1, 1.2, '1', '0', '0', 3589, '1', '1', '1', '1', '1', 'default', 1, '0', ''),
(20419, 'ktchn10_tea name', 'ktchn10_tea', 's', 1, 1, 1.2, '1', '0', '0', 3592, '1', '1', '1', '1', '1', 'default', 1, '0', ''),
(20420, 'ktchn10_sink name', 'ktchn10_sink', 's', 2, 1, 1.2, '1', '0', '0', 3612, '1', '1', '1', '1', '1', 'default', 2, '0', ''),
(20421, 'ktchn10_cabnt name', 'ktchn10_cabnt', 'i', 0, 0, 1, '1', '0', '0', 4338, '1', '1', '1', '1', '1', 'default', 1, '0', ''),
(20422, 'hosptl_curtain name', 'hosptl_curtain', 's', 3, 1, 1, '1', '0', '0', 3588, '1', '1', '1', '1', '1', 'default', 1, '0', ''),
(20423, 'hosptl_bed name', 'hosptl_bed', 's', 1, 3, 1.8, '1', '0', '0', 3590, '1', '1', '1', '1', '1', 'bed', 1, '0', ''),
(20424, 'hosptl_bbag name', 'hosptl_bbag', 's', 1, 3, 1.3, '1', '0', '0', 3591, '1', '1', '1', '1', '1', 'bed', 1, '0', ''),
(20425, 'hosptl_skele name', 'hosptl_skele', 's', 1, 1, 1, '1', '0', '0', 3604, '1', '1', '1', '1', '1', 'default', 1, '0', ''),
(20426, 'hosptl_defibs name', 'hosptl_defibs', 's', 1, 1, 1, '1', '0', '0', 3606, '1', '1', '1', '1', '1', 'default', 1, '0', ''),
(20427, 'hosptl_light name', 'hosptl_light', 's', 1, 1, 1, '1', '0', '0', 3610, '1', '1', '1', '1', '1', 'default', 2, '0', ''),
(20428, 'hosptl_seat name', 'hosptl_seat', 's', 2, 1, 1.4, '1', '1', '0', 3611, '1', '1', '1', '1', '1', 'default', 1, '0', ''),
(20429, 'hosptl_xray name', 'hosptl_xray', 'i', 0, 0, 1, '1', '0', '0', 4339, '1', '1', '1', '1', '1', 'default', 3, '0', ''),
(20430, 'hosptl_cab2 name', 'hosptl_cab2', 's', 2, 1, 1, '1', '0', '0', 3608, '1', '1', '1', '1', '1', 'default', 1, '0', ''),
(20431, 'hosptl_cab1 name', 'hosptl_cab1', 's', 1, 1, 1, '1', '0', '0', 3586, '1', '1', '1', '1', '1', 'default', 1, '0', ''),
(20432, 'StrayPixels Winner x1', 'easel_0', 's', 1, 1, 1, '1', '0', '0', 3582, '1', '1', '1', '1', '1', 'default', 1, '0', ''),
(20433, 'StrayPixels winner x3', 'easel_1', 's', 1, 1, 1, '1', '0', '0', 3594, '1', '1', '1', '1', '1', 'default', 1, '0', ''),
(20434, 'StrayPixels winner x7', 'easel_3', 's', 1, 1, 1, '1', '0', '0', 3596, '1', '1', '1', '1', '1', 'default', 1, '0', ''),
(20435, 'StrayPixels winner x10', 'easel_4', 's', 1, 1, 1, '1', '0', '0', 3600, '1', '1', '1', '1', '1', 'default', 1, '0', ''),
(20436, 'StrayPixels winner x5', 'easel_2', 's', 1, 1, 1, '1', '0', '0', 3603, '1', '1', '1', '1', '1', 'default', 1, '0', ''),
(20437, 'Stick fence', 'african_fence', 's', 2, 1, 1, '1', '0', '0', 3579, '1', '1', '1', '1', '1', 'default', 1, '0', ''),
(20438, 'Hay', 'petfood15', 's', 1, 1, 1, '0', '0', '0', 3583, '1', '1', '1', '1', '1', 'default', 1, '0', ''),
(20439, 'Accacia Tree', 'african_tree1', 's', 1, 1, 1, '1', '0', '0', 3584, '1', '1', '1', '1', '1', 'default', 4, '0', ''),
(20440, 'Low Lion''s Nest', 'nest_lion2', 's', 1, 1, 1, '1', '1', '0', 3587, '1', '1', '1', '1', '1', 'default', 1, '0', ''),
(20441, 'tiki_gate', 'tiki_gate', 's', 1, 1, 0.0001, '1', '0', '0', 3595, '1', '1', '1', '1', '1', 'gate', 1, '0', ''),
(20442, 'Rhino Nest', 'nest_rhino', 's', 1, 1, 0.0001, '1', '0', '1', 3597, '1', '1', '1', '1', '1', 'default', 1, '0', ''),
(20443, 'Chocolate Gazelle', 'petfood14', 's', 1, 1, 1, '0', '0', '0', 3599, '1', '1', '1', '1', '1', 'default', 5, '0', ''),
(20444, 'High Lion''s Nest', 'nest_lion', 's', 1, 1, 1, '1', '0', '0', 3601, '1', '1', '1', '1', '1', 'default', 1, '0', ''),
(20445, 'Savannah Patch', 'african_patch', 's', 2, 2, 0.0001, '1', '0', '1', 3602, '1', '1', '1', '1', '1', 'default', 1, '0', ''),
(20446, 'Baobob Tree', 'african_tree2', 's', 1, 1, 3, '1', '0', '0', 3605, '1', '1', '1', '1', '1', 'default', 3, '0', ''),
(20447, 'Sand stage', 'african_stage', 's', 2, 2, 1, '1', '0', '1', 3607, '1', '1', '1', '1', '1', 'default', 1, '0', ''),
(20448, 'African bones', 'african_bones', 's', 1, 1, 1, '1', '0', '0', 3609, '1', '1', '1', '1', '1', 'default', 1, '0', ''),
(20449, 'Shark Jaws', 'bw_jaws', 'i', 0, 0, 1, '1', '0', '0', 4336, '1', '1', '1', '1', '1', 'default', 1, '0', ''),
(20450, 'ads_grefusa_surfb name', 'ads_grefusa_surfb', 'i', 0, 0, 1, '1', '0', '0', 4337, '1', '1', '1', '1', '1', 'default', 1, '0', ''),
(20451, 'Terrier', 'a0 pet3', 's', 1, 1, 1, '1', '0', '0', 4026, '0', '0', '0', '0', '0', 'pet', 0, '0', ''),
(20452, 'Bear', 'a0 pet4', 's', 1, 1, 1, '1', '0', '0', 4027, '0', '0', '0', '0', '0', 'pet', 0, '0', ''),
(20453, 'Cats', 'a0 pet1', 's', 1, 1, 1, '1', '0', '0', 453, '0', '0', '0', '0', '0', 'pet', 0, '0', ''),
(20454, 'Dogs', 'a0 pet0', 's', 1, 1, 1, '1', '0', '0', 452, '0', '0', '0', '0', '0', 'pet', 0, '0', ''),
(20455, 'Crocodiles', 'a0 pet2', 's', 1, 1, 1, '1', '0', '0', 1290, '0', '0', '0', '0', '0', 'pet', 0, '0', ''),
(20456, 'Lion', 'a0 pet6', 's', 1, 1, 1, '0', '0', '0', 7457, '0', '0', '0', '0', '0', 'pet', 0, '0', ''),
(20457, 'Battleball Effect 1', 'Battleball Effect 1', 'e', 1, 1, 1, '0', '0', '0', 33, '0', '0', '1', '1', '0', 'default', 1, '0', ''),
(20458, 'Battleball Effect 2', 'Battleball Effect 2', 'e', 1, 1, 1, '0', '0', '0', 34, '0', '0', '1', '1', '0', 'default', 1, '0', ''),
(20459, 'Banzai Dragon', 'bb_dragon', 's', 3, 1, 1, '0', '0', '0', 3617, '1', '1', '1', '1', '1', 'default', 2, '0', ''),
(20460, 'Big Banzai Lamp', 'bb_knj2', 's', 1, 1, 1, '1', '0', '0', 3639, '1', '1', '1', '1', '1', 'default', 2, '0', ''),
(20461, 'Boundry Corner', 'bb_crnr', 's', 1, 1, 1, '0', '0', '0', 3614, '1', '1', '1', '1', '1', 'default', 1, '0', ''),
(20462, 'Blue Scoreboard', 'bb_score_b', 's', 1, 1, 1, '1', '0', '0', 3615, '1', '1', '1', '1', '1', 'default', 1, '0', ''),
(20463, 'Mojo Robo', 'bb_robo', 's', 2, 2, 1, '1', '0', '0', 3616, '1', '1', '1', '1', '1', 'default', 2, '0', ''),
(20464, 'Duck Light', 'bb_ducklight', 's', 1, 1, 1, '1', '0', '0', 3618, '1', '1', '1', '1', '1', 'default', 5, '0', ''),
(20465, 'Caterpillar Head', 'bb_caterhead', 's', 1, 1, 2, '1', '1', '0', 3619, '1', '1', '1', '1', '1', 'default', 2, '0', ''),
(20466, 'Banzai Box', 'bb_cargobox', 's', 2, 1, 1, '1', '0', '0', 3620, '1', '1', '1', '1', '1', 'default', 2, '0', ''),
(20467, 'Green Team Gate', 'bb_gate_g', 's', 1, 1, 0.0001, '1', '0', '1', 3621, '1', '1', '1', '1', '1', 'bb_green_gate', 1, '0', ''),
(20468, 'Pyro Pig Chair', 'bb_crchair3', 's', 1, 1, 1, '1', '1', '0', 3622, '1', '1', '1', '1', '1', 'default', 1, '0', ''),
(20469, 'Green Scoreboard', 'bb_score_g', 's', 1, 1, 1, '1', '0', '0', 3623, '1', '1', '1', '1', '1', 'default', 1, '0', ''),
(20470, 'Crazy Cat Chair', 'bb_crchair', 's', 1, 1, 1, '1', '1', '0', 3624, '1', '1', '1', '1', '1', 'default', 1, '0', ''),
(20471, 'Radical Rooster Chair', 'bb_crchair2', 's', 1, 1, 1, '1', '1', '0', 3625, '1', '1', '1', '1', '1', 'default', 1, '0', ''),
(20472, 'Yellow Scoreboard', 'bb_score_y', 's', 1, 1, 1, '1', '0', '0', 3626, '1', '1', '1', '1', '1', 'default', 1, '0', ''),
(20473, 'bb_knj1 name', 'bb_knj1', 's', 2, 1, 1, '1', '0', '0', 3627, '1', '1', '1', '1', '1', 'default', 2, '0', ''),
(20474, 'Red Team Gate', 'bb_gate_r', 's', 1, 1, 0.0001, '1', '0', '1', 3628, '1', '1', '1', '1', '1', 'bb_red_gate', 1, '0', ''),
(20475, 'Blue Bear Hand', 'bb_tddhnd', 's', 1, 1, 1.2, '1', '1', '0', 3629, '1', '1', '1', '1', '1', 'default', 2, '0', ''),
(20476, 'Light Divider', 'bb_lightdiv', 's', 1, 1, 1, '1', '0', '0', 3630, '1', '1', '1', '1', '1', 'default', 5, '0', ''),
(20477, 'Blue Bear Head', 'bb_tddhead', 's', 2, 2, 1.2, '1', '0', '0', 3631, '1', '1', '1', '1', '1', 'default', 1, '0', ''),
(20478, 'Banzai Pyramid', 'bb_pyramid', 's', 1, 1, 0.001, '1', '0', '0', 3632, '1', '1', '1', '1', '1', 'default', 2, '0', ''),
(20479, 'Banzai Arena Tile', 'bb_patch1', 's', 1, 1, 0.0001, '1', '0', '1', 3633, '1', '1', '1', '1', '1', 'bb_plate', 4, '0', ''),
(20480, 'Arena divider', 'bb_fnc3', 's', 1, 3, 1, '1', '0', '0', 3634, '1', '1', '1', '1', '1', 'default', 1, '0', ''),
(20481, 'Yellow Team Gate', 'bb_gate_y', 's', 1, 1, 0.0001, '1', '0', '1', 3635, '1', '1', '1', '1', '1', 'bb_yellow_gate', 1, '0', ''),
(20482, 'hween10_zombie name', 'hween10_zombie', 's', 1, 1, 1, '1', '0', '0', 3636, '1', '1', '1', '1', '1', 'vendingmachine', 0, '24', ''),
(20483, 'Banzai Announcer Sphere', 'bb_apparatus', 's', 1, 1, 1, '1', '0', '0', 3637, '1', '1', '1', '1', '1', 'default', 4, '0', ''),
(20484, 'Caterpillar Body', 'bb_caterbody', 's', 1, 1, 2, '1', '1', '0', 3638, '1', '1', '1', '1', '1', 'default', 2, '0', ''),
(20485, 'Arena divider', 'bb_fnc1', 's', 1, 1, 1, '1', '0', '0', 3640, '1', '1', '1', '1', '1', 'default', 1, '0', ''),
(20486, 'Banzai Puck', 'bb_puck', 's', 1, 1, 1, '1', '0', '0', 3641, '1', '1', '1', '1', '1', 'default', 1, '0', ''),
(20487, 'Random Teleporter', 'bb_rnd_tele', 's', 1, 1, 0.0001, '0', '0', '1', 3642, '1', '1', '1', '1', '1', 'default', 1, '0', ''),
(20488, 'Blue Team Gate', 'bb_gate_b', 's', 1, 1, 0.0001, '1', '0', '1', 3643, '1', '1', '1', '1', '1', 'bb_blue_gate', 1, '0', ''),
(20489, 'Red Scoreboard', 'bb_score_r', 's', 1, 1, 1, '1', '0', '0', 3644, '1', '1', '1', '1', '1', 'default', 1, '0', ''),
(20490, 'hween10_fogwall name', 'hween10_fogwall', 'i', 0, 0, 1, '1', '0', '0', 4340, '1', '1', '1', '1', '1', 'default', 1, '0', ''),
(20491, 'bb_painimies1', 'bb_painimies1', 'i', 0, 0, 1, '1', '0', '0', 4341, '1', '1', '1', '1', '1', 'default', 2, '0', ''),
(20492, 'bb_painimies2', 'bb_painimies2', 'i', 0, 0, 1, '1', '0', '0', 4342, '1', '1', '1', '1', '1', 'default', 2, '0', ''),
(20493, 'Counter', 'bb_counter', 's', 1, 4, 1, '1', '0', '0', 3645, '1', '1', '1', '1', '1', 'default', 1, '0', ''),
(20494, 'MTV Big TV', 'ads_mtv_bigtv2', 'i', 0, 0, 1, '1', '0', '0', 4343, '1', '1', '1', '1', '1', 'default', 2, '0', ''),
(20495, 'MTV TV', 'ads_mtv_tv2', 'i', 0, 0, 1, '1', '0', '0', 4344, '1', '1', '1', '1', '1', 'default', 2, '0', ''),
(20496, '', 'avatar_effect31', 'e', 1, 1, 1, '0', '0', '0', 31, '0', '0', '0', '0', '0', 'default', 1, '0', ''),
(20497, 'fireworks_01', 'fireworks_01', 's', 1, 1, 1, '0', '0', '0', 3772, '1', '1', '1', '1', '1', 'firework', 2, '0', ''),
(20498, 'fireworks_02', 'fireworks_02', 's', 1, 1, 1, '0', '0', '0', 3776, '1', '1', '1', '1', '1', 'firework', 2, '0', ''),
(20499, 'fireworks_03', 'fireworks_03', 's', 1, 1, 1, '0', '0', '0', 3774, '1', '1', '1', '1', '1', 'firework', 2, '0', ''),
(20500, 'fireworks_05', 'fireworks_05', 's', 1, 1, 1, '0', '0', '0', 3779, '1', '1', '1', '1', '1', 'firework', 2, '0', ''),
(4533, 'hc_1', 'hc_1', 'h', 1, 1, 1, '1', '0', '0', 4533, '1', '1', '1', '1', '1', 'default', 1, '0', ''),
(4103, 'hc2_sofa', 'hc2_sofa', 's', 1, 2, 1, '0', '1', '0', 3452, '1', '1', '1', '1', '1', 'default', 1, '0', ''),
(4112, 'hc3_sofa', 'hc3_sofa', 's', 1, 2, 1, '0', '1', '0', 3441, '1', '1', '1', '1', '1', 'default', 1, '0', ''),
(29281, 'wf_act_move_rotate', 'wf_act_move_rotate', 's', 1, 1, 0, '1', '0', '0', 3663, '1', '1', '1', '1', '1', 'default', 1, '0', ''),
(29282, 'wf_wire2', 'wf_wire2', 's', 1, 1, 0, '1', '0', '0', 3664, '1', '1', '1', '1', '1', 'default', 1, '0', ''),
(29283, 'wf_cnd_time_more_than', 'wf_cnd_time_more_than', 's', 1, 1, 0, '0', '0', '0', 3665, '1', '1', '1', '1', '1', 'default', 1, '0', ''),
(29284, 'wf_colortile', 'wf_colortile', 's', 1, 1, 0, '1', '0', '0', 3666, '1', '1', '1', '1', '1', 'default', 1, '0', ''),
(29285, 'wf_floor_switch2', 'wf_floor_switch2', 's', 1, 1, 0, '0', '0', '0', 3667, '1', '1', '1', '1', '1', 'default', 1, '0', ''),
(29286, 'wf_trg_state_changed', 'wf_trg_state_changed', 's', 1, 1, 0, '0', '0', '0', 3668, '1', '1', '1', '1', '1', 'default', 1, '0', ''),
(29287, 'wf_xtra_random', 'wf_xtra_random', 's', 1, 1, 0, '0', '0', '0', 3669, '1', '1', '1', '1', '1', 'default', 1, '0', ''),
(29288, 'wf_xtra_unseen', 'wf_xtra_unseen', 's', 1, 1, 0, '1', '0', '0', 3670, '1', '1', '1', '1', '1', 'default', 1, '0', ''),
(29289, 'wf_trg_periodically', 'wf_trg_periodically', 's', 1, 1, 0, '0', '0', '0', 3671, '1', '1', '1', '1', '1', 'default', 1, '0', ''),
(29290, 'wf_pyramid', 'wf_pyramid', 's', 1, 1, 0, '0', '0', '0', 3672, '1', '1', '1', '1', '1', 'default', 1, '0', ''),
(29291, 'wf_trg_score_achieved', 'wf_trg_score_achieved', 's', 1, 1, 0, '0', '0', '0', 3673, '1', '1', '1', '1', '1', 'default', 1, '0', ''),
(29292, 'wf_act_teleport_to', 'wf_act_teleport_to', 's', 1, 1, 0, '0', '0', '0', 3674, '1', '1', '1', '1', '1', 'default', 1, '0', ''),
(29293, 'wf_trg_says_something', 'wf_trg_says_something', 's', 1, 1, 0, '0', '0', '0', 3675, '1', '1', '1', '1', '1', 'default', 1, '0', ''),
(29294, 'wf_colorwheel', 'wf_colorwheel', 's', 1, 1, 0, '0', '0', '0', 3676, '1', '1', '1', '1', '1', 'default', 1, '0', ''),
(29295, 'wf_wire4', 'wf_wire4', 's', 1, 1, 0, '0', '0', '0', 3677, '1', '1', '1', '1', '1', 'default', 1, '0', ''),
(29296, 'wf_trg_walks_off_furni', 'wf_trg_walks_off_furni', 's', 1, 1, 0, '0', '0', '0', 3678, '1', '1', '1', '1', '1', 'default', 1, '0', ''),
(29297, 'wf_trg_at_given_time', 'wf_trg_at_given_time', 's', 1, 1, 0, '0', '0', '0', 3679, '1', '1', '1', '1', '1', 'default', 1, '0', ''),
(29298, 'wf_trg_game_ends', 'wf_trg_game_ends', 's', 1, 1, 0, '0', '0', '0', 3680, '1', '1', '1', '1', '1', 'default', 1, '0', ''),
(29299, 'wf_act_show_message', 'wf_act_show_message', 's', 1, 1, 0, '0', '0', '0', 3681, '1', '1', '1', '1', '1', 'default', 1, '0', ''),
(29300, 'wf_cnd_time_less_than', 'wf_cnd_time_less_than', 's', 1, 1, 0, '0', '0', '0', 3682, '1', '1', '1', '1', '1', 'default', 1, '0', ''),
(29301, 'wf_trg_enter_room', 'wf_trg_enter_room', 's', 1, 1, 0, '0', '0', '0', 3683, '1', '1', '1', '1', '1', 'default', 1, '0', ''),
(29303, 'wf_act_toggle_state', 'wf_act_toggle_state', 's', 1, 1, 0, '0', '0', '0', 3685, '1', '1', '1', '1', '1', 'default', 1, '0', ''),
(29304, 'wf_firegate', 'wf_firegate', 's', 1, 1, 0, '0', '0', '0', 3686, '1', '1', '1', '1', '1', 'default', 1, '0', ''),
(29305, 'wf_ringplate', 'wf_ringplate', 's', 1, 1, 0, '0', '0', '0', 3687, '1', '1', '1', '1', '1', 'default', 1, '0', ''),
(29306, 'wf_pressureplate', 'wf_pressureplate', 's', 1, 1, 0, '0', '0', '0', 3688, '1', '1', '1', '1', '1', 'default', 1, '0', ''),
(29307, 'wf_glowball', 'wf_glowball', 's', 1, 1, 0, '0', '0', '0', 3689, '1', '1', '1', '1', '1', 'default', 1, '0', ''),
(29309, 'wf_act_reset_timers', 'wf_act_reset_timers', 's', 1, 1, 0, '0', '0', '0', 3691, '1', '1', '1', '1', '1', 'default', 1, '0', ''),
(29310, 'wf_cnd_furnis_hv_avtrs', 'wf_cnd_furnis_hv_avtrs', 's', 1, 1, 0, '0', '0', '0', 3692, '1', '1', '1', '1', '1', 'default', 1, '0', ''),
(29311, 'wf_arrowplate', 'wf_arrowplate', 's', 1, 1, 0, '0', '0', '0', 3693, '1', '1', '1', '1', '1', 'default', 1, '0', ''),
(29312, 'wf_cnd_trggrer_on_frn', 'wf_cnd_trggrer_on_frn', 's', 1, 1, 0, '0', '0', '0', 3694, '1', '1', '1', '1', '1', 'default', 1, '0', ''),
(29313, 'wf_cnd_match_snapshot', 'wf_cnd_match_snapshot', 's', 1, 1, 0, '0', '0', '0', 3695, '1', '1', '1', '1', '1', 'default', 1, '0', ''),
(29314, 'wf_wire1', 'wf_wire1', 's', 1, 1, 0, '0', '0', '0', 3696, '1', '1', '1', '1', '1', 'default', 1, '0', ''),
(29315, 'wf_act_give_score', 'wf_act_give_score', 's', 1, 1, 0, '0', '0', '0', 3697, '1', '1', '1', '1', '1', 'default', 1, '0', ''),
(29316, 'wf_wire3', 'wf_wire3', 's', 1, 1, 0, '0', '0', '0', 3698, '1', '1', '1', '1', '1', 'default', 1, '0', ''),
(29317, 'wf_glassdoor', 'wf_glassdoor', 's', 1, 1, 0, '0', '0', '0', 3699, '1', '1', '1', '1', '1', 'default', 1, '0', ''),
(29318, 'wf_act_match_to_sshot', 'wf_act_match_to_sshot', 's', 1, 1, 0, '0', '0', '0', 3700, '1', '1', '1', '1', '1', 'default', 1, '0', ''),
(29319, 'wf_floor_switch1', 'wf_floor_switch1', 's', 1, 1, 0, '0', '0', '0', 3701, '1', '1', '1', '1', '1', 'default', 1, '0', ''),
(29320, 'wf_trg_game_starts', 'wf_trg_game_starts', 's', 1, 1, 0, '0', '0', '0', 3702, '1', '1', '1', '1', '1', 'default', 1, '0', ''),
(292308, 'ads_hh_safe', 'ads_hh_safe', 's', 1, 1, 0, '0', '0', '0', 3684, '1', '1', '1', '1', '1', 'default', 1, '0', ''),
(90077, 'picnic_blanket_yel', 'picnic_blanket_yel', 's', 3, 3, 0.01, '1', '0', '1', 3980, '1', '1', '1', '1', '1', 'default', 1, '0', ''),
(90078, 'picnic_pillow_yel', 'picnic_pillow_yel', 's', 1, 1, 0.8, '0', '1', '0', 3981, '1', '1', '1', '1', '1', 'default', 1, '0', ''),
(90079, 'picnic_food1', 'picnic_food1', 's', 1, 1, 1, '1', '0', '0', 3982, '1', '1', '1', '1', '1', 'default', 1, '0', ''),
(90080, 'note_tag', 'note_tag', 's', 1, 1, 1, '0', '0', '0', 3983, '1', '1', '1', '1', '1', 'default', 1, '0', ''),
(90081, 'picnic_wfall', 'picnic_wfall', 's', 2, 2, 1, '0', '0', '0', 3984, '1', '1', '1', '1', '1', 'default', 2, '0', ''),
(90082, 'picnic_blanket_blu', 'picnic_blanket_blu', 's', 3, 3, 0.01, '1', '0', '1', 3985, '1', '1', '1', '1', '1', 'default', 1, '0', ''),
(90083, 'picnic_food3', 'picnic_food3', 's', 1, 1, 1, '0', '0', '0', 3986, '1', '1', '1', '1', '1', 'default', 1, '0', ''),
(90084, 'picnic_blanket', 'picnic_blanket', 's', 3, 3, 0.01, '1', '0', '1', 3987, '1', '1', '1', '1', '1', 'default', 1, '0', ''),
(90085, 'picnic_pillow_blu', 'picnic_pillow_blu', 's', 1, 1, 0.8, '0', '1', '0', 3988, '1', '1', '1', '1', '1', 'default', 1, '0', ''),
(90086, 'picnic_food2', 'picnic_food2', 's', 1, 1, 1, '0', '0', '0', 3989, '1', '1', '1', '1', '1', 'default', 1, '0', ''),
(90087, 'picnic_tele', 'picnic_tele', 's', 1, 1, 0.001, '0', '0', '0', 3990, '1', '1', '0', '1', '1', 'teleport', 1, '0', ''),
(90088, 'picnic_basket', 'picnic_basket', 's', 1, 1, 1, '0', '0', '0', 3991, '1', '1', '1', '1', '1', 'default', 1, '0', ''),
(90089, 'picnic_pillow', 'picnic_pillow', 's', 1, 1, 0.8, '0', '1', '0', 3992, '1', '1', '1', '1', '1', 'default', 1, '0', ''),
(90090, 'picnic_chair', 'picnic_chair', 's', 1, 1, 1, '0', '1', '0', 3993, '1', '1', '1', '1', '1', 'default', 1, '0', ''),
(90091, 'picnic_3brds', 'picnic_3brds', 's', 1, 1, 1, '0', '0', '0', 3994, '1', '1', '1', '1', '1', 'default', 1, '0', ''),
(89984, 'newbie_present', 'newbie_present', 's', 1, 1, 1, '1', '0', '0', 3885, '1', '1', '1', '1', '1', 'default', 5, '0', ''),
(89985, 'tv_flat', 'tv_flat', 's', 2, 1, 1, '0', '0', '0', 3886, '1', '1', '1', '1', '1', 'default', 2, '0', ''),
(89986, 'waasa_table2', 'waasa_table2', 's', 2, 1, 1, '1', '0', '0', 3887, '1', '1', '1', '1', '1', 'default', 1, '0', ''),
(89987, 'computer_flatscreen', 'computer_flatscreen', 's', 1, 1, 1, '0', '0', '0', 3888, '1', '1', '1', '1', '1', 'default', 3, '0', ''),
(89988, 'waasa_chair', 'waasa_chair', 's', 1, 1, 1.2, '0', '1', '0', 3889, '1', '1', '1', '1', '1', 'default', 1, '0', ''),
(89989, 'waasa_ship2', 'waasa_ship2', 's', 2, 1, 1, '0', '0', '0', 3890, '1', '1', '1', '1', '1', 'default', 2, '0', ''),
(89990, 'waasa_ship1', 'waasa_ship1', 's', 1, 1, 1, '0', '0', '0', 3891, '1', '1', '1', '1', '1', 'default', 2, '0', ''),
(89991, 'waasa_bunk_bed', 'waasa_bunk_bed', 's', 3, 1, 1, '1', '0', '0', 3892, '1', '1', '1', '1', '1', 'default', 2, '0', ''),
(89992, 'computer_laptop', 'computer_laptop', 's', 1, 1, 1, '0', '0', '0', 3893, '1', '1', '1', '1', '1', 'default', 2, '0', ''),
(89993, 'computer_old', 'computer_old', 's', 1, 1, 1, '0', '0', '0', 3894, '1', '1', '1', '1', '1', 'default', 2, '0', ''),
(89994, 'waasa_table1', 'waasa_table1', 's', 1, 1, 1, '1', '0', '0', 3895, '1', '1', '1', '1', '1', 'default', 1, '0', ''),
(89995, 'waasa_desk', 'waasa_desk', 's', 2, 1, 1, '1', '0', '0', 3896, '1', '1', '1', '1', '1', 'default', 1, '0', ''),
(89996, 'waasa_wall_shelf2', 'waasa_wall_shelf2', 'i', 1, 1, 1, '1', '0', '0', 4396, '1', '1', '1', '1', '1', 'default', 2, '0', ''),
(89997, 'waasa_wall_shelf1', 'waasa_wall_shelf1', 'i', 1, 1, 1, '1', '0', '0', 4397, '1', '1', '1', '1', '1', 'default', 2, '0', ''),
(89945, 'cubie_rug_b', 'cubie_rug_b', 's', 2, 3, 0.1, '1', '0', '1', 3860, '1', '1', '1', '1', '1', 'default', 3, '0', ''),
(89946, 'cubie_lamp_p', 'cubie_lamp_p', 's', 1, 1, 1, '0', '0', '0', 3863, '1', '1', '1', '1', '1', 'default', 4, '0', ''),
(89947, 'cubie_shelf_3_p', 'cubie_shelf_3_p', 's', 2, 1, 1, '1', '0', '0', 3873, '1', '1', '1', '1', '1', 'default', 9, '0', ''),
(89948, 'cubie_shelf_4_b', 'cubie_shelf_4_b', 's', 3, 1, 1, '1', '0', '0', 3882, '1', '1', '1', '1', '1', 'default', 6, '0', ''),
(89949, 'cubie_shelf_1_b', 'cubie_shelf_1_b', 's', 1, 1, 1, '0', '0', '0', 3875, '1', '1', '1', '1', '1', 'default', 14, '0', ''),
(89950, 'cubie_shelf_1_p', 'cubie_shelf_1_p', 's', 1, 1, 1, '0', '0', '0', 3874, '1', '1', '1', '1', '1', 'default', 14, '0', ''),
(89951, 'cubie_chair_p', 'cubie_chair_p', 's', 1, 1, 1.2, '0', '1', '0', 3879, '1', '1', '1', '1', '1', 'default', 1, '0', ''),
(89952, 'cubie_shelf_4_p', 'cubie_shelf_4_p', 's', 3, 1, 1, '0', '0', '0', 3866, '1', '1', '1', '1', '1', 'default', 6, '0', ''),
(89953, 'cubie_bigtable_p', 'cubie_bigtable_p', 's', 2, 2, 0.5, '1', '0', '1', 3876, '1', '1', '1', '1', '1', 'default', 2, '0', ''),
(89954, 'cubie_shelf_0_p', 'cubie_shelf_0_p', 's', 1, 1, 0.5, '1', '0', '0', 3884, '1', '1', '1', '1', '1', 'default', 3, '0', ''),
(89955, 'cubie_beanbag_b', 'cubie_beanbag_b', 's', 1, 1, 1, '0', '1', '0', 3877, '1', '1', '1', '1', '1', 'default', 1, '0', ''),
(89956, 'cubie_chair_b', 'cubie_chair_b', 's', 1, 1, 1.2, '0', '1', '0', 3859, '1', '1', '1', '1', '1', 'default', 1, '0', ''),
(89957, 'cubie_bed_b', 'cubie_bed_b', 's', 1, 3, 1.8, '0', '0', '0', 3871, '1', '1', '1', '1', '1', 'bed', 1, '0', ''),
(89958, 'cubie_bigtable_b', 'cubie_bigtable_b', 's', 2, 2, 0.5, '1', '0', '1', 3861, '1', '1', '1', '1', '1', 'default', 2, '0', ''),
(89959, 'cubie_stool_b', 'cubie_stool_b', 's', 1, 1, 1.2, '0', '1', '0', 3869, '1', '1', '1', '1', '1', 'default', 3, '0', ''),
(89960, 'cubie_beanbag_p', 'cubie_beanbag_p', 's', 1, 1, 1, '0', '1', '0', 3862, '1', '1', '1', '1', '1', 'default', 1, '0', ''),
(89961, 'cubie_shelf_0_b', 'cubie_shelf_0_b', 's', 1, 1, 0.5, '1', '0', '0', 3865, '1', '1', '1', '1', '1', 'default', 3, '0', ''),
(89962, 'cubie_shelf_2_p', 'cubie_shelf_2_p', 's', 2, 1, 1, '1', '0', '0', 3867, '1', '1', '1', '1', '1', 'default', 17, '0', ''),
(89963, 'cubie_rug_p', 'cubie_rug_p', 's', 2, 3, 0.1, '1', '0', '1', 3870, '1', '1', '1', '1', '1', 'default', 3, '0', ''),
(89964, 'cubie_sofaseat_b', 'cubie_sofaseat_b', 's', 1, 1, 1, '0', '1', '0', 3881, '1', '1', '1', '1', '1', 'default', 1, '0', ''),
(89965, 'cubie_table', 'cubie_table', 's', 1, 2, 1, '1', '0', '0', 3880, '1', '1', '1', '1', '1', 'default', 1, '0', ''),
(89966, 'cubie_sofaseat_p', 'cubie_sofaseat_p', 's', 1, 1, 1, '0', '1', '0', 3864, '1', '1', '1', '1', '1', 'default', 1, '0', ''),
(89967, 'cubie_bed_p', 'cubie_bed_p', 's', 1, 3, 1.8, '0', '0', '0', 3868, '1', '1', '1', '1', '1', 'bed', 1, '0', ''),
(89968, 'cubie_shelf_3_b', 'cubie_shelf_3_b', 's', 2, 1, 1, '1', '0', '0', 3872, '1', '1', '1', '1', '1', 'default', 9, '0', ''),
(89969, 'cubie_shelf_2_b', 'cubie_shelf_2_b', 's', 2, 1, 1, '1', '0', '0', 3883, '1', '1', '1', '1', '1', 'default', 14, '0', ''),
(89970, 'cubie_lamp_b', 'cubie_lamp_b', 's', 1, 1, 1, '0', '0', '0', 3858, '1', '1', '1', '1', '1', 'default', 4, '0', '');
INSERT INTO `furniture` (`id`, `public_name`, `item_name`, `type`, `width`, `length`, `stack_height`, `can_stack`, `can_sit`, `is_walkable`, `sprite_id`, `allow_recycle`, `allow_trade`, `allow_marketplace_sell`, `allow_gift`, `allow_inventory_stack`, `interaction_type`, `interaction_modes_count`, `vending_ids`, `foot_figure`) VALUES
(89971, 'cubie_stool_p', 'cubie_stool_p', 's', 1, 1, 1.2, '0', '1', '0', 3878, '1', '1', '1', '1', '1', 'default', 3, '0', ''),
(89972, 'cubie_wallshelf_b', 'cubie_wallshelf_b', 'i', 1, 1, 1, '1', '0', '0', 43831, '1', '1', '1', '1', '1', 'default', 7, '0', ''),
(89973, 'cubie_decklight_p', 'cubie_decklight_p', 'i', 1, 1, 1, '1', '0', '0', 4384, '1', '1', '1', '1', '1', 'default', 2, '0', ''),
(89974, 'cubie_wallshelf_p', 'cubie_wallshelf_p', 'i', 1, 1, 1, '1', '0', '0', 4385, '1', '1', '1', '1', '1', 'default', 7, '0', ''),
(89975, 'cubie_decal_0', 'cubie_decal_0', 'i', 1, 1, 1, '1', '0', '0', 4386, '1', '1', '1', '1', '1', 'default', 1, '0', ''),
(89976, 'cubie_decal_3', 'cubie_decal_3', 'i', 1, 1, 1, '1', '0', '0', 4387, '1', '1', '1', '1', '1', 'default', 3, '0', ''),
(89977, 'cubie_decal_1_p', 'cubie_decal_1_p', 'i', 1, 1, 1, '1', '0', '0', 4388, '1', '1', '1', '1', '1', 'default', 2, '0', ''),
(89978, 'cubie_decklight_b', 'cubie_decklight_b', 'i', 1, 1, 1, '1', '0', '0', 4389, '1', '1', '1', '1', '1', 'default', 2, '0', ''),
(89979, 'cubie_decal_1_b', 'cubie_decal_1_b', 'i', 1, 1, 1, '1', '0', '0', 4390, '1', '1', '1', '1', '1', 'default', 2, '0', ''),
(89980, 'cubie_decal_2_b', 'cubie_decal_2_b', 'i', 1, 1, 1, '1', '0', '0', 4391, '1', '1', '1', '1', '1', 'default', 2, '0', ''),
(89981, 'cubie_decal_3_p', 'cubie_decal_3_p', 'i', 1, 1, 1, '1', '0', '0', 4392, '1', '1', '1', '1', '1', 'default', 3, '0', ''),
(89982, 'cubie_decal_2_p', 'cubie_decal_2_p', 'i', 1, 1, 1, '1', '0', '0', 4393, '1', '1', '1', '1', '1', 'default', 2, '0', ''),
(89983, 'cubie_decal_3_b', 'cubie_decal_3_b', 'i', 1, 1, 1, '1', '0', '0', 4394, '1', '1', '1', '1', '1', 'default', 3, '0', ''),
(292309, 'a0 pet10', 'a0 pet10', 's', 1, 1, 1, '0', '0', '0', 1532, '1', '1', '1', '1', '1', 'pet', 1, '0', ''),
(292311, 'a0 pet8', 'a0 pet8', 's', 1, 1, 1, '1', '0', '0', 5354, '1', '1', '1', '1', '1', 'pet', 1, '0', ''),
(20220, 'a0 pet5', 'a0 pet5', 's', 1, 1, 1, '1', '0', '0', 1532, '1', '1', '1', '1', '1', 'pet', 1, '0', ''),
(292312, 'a0 pet7', 'a0 pet7', 's', 1, 1, 1, '1', '0', '0', 5354, '1', '1', '1', '1', '1', 'pet', 1, '0', ''),
(292313, 'wf_act_show_message', 'wf_act_show_message', 's', 1, 1, 1, '1', '0', '1', 3681, '1', '1', '1', '1', '1', 'default', 1, '0', '');

-- --------------------------------------------------------

--
-- Tabelstructuur voor tabel `fuserights`
--

CREATE TABLE IF NOT EXISTS `fuserights` (
  `rank` int(11) unsigned NOT NULL,
  `fuse` varchar(50) NOT NULL,
  KEY `rank` (`rank`)
) ENGINE=MyISAM DEFAULT CHARSET=latin1;

--
-- Gegevens worden uitgevoerd voor tabel `fuserights`
--

INSERT INTO `fuserights` (`rank`, `fuse`) VALUES
(1, 'fuse_room_queue_default'),
(1, 'fuse_buy_credits'),
(1, 'fuse_login'),
(1, 'default'),
(1, 'fuse_trade'),
(3, 'fuse_mod'),
(6, 'fuse_admin'),
(7, 'fuse_sysadmin'),
(3, 'fuse_enter_any_room'),
(1, 'fuse_club_dances'),
(7, 'fuse_housekeeping_login'),
(4, 'fuse_chatlogs'),
(3, 'fuse_alert'),
(3, 'fuse_kick'),
(4, 'fuse_ban'),
(7, 'fuse_housekeeping_catalog'),
(7, 'fuse_housekeeping_moderation'),
(7, 'fuse_housekeeping_sitemanagement'),
(7, 'fuse_any_room_rights'),
(7, 'fuse_ignore_maintenance'),
(4, 'fuse_mute'),
(3, 'fuse_roomkick'),
(3, 'fuse_roomalert'),
(4, 'fuse_enter_full_rooms');

-- --------------------------------------------------------

--
-- Tabelstructuur voor tabel `fuserights_subs`
--

CREATE TABLE IF NOT EXISTS `fuserights_subs` (
  `sub` varchar(120) NOT NULL,
  `fuse` text NOT NULL,
  KEY `sub` (`sub`)
) ENGINE=MyISAM DEFAULT CHARSET=latin1;

--
-- Gegevens worden uitgevoerd voor tabel `fuserights_subs`
--

INSERT INTO `fuserights_subs` (`sub`, `fuse`) VALUES
('habbo_club', 'fuse_use_club_dance'),
('habbo_club', 'fuse_extended_buddylist'),
('habbo_club', 'fuse_furni_chooser'),
('habbo_club', 'fuse_priority_access'),
('habbo_club', 'fuse_use_club_catalog'),
('habbo_club', 'fuse_habbo_chooser'),
('habbo_club', 'fuse_use_club_outfits'),
('habbo_club', 'fuse_room_queue_club'),
('habbo_club', 'fuse_use_special_room_layouts'),
('habbo_club', 'fuse_use_club_badge'),
('habbo_club', 'fuse_use_wardrobe'),
('club_habbo', 'fuse_use_vip_outfits'),
('club_habbo', 'fuse_use_vip_room_layouts'),
('club_habbo', 'fuse_hide_room_walls');

-- --------------------------------------------------------

--
-- Tabelstructuur voor tabel `help_subjects`
--

CREATE TABLE IF NOT EXISTS `help_subjects` (
  `id` int(11) unsigned NOT NULL AUTO_INCREMENT,
  `caption` varchar(100) NOT NULL,
  PRIMARY KEY (`id`)
) ENGINE=MyISAM  DEFAULT CHARSET=latin1 AUTO_INCREMENT=6 ;

--
-- Gegevens worden uitgevoerd voor tabel `help_subjects`
--

INSERT INTO `help_subjects` (`id`, `caption`) VALUES
(1, 'Uber - General'),
(2, 'Credits, Pixels and Achievements'),
(3, 'Catalogue and Furniture'),
(4, 'Rooms'),
(5, 'Infobus');

-- --------------------------------------------------------

--
-- Tabelstructuur voor tabel `help_topics`
--

CREATE TABLE IF NOT EXISTS `help_topics` (
  `id` int(11) unsigned NOT NULL AUTO_INCREMENT,
  `subject` int(11) unsigned NOT NULL DEFAULT '1',
  `title` varchar(50) NOT NULL,
  `body` text NOT NULL,
  `known_issue` enum('0','1','2') NOT NULL DEFAULT '0',
  PRIMARY KEY (`id`)
) ENGINE=MyISAM  DEFAULT CHARSET=latin1 AUTO_INCREMENT=14 ;

--
-- Gegevens worden uitgevoerd voor tabel `help_topics`
--

INSERT INTO `help_topics` (`id`, `subject`, `title`, `body`, `known_issue`) VALUES
(1, 1, 'What is uberHotel?', 'uberHotel is a test platform for the new Habbo Hotel Emulator, UberEmulator. We are using this hotel to test and verify the stability, performance, and functionality of the server. This means the hotel will only be available temporarily, and certain features may be missing or broken.', '2'),
(2, 1, 'Missing/broken features', 'This article will be updated to reflect an overview of features that are missing or broken.', '2'),
(3, 2, 'How do I get Credits?', 'You can receive credits in a multitude of ways:\r\n\r\n* By signing up to Uber you receive some credits to get you started.\r\n* You will recieve credit updates at preset intervals.\r\n* You can play games and take part in events and competitions for prizes and credits.\r\n* You can trade other users for credits.', '1'),
(4, 2, 'How do I get Pixels?', 'You automatically receive pixels every now and then. You can exchange these for effects, special pixel offers, and credits. You also receive pixels by completing achievements.', '1'),
(5, 2, 'What are achievements and how do I get them?', 'Achievements are special tasks you can complete in the hotel which will give you a certain amount of pixels and a cool badge as reward.', '1'),
(6, 2, 'Are all achievements available on Uber?', 'We have not yet added all achievements. The ones that are available can be seen under the ''Achievements'' tab in your inventory.', '0'),
(7, 1, 'Staff on Uber', 'Uber is being maintained and moderated by a relatively small staff team. They are here to make sure everything works correctly and to help our players and keep them safe.\r\n\r\nIn general we do not have any staff openings; if we are looking for staff it will be announced on the homepage, or we will approach players we deem capable.', '2'),
(8, 3, 'I have a suggestion for new furniture!', 'We do NOT accept any requests for custom furniture or anything along those lines, we only use furniture that is available on the official hotels. If you have suggestions for new furniture, try contacting Habbo. They might like your idea!', '0'),
(9, 3, 'Why is this piece of furniture missing?', 'We may have not added all furniture yet or we may have purposely decided not to put it up for sale. Please do not contact us about this - we are constantly adding new furniture.', '1'),
(10, 5, 'Where is the Infobus?', 'The infobus is currently available in the navigator, although bugged.', '1'),
(11, 3, 'Stacking-related issues', 'The stacking system is a sensitive and complicated mechanism that still requires some work. There is generally no need to report any problems regarding stacking to us, as we are aware of problems relating to it.\r\n\r\nIf there are problems with stacking relating to a specific piece of furniture, then please submit a suggestion or bug report on our UserVoice forum.', '1'),
(12, 1, 'Support Tickets & User Reports', 'We would just like to urge that the ticket system you will find in this help tool and when reporting users is only intended for SERIOUS requests. Yes, it works, and there is no need to test it. Any requests that are offensive, spam, or in anyway inappropriate may result in a ban.\r\n\r\nAlso, when submitting a help request, please keep in mind that it must be in English.', '2'),
(13, 1, 'IMPORTANT: This is an English hotel!', 'Although allowed, we do discourage the use of foreign languages in this hotel so all users and staff can understand each other. Localised rooms and groups may be created but we ask ALL e-mails, support tickets and other communications to staff are in CLEAR, FLUENT ENGLISH. If we find this allowance abused by people swearing etc in their own langugage they will be banned IMMEDIATELY and this allowance discontinued.', '2');

-- --------------------------------------------------------

--
-- Tabelstructuur voor tabel `ipn_requests`
--

CREATE TABLE IF NOT EXISTS `ipn_requests` (
  `id` int(11) NOT NULL AUTO_INCREMENT,
  `date` text NOT NULL,
  `ip` text NOT NULL,
  `status` enum('0','1','2','3','4','5','6') NOT NULL DEFAULT '0' COMMENT '0 = Error, 1 = OK, 2 = Forced, 3 = Auth failure, 4 = UID not found, 5 = Forced, 6 = Data failure',
  `request_data` text NOT NULL,
  `user_id` int(10) unsigned NOT NULL DEFAULT '0',
  `balance_diff` int(11) NOT NULL DEFAULT '0',
  PRIMARY KEY (`id`)
) ENGINE=MyISAM DEFAULT CHARSET=latin1 AUTO_INCREMENT=1 ;

--
-- Gegevens worden uitgevoerd voor tabel `ipn_requests`
--


-- --------------------------------------------------------

--
-- Tabelstructuur voor tabel `items`
--

CREATE TABLE IF NOT EXISTS `items` (
  `id` int(10) unsigned NOT NULL,
  `room_id` int(10) NOT NULL,
  `user_id` int(10) unsigned NOT NULL,
  `base_item` int(10) unsigned NOT NULL,
  `extra_data` text NOT NULL,
  `x` int(11) NOT NULL,
  `y` int(11) NOT NULL,
  `z` double NOT NULL,
  `rot` int(11) NOT NULL,
  `wall_pos` varchar(100) NOT NULL,
  `fw_count` int(10) NOT NULL DEFAULT '0'
) ENGINE=MyISAM DEFAULT CHARSET=latin1;

--
-- Gegevens worden uitgevoerd voor tabel `items`
--


-- --------------------------------------------------------

--
-- Tabelstructuur voor tabel `messenger_friendships`
--

CREATE TABLE IF NOT EXISTS `messenger_friendships` (
  `user_one_id` int(10) unsigned NOT NULL,
  `user_two_id` int(10) unsigned NOT NULL,
  KEY `user_one_id` (`user_one_id`)
) ENGINE=MyISAM DEFAULT CHARSET=latin1;

--
-- Gegevens worden uitgevoerd voor tabel `messenger_friendships`
--


-- --------------------------------------------------------

--
-- Tabelstructuur voor tabel `messenger_requests`
--

CREATE TABLE IF NOT EXISTS `messenger_requests` (
  `from_id` int(10) unsigned NOT NULL,
  `to_id` int(10) unsigned NOT NULL,
  `id` int(11) unsigned NOT NULL AUTO_INCREMENT,
  PRIMARY KEY (`id`)
) ENGINE=MyISAM  DEFAULT CHARSET=latin1 AUTO_INCREMENT=3 ;

--
-- Gegevens worden uitgevoerd voor tabel `messenger_requests`
--


-- --------------------------------------------------------

--
-- Tabelstructuur voor tabel `moderation_forum_replies`
--

CREATE TABLE IF NOT EXISTS `moderation_forum_replies` (
  `id` int(10) unsigned NOT NULL AUTO_INCREMENT,
  `thread_id` int(10) unsigned NOT NULL,
  `poster` varchar(120) NOT NULL,
  `date` varchar(50) NOT NULL,
  `message` text NOT NULL,
  PRIMARY KEY (`id`)
) ENGINE=MyISAM DEFAULT CHARSET=latin1 AUTO_INCREMENT=1 ;

--
-- Gegevens worden uitgevoerd voor tabel `moderation_forum_replies`
--


-- --------------------------------------------------------

--
-- Tabelstructuur voor tabel `moderation_forum_threads`
--

CREATE TABLE IF NOT EXISTS `moderation_forum_threads` (
  `id` int(10) unsigned NOT NULL AUTO_INCREMENT,
  `poster` varchar(100) NOT NULL,
  `subject` varchar(120) NOT NULL,
  `date` varchar(50) NOT NULL,
  `timestamp` double NOT NULL,
  `message` text NOT NULL,
  `locked` enum('0','1') NOT NULL DEFAULT '0',
  PRIMARY KEY (`id`)
) ENGINE=MyISAM  DEFAULT CHARSET=latin1 AUTO_INCREMENT=3 ;

--
-- Gegevens worden uitgevoerd voor tabel `moderation_forum_threads`
--


-- --------------------------------------------------------

--
-- Tabelstructuur voor tabel `moderation_presets`
--

CREATE TABLE IF NOT EXISTS `moderation_presets` (
  `id` int(10) unsigned NOT NULL AUTO_INCREMENT,
  `enabled` enum('0','1') NOT NULL DEFAULT '1',
  `type` enum('message','roommessage') NOT NULL DEFAULT 'message',
  `message` text NOT NULL,
  PRIMARY KEY (`id`)
) ENGINE=MyISAM  DEFAULT CHARSET=latin1 AUTO_INCREMENT=13 ;

--
-- Gegevens worden uitgevoerd voor tabel `moderation_presets`
--

INSERT INTO `moderation_presets` (`id`, `enabled`, `type`, `message`) VALUES
(5, '1', 'message', 'Wij kunnen je hier niet mee helpen, We hebben het door gegeven aan Eties.'),
(6, '1', 'roommessage', 'Het taalgebruik in deze kamer is tegen de Meet Regels. Pas het taalgebruik aan of de kamer zal worden gesloten.'),
(7, '1', 'message', 'Vragen voor staff of credits wordt bij herhaling afgestraft met een ban.'),
(8, '1', 'message', 'Je taalgebruik is tegen de regels! Pas dit aan.'),
(9, '1', 'message', 'Sexueel getinte en rasistise opmerkingen hoeven we hier niet!'),
(10, '1', 'message', 'Doe je niet voor als staff of scheld geen andere staffleden uit.'),
(11, '1', 'roommessage', 'Er doen zich momenteel wat fouten voor in deze kamer. Daarom wordt deze even gesloten. Onze excuses voor het ongemak!'),
(12, '0', 'message', 'Newly generated preset - please update');

-- --------------------------------------------------------

--
-- Tabelstructuur voor tabel `moderation_tickets`
--

CREATE TABLE IF NOT EXISTS `moderation_tickets` (
  `id` int(10) unsigned NOT NULL AUTO_INCREMENT,
  `score` int(11) NOT NULL,
  `type` int(11) NOT NULL,
  `status` enum('open','picked','resolved','abusive','invalid','deleted') NOT NULL DEFAULT 'open',
  `sender_id` int(10) unsigned NOT NULL,
  `reported_id` int(10) unsigned NOT NULL,
  `moderator_id` int(10) unsigned NOT NULL,
  `message` text NOT NULL,
  `room_id` int(10) unsigned NOT NULL,
  `room_name` varchar(100) NOT NULL,
  `timestamp` double NOT NULL,
  PRIMARY KEY (`id`)
) ENGINE=MyISAM DEFAULT CHARSET=latin1 AUTO_INCREMENT=1 ;

--
-- Gegevens worden uitgevoerd voor tabel `moderation_tickets`
--


-- --------------------------------------------------------

--
-- Tabelstructuur voor tabel `navigator_flatcats`
--

CREATE TABLE IF NOT EXISTS `navigator_flatcats` (
  `id` int(11) NOT NULL AUTO_INCREMENT,
  `caption` varchar(100) NOT NULL,
  `enabled` enum('0','1') NOT NULL DEFAULT '1',
  `min_rank` int(11) NOT NULL DEFAULT '1',
  PRIMARY KEY (`id`)
) ENGINE=MyISAM  DEFAULT CHARSET=latin1 AUTO_INCREMENT=15 ;

--
-- Gegevens worden uitgevoerd voor tabel `navigator_flatcats`
--

INSERT INTO `navigator_flatcats` (`id`, `caption`, `enabled`, `min_rank`) VALUES
(0, 'No Category', '1', 1),
(1, 'Staff Rooms', '0', 6),
(2, 'Competition Category', '0', 1),
(3, 'Unused Category', '0', 1),
(4, 'Themed & RPG Rooms', '1', 1),
(5, 'Restaurant, Bar & Night Club Rooms', '1', 1),
(6, 'Club & Group Rooms', '1', 1),
(7, 'Chat, Chill & Discussion Rooms', '1', 1),
(8, 'Maze & Theme Park Rooms', '1', 1),
(9, 'Trading & Shopping Rooms', '1', 1),
(10, 'Gaming & Race Rooms', '1', 1),
(11, 'Hair Salons & Modelling Rooms', '1', 1),
(12, 'Help Centre, Guide & Service Rooms', '1', 1),
(13, 'School, Daycare & Adoption Rooms', '1', 1),
(14, 'All Other Rooms', '1', 1);

-- --------------------------------------------------------

--
-- Tabelstructuur voor tabel `navigator_publics`
--

CREATE TABLE IF NOT EXISTS `navigator_publics` (
  `id` int(11) NOT NULL AUTO_INCREMENT,
  `ordernum` int(11) unsigned NOT NULL DEFAULT '1',
  `bannertype` enum('0','1') NOT NULL DEFAULT '0' COMMENT '0 = big, 1 = normal',
  `caption` varchar(100) NOT NULL,
  `image` text NOT NULL,
  `image_type` enum('internal','external') NOT NULL DEFAULT 'internal',
  `room_id` int(10) unsigned NOT NULL DEFAULT '0',
  `category_parent_id` int(11) NOT NULL DEFAULT '0',
  `enabled` enum('0','1') NOT NULL DEFAULT '1',
  `recommended` enum('0','1') NOT NULL DEFAULT '0',
  `category` enum('0','1') NOT NULL DEFAULT '0',
  PRIMARY KEY (`id`)
) ENGINE=MyISAM  DEFAULT CHARSET=latin1 AUTO_INCREMENT=16 ;

--
-- Gegevens worden uitgevoerd voor tabel `navigator_publics`
--

INSERT INTO `navigator_publics` (`id`, `ordernum`, `bannertype`, `caption`, `image`, `image_type`, `room_id`, `category_parent_id`, `enabled`, `recommended`, `category`) VALUES
(1, 1, '0', 'Ontvangstruimte', 'welcome_lounge', 'internal', 1, 0, '1', '1', '0'),
(2, 2, '1', 'Theather', 'theatredrome', 'internal', 0, 13, '1', '0', '0'),
(3, 3, '1', 'Club Orient', '', 'internal', 3, 0, '1', '0', '0'),
(4, 4, '1', 'Picknick Ruimte', 'picnic', 'internal', 4, 12, '1', '0', '0'),
(5, 5, '1', 'Thee Ruimte', 'tearoom', 'internal', 5, 14, '1', '0', '0'),
(6, 6, '1', 'Meet Hotel Lounge', 'dusty_lounge', 'internal', 6, 0, '1', '0', '0'),
(7, 7, '1', 'Meet Hotel Bioscoop', 'habbo_cinema', 'internal', 7, 13, '1', '0', '0'),
(8, 8, '1', 'Infobus', 'park', 'internal', 8, 12, '1', '0', '0'),
(9, 9, '1', 'Star Lounge', 'star_lounge', 'internal', 9, 13, '1', '0', '0'),
(11, 10, '0', 'Lido', 'habbo_lido', 'internal', 19, 15, '1', '0', '0'),
(12, 11, '1', 'Outsides', '', 'internal', 1, 0, '1', '0', '1'),
(13, 12, '1', 'Entertainment', '', 'internal', 1, 0, '1', '0', '1'),
(14, 13, '0', 'Restaurants', '', 'internal', 0, 0, '1', '0', '1'),
(15, 14, '0', 'Pooling', '', 'internal', 0, 0, '1', '0', '1');

-- --------------------------------------------------------

--
-- Tabelstructuur voor tabel `quests`
--

CREATE TABLE IF NOT EXISTS `quests` (
  `id` int(10) unsigned NOT NULL AUTO_INCREMENT,
  `type` varchar(100) NOT NULL,
  `action` varchar(100) NOT NULL,
  `needofcount` int(10) NOT NULL DEFAULT '1',
  `enabled` enum('0','1') NOT NULL DEFAULT '1',
  `level_num` int(10) NOT NULL DEFAULT '1',
  `pixel_reward` int(10) NOT NULL DEFAULT '50',
  PRIMARY KEY (`id`)
) ENGINE=MyISAM  DEFAULT CHARSET=latin1 AUTO_INCREMENT=25 ;

--
-- Gegevens worden uitgevoerd voor tabel `quests`
--

INSERT INTO `quests` (`id`, `type`, `action`, `needofcount`, `enabled`, `level_num`, `pixel_reward`) VALUES
(1, 'room_builder', 'MOVE_ITEM', 3, '1', 1, 50),
(2, 'identity', 'CHANGE_FIGURE', 1, '1', 1, 50),
(3, 'social', 'CHAT_WITH_SOMEONE', 1, '1', 6, 50),
(4, 'social', 'REQUEST_FRIEND', 1, '1', 2, 50),
(5, 'social', 'GIVE_RESPECT', 1, '1', 3, 50),
(7, 'room_builder', 'ROTATE_ITEM', 3, '1', 2, 50),
(6, 'social', 'DANCE', 1, '1', 5, 50),
(8, 'social', 'WAVE', 1, '1', 4, 50),
(9, 'room_builder', 'STACKITEM', 3, '1', 3, 50),
(10, 'room_builder', 'PICKUPITEM', 1, '1', 4, 50),
(11, 'room_builder', 'PLACEWALLPAPER', 1, '1', 7, 50),
(12, 'room_builder', 'SWITCHSTATE', 3, '1', 6, 50),
(13, 'room_builder', 'PLACEFLOOR', 1, '1', 8, 50),
(14, 'room_builder', 'PLACEITEM', 1, '1', 5, 50),
(15, 'social', 'ENTEROTHERSROOM', 1, '1', 1, 50),
(16, 'identity', 'WEARBADGE', 1, '1', 3, 50),
(17, 'identity', 'CHANGEMOTTO', 1, '1', 2, 50),
(18, 'explore', 'FINDLIFEGUARDTOWER', 1, '1', 1, 50),
(19, 'explore', 'SWIM', 1, '1', 2, 50),
(20, 'explore', 'FINDSURFBOARD', 1, '1', 3, 50),
(21, 'explore', 'FINDBEETLE', 1, '1', 4, 50),
(22, 'explore', 'FINDNEONFLOOR', 1, '1', 5, 50),
(23, 'explore', 'FINDDISCOBALL', 1, '1', 6, 50),
(24, 'explore', 'FINDJUKEBOX', 1, '1', 7, 50);

-- --------------------------------------------------------

--
-- Tabelstructuur voor tabel `ranks`
--

CREATE TABLE IF NOT EXISTS `ranks` (
  `id` int(11) unsigned NOT NULL AUTO_INCREMENT,
  `name` varchar(50) NOT NULL,
  `prefix` text NOT NULL,
  `suffix` text NOT NULL,
  PRIMARY KEY (`id`)
) ENGINE=MyISAM  DEFAULT CHARSET=latin1 AUTO_INCREMENT=8 ;

--
-- Gegevens worden uitgevoerd voor tabel `ranks`
--

INSERT INTO `ranks` (`id`, `name`, `prefix`, `suffix`) VALUES
(1, 'User', '', ''),
(2, 'User (Special Features)', '<b>', '</b>'),
(3, 'Opleidende Moderator', '<span style="color: #04B404;">', '</span>'),
(4, 'Moderator', '<b style="color: #04B404;">', '</b>'),
(5, 'Beheerder', '<b style="color: #04B404;">', '</b>'),
(6, 'Hotel Manager', '<b style="color: darkred;">', '</b>');

-- --------------------------------------------------------

--
-- Tabelstructuur voor tabel `rooms`
--

CREATE TABLE IF NOT EXISTS `rooms` (
  `id` int(10) unsigned NOT NULL AUTO_INCREMENT,
  `roomtype` enum('public','private') NOT NULL DEFAULT 'private',
  `caption` varchar(100) NOT NULL DEFAULT 'Room',
  `owner` varchar(75) NOT NULL DEFAULT '',
  `description` text NOT NULL,
  `category` int(11) NOT NULL DEFAULT '0',
  `state` enum('open','locked','password') NOT NULL DEFAULT 'open',
  `users_now` int(11) NOT NULL DEFAULT '0',
  `users_max` int(11) NOT NULL DEFAULT '25',
  `model_name` varchar(50) NOT NULL,
  `public_ccts` text NOT NULL,
  `score` int(11) NOT NULL DEFAULT '0',
  `tags` text NOT NULL,
  `icon_bg` int(11) NOT NULL DEFAULT '1',
  `icon_fg` int(11) NOT NULL DEFAULT '0',
  `icon_items` text NOT NULL,
  `password` text NOT NULL,
  `wallpaper` varchar(10) NOT NULL DEFAULT '0.0',
  `floor` varchar(10) NOT NULL DEFAULT '0.0',
  `landscape` varchar(10) NOT NULL DEFAULT '0.0',
  `allow_pets` enum('0','1') NOT NULL DEFAULT '1',
  `allow_pets_eat` enum('0','1') NOT NULL DEFAULT '0',
  `allow_walkthrough` enum('0','1') NOT NULL DEFAULT '0',
  `allow_hidewall` enum('0','1') NOT NULL DEFAULT '0',
  PRIMARY KEY (`id`)
) ENGINE=MyISAM  DEFAULT CHARSET=latin1 AUTO_INCREMENT=24 ;

--
-- Gegevens worden uitgevoerd voor tabel `rooms`
--

INSERT INTO `rooms` (`id`, `roomtype`, `caption`, `owner`, `description`, `category`, `state`, `users_now`, `users_max`, `model_name`, `public_ccts`, `score`, `tags`, `icon_bg`, `icon_fg`, `icon_items`, `password`, `wallpaper`, `floor`, `landscape`, `allow_pets`, `allow_pets_eat`, `allow_walkthrough`, `allow_hidewall`) VALUES
(1, 'public', 'Ontvangstruimte', '', 'Waar wij je een warm welkom geven! :D', 0, 'open', 0, 50, 'newbie_lobby', 'hh_room_nlobby', 0, '', 1, 0, '', '', '0.0', '0.0', '0.0', '1', '0', '0', '0'),
(2, 'public', 'Theather', '', 'Voor events.', 0, 'open', 0, 50, 'theater', 'hh_room_theater', 0, '', 1, 0, '', '', '0.0', '0.0', '0.0', '1', '0', '0', '0'),
(3, 'public', 'Club Orient', '', 'Hier houden we de mooiste feesten! :D', 0, 'open', 0, 30, 'orient', 'hh_room_orient', 0, '', 1, 0, '', '', '0.0', '0.0', '0.0', '1', '0', '0', '0'),
(4, 'public', 'Picknick Ruimte', '', 'Hier kan je lekker wortels eten of BBQen!', 0, 'open', 0, 50, 'picnic', 'hh_room_picnic', 0, '', 1, 0, '', '', '0.0', '0.0', '0.0', '1', '0', '0', '0'),
(5, 'public', 'Thee Ruimte ', '', 'Hier kan je lekkere chinese thee drinken :D', 0, 'open', 0, 30, 'tearoom', 'hh_room_tearoom', 0, '', 1, 0, '', '', '0.0', '0.0', '0.0', '1', '0', '0', '0'),
(6, 'public', 'Meet Hotel Lounge', '', 'Voor vergaderingen :D', 0, 'open', 0, 30, 'dusty_lounge', 'hh_room_dustylounge', 0, '', 1, 0, '', '', '0.0', '0.0', '0.0', '1', '0', '0', '0'),
(7, 'public', 'Meet Hotel Bioscoop', '', 'De beste films worden hier gedraait!', 0, 'open', 0, 50, 'cinema_a', 'hh_room_cinema', 0, '', 1, 0, '', '', '0.0', '0.0', '0.0', '1', '0', '0', '0'),
(8, 'public', 'Infobus', '', 'Mis de bus niet!', 0, 'open', 0, 50, 'park_b', 'hh_room_park,hh_room_park_uk', 0, '', 1, 0, '', '', '0.0', '0.0', '0.0', '1', '0', '0', '0'),
(9, 'public', 'Star Lounge', '', 'Voor echte sterren!', 0, 'open', 0, 50, 'star_lounge', 'hh_room_starlounge', 0, '', 1, 0, '', '', '0.0', '0.0', '0.0', '1', '0', '0', '0'),
(19, 'public', 'Lido', '%habboName%', '', 0, 'open', 0, 25, 'pool_a', 'hh_room_pool,hh_people_pool', 0, '', 1, 0, '', '', '0.0', '0.0', '0.0', '1', '0', '0', '0');

-- --------------------------------------------------------

--
-- Tabelstructuur voor tabel `room_ads`
--

CREATE TABLE IF NOT EXISTS `room_ads` (
  `id` int(10) unsigned NOT NULL AUTO_INCREMENT,
  `ad_image` text NOT NULL,
  `ad_image_orig` text NOT NULL,
  `ad_link` text NOT NULL,
  `views` int(11) NOT NULL DEFAULT '0',
  `views_limit` int(11) NOT NULL DEFAULT '0' COMMENT '0 = unlimited',
  `enabled` enum('0','1') NOT NULL DEFAULT '1',
  PRIMARY KEY (`id`)
) ENGINE=MyISAM DEFAULT CHARSET=latin1 AUTO_INCREMENT=1 ;

--
-- Gegevens worden uitgevoerd voor tabel `room_ads`
--


-- --------------------------------------------------------

--
-- Tabelstructuur voor tabel `room_items_moodlight`
--

CREATE TABLE IF NOT EXISTS `room_items_moodlight` (
  `item_id` int(10) unsigned NOT NULL,
  `enabled` enum('0','1') NOT NULL DEFAULT '0',
  `current_preset` int(11) NOT NULL,
  `preset_one` text NOT NULL,
  `preset_two` text NOT NULL,
  `preset_three` text NOT NULL,
  KEY `item_id` (`item_id`)
) ENGINE=MyISAM DEFAULT CHARSET=latin1;

--
-- Gegevens worden uitgevoerd voor tabel `room_items_moodlight`
--


-- --------------------------------------------------------

--
-- Tabelstructuur voor tabel `room_models`
--

CREATE TABLE IF NOT EXISTS `room_models` (
  `id` varchar(100) NOT NULL,
  `door_x` int(11) NOT NULL,
  `door_y` int(11) NOT NULL,
  `door_z` double NOT NULL,
  `door_dir` int(4) NOT NULL DEFAULT '2',
  `heightmap` text NOT NULL,
  `public_items` text NOT NULL,
  `club_only` enum('0','1') NOT NULL DEFAULT '0',
  PRIMARY KEY (`id`)
) ENGINE=MyISAM DEFAULT CHARSET=latin1;

--
-- Gegevens worden uitgevoerd voor tabel `room_models`
--

INSERT INTO `room_models` (`id`, `door_x`, `door_y`, `door_z`, `door_dir`, `heightmap`, `public_items`, `club_only`) VALUES
('model_a', 3, 5, 0, 2, 'xxxxxxxxxxxx\r\nxxxx00000000\r\nxxxx00000000\r\nxxxx00000000\r\nxxxx00000000\r\nxxxx00000000\r\nxxxx00000000\r\nxxxx00000000\r\nxxxx00000000\r\nxxxx00000000\r\nxxxx00000000\r\nxxxx00000000\r\nxxxx00000000\r\nxxxx00000000\r\nxxxxxxxxxxxx\r\nxxxxxxxxxxxx', '', '0'),
('model_b', 0, 5, 0, 2, 'xxxxxxxxxxxx\r\nxxxxx0000000\r\nxxxxx0000000\r\nxxxxx0000000\r\nxxxxx0000000\r\nx00000000000\r\nx00000000000\r\nx00000000000\r\nx00000000000\r\nx00000000000\r\nx00000000000\r\nxxxxxxxxxxxx\r\nxxxxxxxxxxxx\r\nxxxxxxxxxxxx\r\nxxxxxxxxxxxx\r\nxxxxxxxxxxxx', '', '0'),
('model_c', 4, 7, 0, 2, 'xxxxxxxxxxxx\r\nxxxxxxxxxxxx\r\nxxxxxxxxxxxx\r\nxxxxxxxxxxxx\r\nxxxxxxxxxxxx\r\nxxxxx000000x\r\nxxxxx000000x\r\nxxxxx000000x\r\nxxxxx000000x\r\nxxxxx000000x\r\nxxxxx000000x\r\nxxxxxxxxxxxx\r\nxxxxxxxxxxxx\r\nxxxxxxxxxxxx\r\nxxxxxxxxxxxx\r\nxxxxxxxxxxxx', '', '0'),
('model_d', 4, 7, 0, 2, 'xxxxxxxxxxxx\r\nxxxxx000000x\r\nxxxxx000000x\r\nxxxxx000000x\r\nxxxxx000000x\r\nxxxxx000000x\r\nxxxxx000000x\r\nxxxxx000000x\r\nxxxxx000000x\r\nxxxxx000000x\r\nxxxxx000000x\r\nxxxxx000000x\r\nxxxxx000000x\r\nxxxxx000000x\r\nxxxxx000000x\r\nxxxxxxxxxxxx', '', '0'),
('model_e', 1, 5, 0, 2, 'xxxxxxxxxxxx\r\nxxxxxxxxxxxx\r\nxxxxxxxxxxxx\r\nxx0000000000\r\nxx0000000000\r\nxx0000000000\r\nxx0000000000\r\nxx0000000000\r\nxx0000000000\r\nxx0000000000\r\nxx0000000000\r\nxxxxxxxxxxxx\r\nxxxxxxxxxxxx\r\nxxxxxxxxxxxx\r\nxxxxxxxxxxxx\r\nxxxxxxxxxxxx', '', '0'),
('model_f', 2, 5, 0, 2, 'xxxxxxxxxxxx\r\nxxxxxxx0000x\r\nxxxxxxx0000x\r\nxxx00000000x\r\nxxx00000000x\r\nxxx00000000x\r\nxxx00000000x\r\nx0000000000x\r\nx0000000000x\r\nx0000000000x\r\nx0000000000x\r\nxxxxxxxxxxxx\r\nxxxxxxxxxxxx\r\nxxxxxxxxxxxx\r\nxxxxxxxxxxxx\r\nxxxxxxxxxxxx', '', '0'),
('model_i', 0, 10, 0, 2, 'xxxxxxxxxxxxxxxxx\r\nx0000000000000000\r\nx0000000000000000\r\nx0000000000000000\r\nx0000000000000000\r\nx0000000000000000\r\nx0000000000000000\r\nx0000000000000000\r\nx0000000000000000\r\nx0000000000000000\r\nx0000000000000000\r\nx0000000000000000\r\nx0000000000000000\r\nx0000000000000000\r\nx0000000000000000\r\nx0000000000000000\r\nx0000000000000000\r\nx0000000000000000\r\nx0000000000000000\r\nx0000000000000000\r\nx0000000000000000\r\nx0000000000000000\r\nx0000000000000000\r\nx0000000000000000\r\nx0000000000000000\r\nx0000000000000000\r\nx0000000000000000\r\nxxxxxxxxxxxxxxxxx', '', '0'),
('model_j', 0, 10, 0, 2, 'xxxxxxxxxxxxxxxxxxxxx\r\nxxxxxxxxxxx0000000000\r\nxxxxxxxxxxx0000000000\r\nxxxxxxxxxxx0000000000\r\nxxxxxxxxxxx0000000000\r\nxxxxxxxxxxx0000000000\r\nxxxxxxxxxxx0000000000\r\nx00000000000000000000\r\nx00000000000000000000\r\nx00000000000000000000\r\nx00000000000000000000\r\nx00000000000000000000\r\nx00000000000000000000\r\nx00000000000000000000\r\nx00000000000000000000\r\nx00000000000000000000\r\nx00000000000000000000\r\nx0000000000xxxxxxxxxx\r\nx0000000000xxxxxxxxxx\r\nx0000000000xxxxxxxxxx\r\nx0000000000xxxxxxxxxx\r\nx0000000000xxxxxxxxxx\r\nx0000000000xxxxxxxxxx\r\nxxxxxxxxxxxxxxxxxxxxx', '', '0'),
('model_k', 0, 13, 0, 2, 'xxxxxxxxxxxxxxxxxxxxxxxxx\r\nxxxxxxxxxxxxxxxxx00000000\r\nxxxxxxxxxxxxxxxxx00000000\r\nxxxxxxxxxxxxxxxxx00000000\r\nxxxxxxxxxxxxxxxxx00000000\r\nxxxxxxxxx0000000000000000\r\nxxxxxxxxx0000000000000000\r\nxxxxxxxxx0000000000000000\r\nxxxxxxxxx0000000000000000\r\nx000000000000000000000000\r\nx000000000000000000000000\r\nx000000000000000000000000\r\nx000000000000000000000000\r\nx000000000000000000000000\r\nx000000000000000000000000\r\nx000000000000000000000000\r\nx000000000000000000000000\r\nxxxxxxxxx0000000000000000\r\nxxxxxxxxx0000000000000000\r\nxxxxxxxxx0000000000000000\r\nxxxxxxxxx0000000000000000\r\nxxxxxxxxx0000000000000000\r\nxxxxxxxxx0000000000000000\r\nxxxxxxxxx0000000000000000\r\nxxxxxxxxx0000000000000000\r\nxxxxxxxxx0000000000000000\r\nxxxxxxxxx0000000000000000\r\nxxxxxxxxxxxxxxxxxxxxxxxxx', '', '0'),
('model_l', 0, 16, 0, 2, 'xxxxxxxxxxxxxxxxxxxxx\r\nx00000000000000000000\r\nx00000000000000000000\r\nx00000000000000000000\r\nx00000000000000000000\r\nx00000000000000000000\r\nx00000000000000000000\r\nx00000000000000000000\r\nx00000000000000000000\r\nx00000000xxxx00000000\r\nx00000000xxxx00000000\r\nx00000000xxxx00000000\r\nx00000000xxxx00000000\r\nx00000000xxxx00000000\r\nx00000000xxxx00000000\r\nx00000000xxxx00000000\r\nx00000000xxxx00000000\r\nx00000000xxxx00000000\r\nx00000000xxxx00000000\r\nx00000000xxxx00000000\r\nx00000000xxxx00000000\r\nxxxxxxxxxxxxxxxxxxxxx', '', '0'),
('model_m', 0, 15, 0, 2, 'xxxxxxxxxxxxxxxxxxxxxxxxxxxxx\r\nxxxxxxxxxxx00000000xxxxxxxxxx\r\nxxxxxxxxxxx00000000xxxxxxxxxx\r\nxxxxxxxxxxx00000000xxxxxxxxxx\r\nxxxxxxxxxxx00000000xxxxxxxxxx\r\nxxxxxxxxxxx00000000xxxxxxxxxx\r\nxxxxxxxxxxx00000000xxxxxxxxxx\r\nxxxxxxxxxxx00000000xxxxxxxxxx\r\nxxxxxxxxxxx00000000xxxxxxxxxx\r\nxxxxxxxxxxx00000000xxxxxxxxxx\r\nxxxxxxxxxxx00000000xxxxxxxxxx\r\nx0000000000000000000000000000\r\nx0000000000000000000000000000\r\nx0000000000000000000000000000\r\nx0000000000000000000000000000\r\nx0000000000000000000000000000\r\nx0000000000000000000000000000\r\nx0000000000000000000000000000\r\nx0000000000000000000000000000\r\nxxxxxxxxxxx00000000xxxxxxxxxx\r\nxxxxxxxxxxx00000000xxxxxxxxxx\r\nxxxxxxxxxxx00000000xxxxxxxxxx\r\nxxxxxxxxxxx00000000xxxxxxxxxx\r\nxxxxxxxxxxx00000000xxxxxxxxxx\r\nxxxxxxxxxxx00000000xxxxxxxxxx\r\nxxxxxxxxxxx00000000xxxxxxxxxx\r\nxxxxxxxxxxx00000000xxxxxxxxxx\r\nxxxxxxxxxxx00000000xxxxxxxxxx\r\nxxxxxxxxxxx00000000xxxxxxxxxx\r\nxxxxxxxxxxxxxxxxxxxxxxxxxxxxx', '', '0'),
('model_n', 0, 16, 0, 2, 'xxxxxxxxxxxxxxxxxxxxx\r\nx00000000000000000000\r\nx00000000000000000000\r\nx00000000000000000000\r\nx00000000000000000000\r\nx00000000000000000000\r\nx00000000000000000000\r\nx000000xxxxxxxx000000\r\nx000000x000000x000000\r\nx000000x000000x000000\r\nx000000x000000x000000\r\nx000000x000000x000000\r\nx000000x000000x000000\r\nx000000x000000x000000\r\nx000000xxxxxxxx000000\r\nx00000000000000000000\r\nx00000000000000000000\r\nx00000000000000000000\r\nx00000000000000000000\r\nx00000000000000000000\r\nx00000000000000000000\r\nxxxxxxxxxxxxxxxxxxxxx', '', '0'),
('model_g', 1, 7, 1, 2, 'xxxxxxxxxxxx\r\nxxxxxxxxxxxx\r\nxxxxxxx00000\r\nxxxxxxx00000\r\nxxxxxxx00000\r\nxx1111000000\r\nxx1111000000\r\nxx1111000000\r\nxx1111000000\r\nxx1111000000\r\nxxxxxxx00000\r\nxxxxxxx00000\r\nxxxxxxx00000\r\nxxxxxxxxxxxx\r\nxxxxxxxxxxxx\r\nxxxxxxxxxxxx\r\nxxxxxxxxxxxx', '', '1'),
('model_q', 10, 4, 2, 2, 'xxxxxxxxxxxxxxxxxxx\r\nxxxxxxxxxxx22222222\r\nxxxxxxxxxxx22222222\r\nxxxxxxxxxxx22222222\r\nxxxxxxxxxxx22222222\r\nxxxxxxxxxxx22222222\r\nxxxxxxxxxxx22222222\r\nx222222222222222222\r\nx222222222222222222\r\nx222222222222222222\r\nx222222222222222222\r\nx222222222222222222\r\nx222222222222222222\r\nx2222xxxxxxxxxxxxxx\r\nx2222xxxxxxxxxxxxxx\r\nx2222211111xx000000\r\nx222221111110000000\r\nx222221111110000000\r\nx2222211111xx000000\r\nxx22xxx1111xxxxxxxx\r\nxx11xxx1111xxxxxxxx\r\nx1111xx1111xx000000\r\nx1111xx111110000000\r\nx1111xx111110000000\r\nx1111xx1111xx000000\r\nxxxxxxxxxxxxxxxxxxx', '', '1'),
('model_o', 0, 18, 1, 2, 'xxxxxxxxxxxxxxxxxxxxxxxxx\r\nxxxxxxxxxxxxx11111111xxxx\r\nxxxxxxxxxxxxx11111111xxxx\r\nxxxxxxxxxxxxx11111111xxxx\r\nxxxxxxxxxxxxx11111111xxxx\r\nxxxxxxxxxxxxx11111111xxxx\r\nxxxxxxxxxxxxx11111111xxxx\r\nxxxxxxxxxxxxx11111111xxxx\r\nxxxxxxxxxxxxx00000000xxxx\r\nxxxxxxxxx0000000000000000\r\nxxxxxxxxx0000000000000000\r\nxxxxxxxxx0000000000000000\r\nxxxxxxxxx0000000000000000\r\nxxxxxxxxx0000000000000000\r\nxxxxxxxxx0000000000000000\r\nx111111100000000000000000\r\nx111111100000000000000000\r\nx111111100000000000000000\r\nx111111100000000000000000\r\nx111111100000000000000000\r\nx111111100000000000000000\r\nx111111100000000000000000\r\nx111111100000000000000000\r\nxxxxxxxxx0000000000000000\r\nxxxxxxxxx0000000000000000\r\nxxxxxxxxx0000000000000000\r\nxxxxxxxxx0000000000000000\r\nxxxxxxxxxxxxxxxxxxxxxxxxx', '', '1'),
('model_r', 10, 4, 3, 2, 'xxxxxxxxxxxxxxxxxxxxxxxxx\r\nxxxxxxxxxxx33333333333333\r\nxxxxxxxxxxx33333333333333\r\nxxxxxxxxxxx33333333333333\r\nxxxxxxxxxx333333333333333\r\nxxxxxxxxxxx33333333333333\r\nxxxxxxxxxxx33333333333333\r\nxxxxxxx333333333333333333\r\nxxxxxxx333333333333333333\r\nxxxxxxx333333333333333333\r\nxxxxxxx333333333333333333\r\nxxxxxxx333333333333333333\r\nxxxxxxx333333333333333333\r\nx4444433333xxxxxxxxxxxxxx\r\nx4444433333xxxxxxxxxxxxxx\r\nx44444333333222xx000000xx\r\nx44444333333222xx000000xx\r\nxxx44xxxxxxxx22xx000000xx\r\nxxx33xxxxxxxx11xx000000xx\r\nxxx33322222211110000000xx\r\nxxx33322222211110000000xx\r\nxxxxxxxxxxxxxxxxx000000xx\r\nxxxxxxxxxxxxxxxxx000000xx\r\nxxxxxxxxxxxxxxxxx000000xx\r\nxxxxxxxxxxxxxxxxx000000xx\r\nxxxxxxxxxxxxxxxxxxxxxxxxx', '', '1'),
('model_p', 0, 23, 2, 2, 'xxxxxxxxxxxxxxxxxxx\r\nxxxxxxx222222222222\r\nxxxxxxx222222222222\r\nxxxxxxx222222222222\r\nxxxxxxx222222222222\r\nxxxxxxx222222222222\r\nxxxxxxx222222222222\r\nxxxxxxx22222222xxxx\r\nxxxxxxx11111111xxxx\r\nx222221111111111111\r\nx222221111111111111\r\nx222221111111111111\r\nx222221111111111111\r\nx222221111111111111\r\nx222221111111111111\r\nx222221111111111111\r\nx222221111111111111\r\nx2222xx11111111xxxx\r\nx2222xx00000000xxxx\r\nx2222xx000000000000\r\nx2222xx000000000000\r\nx2222xx000000000000\r\nx2222xx000000000000\r\n22222xx000000000000\r\nx2222xx000000000000\r\nxxxxxxxxxxxxxxxxxxx', '', '1'),
('model_h', 4, 4, 1, 2, 'xxxxxxxxxxxx\r\nxxxxxxxxxxxx\r\nxxxxx111111x\r\nxxxxx111111x\r\nxxxxx111111x\r\nxxxxx111111x\r\nxxxxx111111x\r\nxxxxx000000x\r\nxxxxx000000x\r\nxxx00000000x\r\nxxx00000000x\r\nxxx00000000x\r\nxxx00000000x\r\nxxxxxxxxxxxx\r\nxxxxxxxxxxxx\r\nxxxxxxxxxxxx', '', '1'),
('old_skool', 2, 1, 0, 2, 'xx0xxxxxxxxxxxxxx\r\n0000000xxx00000xx\r\n0000000x0000000xx\r\n0000000xxxxxxxxxx\r\n0000000000000000x\r\n0000000000000000x\r\n0000000000000000x\r\n0000000000000000x\r\n0000000000000000x\r\n0000000000000000x\r\n0000000000000000x\r\n0000000000000000x\r\n0000000000000000x\r\n0000000000000000x\r\n0000000000000000x\r\n0000000000000000x\r\n0000000000000000x\r\n0000000000000000x\r\n00000000000000000\r\n0000000000000000x\r\n0000000000000000x\r\n0000000000000000x\r\n0000000000000000x\r\n0000000000000000x\r\n0000000000000000x', 'SLHk49mobiles_chair3QBPAHHHk410mobiles_chair3RBPAHHHk411mobiles_chair3SBPAHHHk412mobiles_chair3PCPAHHHe101mobiles_chair1IRBHPAHe1010mobiles_chair1RBRBHPAHe110mobiles_chair1HSBHJHb111mobiles_table2ISBHHHc112mobiles_table3JSBHHHe113mobiles_chair1KSBHRAHb1110mobiles_table2RBSBHHHc1111mobiles_table3SBSBHHHa121mobiles_table1IPCHHHd122mobiles_table4JPCHHHe129mobiles_chair1QBPCHJHa1210mobiles_table1RBPCHHHd1211mobiles_table4SBPCHHHe1212mobiles_chair1PCPCHRAHe131mobiles_chair1IQCHHHe1311mobiles_chair1SBQCHHHe150mobiles_chair1HSCHPAHe170mobiles_chair1HQDHJHb171mobiles_table2IQDHHHc172mobiles_table3JQDHHHe173mobiles_chair1KQDHRAHa181mobiles_table1IRDHHHd182mobiles_table4JRDHHHe192mobiles_chair1JSDHHHe211mobiles_chair1IQEHPAHb216mobiles_table2RAQEHHHc217mobiles_table3SAQEHHHe2112mobiles_chair1PCQEHPAHe220mobiles_chair1HREHJHb221mobiles_table2IREHHHc222mobiles_table3JREHHHe223mobiles_chair1KREHRAHe225mobiles_chair1QAREHJHa226mobiles_table1RAREHHHd227mobiles_table4SAREHHHe228mobiles_chair1PBREHRAHe2211mobiles_chair1SBREHJHb2212mobiles_table2PCREHHHc2213mobiles_table3QCREHHHe2214mobiles_chair1RCREHRAHa231mobiles_table1ISEHHHd232mobiles_table4JSEHHHa2312mobiles_table1PCSEHHHd2313mobiles_table4QCSEHHHe241mobiles_chair1IPFHHHe247mobiles_chair1SAPFHPAHe2413mobiles_chair1QCPFHH', '0'),
('pizza', 5, 27, 1, 2, 'xxxxxxxxx0000000\r\nx11111x1xx000000\r\n11xxxxx111x00000\r\n11x1111111xx0000\r\n11x1111111100000\r\nxxx1111111100000\r\n1111111111100000\r\n1111111111100000\r\n1111111111100000\r\n1111111111100000\r\n1111111111100000\r\n1111111111100000\r\n1111111111100000\r\n1111111111100000\r\n1111111111100000\r\n1111111111100000\r\n1111111111100000\r\n11111111111xxxxx\r\n1111111111xxxxxx\r\n1111111111111111\r\n1111111111111111\r\n1111111111111111\r\n1111111111111111\r\n1111111111111111\r\n1111111111111111\r\n11xx11xx11111111\r\nxxxx11xxxxxxxxxx\r\nxxxx11xxxxxxxxxx', 'QGHa015pizza_plant1SCHHJHe314pizza_sofa1RCKHPAHE315pizza_sofa2SCKHPAHc515pizza_tableSCQAHJHb60pizza_plant2HRAIJHf614pizza_sofa3RCRAHHHF615pizza_sofa4SCRAHHHd81pizza_chairIPBIPAHd82pizza_chairJPBIPAHc102pizza_tableJRBIJHe1014pizza_sofa1RCRBHPAHE1015pizza_sofa2SCRBHPAHd111pizza_chairISBIHHd112pizza_chairJSBIHHc1215pizza_tableSCPCHJHf1314pizza_sofa3RCQCHHHF1315pizza_sofa4SCQCHHHd161pizza_chairIPDIPAHd162pizza_chairJPDIPAHc182pizza_tableJRDIJHd191pizza_chairISDIHHd192pizza_chairJSDIHHd2111pizza_chairSBQEIJHd2114pizza_chairRCQEIRAHd2211pizza_chairSBREIJHc2213pizza_tableQCREIHHd2214pizza_chairRCREIRAHa250pizza_plant1HQFIJHa2515pizza_plant1SCQFIJ', '0'),
('pub_a', 15, 25, 0, 2, 'xxxxxxxxxxxxxxxxxxxxxxxxx\r\nxxxxxxxxx2222222211111xxx\r\nxxxxxxxxx2222222211111xxx\r\nxxxxxxxxx2222222211111xxx\r\nxxxxxxxxx2222222211111xxx\r\nxxxxxxxxx2222222222111xxx\r\nxxxxxxxxx2222222222111xxx\r\nxxxxxxxxx2222222222000xxx\r\nxxxxxxxxx2222222222000xxx\r\nxxxxxxxxx2222222222000xxx\r\nxxxxxxxxx2222222222000xxx\r\nx333333332222222222000xxx\r\nx333333332222222222000xxx\r\nx333333332222222222000xxx\r\nx333333332222222222000xxx\r\nx333333332222222222000xxx\r\nx333332222222222222000xxx\r\nx333332222222222222000xxx\r\nx333332222222222222000xxx\r\nx333332222222222222000xxx\r\nx333333332222222222000xxx\r\nxxxxx31111112222222000xxx\r\nxxxxx31111111000000000xxx\r\nxxxxx31111111000000000xxx\r\nxxxxx31111111000000000xxx\r\nxxxxx31111111000000000xxx\r\nxxxxxxxxxxxxxxx00xxxxxxxx\r\nxxxxxxxxxxxxxxx00xxxxxxxx\r\nxxxxxxxxxxxxxxx00xxxxxxxx\r\nxxxxxxxxxxxxxxx00xxxxxxxx\r\nxxxxxxxxxxxxxxxxxxxxxxxxx', 'SWHS119pub_sofa2SDIIPAHs120pub_sofaPEIIPAHs121pub_sofaQEIIPAHq211bardesk1SBJJHHc212pub_chairPCJJRAHQ311bardesk2SBKJHHq411bardesk1SBPAJHHc412pub_chairPCPAJRAHQ511bardesk2SBQAJHHf518pub_fenceRDQAJIHq611bardesk1SBRAJHHc612pub_chairPCRAJRAHf618pub_fenceRDRAJHHQ711bardesk2SBSAJHHf718pub_fenceRDSAJHHq811bardesk1SBPBJHHc812pub_chairPCPBJRAHf818pub_fenceRDPBJHHw910bardesk4RBQBJHHW911bardesk3SBQBJHHf918pub_fenceRDQBJHHf1018pub_fenceRDRBJHHC112pub_chair2JSBKPAHC113pub_chair2KSBKPAHC115pub_chair2QASBKPAHC116pub_chair2RASBKPAHf118pub_fencePBSBKIHf1118pub_fenceRDSBJHHf128pub_fencePBPCKHHf1218pub_fenceRDPCJHHf138pub_fencePBQCKHHC139pub_chair2QBQCJJHk1314pub_chair3RCQCJJHT1315pub_table2SCQCJIHk1316pub_chair3PDQCJRAHf1318pub_fenceRDQCJHHf148pub_fencePBRCKJHC149pub_chair2QBRCJJHk1414pub_chair3RCRCJJHT1415pub_table2SCRCJJHk1416pub_chair3PDRCJRAHf1418pub_fenceRDRCJHHt151pub_tableISCKHHf155pub_fenceQASCKIHf1518pub_fenceRDSCJHHS161pub_sofa2IPDKJHf165pub_fenceQAPDKHHf1618pub_fenceRDPDJHHs171pub_sofaIQDKJHf175pub_fenceQAQDKHHk1713pub_chair3QCQDJPAHk1714pub_chair3RCQDJPAHk1715pub_chair3SCQDJPAHk1716pub_chair3PDQDJPAHf1718pub_fenceRDQDJHHs181pub_sofaIRDKJHf185pub_fenceQARDKHHT1813pub_table2QCRDJQAHT1814pub_table2RCRDJRAHT1815pub_table2SCRDJRAHT1816pub_table2PDRDJPAHf1818pub_fenceRDRDJHHs192pub_sofaJSDKHHS193pub_sofa2KSDKHHf195pub_fenceQASDKHHk1913pub_chair3QCSDJHHk1914pub_chair3RCSDJHHk1915pub_chair3SCSDJHHk1916pub_chair3PDSDJHHf1918pub_fenceRDSDJHHf201pub_fenceIPEKQAHf202pub_fenceJPEKRAHf203pub_fenceKPEKRAHf204pub_fencePAPEKRAHf205pub_fenceQAPEKKHf2018pub_fenceRDPEJHHS217pub_sofa2SAQEIPAHs218pub_sofaPBQEIPAHf2112pub_fencePCQEJQAHf2113pub_fenceQCQEJRAHf2114pub_fenceRCQEJRAHf2115pub_fenceSCQEJRAHf2116pub_fencePDQEJRAHf2117pub_fenceQDQEJRAHf2118pub_fenceRDQEJKHS226pub_sofa2RAREIJHt2215pub_tableSCREHHHC2216pub_chair2PDREHPAHC2217pub_chair2QDREHPAHs236pub_sofaRASEIJHT238pub_table2PBSEIIHs246pub_sofaRAPFIJHT248pub_table2PBPFIHHs256pub_sofaRAQFIJHT258pub_table2PBQFIJ', '0'),
('newbie_lobby', 2, 11, 0, 2, 'xxxxxxxxxxxxxxxx000000\r\nxxxxx0xxxxxxxxxx000000\r\nxxxxx00000000xxx000000\r\nxxxxx000000000xx000000\r\n0000000000000000000000\r\n0000000000000000000000\r\n0000000000000000000000\r\n0000000000000000000000\r\n0000000000000000000000\r\nxxxxx000000000000000xx\r\nxxxxx000000000000000xx\r\nx0000000000000000000xx\r\nx0000000000000000xxxxx\r\nxxxxxx00000000000xxxxx\r\nxxxxxxx0000000000xxxxx\r\nxxxxxxxx000000000xxxxx\r\nxxxxxxxx000000000xxxxx\r\nxxxxxxxx000000000xxxxx\r\nxxxxxxxx000000000xxxxx\r\nxxxxxxxx000000000xxxxx\r\nxxxxxxxx000000000xxxxx\r\nxxxxxx00000000000xxxxx\r\nxxxxxx00000000000xxxxx\r\nxxxxxx00000000000xxxxx\r\nxxxxxx00000000000xxxxx\r\nxxxxxx00000000000xxxxx\r\nxxxxx000000000000xxxxx\r\nxxxxx000000000000xxxxx', 'SOHa016crl_lampPDHHHHy017crl_sofa2cQDHHPAHw018crl_sofa2bRDHHPAHv019crl_sofa2aSDHHPAHa020crl_lampPEHHHHb116crl_chairPDIHJHa27crl_lampSAJHHHa211crl_lampSBJHHHb216crl_chairPDJHJHc35crl_pillarQAKHHHb37crl_chairSAKHJHu39crl_table1bQBKHHHs311crl_sofa1cSBKHRAHb316crl_chairPDKHJHA319crl_table2bSDKHHHz320crl_table2aPEKHHHa40crl_lampHPAHHHy41crl_sofa2cIPAHPAHw42crl_sofa2bJPAHPAHv43crl_sofa2aKPAHPAHa44crl_lampPAPAHHHt49crl_table1aQBPAHHHr411crl_sofa1bSBPAHRAHh415crl_wall2aSCPAHHHa416crl_lampPDPAHHHb50crl_chairHQAHJHb57crl_chairSAQAHJHq511crl_sofa1aSBQAHRAHA62crl_table2bJRAHHHz63crl_table2aKRAHHHa611crl_lampSBRAHHHb70crl_chairHSAHJHa80crl_lampHPBHHHD81crl_sofa3cIPBHHHC82crl_sofa3bJPBHHHB83crl_sofa3aKPBHHHa84crl_lampPAPBHHHo819crl_barchair2SDPBHHHp820crl_tablebarPEPBHHHo821crl_barchair2QEPBHHHE95crl_pillar2QAQBHHHc99crl_pillarQBQBHHHP158crl_desk1aPBSCHHHO159crl_deskiQBSCHHHN1510crl_deskhRBSCHHHM1610crl_deskgRBPDHHHL1710crl_deskfRBQDHHHK1810crl_deskeRBRDHHHK1910crl_deskeRBSDHHHK2010crl_deskeRBPEHHHK2110crl_deskeRBQEHHHK2210crl_deskeRBREHHHK2310crl_deskeRBSEHHHG247crl_wallbSAPFHHHK2410crl_deskeRBPFHHHF257crl_wallaSAQFHHHH258crl_desk1bPBQFHHHI259crl_desk1cQBQFHHHJ2510crl_desk1dRBQFHHHd2712crl_lamp2PCSFHHHf2713crl_cabinet2QCSFHHHe2714crl_cabinet1RCSFHHHd2715crl_lamp2SCSFHH', '0'),
('tearoom', 21, 19, 1, 6, 'xxxxxxxxxxxxxxxxxxxxxx\r\nxxxxxxxx3333x33333333x\r\n333333xx3333x33333333x\r\n3333333x3333x33333333x\r\n3333333x3333x33333333x\r\n3333333xxxxxx33333333x\r\n333333333333333333333x\r\n333333333333333333333x\r\n333333333333333333333x\r\n333333333333333333333x\r\n33333333222x333333333x\r\n33333333222x333333333x\r\n33333333222x333333333x\r\n33333333222x333333333x\r\n33333333111x333333333x\r\n33333333111x333333333x\r\n33333333111x333333333x\r\nxxxxxxxx111xxxxxxxxxxx\r\n11111111111111111111xx\r\n1111111111111111111111\r\n1111111111111111111111\r\n11111111111111111111xx', 'QIHh113hardwoodsofa1QCIKPAHi114hardwoodsofa2RCIKPAHj115hardwoodsofa3SCIKPAHc116teabambooPDIKHHh118hardwoodsofa1RDIKPAHi119hardwoodsofa2SDIKPAHj120hardwoodsofa3PEIKPAHl313teasmalltable1QCKKHHk315teasmalltable2SCKKHHl318teasmalltable1RDKKHHk320teasmalltable2PEKKHHe62teastoolJRAKPAHe63teastoolKRAKPAHf68chinastoolredPBRAKPAHf69chinastoolredQBRAKPAHf610chinastoolredRBRAKPAHf611chinastoolredSBRAKPAHa82teatable1JPBKHHb83teatable2KPBKHHm92teastool2JQBKHHm93teastool2KQBKHHe916teastoolPDQBKPAHe917teastoolQDQBKPAHa1116teatable1PDSBKHHb1117teatable2QDSBKHHe122teastoolJPCKPAHe123teastoolKPCKPAHm1216teastool2PDPCKHHm1217teastool2QDPCKHHa142teatable1JRCKHHb143teatable2KRCKHHm152teastool2JSCKHHm153teastool2KSCKHHd180teavaseHRDIHHg190chinastoolgreenHSDIJHg200chinastoolgreenHPEIJHd210teavaseHQEIH', '0'),
('rooftop', 17, 12, 4, 2, '44xxxxxxxxxxxxxxxxxx\r\n444xxxxxxxxxxx444444\r\n4444xxxxxxxxxx444444\r\n44444xxxx4xxxx444444\r\n444444xxx44xxx444444\r\n44444444444444444444\r\n44444444444444444444\r\n44444444444444444444\r\n44444444xx44xx44xx44\r\n44444444xx44xx44xx44\r\n44444444444444444444\r\n44444444444444444444\r\n44444444444444444444\r\nx444444x444444xx4444\r\nx444444x444444xx333x\r\nx444444x444444xx222x\r\nx444444x444444xx11xx\r\nx444444x444444xxxxxx', 'PKHa10rooftop_minichairHIPAPAHd116rooftop_flatcurbPDIPAPAHe117rooftop_flatcurb2QDIPAPAHc20rooftop_rodtableHJPAHHa21rooftop_minichairIJPARAHa30rooftop_minichairHKPAHHd416rooftop_flatcurbPDPAPAHHe417rooftop_flatcurb2QDPAPAHHa62rooftop_minichairJRAPAPAHa71rooftop_minichairISAPAJHc72rooftop_rodtableJSAPAHHa73rooftop_minichairKSAPARAHa82rooftop_minichairJPBPAHHa90rooftop_minichairHQBPAPAHb100rooftop_emptytableHRBPAHHa110rooftop_minichairHSBPAHHd131rooftop_flatcurbIQCPAJHd136rooftop_flatcurbRAQCPARAHd138rooftop_flatcurbPBQCPAJHd1313rooftop_flatcurbQCQCPARAHf141rooftop_flatcurb3IRCPAJHf146rooftop_flatcurb3RARCPARAHf148rooftop_flatcurb3PBRCPAJHf1413rooftop_flatcurb3QCRCPARAHf151rooftop_flatcurb3ISCPAJHf156rooftop_flatcurb3RASCPARAHf158rooftop_flatcurb3PBSCPAJHf1513rooftop_flatcurb3QCSCPARAHf161rooftop_flatcurb3IPDPAJHf166rooftop_flatcurb3RAPDPARAHf168rooftop_flatcurb3PBPDPAJHf1613rooftop_flatcurb3QCPDPARAHg171rooftop_flatcurb4IQDPAHHf172rooftop_flatcurb3JQDPAHHf173rooftop_flatcurb3KQDPAHHf174rooftop_flatcurb3PAQDPAHHf175rooftop_flatcurb3QAQDPAHHh176rooftop_flatcurb5RAQDPAHHg178rooftop_flatcurb4PBQDPAHHf179rooftop_flatcurb3QBQDPAHHf1710rooftop_flatcurb3RBQDPAHHf1711rooftop_flatcurb3SBQDPAHHf1712rooftop_flatcurb3PCQDPAHHh1713rooftop_flatcurb5QCQDPAH', '0'),
('rooftop_2', 4, 9, 0, 2, 'x0000x000\r\nxxxxxx000\r\n000000000\r\n000000000\r\n000000000\r\n000000000\r\n000000000\r\n000000000\r\n000000000\r\n000000000\r\nxxx000xxx\r\nxxx000xxx', 'RDHk08rooftop_bigchairPBHHPAHl18rooftop_bigtablePBIHHHj20rooftop_sofabHJHPAHi21rooftop_sofaIJHPAHk28rooftop_bigchairPBJHHHk38rooftop_bigchairPBKHPAHl48rooftop_bigtablePBPAHHHj50rooftop_sofabHQAHHHi51rooftop_sofaIQAHHHk58rooftop_bigchairPBQAHHHj60rooftop_sofabHRAHPAHi61rooftop_sofaIRAHPAHj67rooftop_sofabSARAHPAHi68rooftop_sofaPBRAHPAHj90rooftop_sofabHQBHHHi91rooftop_sofaIQBHHHj97rooftop_sofabSAQBHHHi98rooftop_sofaPBQBHH', '0'),
('star_lounge', 37, 36, 0, 2, 'xxxxxxxxxxxxxxxxxxxxxxxxxxxxxxxxxxxxxxxxxxxxxxxxxx\r\nxxxxxxxxxxxxxxxxxxxxxxxxxxxxxxxxxxxxxxxxxxxxxxxxxx\r\nxxxxxxxxxxxxxxxxxxxxxxxxxxxxxxxxxxxxxxxxxxxxxxxxxx\r\nxxxxxxxxxxxxxxxxxxxxxxxxxxxxxxxxxxxxxxxxxxxxxxxxxx\r\nxxxxxxxxxxxxxxxxxxxxxxxxxxxxxxxxxxxxxxxxxxxxxxxxxx\r\nxxxxxxxxxxxxxxxxxxxxxxxxxxxxxxxxxxxxxxxxxxxxxxxxxx\r\nxxxxxxxxxxxxxxxxxxxxxxxxxxxxxxxxxxxxxxxxxxxxxxxxxx\r\nxxxxxxxxxxxxxxxxxxxxxxxxxxxxxxxxxxxxxxxxxxxxxxxxxx\r\nxxxxxxxxxxxxxxxxxxxxxxxxxxxxxxxxxxxxxxxxxxxxxxxxxx\r\nxxxxxxxxxxxxxxxxxxxxxxxxxxxxxxxxxxxxxxxxxxxxxxxxxx\r\nxxxxxxxxxxxxxxxxxxxxxxxxxxxxxxxxxxxxxxxxxxxxxxxxxx\r\nxxxxxxxxxxxxxxxxxxxxxxxxxxxxxxxxxxxxxxxxxxxxxxxxxx\r\nxxxxxxxxxxxxxxxxxxxxxxxxxxxxxxxxxxxxxxxxxxxxxxxxxx\r\nxxxxxxxxxxxxxxxxxxxxxxxxxxxxxxxxxxxxxxxxxxxxxxxxxx\r\nxxxxxxxxxxxxxxxxxxxxxxxxxxxxxxxxxxxxxxxxxxxxxxxxxx\r\nxxxxxxxxxxxxxxxxxxxxx2222x4444442222xxxxxxxxxxxxxx\r\nxxxxxxxxxxxxxxxxxxxxx22222x444x32222xxxxxxxxxxxxxx\r\nxxxxxxxxxxxxxxxxxxxxx22222xx4xx22222xxxxxxxxxxxxxx\r\nxxxxxxxxxxxxxxxxxxxxx222222222222222xxxxxxxxxxxxxx\r\nxxxxxxxxxxxxxxxxxxxxx222222222222222xxxxxxxxxxxxxx\r\nxxxxxxxxxxxxxxxxxxxxx222222222222222xxxxxxxxxxxxxx\r\nxxxxxxxxxxxxxxxxxxxxx222222222222222xxxxxxxxxxxxxx\r\nxxxxxxxxxxxxxxxxxxxxx222222222222222xxxxxxxxxxxxxx\r\nxxxxxxxxxxxxxxxxxxxxx222222222222222xxxxxxxxxxxxxx\r\nxxxxxxxxxxxxxxxxxxxxx22222222222222211111xxxxxxxxx\r\nxxxxxxxxxxxxxxxxxxxxx22222222222222211111xxxxxxxxx\r\nxxxxxxxxxxxxxxxxxxxxx22222222222222211111xxxxxxxxx\r\nxxxxxxxxxxxxxxxxxxxxx22222222222222211111xxxxxxxxx\r\nxxxxxxxxxxxxxxxxxxxxx22222222222222222111xxxxxxxxx\r\nxxxxxxxxxxxxxxxxxxxxx22222222222222222111xxxxxxxxx\r\nxxxxxxxxxxxxxxxx3333x22222222222222xxxxxxxxxxxxxxx\r\nxxxxxxxxxxxxxxxx3333x22222222222222xxxxxxxxxxxxxxx\r\nxxxxxxxxxxxxxxxx3333x22222222221111xxxxxxxxxxxxxxx\r\nxxxxxxxxxxxxxxxx3333xx2x22222220000xxxxxxxxxxxxxxx\r\nxxxxxxxxxxxxxxxx333333332222222000000xxxxxxxxxxxxx\r\nxxxxxxxxxxxxxxxx333333332222222x0000000xxxxxxxxxxx\r\nxxxxxxxxxxxxxxxxx33333332222222x0000000xxxxxxxxxxx\r\nxxxxxxxxxxxxxxxxxxxxxxxxx222222000000xxxxxxxxxxxxx\r\nxxxxxxxxxxxxxxxxxxxxxxxxxxxxxxxxxxxxxxxxxxxxxxxxxx\r\nxxxxxxxxxxxxxxxxxxxxxxxxxxxxxxxxxxxxxxxxxxxxxxxxxx\r\nxxxxxxxxxxxxxxxxxxxxxxxxxxxxxxxxxxxxxxxxxxxxxxxxxx\r\nxxxxxxxxxxxxxxxxxxxxxxxxxxxxxxxxxxxxxxxxxxxxxxxxxx\r\nxxxxxxxxxxxxxxxxxxxxxxxxxxxxxxxxxxxxxxxxxxxxxxxxxx\r\nxxxxxxxxxxxxxxxxxxxxxxxxxxxxxxxxxxxxxxxxxxxxxxxxxx\r\nxxxxxxxxxxxxxxxxxxxxxxxxxxxxxxxxxxxxxxxxxxxxxxxxxx\r\nxxxxxxxxxxxxxxxxxxxxxxxxxxxxxxxxxxxxxxxxxxxxxxxxxx\r\nxxxxxxxxxxxxxxxxxxxxxxxxxxxxxxxxxxxxxxxxxxxxxxxxxx\r\nxxxxxxxxxxxxxxxxxxxxxxxxxxxxxxxxxxxxxxxxxxxxxxxxxx\r\nxxxxxxxxxxxxxxxxxxxxxxxxxxxxxxxxxxxxxxxxxxxxxxxxxx\r\nxxxxxxxxxxxxxxxxxxxxxxxxxxxxxxxxxxxxxxxxxxxxxxxxxx', 'PXHk1521star_tableQESCJHHa1522star_sofaRESCJPAHb1523star_sofa2SESCJPAHz1524palmPFSCJHHb1621star_sofa2QEPDJJHQ1632dj1PHPDJHHW1633dj2QHPDJHHE1634dj3RHPDJHHa1721star_sofaQEQDJJHm1728star_microphonePGQDPAHHb1821star_sofa2QERDJJHa1835star_sofaSHRDJRAHa1921star_sofaQESDJJHb1935star_sofa2SHSDJRAHb2021star_sofa2QEPEJJHb2024star_sofa2PFPEJJHa2032star_sofaPHPEJRAHa2035star_sofaSHPEJRAHa2121star_sofaQEQEJJHa2124star_sofaPFQEJJHb2132star_sofa2PHQEJRAHb2135star_sofa2SHQEJRAHc2221star_sofachairQEREJJHk2224star_tablePFREJHHb2225star_sofa2QFREJHHa2226star_sofaRFREJHHb2230star_sofa2RGREJHHa2231star_sofaSGREJHHk2232star_tablePHREJHHk2235star_tableSHREJHHz2321palmQESEJHHa2335star_sofaSHSEJRAHp2422bar10REPFJHHb2435star_sofa2SHPFJRAHa2437star_sofaQIPFIPAHb2438star_sofa2RIPFIPAHa2439star_sofaSIPFIPAHb2440star_sofa2PJPFIPAHo2522bar9REQFJHHb2525star_sofa2QFQFJHHa2526star_sofaRFQFJHHb2530star_sofa2RGQFJHHa2531star_sofaSGQFJHHa2535star_sofaSHQFJRAHb2536star_sofa2PIQFIJHi2622bar8RERFJHHX2625palm1QFRFJHHV2626palm3RFRFJHHC2630palm2RGRFJHHB2631palm4SGRFJHHb2635star_sofa2SHRFJRAHa2636star_sofaPIRFIJHk2639star_tableSIRFIHHk2640star_tablePJRFIHHu2722bar7RESFJHHa2725star_sofaQFSFJPAHb2726star_sofa2RFSFJPAHa2730star_sofaRGSFJPAHb2731star_sofa2SGSFJPAHk2735star_tableSHSFJHHz2736palmPISFIHHk2737star_tableQISFIHHy2822bar6REPGJHHt2922bar5REQGJHHk2925star_tableQFQGJHHk2926star_tableRFQGJHHk3016star_tablePDRGKHHr3022bar4RERGJHHb3116star_sofa2PDSGKJHe3122bar3RESGJHHb3125star_sofa2QFSGJHHa3126star_sofaRFSGJHHa3130star_sofaRGSGJRAHa3216star_sofaPDPHKJHw3222bar2REPHJHHB3225palm4QFPHJHHX3226palm1RFPHJHHb3230star_sofa2RGPHJRAHb3316star_sofa2PDQHKJHq3322bar1REQHJHHa3325star_sofaQFQHJPAHb3326star_sofa2RFQHJPAHa3330star_sofaRGQHJRAHa3416star_sofaPDRHKJHb3430star_sofa2RGRHJRAHV3435palm3SHRHHHHC3436palm2PIRHHHHk3516star_tablePDSHKHHa3530star_sofaRGSHJRAHb3630star_sofa2RGPIJRAHc3725star_sofachairQFQIJHHb3726star_sofa2RFQIJHHa3727star_sofaSFQIJHHb3728star_sofa2PGQIJHHa3729star_sofaQGQIJHHk3730star_tableRGQIJH', '0'),
('netcafe', 22, 12, 0, 2, 'xxxxx1111xxxxxxxxxxx1xxxx\r\nxxxxx1111111111111111xxxx\r\nxxxxx1111111111111111xxxx\r\nxxxxx1111111111111111xxxx\r\nxxxxxxxx0000000000000xxxx\r\n111111100000000000000xxxx\r\n111111100000000000000xxxx\r\n111111100000000000000xxxx\r\nxxxx11100000000000000xxxx\r\nx1xx11100000000000000xxxx\r\nx1xx11100000000000000xxxx\r\nx1xx111000000000000000000\r\nx1xx111000000000000000000\r\nxxxx111000000000000000000\r\nxxxx11100000000000000xxxx\r\nxxxx1110000000xx11111xxxx\r\nxxxxx111110000x111111xxxx\r\nxxxxxx111100001111111xxxx\r\nxxxxxx111100001111111xxxx\r\nxxxxxx111100001111111xxxx\r\nxxxxxx111100001111111xxxx\r\nxxxxxx111100001111111xxxx\r\nxxxxxx111100001111111xxxx\r\nxxxxx1111100001111111xxxx', 'RRHi06shift1RAHIPAHj07shift2SAHIPAHm110mRBIIHHl113lQCIIHHk116kPDIIHHk119kSDIIHHh35kukat6QAKIHHg36kukat5RAKIHHc312kukat2PCKIHHb313kukat1QCKIHHc319kukat2SDKIHHb320kukat1PEKIHHi412shift1PCPAHPAHj413shift2QCPAHPAHi419shift1SDPAHPAHj420shift2PEPAHPAHi50shift1HQAIPAHj51shift2IQAIPAHi52shift1JQAIPAHj53shift2KQAIPAHk715kSCSAHJHo716table2PDSAHRAHz717tablecornerQDSAHHHm718mRDSAHRAHl815lSCPBHJHo816table2PDPBHPAHl818lRDPBHRAHm94mPAQBIRAHk99kQBQBHJHp910table3RBQBHRAHz911tablecornerSBQBHHHm912mPCQBHRAHk915kSCQBHJHo916table2PDQBHJHk918kRDQBHRAHk104kPARBIRAHm109mQBRBHJHp1010table3RBRBHPAHm1012mPCRBHRAHm1015mSCRBHJHo1016table2PDRBHHHk1018kRDRBHRAHl114lPASBIRAHl119lQBSBHJHp1110table3RBSBHJHl1112lPCSBHRAHk124kPAPCIRAHl129lQBPCHJHp1210table3RBPCHHHk1212kPCPCHRAHm134mPAQCIRAHc165kukat2QAPDIHHb166kukat1RAPDIHHc167kukat2SAPDIHHb168kukat1PBPDIHHe169kukat3QBPDIHHd1615kukka2SCPDIHHf179kukat4QBQDIHHk186kRARDIRAHe189kukat3QBRDIHHs1820sofabig3PERDIRAHf199kukat4QBSDIHHn1917table1QDSDIPAHz1918tablecornerRDSDIHHr1920sofabig2PESDIRAHn2017table1QDPEIJHr2020sofabig2PEPEIRAHm216mRAQEIRAHn2117table1QDQEIHHq2120sofabig1PEQEIRAHv2316sofalittle3PDSEIHHu2317sofalittle2QDSEIHHt2318sofalittle1RDSEIHHa2320kukkaPESEIH', '0'),
('dusty_lounge', 14, 1, 2, 4, 'xxxxxxxxxxxxxx22xxxxxxxxxxxxx\r\nxxxxxxxxxx222x222x2xxxxxxxxxx\r\nxxxxxxx33322222222223xxxxxxx3\r\nxxxxxxx33322222222223xxxxxxx3\r\nxxxxxxx33322222222223x33333x3\r\nxxxxxxx33322222222223x33333x3\r\nxx111xx33322222222223xxxxxxx3\r\nxx111xxx332222222222333333333\r\nxx111xxxx32222222222333333333\r\nxx111xxxxxx222222222333333333\r\nxx111xxxxxxx1111111x333333333\r\nxx111xxxxxxx1111111x222222222\r\nxx111xxxxxx111111111111111111\r\nxx111xxxxxx111111111111111111\r\n11111xxxxxx111111111111111111\r\n11111xxxxxx111111111111111111\r\n11x11xxxxxx111111111111111111\r\n11xxxxxxxxx11111111111111111x\r\nx11xxxxxxxxx1111111x1111111xx\r\nxx11xxxxxxx111111111111111xxx\r\nxxx11xxxxxx11111111111111xxxx\r\nxxxx11111111111111111111xxxxx\r\nxxxxx11111111111111xxxxxxxxxx\r\nxxxxxxxxxxx11111111xxxxxxxxxx\r\nxxxxxxxxxxx11111111xxxxxxxxxx', 'QHHc48greenchair2PBPAKPAHd49greenchair1QBPAKPAHc68greenchair2PBRAKHHd69greenchair1QBRAKHHa620dustylampPERAKJHa628dustylampPGRAKJHc73greenchair2KSAIPAHd74greenchair1PASAIPAHc93greenchair2KQBIHHd94greenchair1PAQBIHHb1021yellowchairQERBKJHb1023yellowchairSERBKRAHb1026yellowchairRFRBKJHb1028yellowchairPGRBKRAHc1211greenchair2SBPCIJHc133greenchair2KQCIPAHd134greenchair1PAQCIPAHd1311greenchair1SBQCIJHa1411dustylampSBRCIJHc153greenchair2KSCIHHd154greenchair1PASCIHHc1511greenchair2SBSCIJHb1524yellowchairPFSCIPAHd1611greenchair1SBPDIJHb1722yellowchairREQDIJHa1724dustylampPFQDIJHb1726yellowchairRFQDIRAHa1911dustylampSBSDIJHb1924yellowchairPFSDIHHc2312greenchair2PCSEIJHc2314greenchair2RCSEIRAHd2412greenchair1PCPFIJHd2414greenchair1RCPFIRA', '0'),
('orient', 35, 22, 0, 6, 'xxxxxxxxxxxxxxxxxxxxxxxxxxxxxxxxxxxx\r\nxxxxxxxxxxxxxxxx00000000xxxxxxxxxxxx\r\nxxxxxxxxxxxxxx1000000000xxxxxxxxxxxx\r\nxxxxxxxxxxxxxx1xxxxxxxxxxxxxxxxxxxxx\r\nxxxxxxxxxxxxxx1xxxxxxxxxxxxxxxxxxxxx\r\nxxxxxxxxxxxxxx1xxxxxxxxxxxxxxxxxxxxx\r\nxxxxxxxxxxxxxx1xxxxxxxxxxxxxxxxxxxxx\r\nxxxxxxxxxxxxxx1xxxxxxxxxxxxxxxxxxxxx\r\nxxxxxxxxxxxxxx1xxxxxxxxxxxxxxxxxxxxx\r\nxxxxxxxxxxxxxx1xxxxxxxxxxxxxxxxxxxxx\r\nxxxxxxxxxxxxxx1xx000x000xx111x111xxx\r\nxxxxxxxxxxxxxx1xx000x000xxxxxx1111xx\r\nxxxxxxxxxxxxxx1xx000x000x111111111xx\r\nxxxxxxxxxxxxxx1xx000x000x111111111xx\r\nxxx111111111111xx000x000x111111111xx\r\nxxx1xxxxxxxxxxxxx000x000x111111111xx\r\nxxx1x1111111111000000000x111111111xx\r\nxxx1x1111111111000000000xx1111111xxx\r\nxxx1x11xxxxxx11000000000xx1111111100\r\nxxx111xxxxxxx11000000000011111111100\r\nxxx111xxxxxxx11000000000011111111100\r\nxxxxx1xxxxxxx11000000000011111111100\r\nxxxxx11xxxxxx11000000000xx1111111100\r\nxxxxx1111111111000000000xx1111111xxx\r\nxxxxx1111111111xx000x000x111111111xx\r\nxxxxxxxxxxxxxxxxx000x000x111111111xx\r\nxxxxxxxxxxxxxxxxx000x000x111111111xx\r\nxxxxxxxxxxxxxxxxx000x000x111111111xx\r\nxxxxxxxxxxxxxxxxx000x000x111111111xx\r\nxxxxxxxxxxxxxxxxx000x00xx11xxxx111xx\r\nxxxxxxxxxxxxxxxxxxxxxxxxxx11111111xx', 'SOHd1017benchQDRBHJHd1019benchSDRBHRAHd1021benchQERBHJHd1023benchSERBHRAHd1117benchQDSBHJHd1119benchSDSBHRAHd1121benchQESBHJHd1123benchSESBHRAHb1132koc_chairPHSBIPAHd1217benchQDPCHJHd1219benchSDPCHRAHd1221benchQEPCHJHd1223benchSEPCHRAHb1231koc_chairSGPCIJHa1232koc_tablePHPCIHHb1233koc_chairQHPCIRAHd1317benchQDQCHJHd1319benchSDQCHRAHd1321benchQEQCHJHd1323benchSEQCHRAHb1325koc_chairQFQCIPAHb1332koc_chairPHQCIHHd1417benchQDRCHJHd1419benchSDRCHRAHd1421benchQERCHJHd1423benchSERCHRAHa1425koc_tableQFRCIHHb1426koc_chairRFRCIRAHd1517benchQDSCHJHd1519benchSDSCHRAHd1521benchQESCHJHd1523benchSESCHRAHb1525koc_chairQFSCIHHb1529koc_chairQGSCIJHa1530koc_tableRGSCIHHb1531koc_chairSGSCIRAHb1630koc_chairRGPDIHHc2425chairf1QFPFIJHc2433chairf1QHPFIRAHd2517benchQDQFHJHd2519benchSDQFHRAHd2521benchQEQFHJHd2523benchSEQFHRAHc2525chairf1QFQFIJHc2533chairf1QHQFIRAHd2617benchQDRFHJHd2619benchSDRFHRAHd2621benchQERFHJHd2623benchSERFHRAHc2625chairf1QFRFIJHc2633chairf1QHRFIRAHd2717benchQDSFHJHd2719benchSDSFHRAHd2721benchQESFHJHd2723benchSESFHRAHd2817benchQDPGHJHd2819benchSDPGHRAHd2821benchQEPGHJHd2823benchSEPGHRAHd2917benchQDQGHJHd2919benchSDQGHRAHd2921benchQEQGHJHd2923benchSEQG`hFFRA', '0'),
('theater', 20, 27, 0, 0, 'XXXXXXXXXXXXXXXXXXXXXXX\r\nXXXXXXXXXXXXXXXXXXXXXXX\r\nXXXXXXXXXXXXXXXXXXXXXXX\r\nXXXXXXXXXXXXXXXXXXXXXXX\r\nXXXXXXXXXXXXXXXXXXXXXXX\r\nXXXXXXXXXXXXXXXXXXXXXXX\r\nXXXXXXX111111111XXXXXXX\r\nXXXXXXX11111111100000XX\r\nXXXX00X11111111100000XX\r\nXXXX00x11111111100000XX\r\n4XXX00X11111111100000XX\r\n4440000XXXXXXXXX00000XX\r\n444000000000000000000XX\r\n4XX000000000000000000XX\r\n4XX0000000000000000000X\r\n44400000000000000000000\r\n44400000000000000000000\r\n44X0000000000000000O000\r\n44X11111111111111111000\r\n44X11111111111111111000\r\n33X11111111111111111000\r\n22X11111111111111111000\r\n22X11111111111111111000\r\n22X11111111111111111000\r\n22X11111111111111111000\r\n22X11111111111111111000\r\n22211111111111111111000\r\n22211111111111111111000\r\nXXXXXXXXXXXXXXXXXXXX00X\r\nXXXXXXXXXXXXXXXXXXXX00X', 'QKHm1011micSBRBIHHd112thchair2JSBPAJHd122thchair2JPCPAJHd152thchair2JSCPAJHc156thchair1RASCHHHc157thchair1SASCHHHc158thchair1PBSCHHHc159thchair1QBSCHHHc1510thchair1RBSCHHHc1512thchair1PCSCHHHc1513thchair1QCSCHHHc1514thchair1RCSCHHHc1515thchair1SCSCHHHc1516thchair1PDSCHHHd162thchair2JPDPAJHc206thchair1RAPEIHHc207thchair1SAPEIHHc208thchair1PBPEIHHc209thchair1QBPEIHHc2010thchair1RBPEIHHc2012thchair1PCPEIHHc2013thchair1QCPEIHHc2014thchair1RCPEIHHc2015thchair1SCPEIHHc2016thchair1PDPEIHHc236thchair1RASEIHHc237thchair1SASEIHHc238thchair1PBSEIHHc239thchair1QBSEIHHc2310thchair1RBSEIHHc2312thchair1PCSEIHHc2313thchair1QCSEIHHc2314thchair1RCSEIHHc2315thchair1SCSEIHHc2316thchair1PDSEIHHc266thchair1RARFIHHc267thchair1SARFIHHc268thchair1PBRFIHHc269thchair1QBRFIHHc2610thchair1RBRFIHHc2612thchair1PCRFIHHc2613thchair1QCRFIHHc2614thchair1RCRFIHHc2615thchair1SCRFIHHc2616thchair1PDRFIH', '0'),
('picnic', 16, 5, 2, 4, 'xxxxxxxxxxxxxxxxxxxxxxxxxxxxxxxxxxxxxx\r\nxxxxxxxxxxxxxxxxxxxxxxxxxxxxxxxxxxxxxx\r\nxxxxxxxxxxxxxxxxxxxxxxxxxxxxxxxxxxxxxx\r\nxxxxxxxxxxxxxxxxxxxxxxxxxxxxxxxxxxxxxx\r\nxx22222xxxxxxxxxxxxxxxxxxxxxxxxxxxxxxx\r\n22xxxxxxxxxxxxx22xxxxxxxxxxxxxxxxxxxxx\r\n2222222222222222222x222222222222222222\r\n22222222222222222222222222222222222222\r\n22222222222222222222222222222222222222\r\n22222222222222222222222222222222222222\r\n22222222222xxx222222222222222222222222\r\n2222222222xx33x22222222222222222222222\r\n222222222xx3333x2222222222222222222222\r\n222222222x333333x222222222222222222222\r\n222222222x333333x222222222222222222222\r\n2222222222x3332x2222222222222222222222\r\n22222222222x33x22222222222222222222222\r\n22222222222222222222222222222222222222\r\n22222222222222222222222222222222222222\r\n22222222222222222222222222222222222222\r\n22222222222222222222222222222222222222\r\n22222222222222222222222222222222222222\r\n22222222222222222222222222222222222222\r\n22222222x22222xxxx22222222222222222222\r\n22222222222222xxxx22222222222222222222\r\n22222222222222xxx222222222222222222222\r\n22222222222222222222222222222222222222\r\n22222222222222222222222222222222222222\r\n22222222222222222222222222222222222222\r\n22222222222222222222222222222222222222\r\n22222222222222222222222222222222222222\r\n22222222222222222222222222222222222222\r\n22222222222222222222222222222222222222\r\n22222222222222222222222222222222222222\r\n22222222222222222222222222222222222222\r\n22222222222222222222222222222222222222\r\n22222222222222222222222222222222222222\r\n22222222222222222222222222222222222222\r\n22222222222222222222222222222222222222\r\n22222222222222222222222222222222222222\r\n22222222222222222222222222222222222222\r\n22222222222222222222222222222222222222\r\n22222222222222222222222222222222222222\r\n22222222222222222222222222222222222222', 'PcHh710hedge7RBSAJPAHh711hedge7SBSAJPAHh712hedge7PCSAJPAHh713hedge7QCSAJPAHy714hedge8RCSAJPAHs718hedge2RDSAJPAHh719hedge7SDSAJPAHh720hedge7PESAJPAHh721hedge7QESAJPAHz814hedge9RCPBJPAHz818hedge9RDPBJPAHv93hedge5KQBJPAHz103hedge9KRBJPAHc1112picnic_dummychair1PCSBKPAHc1113picnic_dummychair1QCSBKPAHc1114picnic_dummychair1RCSB`hFFPAHc1310picnic_dummychair1RBQCKJHc1315picnic_dummychair1SCQCKRAHb1321picnic_groundQEQCJPAHb147picnic_groundSARCJPAHc1410picnic_dummychair1RBRCKJHc1415picnic_dummychair1SCRCKRAHb1519picnic_groundSDSCJJHb1523picnic_groundSESCJRAHb165picnic_groundQAPDJJHb169picnic_groundQBPDJRAHL1620picnic_cloth1PEPDJJHL176picnic_cloth1RAQDJJHb1721picnic_groundQEQDJHHb187picnic_groundSARDJHHa190picnic_redbench2HSDJJHA200picnic_redbench1HPEJJHw2011hedge6SBPEJPAHh2012hedge7PCPEJPAHh2013hedge7QCPEJPAHt2014hedge3RCPEJPAHu2017hedge4QDPEJPAHh2018hedge7RDPEJPAHh2019hedge7SDPEJPAHy2020hedge8PEPEJPAHv2111hedge5SBQEJPAHM2112picnic_bench1PCQEJPAHN2113picnic_bench2QCQEJPAHO2114picnic_bench3RCQEJPAHM2117picnic_bench1QDQEJPAHN2118picnic_bench2RDQEJPAHO2119picnic_bench3SDQEJPAHv2120hedge5PEQEJPAHa220picnic_redbench2HREJJHv2211hedge5SBREJPAHv2220hedge5PEREJPAHb2225picnic_groundQFREJPAHA230picnic_redbench1HSEJJHv2311hedge5SBSEJPAHM2312picnic_bench1PCSEJJHM2319picnic_bench1SDSEJRAHv2320hedge5PESEJPAHc246picnic_dummychair1RAPFJPAHd247picnic_dummychair4SAPFJPAHe248picnic_dummychair6PBPFJPAHv2411hedge5SBPFJPAHN2412picnic_bench2PCPFJJHN2419picnic_bench2SDPFJRAHv2420hedge5PEPFJPAHb2423picnic_groundSEPFJJHb2427picnic_groundSFPFJRAHK255picnic_stumpQAQFJJHv2511hedge5SBQFJPAHN2512picnic_bench2PCQFJJHN2519picnic_bench2SDQFJRAHv2520hedge5PEQFJPAHG2524picnic_cloth2PFQFJJHK267picnic_stumpSARFJHHv2611hedge5SBRFJPAHO2612picnic_bench3PCRFJJHH2614picnic_fireplace1RCRFJHHI2616picnic_fireplace2PDRFJJHO2619picnic_bench3SDRFJRAHv2620hedge5PERFJPAHb2625picnic_groundQFRFJHHz2711hedge9SBSFJPAHQ2712picnic_lemonadePCSFJPAHz2720hedge9PESFJPAHE298picnic_firewood2PBQGJHHa300picnic_redbench2HRGJJHD308picnic_firewood1PBRGJHHA310picnic_redbench1HSGJJHD318picnic_firewood1PBSGJHHM3112picnic_bench1PCSGJPAHN3113picnic_bench2QCSGJPAHO3114picnic_bench3RCSGJPAHM3118picnic_bench1RDSGJPAHN3119picnic_bench2SDSGJPAHO3120picnic_bench3PESGJPAHf3127picnic_carrotSFSGJHHf3128picnic_carrotPGSGJHHf3129picnic_carrotQGSGJHHf3130picnic_carrotRGSGJHHf3131picnic_carrotSGSGJHHD328picnic_firewood1PBPHJHHF3212picnic_table2PCPHJJHP3214picnic_tableRCPHJJHF3218picnic_table2RDPHJJHP3220picnic_tablePEPHJJHr333hedge1KQHJPAHD338picnic_firewood1PBQHJHHM3312picnic_bench1PCQHJHHN3313picnic_bench2QCQHJHHO3314picnic_bench3RCQHJHHM3318picnic_bench1RDQHJHHN3319picnic_bench2SDQHJHHO3320picnic_bench3PEQHJHHg3327picnic_cabbageSFQHJHHg3328picnic_cabbagePGQHJHHg3329picnic_cabbageQGQHJHHv343hedge5KRHJPAHD348picnic_firewood1PBRHJHHv353hedge5KSHJPAHD358picnic_firewood1PBSHJHHv363hedge5KPIJPAHD368picnic_firewood1PBPIJHHD378picnic_firewood1PBQIJHHM3712picnic_bench1PCQIJPAHN3713picnic_bench2QCQIJPAHO3714picnic_bench3RCQIJPAHM3718picnic_bench1RDQIJPAHN3719picnic_bench2SDQIJPAHO3720picnic_bench3PEQIJPAHD388picnic_firewood1PBRIJHHF3812picnic_table2PCRIJJHP3814picnic_tableRCRIJJHF3818picnic_table2RDRIJJHP3820picnic_tablePERIJJHJ398picnic_firewood3PBSIJHHM3912picnic_bench1PCSIJHHN3913picnic_bench2QCSIJHHO3914picnic_bench3RCSIJHHM3918picnic_bench1RDSIJHHN3919picnic_bench2SDSIJHHO3920picnic_bench3PESIJH', '0'),
('cinema_a', 20, 27, 1, 0, 'xxxxxxx1xx11111111xxxxxx\r\nxxx1111111111111111xxxxx\r\nxxx111xxxx1111111111xxxx\r\nxxxx2xxxxxxxxxxxxxxxxxxx\r\nxx3x3x333311xxxxxxxxxx11\r\nxx3333333311111111111111\r\nxx3333333311111111111111\r\nxx3333333311111111122111\r\nxx3333333311x22222222111\r\nxx3333333311x22222222111\r\nxx3333333311xxxxxxxxx111\r\nxx3333333311111111111111\r\nxx3333333311111111111111\r\nxx3333333311111111111111\r\nxx3333333311111xxxx11111\r\nxx3333333311111xxxx11111\r\nxx3333333311111xxxx11111\r\nxx3333333311111xxxx11111\r\nxx3333333311111xxxx11111\r\nxx3333333311111xxxx11111\r\nxx3333333311111xxxx11111\r\n333333332111111xxxx11111\r\n333333332111111111111111\r\n333333332111111111111111\r\n333333332111111111111111\r\nxx3333332111111111111111\r\nxxxxxxxxxxxxxxxxxxx11111\r\nxxxxxxxxxxxxxxxxxxx11111\r\nxxxxxxxxxxxxxxxxxxx11111', 'PUHC42orangeJPAKHHA47loungey_chairSAPAKJHV48loungey_tablebigbPBPAKHHA49loungey_chairQBPAKRAHA52loungey_chairJQAKPAHA57loungey_chairSAQAKJHU58loungey_tablebigaPBQAKHHA59loungey_chairQBQAKRAHB62loungey_tableJRAKHHA72loungey_chairJSAKHHh713theater_chairQCSAIHHh714theater_chairRCSAIHHh715theater_chairSCSAIHHh716theater_chairPDSAIHHh717theater_chairQDSAIHHh718theater_chairRDSAIHHz721stairQESAIHHL89lightpoleQBPBKHHq813pomomaskiQCPBJJHq814pomomaskiRCPBJHHq815pomomaskiSCPBJHHq816pomomaskiPDPBJHHq817pomomaskiQDPBJHHq818pomomaskiRDPBJHHq819pomomaskiSDPBJIHz821stairQEPBIHHC92orangeJQBKHHh913theater_chairQCQBJHHh914theater_chairRCQBJHHh915theater_chairSCQBJHHh916theater_chairPDQBJHHh917theater_chairQDQBJHHh918theater_chairRDQBJHHh919theater_chairSDQBJHHh920theater_chairPEQBJHHz921stairQEQBIHHA102loungey_chairJRBKPAHA109loungey_chairQBRBKPAHB112loungey_tableJSBKHHB119loungey_tableQBSBKHHA122loungey_chairJPCKHHA129loungey_chairQBPCKHHd1217cubicb_chairQDPCIRAHc1219cubico_chairSDPCIJHd1315cubicb_chairSCQCIJHL1319lightpoleSDQCIHHd1320cubicb_chairPEQCIRAHL149lightpoleQBRCKHHA152loungey_chairJSCKPAHd1514cubicb_chairRCSCIPAHc1519cubico_chairSDSCIPAHB162loungey_tableJPDKHHA167loungey_chairSAPDKJHB168loungey_tablePBPDKJHA169loungey_chairQBPDKRAHd1613cubicb_chairQCPDIJHd1614cubicb_chairRCPDIRAHC1619orangeSDPDIHHA172loungey_chairJQDKHHA177loungey_chairSAQDKJHB178loungey_tablePBQDKJHA179loungey_chairQBQDKRAHd1719cubicb_chairSDQDIJHC182orangeJRDKHHd1814cubicb_chairRCRDIPAHK192bardesqueJSDKHHK202bardesqueJPEKIHb203bar_chairKPEKRAHL209lightpoleQBPEKHHd2014cubicb_chairRCPEIHHd2019cubicb_chairSDPEIJHc2020cubico_chairPEPEIRAHK212bardesqueJQEKIHb213bar_chairKQEKRAHd2119cubicb_chairSDQEIHHK222bardesqueJREKIHb223bar_chairKREKRAHL2216lightpolePDREIHHc2218cubico_chairRDREIHHK232bardesqueJSEKIHb233bar_chairKSEKRAHK242bardesqueJPFKIHb243bar_chairKPFKRAHK252bardesqueJQFKJ', '0'),
('the_den', 3, 22, 0, 0, '00000000xxxxxxxx\r\n0000000000000000\r\n0000000000000000\r\n000000000000xx00\r\n0000000000000000\r\n0000000000000000\r\n0000000000000000\r\nx000000000000000\r\n0000000000000000\r\n0000000000000000\r\n0000000000000000\r\n0000000000000000\r\nx000000000000000\r\nx000000000000000\r\nx000000000000000\r\nx000000000000000\r\nx000000000000000\r\nx000000000000000\r\nx000000000000000\r\nx000000000000000\r\nxxx00xxxxxxxxxxx\r\nxxx00xxxxxxxxxxx\r\nxxx00xxxxxxxxxxx\r\nGV00000000xxxxxxxx\r\n0000000000000000\r\n0000000000000000\r\n000000000000xx00\r\n0000000000000000\r\n0000000000000000\r\n0000000000000000\r\nx000000000000000\r\n0000000000000000\r\n0000000000000000\r\n0000000000000000\r\n0000000000000000\r\nx000000000000000\r\nx000000000000000\r\nx000000000000000\r\nx000000000000000\r\nx000000000000000\r\nx000000000000000\r\nx000000000000000\r\nx000000000000000\r\nxxx00xxxxxxxxxxx\r\nxxx00xxxxxxxxxxx\r\nxxx00xxxxxxxxxxx', '', '0'),
('model_s', 0, 3, 0, 2, 'xxxxxx\r\nx00000\r\nx00000\r\n000000\r\nx00000\r\nx00000\r\nx00000\r\nx00000', '', '0'),
('park_a', 2, 15, 0, 2, 'xxxxxxxxxxxxxxxxxxxxxxxxxxxxxxxxxxxxxxxxxxxx\r\nxxxxxxxxxxxxxxxxxxxxxxxxxxxxxxxxxxxxxxxxxxxx\r\nxxxxxxxxxxxxxxxxxxxxxxxxxxxxxx0xxxxxxxxxxxxx\r\nxxxxxxxxxxxxxxxxxxxxxxxxxxxxxx00xxxxxxxxxxxx\r\nxxxxxxxxxxxxx0x00xxxxxxxxxxx0x000xxxxxxxxxxx\r\nxxxxxxxxxxxx0000000000000000000000xxxxxxxxxx\r\nxxxxxxxxxxx000000000000000000000000xxxxxxxxx\r\nxxxxxxxxxxx0000000000000000000000000xxxxxxxx\r\nxxxxxxxxxxx00000000000000000000000000xxxxxxx\r\nxxxxxxxx000000000000000000000000000000xxxxxx\r\nxxxxxxx00000000000000000000000000000000xxxxx\r\nxxxxxxx000000000000000000000000000000000xxxx\r\nxxxxxxx0000000000000000000000000000000000xxx\r\nxxxxxxxxx000000000000000000000000000000000xx\r\n00000000000000000000xx00000000000000000000xx\r\n0000000000000000000xxxx00000000000xxxxxxx0xx\r\n0000000000000000000xxxx00000000000x00000xxxx\r\nxxxxx00x0000000000xxxxx0xxxxxx0000x0000000xx\r\nxxxxx0000000000000xxxxx0xx000x0000x000000xxx\r\nxxxxx0000000000000xxxxx0x000000000x00000xxxx\r\nxxxxx000000x0000000xxxx0x000000000xxx00xxxxx\r\nxxxxxxxx000x0000000xxx00xxx000000x0000xxxxxx\r\nxxxxxxxx000x000000xxxx0x0000000000000xxxxxxx\r\nxxxxxxxx000x000000011100000000000000xxxxxxxx\r\nxxxxxxxx000x00000001110000000000000xxxxxxxxx\r\nxxxxxxxxx00x0000000111x00000000x00xxxxxxxxxx\r\nxxxxxxxxxx0x0000000xxx0000000xxxxxxxxxxxxxxx\r\nxxxxxxxxxxxx000000xxxx0000000xxxxxxxxxxxxxxx\r\nxxxxxxxxxxxx000000xxx00xxxxx00xxxxxxxxxxxxxx\r\nxxxxxxxxxxxxxxxxx0xxx0xx000x00xxxxxxxxxxxxxx\r\nxxxxxxxxxxxxxxxxx0xxx0x000000xxxxxxxxxxxxxxx\r\nxxxxxxxxxxxxxxxxx0xxxxx00000xxxxxxxxxxxxxxxx\r\nxxxxxxxxxxxxxxxxx0xxxxx00xxxxxxxxxxxxxxxxxxx\r\nxxxxxxxxxxxxxxxxxxxxxxx0xxxxxxxxxxxxxxxxxxxx', 'RPHN527parkfence2SFQAHHHN529parkfence2QGQAHHHM619parkfence1SDRAHHHO620parkfence3PERAHPAHO621parkfence3QERAHPAHO622parkfence3RERAHPAHN623parkfence2SERAHPAHO624parkfence3PFRAHPAHO625parkfence3QFRAHPAHO626parkfence3RFRAHPAHM627parkfence1SFRAHJHO629parkfence3QGRAHJHN717parkfence2QDSAHHHO719parkfence3SDSAHJHO723parkfence3SESAHJHO727parkfence3SFSAHJHO729parkfence3QGSAHJHO817parkfence3QDPBHJHO819parkfence3SDPBHJHN821parkfence2QEPBHHHO823parkfence3SEPBHJHN825parkfence2QFPBHHHO827parkfence3SFPBHJHO829parkfence3QGPBHJHL98bench2PBQBHPAHK99benchQBQBHPAHO917parkfence3QDQBHJHN919parkfence2SDQBHRAHO921parkfence3QEQBHJHN923parkfence2SEQBHRAHO925parkfence3QFQBHJHN927parkfence2SFQBHRAHO929parkfence3QGQBHJHO1017parkfence3QDRBHJHO1021parkfence3QERBHJHO1025parkfence3QFRBHJHO1029parkfence3QGRBHJHL117bench2SASBHJHM1117parkfence1QDSBHPAHO1118parkfence3RDSBHPAHO1119parkfence3SDSBHPAHO1120parkfence3PESBHPAHN1121parkfence2QESBHJHO1122parkfence3RESBHPAHO1123parkfence3SESBHPAHO1124parkfence3PFSBHPAHN1125parkfence2QFSBHJHO1126parkfence3RFSBHPAHO1127parkfence3SFSBHPAHO1128parkfence3PGSBHPAHM1129parkfence1QGSBHRAHK127benchSAPCHJHL1635bench2SHPDHJHL1637bench2QIPDHPAHK1638benchRIPDHPAHK1735benchSHQDHJHL1827bench2SFRDHPAHK1828benchPGRDHPAHL1835bench2SHRDHJHL1925bench2QFSDHJHK1935benchSHSDHJHK2025benchQFPEHJHL2925bench2QFQGHPAHK2926benchRFQGHPAHL3023bench2SERGHJHK3123benchSESGHJ@`SGSBMRDPBPA0.0I2Mqueue_tile2JMPGRAH0.0I2Mqueue_tile2SAMPFSAJ0.0I2Mqueue_tile2QBMRFSAPA0.0I2Mqueue_tile2SFMSERBJ0.0I2Mqueue_tile2SCMRFPBPA0.0I2Mqueue_tile2REMPGQBH0.0I2Mqueue_tile2PGMPFRBH0.0I2Mqueue_tile2PCMPEPBH0.0I2Mqueue_tile2QGMRFRBJ0.0I2Mqueue_tile2QDMRDQBPA0.0I2Mqueue_tile2RFMRERBJ0.0I2Mqueue_tile2PFMSDRBJ0.0I2Mqueue_tile2PDMPGPBH0.0I2Mqueue_tile2RGMSFRBJ0.0I2Mqueue_tile2RAMRESAPA0.0I2Mqueue_tile2RBMPGSAH0.0I2Mqueue_tile2SDMREQBPA0.0I2Mqueue_tile2QEMRFQBPA0.0I2Mqueue_tile2RCMPFPBH0.0I2Mqueue_tile2KMRDSAPA0.0I2Mqueue_tile2PAMPESAJ0.0I2Mqueue_tile2PBMQFSAJ0.0I2Mqueue_tile2IMPGQAH0.0I2Mqueue_tile2SEMRDRBJ0.0I2Mqueue_tile2QCMREPBPA0.0I2Mqueue_tile2SGMPGRBH0.0I2Mqueue_tile2QAMQESAJ0.0I2Mqueue_tile2QFMPERBH0.0I2Mqueue_tile2RDMPEQBH0.0I2Mqueue_tile2PEMPFQBH0.0I2Mqueue_tile2', '0'),
('park_b', 11, 2, 0, 6, '0000x0000000\r\n0000xx000000\r\n000000000000\r\n00000000000x\r\n000000000000\r\n00x0000x0000', 'QDHC00cornerchair2HHHPAHB01cornerchair1IHHPAHA02chair1JHHPAHA03chair1KHHPAHH05table1QAHHPAHE06chair1lineRAHHPAHA07chair1SAHHPAHF08chair1frontendPBHHPAHJ010hububarRBHHPAHB10cornerchair1HIHJHA20chair1HJHJHA30chair1HKHJHA40chair1HPAHJHF50chair1frontendHQAHJHI53table2KQAHPAHD55modchairQAQAHHHI58table2PBQAHPA', '0'),
('model_0', 0, 4, 0, 2, 'xxxxxxxxxxxxxxxxxxxxxxxxxxxxxxxxxxxxxxxxxxxxxxxxxxxxxxxxxxxxxxxxxxxxx\r\nx00000000xx00000000xx00000000xxxxxxxxxxxxxxxxxxxxxxxxxxxxxxxxxxxxxxxx\r\nx00000000xx00000000xx00000000xxxxxxxxxxxxxxxxxxxxxxxxxxxxxxxxxxxxxxxx\r\nx00000000xx00000000xx00000000xxxxxxxxxxxxxxxxxxxxxxxxxxxxxxxxxxxx0000\r\n000000000xx00000000xx00000000xxxxxxxxxxxxxxxxxxxxxxxxxxxxxxxxxxxx0000\r\nx00000000xx00000000xx00000000xxxxxxxxxxxxxxxxxxxxxxxxxxxxxxxxxxxx0000\r\nx00000000xx00000000xx00000000xxxxxxxxxxxxxxxxxxxxxxxxxxxxxxxxxxxx0000\r\nx00000000xx00000000xx00000000xxxxxxxxxxxxxxxxxxxxxxxxxxxxxxxxxxxxxxxx\r\nx00000000xx00000000xx00000000xxxxxxxxxxxxxxxxxxxxxxxxxxxxxxxxxxxxxxxx\r\nxxxxxxxxxxxxxxxxxxxxxxxxxxxxxxxxxxxxxxxxxxxxxxxxxxxxxxxxxxxxxxxxxxxxx', '', '1');
INSERT INTO `room_models` (`id`, `door_x`, `door_y`, `door_z`, `door_dir`, `heightmap`, `public_items`, `club_only`) VALUES
('model_v', 0, 3, 2, 2, 'xxxxxxxxxxxxxxxxxxxx\r\nx222221111111111111x\r\nx222221111111111111x\r\n2222221111111111111x\r\nx222221111111111111x\r\nx222221111111111111x\r\nx222221111111111111x\r\nxxxxxxxx1111xxxxxxxx\r\nxxxxxxxx0000xxxxxxxx\r\nx000000x0000x000000x\r\nx000000x0000x000000x\r\nx00000000000x000000x\r\nx00000000000x000000x\r\nx000000000000000000x\r\nx000000000000000000x\r\nxxxxxxxx00000000000x\r\nx000000x00000000000x\r\nx000000x0000xxxxxxxx\r\nx00000000000x000000x\r\nx00000000000x000000x\r\nx00000000000x000000x\r\nx00000000000x000000x\r\nxxxxxxxx0000x000000x\r\nx000000x0000x000000x\r\nx000000x0000x000000x\r\nx000000000000000000x\r\nx000000000000000000x\r\nx000000000000000000x\r\nx000000000000000000x\r\nxxxxxxxxxxxxxxxxxxxx', '', '1'),
('model_t', 0, 3, 2, 2, 'xxxxxxxxxxxxxxxxxxxxxxxxxxxxx\r\nx222222222222222222222222222x\r\nx222222222222222222222222222x\r\n2222222222222222222222222222x\r\nx222222222222222222222222222x\r\nx2222xxxxxx222222xxxxxxx2222x\r\nx2222xxxxxx111111xxxxxxx2222x\r\nx2222xx111111111111111xx2222x\r\nx2222xx111111111111111xx2222x\r\nx2222xx11xxx1111xxxx11xx2222x\r\nx2222xx11xxx0000xxxx11xx2222x\r\nx22222111x00000000xx11xx2222x\r\nx22222111x00000000xx11xx2222x\r\nx22222111x00000000xx11xx2222x\r\nx22222111x00000000xx11xx2222x\r\nx22222111x00000000xx11xx2222x\r\nx22222111x00000000xx11xx2222x\r\nx2222xx11xxxxxxxxxxx11xx2222x\r\nx2222xx11xxxxxxxxxxx11xx2222x\r\nx2222xx111111111111111xx2222x\r\nx2222xx111111111111111xx2222x\r\nx2222xxxxxxxxxxxxxxxxxxx2222x\r\nx2222xxxxxxxxxxxxxxxxxxx2222x\r\nx222222222222222222222222222x\r\nx222222222222222222222222222x\r\nx222222222222222222222222222x\r\nx222222222222222222222222222x\r\nxxxxxxxxxxxxxxxxxxxxxxxxxxxxx', '', '1'),
('model_x', 0, 12, 0, 2, 'xxxxxxxxxxxxxxxxxxxx\r\nx000000000000000000x\r\nx000000000000000000x\r\nx000000000000000000x\r\nx000000000000000000x\r\nx000000000000000000x\r\nx000000000000000000x\r\nxxx00xxx0000xxx00xxx\r\nx000000x0000x000000x\r\nx000000x0000x000000x\r\nx000000x0000x000000x\r\nx000000x0000x000000x\r\n0000000x0000x000000x\r\nx000000x0000x000000x\r\nx000000x0000x000000x\r\nx000000x0000x000000x\r\nx000000x0000x000000x\r\nx000000x0000x000000x\r\nx000000xxxxxx000000x\r\nx000000000000000000x\r\nx000000000000000000x\r\nx000000000000000000x\r\nx000000000000000000x\r\nx000000000000000000x\r\nx000000000000000000x\r\nxxxxxxxxxxxxxxxxxxxx', '', '1'),
('model_w', 0, 3, 2, 2, 'xxxxxxxxxxxxxxxxxxxxxxxxxxx\r\nx2222xx1111111111xx11111111\r\nx2222xx1111111111xx11111111\r\n222222111111111111111111111\r\nx22222111111111111111111111\r\nx22222111111111111111111111\r\nx22222111111111111111111111\r\nx2222xx1111111111xx11111111\r\nx2222xx1111111111xx11111111\r\nx2222xx1111111111xxxx1111xx\r\nx2222xx1111111111xxxx0000xx\r\nxxxxxxx1111111111xx00000000\r\nxxxxxxx1111111111xx00000000\r\nx22222111111111111000000000\r\nx22222111111111111000000000\r\nx22222111111111111000000000\r\nx22222111111111111000000000\r\nx2222xx1111111111xx00000000\r\nx2222xx1111111111xx00000000\r\nx2222xxxx1111xxxxxxxxxxxxxx\r\nx2222xxxx0000xxxxxxxxxxxxxx\r\nx2222x0000000000xxxxxxxxxxx\r\nx2222x0000000000xxxxxxxxxxx\r\nx2222x0000000000xxxxxxxxxxx\r\nx2222x0000000000xxxxxxxxxxx\r\nx2222x0000000000xxxxxxxxxxx\r\nx2222x0000000000xxxxxxxxxxx', '', '1'),
('model_z', 0, 9, 0, 2, 'xxxxxxxxxxxxxxxxxxxxxxxxxxxxxxx\r\nxxxxxxxxxxx00000000000000000000\r\nxxxxxxxxxxx00000000000000000000\r\nxxxxxxxxxxx00000000000000000000\r\nx00000000xx00000000000000000000\r\nx00000000xx00000000000000000000\r\nx00000000xx00000000000000000000\r\nx00000000xx00000000000000000000\r\nx00000000xx00000000000000000000\r\n000000000xx00000000000000000000\r\nx00000000xx00000000000000000000\r\nx00000000xx00000000000000000000\r\nx00000000xx00000000000000000000\r\nx00000000xx00000000000000000000\r\nx00000000xx00000000000000000000\r\nx00000000xx00000000000000000000\r\nxxxxxxxxxxx00000000000000000000\r\nxxxxxxxxxxx00000000000000000000\r\nxxxxxxxxxxx00000000000000000000\r\nxxxxxxxxxxxxxxxxxxxxxxxxxxxxxxx', '', '1'),
('model_u', 0, 17, 1, 2, 'xxxxxxxxxxxxxxxxxxxxxxxx\r\nx1111100000000000000000x\r\nx1111100000000000000000x\r\nx1111100000000000000000x\r\nx1111100000000000000000x\r\nx1111100000000000000000x\r\nx1111100000000000000000x\r\nx1111100000000000000000x\r\nx1111100000000000000000x\r\nx1111100000000000000000x\r\nx1111100000000000000000x\r\nx1111100000000000000000x\r\nx1111100000000000000000x\r\nx1111100000000000000000x\r\nx1111100000000000000000x\r\nx1111100000000000000000x\r\nx1111100000000000000000x\r\n11111100000000000000000x\r\nx1111100000000000000000x\r\nx1111100000000000000000x\r\nx1111100000000000000000x\r\nx1111100000000000000000x\r\nx1111100000000000000000x\r\nx1111100000000000000000x\r\nx1111100000000000000000x\r\nx1111100000000000000000x\r\nx1111100000000000000000x\r\nx1111100000000000000000x\r\nx1111100000000000000000x\r\nx1111100000000000000000x\r\nx1111100000000000000000x\r\nx1111100000000000000000x\r\nx1111100000000000000000x\r\nx1111100000000000000000x\r\nx1111100000000000000000x\r\nxxxxxxxxxxxxxxxxxxxxxxxx', '', '1'),
('model_y', 0, 3, 0, 2, 'xxxxxxxxxxxxxxxxxxxxxxxxxxxx\r\nx00000000xx0000000000xx0000x\r\nx00000000xx0000000000xx0000x\r\n000000000xx0000000000xx0000x\r\nx00000000xx0000000000xx0000x\r\nx00000000xx0000xx0000xx0000x\r\nx00000000xx0000xx0000xx0000x\r\nx00000000xx0000xx0000000000x\r\nx00000000xx0000xx0000000000x\r\nxxxxx0000xx0000xx0000000000x\r\nxxxxx0000xx0000xx0000000000x\r\nxxxxx0000xx0000xxxxxxxxxxxxx\r\nxxxxx0000xx0000xxxxxxxxxxxxx\r\nx00000000xx0000000000000000x\r\nx00000000xx0000000000000000x\r\nx00000000xx0000000000000000x\r\nx00000000xx0000000000000000x\r\nx0000xxxxxxxxxxxxxxxxxx0000x\r\nx0000xxxxxxxxxxxxxxxxxx0000x\r\nx00000000000000000000000000x\r\nx00000000000000000000000000x\r\nx00000000000000000000000000x\r\nx00000000000000000000000000x\r\nxxxxxxxxxxxxxxxxxxxxxxxxxxxx', '', '1'),
('model_oscar', 0, 15, 1, 2, 'xxxxxxxxxxxxxxxxxxxxxxxxxxxxxxxxxxxxxxxxxxxxxxxxxxxxxxxxxxxxxxxx\r\nxxxxxxxxxxxxxxxxxxxxxxxxxxxxxxxxxxxxxxxxxxxxxxxxxxxxxxxxxxxxxxxx\r\nxxxxxxxxx11111111xxxxxxxxxxxxxxxxxxxxxxxxxxxxxxxxxxxxxxxxxxxxxxx\r\nxxxxxxxxx11111111xxxxxxxxxxxxxxxxxxxxxxxxxxxxxxxxxxxxxxxxxxxxxxx\r\nxxxxxxxxx11111111xxxxxxxxxxxxxxxxxxxxxxxxxxxxxxxxxxxxxxxxxxxxxxx\r\nxxxxxxxxx11111111xxxxxxxxxxxxxxxxxxxxxxxxxxxxxxxxxxxxxxxxxxxxxxx\r\nxxxxxxxxx11111111xxxxxxxxxxxxxxxxxxxxxxxxxxxxxxxxxxxxxxxxxxxxxxx\r\nxxxxxxxxx11111111xxxxxxxxxxxxxxxxxxxxxxxxxxxxxxxxxxxxxxxxxxxxxxx\r\nxxxxxxxxx11111111xxxxxxxxxxxxxxxxxxxxxxxxxxxxxxxxxxxxxxxxxxxxxxx\r\nxxxxxxxxx11111111xxxxxxxxxxxxxxxxxxxxxxxxxxxxxxxxxxxxxxxxxxxxxxx\r\nxxxxxxxxxxxx11xxxxxxxxxxxxxxxxxxxxxxxxxxxxxxxxxxxxxxxxxxxxxxxxxx\r\nx1111111x11111111x00000000xxxxxxxxxxxxxxxxxxxxxxxxxxxxxxxxxxxxxx\r\nx1111111x11111111x00000000xxxxxxxxxxxxxxxxxxxxxxxxxxxxxxxxxxxxxx\r\nx1111111x11111111x00000000xxxxxxxxxxxxxxxxxxxxxxxxxxxxxxxxxxxxxx\r\nx1111111111111111100000000xxxxxxxxxxxxxxxxxxxxxxxxxxxxxxxxxxxxxx\r\nx1111111111111111100000000xxxxxxxxxxxxxxxxxxxxxxxxxxxxxxxxxxxxxx\r\nx1111111x11111111x00000000xxxxxxxxxxxxxxxxxxxxxxxxxxxxxxxxxxxxxx\r\nx1111111x11111111x00000000xxxxxxxxxxxxxxxxxxxxxxxxxxxxxxxxxxxxxx\r\nx1111111x11111111x00000000xxxxxxxxxxxxxxxxxxxxxxxxxxxxxxxxxxxxxx\r\nxxxxxxxxxxxx11xxxxxxxxxxxxxxxxxxxxxxxxxxxxxxxxxxxxxxxxxxxxxxxxxx\r\nxxxxxxxxx00000000xxxxxxxxxxxxxxxxxxxxxxxxxxxxxxxxxxxxxxxxxxxxxxx\r\nxxxxxxxxx00000000xxxxxxxxxxxxxxxxxxxxxxxxxxxxxxxxxxxxxxxxxxxxxxx\r\nxxxxxxxxx00000000xxxxxxxxxxxxxxxxxxxxxxxxxxxxxxxxxxxxxxxxxxxxxxx\r\nxxxxxxxxx00000000xxxxxxxxxxxxxxxxxxxxxxxxxxxxxxxxxxxxxxxxxxxxxxx\r\nxxxxxxxxx00000000xxxxxxxxxxxxxxxxxxxxxxxxxxxxxxxxxxxxxxxxxxxxxxx\r\nxxxxxxxxx00000000xxxxxxxxxxxxxxxxxxxxxxxxxxxxxxxxxxxxxxxxxxxxxxx\r\nxxxxxxxxx00000000xxxxxxxxxxxxxxxxxxxxxxxxxxxxxxxxxxxxxxxxxxxxxxx\r\nxxxxxxxxx00000000xxxxxxxxxxxxxxxxxxxxxxxxxxxxxxxxxxxxxxxxxxxxxxx\r\nxxxxxxxxxxxxxxxxxxxxxxxxxxxxxxxxxxxxxxxxxxxxxxxxxxxxxxxxxxxxxxxx', '', '1'),
('model_b2g', 0, 0, 0, 2, 'xxxxxxxxxxxxxx\r\nx00000x000000x\r\nx000000000000x\r\nx00000x000000x\r\nx00000x000000x\r\nx00000x000000x\r\nx00000x000000x\r\nxxx0xxx000000x\r\nx000000000000x\r\nx000000000000x\r\nx000000000000x\r\nx000000000000x\r\nx000000000000x\r\nx000000000000x\r\nx000000000000x\r\nx000000000000x\r\nx000000000000x\r\nx00000xx00000x\r\nxxxxxxxxxxxxxx', '', '1'),
('model_opening', 0, 23, 2, 2, 'xxxxxxxxxxxxxxxxxxx\r\nxxxxxxx222222222222\r\nxxxxxxx222222222222\r\nxxxxxxx222222222222\r\nxxxxxxx222222222222\r\nxxxxxxx222222222222\r\nxxxxxxx222222222222\r\nxxxxxxx222222222222\r\nxxxxxxx111111111111\r\nx222221111111111111\r\nx222221111111111111\r\nx222221111111111111\r\nx222221111111111111\r\nx222221111111111111\r\nx222221111111111111\r\nx222221111111111111\r\nx222221111111111111\r\nx2222xx111111111111\r\nx2222xx000000000000\r\nx2222xx000000000000\r\nx2222xx000000000000\r\nx2222xx000000000000\r\nx2222xx000000000000\r\n22222xx000000000000\r\nx2222xx000000000000\r\nxxxxxxxxxxxxxxxxxxx', '', '1'),
('branded', 33, 39, 0, 8, 'xxxxxxxxxxxxxxxxxxxxxxxxxxxxxxxxxxxxxxxxxxxxxxxxxx\r\nxxxxxxxxxxxxxxxxxxxxxxxxxxxxxxxxxxxxxxxxxxxxxxxxxx\r\nxxxxxxxxxxxxxxxxxxxxxxxxxxxxxxxxxxxxxxxxxxxxxxxxxx\r\nxxxxxxxxxxxxxxxxxxxxxxxxxxxxxxxxxxxxxxxxxxxxxxxxxx\r\nxxxxxxxxxxxxxxxxxxxxxxxxxxxxxxxxxxxxxxxxxxxxxxxxxx\r\nxxxxxxxxxxxxxxxxxxxxxxxxxxxxxxxxxxxxxxxxxxxxxxxxxx\r\nxxxxxxxxxxxxxxxxxxxxxxxxxxxxxxxxxxxxxxxxxxxxxxxxxx\r\nxxxxxxxxxxxxxxxxxxxxxxxxxxxxxxxxxxxxxxxxxxxxxxxxxx\r\nxxxxxxxxxxxxxxxxxxxxxxxxxxxxxxxxxxxxxxxxxxxxxxxxxx\r\nxxxxxxxxxxxxxxxxxxxxxxxxxxxxxxxxxxxxxxxxxxxxxxxxxx\r\nxxxxxxxxxxxxxxxxxxxxxxxxxxxxxxxxxxxxxxxxxxxxxxxxxx\r\nxxxxxxxxxxxxxxxxxxxxxxxxxxxxxxxxxxxxxxxxxxxxxxxxxx\r\nxxxxxxxxxxxxxxxxxxxxxxxxxxxxxxxxxxxxxxxxxxxxxxxxxx\r\nxxxxxxxxxxxxxxxxxxxxxxxxxxxxxxxxxxxxxxxxxxxxxxxxxx\r\nxxxxxxxxxxxxxxxxxxxxxxxxxxxxxxxxxxxxxxxxxxxxxxxxxx\r\nxxxxxxxxxxxxxxxxxxxxxxxxxx00000000xxxxxxxxxxxxxxxx\r\nxxxxxxxxxxxxxxxxxxxxxxxxx00xx00000x000xxxxxxxxxxxx\r\nxxxxxxxxxxxxxxxxxxxxxxxx000xx00000xxxxxxxxxxxxxxxx\r\nxxxxxxxxxxxxxxxxxxxxxxx0000xx0000000000xxxxxxxxxxx\r\nxxxxxxxxxxxxxxxxxxxxxx00000xx0000000000xxxxxxxxxxx\r\nxxxxxxxxxxxxxxxxxxxxx000000xx0000000000xxxxxxxxxxx\r\nxxxxxxxxxxxxxxxxxxxx0000000xx0000000000xxxxxxxxxxx\r\nxxxxxxxxxxxxxxxxxxx00000000xx0000000000xxxxxxxxxxx\r\nxxxxxxxxxxxxxxxxxx000000000xx0000000000xxxxxxxxxxx\r\nxxxxxxxxxxxxxxxxx0000000000000000000000xxxxxxxxxxx\r\nxxxxxxxxxxxxxxxxx0000000000000000000000xxxxxxxxxxx\r\nxxxxxxxxxxxxxxxxx0000000000000000000000xxxxxxxxxxx\r\nxxxxxxxxxxxxxxxxx0000000000000000000000xxxxxxxxxxx\r\nxxxxxxxxxxxxxxxxx0000000000000000000000xxxxxxxxxxx\r\nxxxxxxxxxxxxxxxxx00xx000000000000000000xxxxxxxxxxx\r\nxxxxxxxxxxxxxxxxx00xx000000000000000000xxxxxxxxxxx\r\nxxxxxxxxxxxxxxxxx0000000000000000000000xxxxxxxxxxx\r\nxxxxxxxxxxxxxxxxx00000xx000000000000000xxxxxxxxxxx\r\nxxxxxxxxxxxxxxxxx00000xx000000000000000xxxxxxxxxxx\r\nxxxxxxxxxxxxxxxxx00xx000000000000000000xxxxxxxxxxx\r\nxxxxxxxxxxxxxxxxx00xx000000000000000000xxxxxxxxxxx\r\nxxxxxxxxxxxxxxxxx0000000000000000000000xxxxxxxxxxx\r\nxxxxxxxxxxxxxxxxx0000000000000000000000xxxxxxxxxxx\r\nxxxxxxxxxxxxxxxxxxxxxxxxxxxxxxx000000xxxxxxxxxxxxx\r\nxxxxxxxxxxxxxxxxxxxxxxxxxxxxxxx000000xxxxxxxxxxxxx\r\nxxxxxxxxxxxxxxxxxxxxxxxxxxxxxxxxxxxxxxxxxxxxxxxxxx\r\nxxxxxxxxxxxxxxxxxxxxxxxxxxxxxxxxxxxxxxxxxxxxxxxxxx\r\nxxxxxxxxxxxxxxxxxxxxxxxxxxxxxxxxxxxxxxxxxxxxxxxxxx\r\nxxxxxxxxxxxxxxxxxxxxxxxxxxxxxxxxxxxxxxxxxxxxxxxxxx\r\nxxxxxxxxxxxxxxxxxxxxxxxxxxxxxxxxxxxxxxxxxxxxxxxxxx\r\nxxxxxxxxxxxxxxxxxxxxxxxxxxxxxxxxxxxxxxxxxxxxxxxxxx\r\nxxxxxxxxxxxxxxxxxxxxxxxxxxxxxxxxxxxxxxxxxxxxxxxxxx\r\nxxxxxxxxxxxxxxxxxxxxxxxxxxxxxxxxxxxxxxxxxxxxxxxxxx\r\nxxxxxxxxxxxxxxxxxxxxxxxxxxxxxxxxxxxxxxxxxxxxxxxxxx\r\nxxxxxxxxxxxxxxxxxxxxxxxxxxxxxxxxxxxxxxxxxxxxxxxxxx', 'SIHb1834b_chairRHRDHHHb1835b_chairSHRDHHHb1836b_chairPIRDHHHb1837b_chairQIRDHHHm2231m_furniSGREHHHl2232l_furniPHREHHHk2238k_furniRIREHHHj2338j_furniRISEHHHp2518p_furniRDQFHHHa2523a_chairSEQFHRAHa2621a_chairQERFHHHa2622a_chairRERFHHHn2627n_furniSFRFHHHo2727o_furniSFSFHHHa2819a_chairSDPGHPAHa2820a_chairPEPGHPAHa2918a_chairRDQGHJHa3018a_chairRDRGHJHa3021a_chairQERGHRAHa3119a_chairSDSGHHHa3120a_chairPESGHHHa3123a_chairSESGHPAHa3224a_chairPFPHHRAHg3230g_furniRGPHHHHa3319a_chairSDQHHPAHa3324a_chairPFQHHRAHf3330f_furniRGQHHHHa3418a_chairRDRHHJHa3421a_chairQERHHRAHa3423a_chairSERHHHHe3430e_furniRGRHHHHa3518a_chairRDSHHJHa3521a_chairQESHHRAHd3530d_furniRGSHHHHa3619a_chairSDPIHHHa3620a_chairPEPIHHHc3630c_furniRGPIHHHh3737h_furniQIQIHHHi3738i_furniRIQIHH', '0'),
('pool_a', 0, 24, 7, 2, 'xxxxxxxxxxxxxxxxxxxxxxxxxxxxxxxxxxxxxxxxxxx\r\nxxxxxxxxxxxxxxxxxxxxxxxxxxxxxxxxxxxxxxxxxxx\r\nxxxxxxxxxxxxxxxxx7xxxxxxxxxxxxxxxxxxxxxxxxx\r\nxxxxxxxxxxxxxxxxx777xxxxxxxxxxxxxxxxxxxxxxx\r\nxxxxxxxxxxxxxx7777777xxxxxxxxxxxxxxxxxxxxxx\r\nxxxxxxxxxxxxxx77777777xxxxxxxxxxxxxxxxxxxxx\r\nxxxxxxxxxxxxxxx77777777xxxxxxxxxxxxxxxxxxxx\r\nxxxxxxxxxxxxxxx777777777xxxxxxxxxxxxxxxxxxx\r\nxxxxxxxxxxxxxxx7xxx777777xxxxxxxxxxxxxxxxxx\r\nxxxxxxxxxxxxxxx7x777777777xxxxxxxxxxxxxxxxx\r\nxxxxxxxxxxxxxxx7xxx77777777xxxxxxxxxxxxxxxx\r\nxxxxxxxxxxxxxxx7x777777777x7xxxxxxxxxxxxxxx\r\nxxxxxxxxxxxxxxx7xxx7777777777xxxxxxxxxxxxxx\r\nxxxxxxxxxxxxxxx777777777777xxxxxxxxxxxxxxxx\r\nxxxxxxxxxxxxxxx77777777777x2111xxxxxxxxxxxx\r\nxxxxxxxxxxxxxxx7777777777x221111xxxxxxxxxxx\r\nxxxxxxxxx7777777777777777x2211111xxxxxxxxxx\r\nxxxxxxxxx7777777777777777x22211111xxxxxxxxx\r\nxxxxxxxxx7777777777777777x222211111xxxxxxxx\r\nxxxxxx77777777777777777777x222211111xxxxxxx\r\nxxxxxx7777777xx777777777777x222211111xxxxxx\r\nxxxxxx7777777xx77777777777772222111111xxxxx\r\nxxxxxx777777777777777777777x22221111111xxxx\r\nxx7777777777777777777777x322222211111111xxx\r\n77777777777777777777777x33222222111111111xx\r\n7777777777777777777777x333222222211111111xx\r\nxx7777777777777777777x333322222222111111xxx\r\nxx7777777777777777777333332222222221111xxxx\r\nxx777xxx777777777777733333222222222211xxxxx\r\nxx777x7x77777777777773333322222222222xxxxxx\r\nxx777x7x7777777777777x33332222222222xxxxxxx\r\nxxx77x7x7777777777777xx333222222222xxxxxxxx\r\nxxxx77777777777777777xxx3222222222xxxxxxxxx\r\nxxxxx777777777777777777xx22222222xxxxxxxxxx\r\nxxxxxx777777777777777777x2222222xxxxxxxxxxx\r\nxxxxxxx777777777777777777222222xxxxxxxxxxxx\r\nxxxxxxxx7777777777777777722222xxxxxxxxxxxxx\r\nxxxxxxxxx77777777777777772222xxxxxxxxxxxxxx\r\nxxxxxxxxxx777777777777777222xxxxxxxxxxxxxxx\r\nxxxxxxxxxxx77777777777777x2xxxxxxxxxxxxxxxx\r\nxxxxxxxxxxxx77777777777777xxxxxxxxxxxxxxxxx\r\nxxxxxxxxxxxxx777777777777xxxxxxxxxxxxxxxxxx\r\nxxxxxxxxxxxxxx7777777777xxxxxxxxxxxxxxxxxxx\r\nxxxxxxxxxxxxxxx77777777xxxxxxxxxxxxxxxxxxxx\r\nxxxxxxxxxxxxxxxx777777xxxxxxxxxxxxxxxxxxxxx\r\nxxxxxxxxxxxxxxxxx7777xxxxxxxxxxxxxxxxxxxxxx\r\nxxxxxxxxxxxxxxxxxx77xxxxxxxxxxxxxxxxxxxxxxx\r\nxxxxxxxxxxxxxxxxxxxxxxxxxxxxxxxxxxxxxxxxxxx', 'PGHR282flower2bJPGSAHHr292flower2aJQGSAHHR3019flower2bSDRGSAHHr3119flower2aSDSGSAHHL326boxRAPHSAHHf3313flower1QCQHSAHHy3410pool_chairyRBRHSAPAH8358umbrellayPBSHSAHHy359pool_chairyQBSHSAJH63510pool_tableyRBSHSAHHy3511pool_chairySBSHSARAH93515umbrellapSCSHSAHHy3610pool_chairyRBPISAHHP3615pool_chairpSCPISAPAHo3622pool_chairoREPISAPAHP3714pool_chairpRCQISAJH43715pool_tablepSCQISAHHP3716pool_chairpPDQISARAH73720umbrellaoPEQISAHHo3721pool_chairoQEQISAJH33722pool_taboREQISAHHo3822pool_chairoRERISAHHg4218pool_chairgRDRJSAPAHG4316umbrellagPDSJSAHHg4317pool_chairgQDSJSAJH54318pool_tablgRDSJSAHHg4319pool_chairgSDSJSARAHg4418pool_chairgRDPKSAH', '0');

-- --------------------------------------------------------

--
-- Tabelstructuur voor tabel `room_rights`
--

CREATE TABLE IF NOT EXISTS `room_rights` (
  `room_id` int(10) unsigned NOT NULL,
  `user_id` int(10) unsigned NOT NULL,
  KEY `room_id` (`room_id`)
) ENGINE=MyISAM DEFAULT CHARSET=latin1;

--
-- Gegevens worden uitgevoerd voor tabel `room_rights`
--


-- --------------------------------------------------------

--
-- Tabelstructuur voor tabel `server_config`
--

CREATE TABLE IF NOT EXISTS `server_config` (
  `key` varchar(255) NOT NULL,
  `val` varchar(255) NOT NULL
) ENGINE=MyISAM DEFAULT CHARSET=latin1;

--
-- Gegevens worden uitgevoerd voor tabel `server_config`
--

INSERT INTO `server_config` (`key`, `val`) VALUES
('beta_lab_rat', '1'),
('items_stacking_maxheight', '12'),
('motd_enabled', '0'),
('motd_message', 'Welcome! :D'),
('user_max_rooms', '15'),
('user_max_rooms_vip', '25'),
('welcome_box', '0');

-- --------------------------------------------------------

--
-- Tabelstructuur voor tabel `server_status`
--

CREATE TABLE IF NOT EXISTS `server_status` (
  `status` enum('0','1','2') NOT NULL DEFAULT '0',
  `users_online` int(11) NOT NULL DEFAULT '0',
  `rooms_loaded` int(11) NOT NULL DEFAULT '0',
  `server_ver` text NOT NULL,
  `stamp` double NOT NULL
) ENGINE=MyISAM DEFAULT CHARSET=latin1;

--
-- Gegevens worden uitgevoerd voor tabel `server_status`
--

INSERT INTO `server_status` (`status`, `users_online`, `rooms_loaded`, `server_ver`, `stamp`) VALUES
('1', 0, 0, 'uberEmulator - Breakz0nes Edit [R63, C#, MySQL]', 1305467105);

-- --------------------------------------------------------

--
-- Tabelstructuur voor tabel `site_app_form`
--

CREATE TABLE IF NOT EXISTS `site_app_form` (
  `id` varchar(24) NOT NULL,
  `caption` varchar(120) NOT NULL,
  `descr` text NOT NULL,
  `field_type` enum('textbox','textarea','checkbox') NOT NULL,
  `required` enum('0','1') NOT NULL DEFAULT '1',
  `order_num` int(11) NOT NULL,
  PRIMARY KEY (`id`)
) ENGINE=MyISAM DEFAULT CHARSET=latin1;

--
-- Gegevens worden uitgevoerd voor tabel `site_app_form`
--


-- --------------------------------------------------------

--
-- Tabelstructuur voor tabel `site_app_openings`
--

CREATE TABLE IF NOT EXISTS `site_app_openings` (
  `id` int(11) NOT NULL AUTO_INCREMENT,
  `name` varchar(100) NOT NULL,
  `text_descr` text NOT NULL,
  `text_reqs` text NOT NULL,
  `text_duties` text NOT NULL,
  PRIMARY KEY (`id`)
) ENGINE=MyISAM  DEFAULT CHARSET=latin1 AUTO_INCREMENT=2 ;

--
-- Gegevens worden uitgevoerd voor tabel `site_app_openings`
--


-- --------------------------------------------------------

--
-- Tabelstructuur voor tabel `site_config`
--

CREATE TABLE IF NOT EXISTS `site_config` (
  `maintenance` enum('0','1') NOT NULL DEFAULT '0'
) ENGINE=MyISAM DEFAULT CHARSET=latin1;

--
-- Gegevens worden uitgevoerd voor tabel `site_config`
--

INSERT INTO `site_config` (`maintenance`) VALUES
('0');

-- --------------------------------------------------------

--
-- Tabelstructuur voor tabel `site_cron`
--

CREATE TABLE IF NOT EXISTS `site_cron` (
  `id` int(11) NOT NULL AUTO_INCREMENT,
  `prio` int(11) NOT NULL DEFAULT '5',
  `enabled` enum('0','1') NOT NULL DEFAULT '1',
  `scriptfile` varchar(50) NOT NULL,
  `last_exec` int(11) NOT NULL,
  `exec_every` int(11) NOT NULL,
  PRIMARY KEY (`id`)
) ENGINE=MyISAM  DEFAULT CHARSET=latin1 AUTO_INCREMENT=6 ;

--
-- Gegevens worden uitgevoerd voor tabel `site_cron`
--

INSERT INTO `site_cron` (`id`, `prio`, `enabled`, `scriptfile`, `last_exec`, `exec_every`) VALUES
(1, 5, '1', 'mod_forum.php', 1305458413, 7200),
(2, 4, '1', 'moderation_cleanup.php', 1305458413, 7200),
(3, 5, '1', 'respect.php', 1305456702, 86400),
(4, 5, '1', 'serverstat.php', 1305464846, 120),
(5, 3, '1', 'credits.php', 1305461787, 10800);

-- --------------------------------------------------------

--
-- Tabelstructuur voor tabel `site_hotcampaigns`
--

CREATE TABLE IF NOT EXISTS `site_hotcampaigns` (
  `id` int(11) NOT NULL AUTO_INCREMENT,
  `enabled` enum('0','1') NOT NULL DEFAULT '1',
  `image_url` text NOT NULL,
  `caption` text NOT NULL,
  `desc` text NOT NULL,
  `url` text NOT NULL,
  `order_id` int(11) NOT NULL DEFAULT '0',
  PRIMARY KEY (`id`)
) ENGINE=MyISAM DEFAULT CHARSET=latin1 AUTO_INCREMENT=1 ;

--
-- Gegevens worden uitgevoerd voor tabel `site_hotcampaigns`
--


-- --------------------------------------------------------

--
-- Tabelstructuur voor tabel `site_minimail`
--

CREATE TABLE IF NOT EXISTS `site_minimail` (
  `id` int(10) unsigned NOT NULL AUTO_INCREMENT,
  `sender_id` int(10) unsigned NOT NULL,
  `receiver_id` int(10) unsigned NOT NULL,
  `folder` enum('inbox','sent','trash') NOT NULL DEFAULT 'inbox',
  `is_read` enum('0','1') NOT NULL DEFAULT '0',
  `subject` varchar(120) NOT NULL,
  `date` varchar(120) NOT NULL,
  `isodate` varchar(120) NOT NULL,
  `timestamp` int(11) NOT NULL,
  `body` text NOT NULL,
  PRIMARY KEY (`id`)
) ENGINE=MyISAM DEFAULT CHARSET=latin1 AUTO_INCREMENT=1 ;

--
-- Gegevens worden uitgevoerd voor tabel `site_minimail`
--


-- --------------------------------------------------------

--
-- Tabelstructuur voor tabel `site_navi`
--

CREATE TABLE IF NOT EXISTS `site_navi` (
  `id` int(10) unsigned NOT NULL AUTO_INCREMENT,
  `parent_id` int(10) unsigned NOT NULL DEFAULT '0',
  `order_id` int(11) NOT NULL DEFAULT '0',
  `caption` text NOT NULL,
  `class` text NOT NULL,
  `url` text NOT NULL,
  `visibility` enum('0','1','2','3') NOT NULL COMMENT '0 = Never, 1 = Always, 2 = Logged in only, 3 = Guests only',
  PRIMARY KEY (`id`),
  KEY `parent_id` (`parent_id`)
) ENGINE=MyISAM  DEFAULT CHARSET=latin1 AUTO_INCREMENT=20 ;

--
-- Gegevens worden uitgevoerd voor tabel `site_navi`
--

INSERT INTO `site_navi` (`id`, `parent_id`, `order_id`, `caption`, `class`, `url`, `visibility`) VALUES
(1, 0, 1, '%habboName%', 'metab', '%www%/me', '2'),
(2, 1, 1, 'Home', '', '/me', '2'),
(5, 0, 2, 'Community', '', '%www%/community', '1'),
(4, 1, 3, 'Account Settings', '', '%www%/profile', '0'),
(6, 0, 3, 'Credits', '', '%www%/credits', '1'),
(7, 5, 1, 'Community', '', '%www%/community', '1'),
(8, 0, 1, 'Register now!', 'tab-register-now', '%www%/register', '3'),
(9, 6, 1, 'Credits', '', '%www%/credits', '1'),
(10, 6, 3, 'Pixels', '', '%www%/credits/pixels', '1'),
(11, 6, 2, 'Uber Club', '', '%www%/credits/uberclub', '0'),
(12, 0, 4, 'VIP Shop (%vipbalance%)', 'viptab', '/vip/shop', '2'),
(13, 12, 1, 'Shop Home', '', '%www%/vip/shop', '2'),
(14, 1, 2, 'My Page', '', '%www%/home/%habboName%', '0'),
(15, 1, 4, 'Uber Club', '', '%www%/credits/uberclub', '0'),
(16, 5, 3, 'Uber Staff', '', '%www%/community/staff', '0'),
(17, 5, 2, 'News', '', '%www%/articles', '1'),
(18, 12, 2, 'Get Points', '', '%www%/vip/getpoints', '2'),
(19, 5, 4, 'Staff Blog', '', '/blog', '0');

-- --------------------------------------------------------

--
-- Tabelstructuur voor tabel `site_news`
--

CREATE TABLE IF NOT EXISTS `site_news` (
  `id` int(10) unsigned NOT NULL AUTO_INCREMENT,
  `title` text NOT NULL,
  `image` text NOT NULL,
  `short_story` text NOT NULL,
  `long_story` longtext NOT NULL,
  `datestr` varchar(50) NOT NULL,
  `timestamp` int(11) NOT NULL,
  PRIMARY KEY (`id`)
) ENGINE=MyISAM  DEFAULT CHARSET=latin1 AUTO_INCREMENT=3 ;

--
-- Gegevens worden uitgevoerd voor tabel `site_news`
--

INSERT INTO `site_news` (`id`, `title`, `image`, `short_story`, `long_story`, `datestr`, `timestamp`) VALUES
(1, 'Bla bla bla', 'none', 'he therer', 'bllalsadasdasdasdasdasdasdasd', 'today :D', 0),
(2, 'lalalal', 'allaal', 'lalalala', 'adadadadsads', 'now', 0);

-- --------------------------------------------------------

--
-- Tabelstructuur voor tabel `site_news_comments`
--

CREATE TABLE IF NOT EXISTS `site_news_comments` (
  `id` int(11) NOT NULL AUTO_INCREMENT,
  `article` int(11) NOT NULL,
  `userid` int(11) NOT NULL,
  `comment` varchar(500) NOT NULL,
  `posted_on` varchar(150) NOT NULL DEFAULT '',
  PRIMARY KEY (`id`)
) ENGINE=MyISAM DEFAULT CHARSET=latin1 AUTO_INCREMENT=1 ;

--
-- Gegevens worden uitgevoerd voor tabel `site_news_comments`
--


-- --------------------------------------------------------

--
-- Tabelstructuur voor tabel `tele_links`
--

CREATE TABLE IF NOT EXISTS `tele_links` (
  `tele_one_id` int(10) unsigned NOT NULL,
  `tele_two_id` int(10) unsigned NOT NULL,
  KEY `tele_one_id` (`tele_one_id`)
) ENGINE=MyISAM DEFAULT CHARSET=latin1;

--
-- Gegevens worden uitgevoerd voor tabel `tele_links`
--

INSERT INTO `tele_links` (`tele_one_id`, `tele_two_id`) VALUES
(20, 21),
(21, 20),
(22, 23),
(23, 22),
(13, 14),
(14, 13),
(15, 16),
(16, 15),
(17, 18),
(18, 17),
(67, 68),
(68, 67),
(69, 70),
(70, 69);

-- --------------------------------------------------------

--
-- Tabelstructuur voor tabel `updated`
--

CREATE TABLE IF NOT EXISTS `updated` (
  `id` int(10) unsigned NOT NULL AUTO_INCREMENT,
  `txt` varchar(100) NOT NULL,
  `date` timestamp NOT NULL DEFAULT CURRENT_TIMESTAMP,
  PRIMARY KEY (`id`)
) ENGINE=MyISAM  DEFAULT CHARSET=latin1 AUTO_INCREMENT=2 ;

--
-- Gegevens worden uitgevoerd voor tabel `updated`
--

INSERT INTO `updated` (`id`, `txt`, `date`) VALUES
(1, 'Kiss My Ash', '2011-05-03 15:27:14');

-- --------------------------------------------------------

--
-- Tabelstructuur voor tabel `users`
--

CREATE TABLE IF NOT EXISTS `users` (
  `id` int(11) unsigned NOT NULL AUTO_INCREMENT,
  `username` varchar(50) NOT NULL,
  `real_name` varchar(100) NOT NULL DEFAULT '',
  `password` varchar(50) NOT NULL,
  `mail` varchar(50) NOT NULL DEFAULT 'default@default.com',
  `auth_ticket` text NOT NULL,
  `rank` int(11) unsigned NOT NULL DEFAULT '1',
  `credits` int(11) NOT NULL DEFAULT '0',
  `vip_points` int(11) NOT NULL,
  `activity_points` int(11) NOT NULL DEFAULT '0',
  `activity_points_lastupdate` double NOT NULL DEFAULT '0',
  `look` varchar(100) NOT NULL DEFAULT 'hr-115-42.hd-190-1.ch-215-62.lg-285-91.sh-290-62',
  `gender` enum('M','F') NOT NULL DEFAULT 'M',
  `motto` varchar(50) NOT NULL,
  `account_created` varchar(50) NOT NULL,
  `last_online` varchar(50) NOT NULL,
  `online` enum('0','1') NOT NULL DEFAULT '0',
  `ip_last` varchar(120) NOT NULL,
  `ip_reg` varchar(120) NOT NULL,
  `home_room` int(10) unsigned NOT NULL DEFAULT '0',
  `respect` int(11) NOT NULL DEFAULT '0',
  `daily_respect_points` int(11) NOT NULL DEFAULT '3',
  `gifts_given` int(10) NOT NULL DEFAULT '0',
  `gifts_received` int(10) NOT NULL DEFAULT '0',
  `daily_pet_respect_points` int(11) NOT NULL DEFAULT '3',
  `newbie_status` int(11) NOT NULL,
  `is_muted` enum('0','1') NOT NULL DEFAULT '0',
  `mutant_penalty` enum('0','1','2') NOT NULL,
  `mutant_penalty_expire` int(11) NOT NULL,
  `block_newfriends` enum('0','1') NOT NULL DEFAULT '0',
  `last_updated` varchar(50) NOT NULL,
  `quest_id` int(10) unsigned NOT NULL DEFAULT '0',
  `quest_progress` int(10) NOT NULL DEFAULT '0',
  `lev_builder` int(10) NOT NULL DEFAULT '0',
  `lev_social` int(10) NOT NULL DEFAULT '0',
  `lev_identity` int(10) NOT NULL DEFAULT '0',
  `lev_explore` int(10) NOT NULL DEFAULT '0',
  `respect_given` int(10) NOT NULL DEFAULT '0',
  `last_respect_update` varchar(100) NOT NULL,
  `time_online` int(10) NOT NULL DEFAULT '0',
  `is_ultra_vip` enum('0','1') NOT NULL DEFAULT '0',
  `marketplace_tickets` int(10) NOT NULL DEFAULT '0',
  `fireworks` int(10) NOT NULL DEFAULT '0',
  PRIMARY KEY (`id`)
) ENGINE=MyISAM DEFAULT CHARSET=latin1 AUTO_INCREMENT=1 ;

--
-- Gegevens worden uitgevoerd voor tabel `users`
--


-- --------------------------------------------------------

--
-- Tabelstructuur voor tabel `user_achievements`
--

CREATE TABLE IF NOT EXISTS `user_achievements` (
  `user_id` int(10) unsigned NOT NULL,
  `achievement_id` int(10) unsigned NOT NULL,
  `achievement_level` int(11) NOT NULL,
  KEY `user_id` (`user_id`)
) ENGINE=MyISAM DEFAULT CHARSET=latin1;

--
-- Gegevens worden uitgevoerd voor tabel `user_achievements`
--


-- --------------------------------------------------------

--
-- Tabelstructuur voor tabel `user_badges`
--

CREATE TABLE IF NOT EXISTS `user_badges` (
  `user_id` int(10) unsigned NOT NULL,
  `badge_id` varchar(100) NOT NULL,
  `badge_slot` int(11) NOT NULL DEFAULT '0',
  KEY `user_id` (`user_id`)
) ENGINE=MyISAM DEFAULT CHARSET=latin1;

--
-- Gegevens worden uitgevoerd voor tabel `user_badges`
--


-- --------------------------------------------------------

--
-- Tabelstructuur voor tabel `user_effects`
--

CREATE TABLE IF NOT EXISTS `user_effects` (
  `user_id` int(10) unsigned NOT NULL,
  `effect_id` int(11) NOT NULL DEFAULT '1',
  `total_duration` int(11) NOT NULL DEFAULT '3600',
  `is_activated` enum('0','1') NOT NULL DEFAULT '0',
  `activated_stamp` double NOT NULL DEFAULT '0',
  KEY `user_id` (`user_id`)
) ENGINE=MyISAM DEFAULT CHARSET=latin1;

--
-- Gegevens worden uitgevoerd voor tabel `user_effects`
--


-- --------------------------------------------------------

--
-- Tabelstructuur voor tabel `user_favorites`
--

CREATE TABLE IF NOT EXISTS `user_favorites` (
  `user_id` int(10) unsigned NOT NULL,
  `room_id` int(10) unsigned NOT NULL,
  KEY `user_id` (`user_id`)
) ENGINE=MyISAM DEFAULT CHARSET=latin1;

--
-- Gegevens worden uitgevoerd voor tabel `user_favorites`
--


-- --------------------------------------------------------

--
-- Tabelstructuur voor tabel `user_ignores`
--

CREATE TABLE IF NOT EXISTS `user_ignores` (
  `user_id` int(10) unsigned NOT NULL,
  `ignore_id` int(10) unsigned NOT NULL,
  KEY `user_id` (`user_id`)
) ENGINE=MyISAM DEFAULT CHARSET=latin1;

--
-- Gegevens worden uitgevoerd voor tabel `user_ignores`
--


-- --------------------------------------------------------

--
-- Tabelstructuur voor tabel `user_info`
--

CREATE TABLE IF NOT EXISTS `user_info` (
  `user_id` int(11) NOT NULL,
  `bans` int(11) NOT NULL DEFAULT '0',
  `cautions` int(11) NOT NULL DEFAULT '0',
  `reg_timestamp` double NOT NULL DEFAULT '0',
  `login_timestamp` double NOT NULL DEFAULT '0',
  `cfhs` int(11) NOT NULL DEFAULT '0',
  `cfhs_abusive` int(11) NOT NULL DEFAULT '0',
  PRIMARY KEY (`user_id`)
) ENGINE=MyISAM DEFAULT CHARSET=latin1;

--
-- Gegevens worden uitgevoerd voor tabel `user_info`
--


-- --------------------------------------------------------

--
-- Tabelstructuur voor tabel `user_pets`
--

CREATE TABLE IF NOT EXISTS `user_pets` (
  `id` int(20) unsigned NOT NULL AUTO_INCREMENT,
  `user_id` int(10) unsigned NOT NULL,
  `room_id` int(10) unsigned NOT NULL,
  `name` varchar(32) NOT NULL DEFAULT 'Unnamed',
  `race` varchar(3) NOT NULL DEFAULT '000',
  `color` varchar(6) NOT NULL DEFAULT 'FFFFFF',
  `type` int(10) unsigned NOT NULL,
  `expirience` int(11) NOT NULL,
  `energy` int(11) NOT NULL,
  `nutrition` int(11) NOT NULL DEFAULT '100',
  `respect` int(11) NOT NULL DEFAULT '0',
  `createstamp` double NOT NULL DEFAULT '0',
  `x` int(11) NOT NULL DEFAULT '0',
  `y` int(11) NOT NULL DEFAULT '0',
  `z` double NOT NULL DEFAULT '0',
  PRIMARY KEY (`id`),
  KEY `user_id` (`user_id`)
) ENGINE=MyISAM DEFAULT CHARSET=latin1 AUTO_INCREMENT=1 ;

--
-- Gegevens worden uitgevoerd voor tabel `user_pets`
--


-- --------------------------------------------------------

--
-- Tabelstructuur voor tabel `user_presents`
--

CREATE TABLE IF NOT EXISTS `user_presents` (
  `item_id` int(10) unsigned NOT NULL,
  `base_id` int(10) unsigned NOT NULL,
  `amount` int(11) NOT NULL,
  `extra_data` text NOT NULL,
  KEY `item_id` (`item_id`)
) ENGINE=MyISAM DEFAULT CHARSET=latin1;

--
-- Gegevens worden uitgevoerd voor tabel `user_presents`
--


-- --------------------------------------------------------

--
-- Tabelstructuur voor tabel `user_quests`
--

CREATE TABLE IF NOT EXISTS `user_quests` (
  `id` int(10) unsigned NOT NULL AUTO_INCREMENT,
  `user_id` int(10) unsigned NOT NULL,
  `quest_id` int(10) unsigned NOT NULL,
  PRIMARY KEY (`id`)
) ENGINE=MyISAM DEFAULT CHARSET=latin1 AUTO_INCREMENT=1 ;

--
-- Gegevens worden uitgevoerd voor tabel `user_quests`
--


-- --------------------------------------------------------

--
-- Tabelstructuur voor tabel `user_roomvisits`
--

CREATE TABLE IF NOT EXISTS `user_roomvisits` (
  `user_id` int(10) unsigned NOT NULL,
  `room_id` int(10) unsigned NOT NULL,
  `entry_timestamp` double NOT NULL,
  `exit_timestamp` double NOT NULL,
  `hour` int(11) NOT NULL,
  `minute` int(11) NOT NULL,
  KEY `user_id` (`user_id`)
) ENGINE=MyISAM DEFAULT CHARSET=latin1;

--
-- Gegevens worden uitgevoerd voor tabel `user_roomvisits`
--

INSERT INTO `user_roomvisits` (`user_id`, `room_id`, `entry_timestamp`, `exit_timestamp`, `hour`, `minute`) VALUES
(1, 17, 1305228324, 1305228332, 21, 25),
(1, 17, 1305228176, 1305228183, 21, 22),
(1, 17, 1305227427, 1305227437, 21, 10),
(1, 17, 1305384091, 1305384109, 16, 41),
(1, 17, 1305384034, 1305384086, 16, 40),
(1, 17, 1305383814, 1305384029, 16, 36),
(1, 17, 1305383775, 1305383809, 16, 36),
(1, 17, 1305383150, 1305383769, 16, 25),
(1, 17, 1305383067, 1305383144, 16, 24),
(1, 17, 1305382996, 1305383061, 16, 23),
(1, 17, 1305231799, 1305231892, 22, 23),
(1, 17, 1305230679, 1305231794, 22, 4),
(1, 17, 1305229921, 1305229982, 21, 52),
(1, 17, 1305229897, 1305229982, 21, 51),
(1, 17, 1305229795, 1305229851, 21, 49),
(1, 17, 1305229516, 1305229785, 21, 45),
(1, 17, 1305229292, 1305229405, 21, 41),
(1, 17, 1305229166, 1305229278, 21, 39),
(1, 17, 1305229093, 1305229142, 21, 38),
(1, 17, 1305228947, 1305229083, 21, 35),
(1, 17, 1305228836, 1305228926, 21, 33),
(1, 17, 1305228700, 1305228825, 21, 31),
(1, 17, 1305228588, 1305228680, 21, 29),
(1, 17, 1305228479, 1305228580, 21, 27),
(1, 17, 1305228436, 1305228442, 21, 27),
(1, 17, 1305228379, 1305228425, 21, 26),
(1, 17, 1305228361, 1305228367, 21, 26),
(1, 17, 1305382954, 1305382991, 16, 22),
(1, 17, 1305382602, 1305382894, 16, 16),
(1, 17, 1305382245, 1305382595, 16, 10),
(1, 17, 1305381893, 1305382234, 16, 4),
(1, 17, 1305381192, 1305381599, 15, 53),
(1, 17, 1305381072, 1305381183, 15, 51),
(1, 17, 1305380997, 1305381067, 15, 49),
(1, 17, 1305384283, 1305384326, 16, 44),
(1, 17, 1305384250, 1305384278, 16, 44),
(1, 17, 1305384175, 1305384244, 16, 42),
(1, 17, 1305384139, 1305384164, 16, 42),
(1, 17, 1305384114, 1305384134, 16, 41),
(1, 17, 1305380891, 1305380991, 15, 48),
(1, 17, 1305380866, 1305380886, 15, 47),
(1, 17, 1305380665, 1305380860, 15, 44),
(1, 17, 1305380536, 1305380647, 15, 42),
(1, 17, 1305380492, 1305380531, 15, 41),
(1, 23, 1305380385, 1305380444, 15, 39),
(1, 17, 1305380362, 1305380385, 15, 39),
(1, 17, 1305390102, 1305390128, 18, 21),
(1, 17, 1305390051, 1305390061, 18, 20),
(1, 17, 1305389904, 1305390044, 18, 18),
(1, 17, 1305389464, 1305389896, 18, 11),
(1, 17, 1305389299, 1305389459, 18, 8),
(1, 17, 1305389187, 1305389292, 18, 6),
(1, 17, 1305389032, 1305389181, 18, 3),
(1, 17, 1305387942, 1305387948, 17, 45),
(1, 17, 1305387894, 1305387899, 17, 44),
(1, 17, 1305459934, 1305459950, 13, 45),
(1, 17, 1305459800, 1305459921, 13, 43),
(1, 17, 1305459632, 1305459743, 13, 40),
(1, 17, 1305459616, 1305459625, 13, 40),
(1, 17, 1305459528, 1305459578, 13, 38),
(1, 17, 1305459050, 1305459097, 13, 30),
(1, 17, 1305458938, 1305459019, 13, 28),
(1, 17, 1305458679, 1305458928, 13, 24),
(1, 17, 1305458608, 1305458667, 13, 23),
(1, 17, 1305458421, 1305458469, 13, 20),
(1, 17, 1305458039, 1305458412, 13, 13),
(1, 17, 1305458004, 1305458030, 13, 13),
(1, 17, 1305457949, 1305457995, 13, 12),
(1, 17, 1305457739, 1305457933, 13, 8),
(1, 17, 1305457559, 1305457729, 13, 5),
(1, 17, 1305387809, 1305387887, 17, 43),
(1, 17, 1305385832, 1305386735, 17, 10),
(1, 17, 1305385673, 1305385828, 17, 7),
(1, 17, 1305385643, 1305385668, 17, 7),
(1, 17, 1305385636, 1305385640, 17, 7),
(1, 17, 1305385628, 1305385632, 17, 7),
(1, 17, 1305384394, 1305385622, 16, 46),
(1, 17, 1305384331, 1305384384, 16, 45),
(1, 17, 1305221983, 1305221988, 19, 39),
(1, 8, 1305221947, 1305221977, 19, 39),
(1, 17, 1305215679, 1305216020, 17, 54),
(2, 17, 1305213916, 1305215671, 17, 25),
(2, 18, 1305213912, 1305213915, 17, 25),
(1, 17, 1305213902, 1305215671, 17, 25),
(2, 17, 1305213857, 1305213894, 17, 24),
(2, 18, 1305213853, 1305213857, 17, 24),
(1, 17, 1305213837, 1305213894, 17, 23),
(2, 17, 1305213770, 1305213829, 17, 22),
(2, 18, 1305213766, 1305213770, 17, 22),
(1, 17, 1305213743, 1305213829, 17, 22),
(1, 17, 1305212787, 1305213732, 17, 6),
(1, 17, 1305212741, 1305212775, 17, 5),
(1, 17, 1305212519, 1305212594, 17, 1),
(1, 17, 1305212426, 1305212481, 17, 0),
(1, 17, 1305212380, 1305212411, 16, 59),
(1, 17, 1305212309, 1305212363, 16, 58),
(1, 17, 1305212239, 1305212299, 16, 57),
(1, 17, 1305457260, 1305457549, 13, 1),
(1, 17, 1305457010, 1305457241, 12, 56),
(1, 17, 1305456864, 1305456997, 12, 54),
(1, 17, 1305456710, 1305456841, 12, 51),
(1, 17, 1305454762, 1305456702, 12, 19),
(1, 17, 1305454544, 1305454754, 12, 15),
(1, 17, 1305464857, 1305464945, 15, 7),
(1, 17, 1305464393, 1305464845, 14, 59),
(1, 17, 1305464305, 1305464380, 14, 58),
(1, 17, 1305464116, 1305464295, 14, 55),
(1, 17, 1305464061, 1305464106, 14, 54),
(1, 17, 1305464042, 1305464061, 14, 54),
(1, 17, 1305464022, 1305464040, 14, 53),
(1, 17, 1305463653, 1305463799, 14, 47),
(1, 17, 1305463580, 1305463582, 14, 46),
(1, 17, 1305463201, 1305463570, 14, 40),
(1, 17, 1305463106, 1305463174, 14, 38),
(1, 17, 1305463000, 1305463095, 14, 36),
(1, 17, 1305462849, 1305462991, 14, 34),
(1, 17, 1305462711, 1305462838, 14, 31),
(1, 17, 1305462168, 1305462335, 14, 22),
(1, 17, 1305461998, 1305462154, 14, 19),
(1, 17, 1305461926, 1305461988, 14, 18),
(1, 17, 1305461795, 1305461914, 14, 16),
(1, 17, 1305461560, 1305461756, 14, 12),
(1, 17, 1305461231, 1305461548, 14, 7),
(1, 17, 1305460736, 1305461221, 13, 58),
(1, 17, 1305460596, 1305460682, 13, 56),
(1, 17, 1305460392, 1305460587, 13, 53),
(1, 17, 1305460237, 1305460384, 13, 50),
(1, 17, 1305460012, 1305460093, 13, 46),
(1, 17, 1305227264, 1305227417, 21, 7),
(1, 17, 1305227220, 1305227255, 21, 7),
(1, 17, 1305454500, 1305454537, 12, 15),
(1, 17, 1305454446, 1305454490, 12, 14),
(1, 17, 1305454420, 1305454430, 12, 13),
(1, 17, 1305454353, 1305454413, 12, 12),
(1, 17, 1305454224, 1305454346, 12, 10),
(1, 17, 1305454084, 1305454140, 12, 8),
(1, 17, 1305454012, 1305454076, 12, 6),
(1, 17, 1305453896, 1305453954, 12, 4),
(1, 17, 1305453674, 1305453885, 12, 1),
(1, 17, 1305453362, 1305453667, 11, 56),
(1, 17, 1305453360, 1305453362, 11, 56),
(1, 17, 1305453140, 1305453159, 11, 52),
(1, 17, 1305452644, 1305452789, 11, 44),
(1, 17, 1305451246, 1305451266, 11, 20),
(1, 17, 1305451107, 1305451215, 11, 18),
(1, 17, 1305451031, 1305451103, 11, 17),
(1, 17, 1305451024, 1305451027, 11, 17),
(1, 17, 1305400913, 1305450880, 21, 21),
(1, 17, 1305400781, 1305400907, 21, 19),
(1, 17, 1305397088, 1305397316, 20, 18),
(1, 17, 1305397060, 1305397083, 20, 17),
(1, 17, 1305396982, 1305397054, 20, 16),
(1, 17, 1305396970, 1305396976, 20, 16),
(1, 17, 1305396840, 1305396936, 20, 14),
(1, 17, 1305396817, 1305396835, 20, 13),
(1, 17, 1305396372, 1305396809, 20, 6),
(1, 17, 1305396329, 1305396364, 20, 5),
(1, 17, 1305396128, 1305396143, 20, 2),
(1, 17, 1305396112, 1305396143, 20, 1),
(1, 17, 1305396105, 1305396109, 20, 1),
(1, 17, 1305396037, 1305396143, 20, 0),
(1, 17, 1305395939, 1305395973, 19, 58),
(1, 17, 1305395623, 1305395929, 19, 53),
(1, 17, 1305395006, 1305395618, 19, 43),
(1, 17, 1305394966, 1305394999, 19, 42),
(1, 17, 1305394838, 1305394961, 19, 40),
(1, 17, 1305394813, 1305394826, 19, 40),
(1, 17, 1305394771, 1305394808, 19, 39),
(1, 17, 1305390877, 1305390889, 18, 34),
(1, 17, 1305390814, 1305390818, 18, 33),
(1, 17, 1305390640, 1305390772, 18, 30),
(1, 17, 1305390562, 1305390628, 18, 29),
(1, 17, 1305390404, 1305390557, 18, 26),
(1, 17, 1305390134, 1305390356, 18, 22),
(1, 17, 1305212128, 1305212228, 16, 55),
(1, 17, 1305211952, 1305212110, 16, 52),
(1, 17, 1305211900, 1305211944, 16, 51),
(1, 17, 1305211734, 1305211889, 16, 48),
(1, 17, 1305211640, 1305211726, 16, 47),
(1, 17, 1305211499, 1305211632, 16, 44),
(1, 17, 1305380292, 1305380345, 15, 38),
(1, 17, 1305380235, 1305380243, 15, 37),
(1, 17, 1305380076, 1305380225, 15, 34),
(1, 17, 1305379978, 1305380062, 15, 32),
(1, 17, 1305379923, 1305379972, 15, 32),
(1, 17, 1305379863, 1305379917, 15, 31),
(1, 17, 1305211402, 1305211490, 16, 43),
(1, 17, 1305394574, 1305394765, 19, 36),
(1, 17, 1305227025, 1305227211, 21, 3),
(1, 17, 1305226944, 1305227015, 21, 2),
(1, 17, 1305226345, 1305226363, 20, 52),
(1, 17, 1305226282, 1305226314, 20, 51),
(1, 17, 1305226256, 1305226274, 20, 50),
(1, 17, 1305225988, 1305226095, 20, 46),
(1, 8, 1305225964, 1305225987, 20, 46),
(1, 17, 1305225848, 1305225964, 20, 44),
(1, 17, 1305225789, 1305225841, 20, 43),
(1, 17, 1305225215, 1305225781, 20, 33),
(1, 8, 1305225200, 1305225209, 20, 33),
(1, 8, 1305225149, 1305225199, 20, 32),
(1, 17, 1305225103, 1305225149, 20, 31),
(1, 17, 1305222984, 1305225092, 19, 56),
(1, 17, 1305222948, 1305222976, 19, 55),
(1, 17, 1305222890, 1305222936, 19, 54),
(1, 17, 1305222822, 1305222872, 19, 53),
(1, 8, 1305222111, 1305222115, 19, 41),
(1, 17, 1305222106, 1305222110, 19, 41),
(1, 6, 1305222088, 1305222099, 19, 41),
(1, 17, 1305222077, 1305222088, 19, 41),
(1, 6, 1305222053, 1305222069, 19, 40),
(1, 17, 1305222050, 1305222053, 19, 40),
(1, 8, 1305221988, 1305222029, 19, 39),
(1, 17, 1305379837, 1305379858, 15, 30),
(1, 17, 1305379452, 1305379831, 15, 24),
(1, 17, 1305379415, 1305379447, 15, 23),
(1, 17, 1305379189, 1305379344, 15, 19),
(1, 17, 1305379075, 1305379184, 15, 17),
(1, 17, 1305378973, 1305379070, 15, 16),
(2, 17, 1305377376, 1305377386, 14, 49),
(2, 18, 1305377373, 1305377376, 14, 49),
(2, 18, 1305377369, 1305377373, 14, 49),
(1, 17, 1305394325, 1305394568, 19, 32),
(1, 17, 1305377347, 1305378963, 14, 49),
(1, 17, 1305371601, 1305372500, 13, 13),
(1, 8, 1305371353, 1305371355, 13, 9),
(1, 1, 1305371349, 1305371353, 13, 9),
(1, 17, 1305369797, 1305370777, 12, 43),
(1, 6, 1305221944, 1305221947, 19, 39),
(1, 17, 1305221911, 1305221944, 19, 38),
(1, 17, 1305221621, 1305221886, 19, 33),
(1, 17, 1305221439, 1305221614, 19, 30),
(1, 17, 1305221411, 1305221429, 19, 30),
(1, 17, 1305211309, 1305211394, 16, 41),
(1, 17, 1305211255, 1305211263, 16, 40),
(1, 17, 1305211190, 1305211244, 16, 39),
(1, 17, 1305211143, 1305211183, 16, 39),
(1, 17, 1305211081, 1305211135, 16, 38),
(1, 17, 1305210946, 1305211073, 16, 35),
(1, 17, 1305210878, 1305210938, 16, 34),
(1, 17, 1305210735, 1305210869, 16, 32),
(1, 17, 1305210648, 1305210726, 16, 30),
(1, 17, 1305210553, 1305210640, 16, 29),
(1, 17, 1305210491, 1305210537, 16, 28),
(1, 17, 1305210441, 1305210483, 16, 27),
(1, 17, 1305210192, 1305210234, 16, 23),
(1, 17, 1305450940, 1305451018, 11, 15),
(1, 17, 1305450901, 1305450933, 11, 15);

-- --------------------------------------------------------

--
-- Tabelstructuur voor tabel `user_subscriptions`
--

CREATE TABLE IF NOT EXISTS `user_subscriptions` (
  `user_id` int(10) unsigned NOT NULL,
  `subscription_id` varchar(50) NOT NULL,
  `start` varchar(100) NOT NULL,
  `months` int(11) NOT NULL DEFAULT '1',
  `times_gift` int(10) NOT NULL DEFAULT '0',
  KEY `user_id` (`user_id`)
) ENGINE=MyISAM DEFAULT CHARSET=latin1;

--
-- Gegevens worden uitgevoerd voor tabel `user_subscriptions`
--

INSERT INTO `user_subscriptions` (`user_id`, `subscription_id`, `start`, `months`, `times_gift`) VALUES
(1, 'club_habbo', '29-4-2011 13:57:18', 2, 2),
(1, 'habbo_club', '4-4-2011 13:55:22', 1, 0);

-- --------------------------------------------------------

--
-- Tabelstructuur voor tabel `user_tags`
--

CREATE TABLE IF NOT EXISTS `user_tags` (
  `id` int(11) NOT NULL AUTO_INCREMENT,
  `user_id` int(10) unsigned NOT NULL,
  `tag` varchar(100) NOT NULL,
  PRIMARY KEY (`id`),
  KEY `user_id` (`user_id`)
) ENGINE=MyISAM  DEFAULT CHARSET=latin1 AUTO_INCREMENT=3 ;

--
-- Gegevens worden uitgevoerd voor tabel `user_tags`
--


-- --------------------------------------------------------

--
-- Tabelstructuur voor tabel `user_wardrobe`
--

CREATE TABLE IF NOT EXISTS `user_wardrobe` (
  `user_id` int(10) unsigned NOT NULL,
  `slot_id` int(10) unsigned NOT NULL,
  `look` varchar(120) NOT NULL,
  `gender` enum('F','M') NOT NULL DEFAULT 'M',
  KEY `user_id` (`user_id`)
) ENGINE=MyISAM DEFAULT CHARSET=latin1;

--
-- Gegevens worden uitgevoerd voor tabel `user_wardrobe`
--


-- --------------------------------------------------------

--
-- Tabelstructuur voor tabel `vip_shop_items`
--

CREATE TABLE IF NOT EXISTS `vip_shop_items` (
  `id` int(10) unsigned NOT NULL AUTO_INCREMENT,
  `title` varchar(100) NOT NULL,
  `desc` varchar(1000) NOT NULL,
  `pic` varchar(100) NOT NULL,
  `points` int(10) NOT NULL DEFAULT '0',
  `enabled` enum('0','1') NOT NULL DEFAULT '1',
  PRIMARY KEY (`id`)
) ENGINE=MyISAM  DEFAULT CHARSET=latin1 AUTO_INCREMENT=2 ;

--
-- Gegevens worden uitgevoerd voor tabel `vip_shop_items`
--

INSERT INTO `vip_shop_items` (`id`, `title`, `desc`, `pic`, `points`, `enabled`) VALUES
(1, 'Test-Title', 'Test description', 'http://localhost/images/test.png', 100, '1');

-- --------------------------------------------------------

--
-- Tabelstructuur voor tabel `wired_messages`
--

CREATE TABLE IF NOT EXISTS `wired_messages` (
  `id` int(10) unsigned NOT NULL AUTO_INCREMENT,
  `item_id` int(10) unsigned NOT NULL,
  `message` varchar(100) NOT NULL,
  PRIMARY KEY (`id`)
) ENGINE=MyISAM DEFAULT CHARSET=latin1 AUTO_INCREMENT=1 ;

--
-- Gegevens worden uitgevoerd voor tabel `wired_messages`
--


-- --------------------------------------------------------

--
-- Tabelstructuur voor tabel `wordfilter`
--

CREATE TABLE IF NOT EXISTS `wordfilter` (
  `id` int(10) unsigned NOT NULL AUTO_INCREMENT,
  `word` varchar(100) NOT NULL,
  PRIMARY KEY (`id`)
) ENGINE=MyISAM  DEFAULT CHARSET=latin1 AUTO_INCREMENT=2 ;

--
-- Gegevens worden uitgevoerd voor tabel `wordfilter`
--

INSERT INTO `wordfilter` (`id`, `word`) VALUES
(1, 'damn');

