INSERT INTO `furniture` VALUES ('1747', 'Chinese Wall Lamp', 'china_light', 'i', '0', '0', '1', '0', '0', '0', '4086', '1', '1', '1', '1', '1', 'default', '2', '0');
INSERT INTO `furniture` VALUES ('1748', 'Ox Poster', 'china_pstr1', 'i', '0', '0', '1', '0', '0', '0', '4084', '1', '1', '1', '1', '1', 'default', '1', '0');
INSERT INTO `furniture` VALUES ('1749', 'Bolly Window', 'bolly_wdw_wd', 'i', '0', '0', '1', '0', '0', '0', '4087', '1', '1', '1', '1', '1', 'default', '3', '0');
INSERT INTO `furniture` VALUES ('1750', 'Monster Plan Poster', 'ads_igor_wall', 'i', '0', '0', '1', '0', '0', '0', '4090', '1', '1', '1', '1', '1', 'default', '1', '0');
INSERT INTO `furniture` VALUES ('1751', 'Evil Bone', 'ads_igorevilb', 'i', '0', '0', '1', '0', '0', '0', '4089', '1', '1', '1', '1', '1', 'default', '2', '0');
INSERT INTO `furniture` VALUES ('1752', 'ads_idol_wall name', 'ads_idol_wall', 'i', '0', '0', '1', '0', '0', '0', '4088', '1', '1', '1', '1', '1', 'default', '1', '0');
INSERT INTO `furniture` VALUES ('1753', 'Mall Furni Showroom', 'ads_mall_winfur', 'i', '0', '0', '1', '0', '0', '0', '4092', '1', '1', '1', '1', '1', 'default', '1', '0');
INSERT INTO `furniture` VALUES ('1754', 'Mall Pet Shop Window', 'ads_mall_winpet', 'i', '0', '0', '1', '0', '0', '0', '4091', '1', '1', '1', '1', '1', 'default', '1', '0');
INSERT INTO `furniture` VALUES ('1755', 'Rock Wall', 'lc_wall1', 'i', '0', '0', '1', '0', '0', '0', '4095', '1', '1', '1', '1', '1', 'default', '1', '0');
INSERT INTO `furniture` VALUES ('1756', 'Aquarium Window', 'lc_window2', 'i', '0', '0', '1', '0', '0', '0', '4096', '1', '1', '1', '1', '1', 'default', '2', '0');
INSERT INTO `furniture` VALUES ('1757', 'Wooden Window', 'lc_window1', 'i', '0', '0', '1', '0', '0', '0', '4094', '1', '1', '1', '1', '1', 'default', '2', '0');
INSERT INTO `furniture` VALUES ('1758', 'American Idol TV', 'ads_idol_tv', 'i', '0', '0', '1', '0', '0', '0', '4093', '1', '1', '1', '1', '1', 'default', '1', '0');
INSERT INTO `furniture` VALUES ('1759', 'Coral Wall', 'lc_wall2', 'i', '0', '0', '1', '0', '0', '0', '4097', '1', '1', '1', '1', '1', 'default', '1', '0');
INSERT INTO `furniture` VALUES ('1760', 'ads_idol_mirror name', 'ads_idol_mirror', 'i', '0', '0', '1', '0', '0', '0', '4099', '1', '1', '1', '1', '1', 'default', '2', '0');
INSERT INTO `furniture` VALUES ('1761', 'Mall Cinema Window', 'ads_mall_wincin', 'i', '0', '0', '1', '0', '0', '0', '4098', '1', '1', '1', '1', '1', 'default', '1', '0');
INSERT INTO `furniture` VALUES ('1762', 'Strum', 'ads_mall_winmus', 'i', '0', '0', '1', '0', '0', '0', '4101', '1', '1', '1', '1', '1', 'default', '1', '0');
INSERT INTO `furniture` VALUES ('1763', 'Mall Beauty Salon', 'ads_mall_winbea', 'i', '0', '0', '1', '0', '0', '0', '4100', '1', '1', '1', '1', '1', 'default', '1', '0');
INSERT INTO `furniture` VALUES ('1764', 'Eco Curtain 1', 'eco_curtains1', 'i', '0', '0', '1', '0', '0', '0', '4105', '0', '1', '1', '1', '1', 'default', '2', '0');
INSERT INTO `furniture` VALUES ('1765', 'Mall Idea Agency Window', 'ads_mall_winchi', 'i', '0', '0', '1', '0', '0', '0', '4103', '1', '1', '1', '1', '1', 'default', '1', '0');
INSERT INTO `furniture` VALUES ('1766', 'Eco Curtain 3', 'eco_curtains3', 'i', '0', '0', '1', '0', '0', '0', '4104', '0', '1', '1', '1', '1', 'default', '2', '0');
INSERT INTO `furniture` VALUES ('1767', 'Eco Curtain 2', 'eco_curtains2', 'i', '0', '0', '1', '0', '0', '0', '4102', '0', '1', '1', '1', '1', 'default', '2', '0');
INSERT INTO `furniture` VALUES ('1768', 'Mall Ice Cream Parlour Window', 'ads_mall_winice', 'i', '0', '0', '1', '0', '0', '0', '4109', '1', '1', '1', '1', '1', 'default', '1', '0');
INSERT INTO `furniture` VALUES ('1769', 'Whatever your sporting dibble', 'ads_mall_winspo', 'i', '0', '0', '1', '0', '0', '0', '4106', '1', '1', '1', '1', '1', 'default', '1', '0');
INSERT INTO `furniture` VALUES ('1770', 'ads_idol_logo name', 'ads_idol_logo', 'i', '0', '0', '1', '0', '0', '0', '4108', '1', '1', '1', '1', '1', 'default', '3', '0');
INSERT INTO `furniture` VALUES ('1771', 'World Map', 'exe_map', 'i', '0', '0', '1', '0', '0', '0', '4110', '1', '1', '1', '1', '1', 'default', '2', '0');
INSERT INTO `furniture` VALUES ('1772', 'Wall Fall', 'exe_wfall', 'i', '0', '0', '1', '0', '0', '0', '4107', '1', '1', '1', '1', '1', 'default', '3', '0');
INSERT INTO `furniture` VALUES ('1773', 'ads_lin_wh_c name', 'ads_lin_wh_c', 'i', '0', '0', '1', '0', '0', '0', '4115', '1', '1', '1', '1', '1', 'default', '1', '0');
INSERT INTO `furniture` VALUES ('1774', 'ads_malaco_tv name', 'ads_malaco_tv', 'i', '0', '0', '1', '0', '0', '0', '4113', '1', '1', '1', '1', '1', 'default', '1', '0');
INSERT INTO `furniture` VALUES ('1775', 'ads_puffet_tv name', 'ads_puffet_tv', 'i', '0', '0', '1', '0', '0', '0', '4111', '1', '1', '1', '1', '1', 'default', '1', '0');
INSERT INTO `furniture` VALUES ('1776', 'ads_reebok_tv name', 'ads_reebok_tv', 'i', '0', '0', '1', '0', '0', '0', '4112', '1', '1', '1', '1', '1', 'default', '1', '0');
INSERT INTO `furniture` VALUES ('1777', 'Forest Wall Poster', 'country_forestwall', 'i', '0', '0', '1', '0', '0', '0', '4114', '1', '1', '1', '1', '1', 'default', '1', '0');
INSERT INTO `furniture` VALUES ('1778', 'Marble Fireplace', 'country_fp', 'i', '0', '0', '1', '0', '0', '0', '4117', '1', '1', '1', '1', '1', 'default', '2', '0');
INSERT INTO `furniture` VALUES ('1779', 'Farmhouse Wall', 'country_wall', 'i', '0', '0', '1', '0', '0', '0', '4118', '1', '1', '1', '1', '1', 'default', '1', '0');
INSERT INTO `furniture` VALUES ('1780', 'Ye Olde Lantern', 'country_lantern', 'i', '0', '0', '1', '0', '0', '0', '4116', '1', '1', '1', '1', '1', 'default', '2', '0');
INSERT INTO `furniture` VALUES ('1781', 'Norwegian Flag', 'flag_norway', 'i', '0', '0', '1', '0', '0', '0', '4119', '1', '1', '1', '1', '1', 'default', '1', '0');
INSERT INTO `furniture` VALUES ('1782', 'Diner Poster', 'diner_poster', 'i', '0', '0', '1', '0', '0', '0', '4120', '1', '1', '1', '1', '1', 'default', '1', '0');
INSERT INTO `furniture` VALUES ('1783', '', 'lt_jngl_wall', 'i', '0', '0', '1', '0', '0', '0', '4121', '1', '1', '1', '1', '1', 'default', '1', '0');
INSERT INTO `furniture` VALUES ('1784', 'ads_mirror name', 'ads_mirror', 'i', '0', '0', '1', '0', '0', '0', '4122', '1', '1', '1', '1', '1', 'default', '2', '0');
INSERT INTO `furniture` VALUES ('1785', 'lt_wall', 'lt_wall', 'i', '0', '0', '1', '0', '0', '0', '4123', '1', '1', '1', '1', '1', 'default', '2', '0');
INSERT INTO `furniture` VALUES ('1787', 'Starship Window', 'sf_window', 'i', '0', '0', '1', '0', '0', '0', '4224', '1', '1', '1', '1', '1', 'default', '1', '0');
INSERT INTO `furniture` VALUES ('1788', 'Starship Wall', 'sf_wall2', 'i', '0', '0', '1', '0', '0', '0', '4228', '1', '1', '1', '1', '1', 'default', '3', '0');
INSERT INTO `furniture` VALUES ('1789', 'ads_wwe_poster name', 'ads_wwe_poster', 'i', '0', '0', '1', '0', '0', '0', '4226', '1', '1', '1', '1', '1', 'default', '1', '0');
INSERT INTO `furniture` VALUES ('1790', 'Fly me to the moon', 'ads_mall_wintra', 'i', '0', '0', '1', '0', '0', '0', '4225', '1', '1', '1', '1', '1', 'default', '1', '0');
INSERT INTO `furniture` VALUES ('1791', 'Starship Corner', 'sf_wall3', 'i', '0', '0', '1', '0', '0', '0', '4223', '1', '1', '1', '1', '1', 'default', '1', '0');
INSERT INTO `furniture` VALUES ('1793', 'ads_veet name', 'ads_veet', 'i', '0', '0', '1', '0', '0', '0', '4222', '1', '1', '1', '1', '1', 'default', '1', '0');
INSERT INTO `furniture` VALUES ('1794', 'Wall Tiles', 'rela_wall', 'i', '0', '0', '1', '0', '0', '0', '4232', '1', '1', '1', '1', '1', 'default', '6', '0');
INSERT INTO `furniture` VALUES ('1795', 'flag_belgium', 'flag_belgium', 'i', '0', '0', '1', '0', '0', '0', '4229', '1', '1', '1', '1', '1', 'default', '1', '0');
INSERT INTO `furniture` VALUES ('1796', 'flag_portugal', 'flag_portugal', 'i', '0', '0', '1', '0', '0', '0', '4231', '1', '1', '1', '1', '1', 'default', '1', '0');
INSERT INTO `furniture` VALUES ('1797', 'ads_mall_wingar', 'ads_mall_wingar', 'i', '0', '0', '1', '0', '0', '0', '4230', '1', '1', '1', '1', '1', 'default', '1', '0');
INSERT INTO `furniture` VALUES ('1798', 'ktchn_wall name', 'ktchn_wall', 'i', '0', '0', '1', '0', '0', '0', '4235', '1', '1', '1', '1', '1', 'default', '1', '0');
INSERT INTO `furniture` VALUES ('1799', 'ads_mall_winclo', 'ads_mall_winclo', 'i', '0', '0', '1', '0', '0', '0', '4236', '1', '1', '1', '1', '1', 'default', '1', '0');
INSERT INTO `furniture` VALUES ('1800', 'ktchn_oven name', 'ktchn_oven', 'i', '0', '0', '1', '0', '0', '0', '4234', '1', '1', '1', '1', '1', 'default', '2', '0');
INSERT INTO `furniture` VALUES ('1801', 'ktchn_knives name', 'ktchn_knives', 'i', '0', '0', '1', '0', '0', '0', '4233', '1', '1', '1', '1', '1', 'default', '4', '0');
INSERT INTO `furniture` VALUES ('1802', 'Mood Controller (Large)', 'dimmer_fuse6', 'i', '0', '0', '1', '0', '0', '0', '4240', '1', '1', '1', '1', '1', 'dimmer', '1', '0');
INSERT INTO `furniture` VALUES ('1803', 'Mood Switch (Large)', 'dimmer_swtch', 'i', '0', '0', '1', '0', '0', '0', '4237', '1', '1', '1', '1', '1', 'dimmer', '1', '0');
INSERT INTO `furniture` VALUES ('1804', 'Mood Controller (Small)', 'dimmer_fuse2', 'i', '0', '0', '1', '0', '0', '0', '4239', '1', '1', '1', '1', '1', 'dimmer', '1', '0');
INSERT INTO `furniture` VALUES ('1805', 'Mood Switch (Small)', 'dimmer_buttn', 'i', '0', '0', '1', '0', '0', '0', '4238', '1', '1', '1', '1', '1', 'dimmer', '1', '0');
INSERT INTO `furniture` VALUES ('19877', '', 'avatar_effect9', 'e', '1', '1', '1', '0', '0', '0', '9', '0', '0', '1', '0', '0', 'default', '1', '0');
INSERT INTO `furniture` VALUES ('19878', '', 'avatar_effect6', 'e', '1', '1', '1', '0', '0', '0', '6', '0', '0', '1', '0', '0', 'default', '1', '0');
INSERT INTO `furniture` VALUES ('19879', '', 'avatar_effect16', 'e', '1', '1', '1', '0', '0', '0', '16', '0', '0', '1', '0', '0', 'default', '1', '0');
INSERT INTO `furniture` VALUES ('19880', '', 'avatar_effect2', 'e', '1', '1', '1', '0', '0', '0', '2', '0', '0', '1', '0', '0', 'default', '1', '0');
INSERT INTO `furniture` VALUES ('19881', '', 'avatar_effect14', 'e', '1', '1', '1', '0', '0', '0', '14', '0', '0', '1', '0', '0', 'default', '1', '0');
INSERT INTO `furniture` VALUES ('19882', '', 'avatar_effect15', 'e', '1', '1', '1', '0', '0', '0', '15', '0', '0', '1', '0', '0', 'default', '1', '0');
INSERT INTO `furniture` VALUES ('19883', '', 'avatar_effect3', 'e', '1', '1', '1', '0', '0', '0', '3', '0', '0', '1', '0', '0', 'default', '1', '0');
INSERT INTO `furniture` VALUES ('19884', '', 'avatar_effect17', 'e', '1', '1', '1', '0', '0', '0', '17', '0', '0', '1', '0', '0', 'default', '1', '0');
INSERT INTO `furniture` VALUES ('19885', '', 'avatar_effect18', 'e', '1', '1', '1', '0', '0', '0', '18', '0', '0', '1', '0', '0', 'default', '1', '0');
INSERT INTO `furniture` VALUES ('19886', '', 'avatar_effect1', 'e', '1', '1', '1', '0', '0', '0', '1', '0', '0', '1', '0', '0', 'default', '1', '0');
INSERT INTO `furniture` VALUES ('19887', '', 'avatar_effect4', 'e', '1', '1', '1', '0', '0', '0', '4', '0', '0', '1', '0', '0', 'default', '1', '0');
INSERT INTO `furniture` VALUES ('19888', '', 'avatar_effect5', 'e', '1', '1', '1', '0', '0', '0', '5', '0', '0', '1', '0', '0', 'default', '1', '0');
INSERT INTO `furniture` VALUES ('19889', '', 'avatar_effect7', 'e', '1', '1', '1', '0', '0', '0', '7', '0', '0', '1', '0', '0', 'default', '1', '0');
INSERT INTO `furniture` VALUES ('19890', '', 'avatar_effect8', 'e', '1', '1', '1', '0', '0', '0', '8', '0', '0', '1', '0', '0', 'default', '1', '0');
INSERT INTO `furniture` VALUES ('19891', '', 'avatar_effect10', 'e', '1', '1', '1', '0', '0', '0', '10', '0', '0', '1', '0', '0', 'default', '1', '0');
INSERT INTO `furniture` VALUES ('19892', '', 'avatar_effect12', 'e', '1', '1', '1', '0', '0', '0', '12', '0', '0', '1', '0', '0', 'default', '1', '0');
INSERT INTO `furniture` VALUES ('19893', '', 'avatar_effect13', 'e', '1', '1', '1', '0', '0', '0', '13', '0', '0', '1', '0', '0', 'default', '1', '0');
INSERT INTO `furniture` VALUES ('19894', '', 'a2 l', 'i', '1', '1', '1', '0', '0', '0', '3002', '0', '0', '1', '1', '0', 'roomeffect', '1', '0');
INSERT INTO `furniture` VALUES ('19895', '', 'a2 t', 'i', '1', '1', '1', '0', '0', '0', '3001', '0', '0', '1', '1', '0', 'roomeffect', '1', '0');
INSERT INTO `furniture` VALUES ('19896', '', 'wallpaper 1', 'i', '1', '1', '1', '0', '0', '0', '3001', '0', '0', '1', '1', '0', 'roomeffect', '1', '0');
INSERT INTO `furniture` VALUES ('19926', '', 'landscape 10', 'i', '1', '1', '1', '0', '0', '0', '4054', '0', '0', '1', '1', '0', 'roomeffect', '1', '0');
INSERT INTO `furniture` VALUES ('19938', '', 'hween09_floor', 's', '2', '2', '0', '1', '0', '1', '3288', '0', '0', '1', '1', '1', 'default', '1', '0');
INSERT INTO `furniture` VALUES ('19939', '', 'hween09_jar', 's', '1', '1', '1', '0', '0', '0', '3287', '0', '0', '1', '1', '1', 'default', '2', '0');
INSERT INTO `furniture` VALUES ('19940', 'City Bench (Clean)', 'urban_bench_plain', 's', '2', '1', '1', '0', '1', '0', '3284', '1', '1', '1', '1', '1', 'default', '1', '0');
INSERT INTO `furniture` VALUES ('19941', '', 'hween09_organ', 's', '2', '1', '1', '0', '0', '0', '3282', '0', '0', '1', '1', '1', 'default', '2', '0');
INSERT INTO `furniture` VALUES ('19942', '', 'byesw_hand', 's', '1', '1', '1.35', '0', '0', '0', '3291', '0', '1', '1', '1', '1', '', '1', '0');
INSERT INTO `furniture` VALUES ('19943', '', 'byesw_hotel', 's', '1', '1', '1', '0', '0', '0', '3289', '0', '1', '1', '1', '1', 'default', '6', '0');
INSERT INTO `furniture` VALUES ('19944', '', 'hween09_table', 's', '1', '3', '1', '0', '0', '0', '3286', '0', '0', '1', '1', '1', 'default', '2', '0');
INSERT INTO `furniture` VALUES ('19945', '', 'hween09_chair', 's', '1', '1', '1', '0', '1', '0', '3295', '0', '0', '1', '1', '1', 'default', '1', '0');
INSERT INTO `furniture` VALUES ('19946', '', 'hween09_mirror', 's', '1', '1', '1', '0', '1', '0', '3293', '0', '0', '1', '1', '1', 'default', '2', '0');
INSERT INTO `furniture` VALUES ('19947', 'Trap Door', 'hween09_hatch', 's', '2', '2', '0.001', '0', '0', '1', '3285', '0', '0', '1', '1', '1', 'gate', '2', '0');
INSERT INTO `furniture` VALUES ('19948', '', 'hween09_ghost', 's', '1', '1', '1', '0', '0', '0', '3290', '0', '0', '1', '1', '1', 'default', '2', '0');
INSERT INTO `furniture` VALUES ('19949', '', 'hween09_tv', 's', '2', '1', '1', '0', '0', '0', '3292', '0', '0', '1', '1', '1', 'default', '3', '0');
INSERT INTO `furniture` VALUES ('19950', '', 'hween09_chandelier', 's', '1', '1', '1', '0', '0', '1', '3294', '0', '0', '1', '1', '1', 'default', '3', '0');
INSERT INTO `furniture` VALUES ('19951', '', 'hween09_crnr1', 'i', '0', '0', '1', '0', '0', '0', '4247', '0', '0', '1', '1', '1', 'default', '4', '0');
INSERT INTO `furniture` VALUES ('19952', '', 'hween09_paint', 'i', '0', '0', '1', '0', '0', '0', '4263', '0', '0', '1', '1', '1', 'default', '2', '0');
INSERT INTO `furniture` VALUES ('19953', '', 'hween09_treewall', 'i', '0', '0', '1', '0', '0', '0', '4269', '0', '0', '1', '1', '1', 'default', '2', '0');
INSERT INTO `furniture` VALUES ('19954', '', 'hween09_wall1', 'i', '0', '0', '1', '0', '0', '0', '4257', '0', '0', '1', '1', '1', 'default', '4', '0');
INSERT INTO `furniture` VALUES ('19955', '', 'hween09_stonewall', 'i', '0', '0', '1', '0', '0', '0', '4259', '0', '0', '1', '1', '1', 'default', '5', '0');
INSERT INTO `furniture` VALUES ('19956', '', 'hween09_win', 'i', '0', '0', '1', '0', '0', '0', '4271', '0', '0', '1', '1', '1', 'default', '10', '0');
INSERT INTO `furniture` VALUES ('19957', '', 'avatar_effect22', 'e', '1', '1', '1', '0', '0', '0', '22', '0', '0', '1', '0', '1', 'default', '1', '0');
INSERT INTO `furniture` VALUES ('19958', '', 'avatar_effect19', 'e', '1', '1', '1', '0', '0', '0', '19', '0', '0', '1', '0', '1', 'default', '1', '0');
INSERT INTO `furniture` VALUES ('19959', '', 'avatar_effect20', 'e', '1', '1', '1', '0', '0', '0', '20', '0', '0', '1', '0', '1', 'default', '1', '0');
INSERT INTO `furniture` VALUES ('19960', '', 'avatar_effect21', 'e', '1', '1', '1', '0', '0', '0', '21', '0', '0', '1', '0', '1', 'default', '1', '0');
INSERT INTO `furniture` VALUES ('19989', 'Snowman Base', 'xm09_man_a', 's', '1', '1', '1', '1', '0', '0', '3330', '1', '1', '1', '1', '1', 'default', '5', '0');
INSERT INTO `furniture` VALUES ('19971', 'Snowman Middle', 'xm09_man_b', 's', '1', '1', '0.8', '1', '0', '0', '3328', '1', '1', '1', '1', '1', 'default', '9', '0');
INSERT INTO `furniture` VALUES ('19972', 'Snowman Head', 'xm09_man_c', 's', '1', '1', '1', '0', '0', '0', '3329', '1', '1', '1', '1', '1', 'default', '8', '0');
INSERT INTO `furniture` VALUES ('19973', 'Christmas Table', 'xm09_table', 's', '2', '6', '1', '1', '0', '0', '3335', '1', '1', '1', '1', '1', 'default', '2', '0');
INSERT INTO `furniture` VALUES ('19974', '6-Seater Bench', 'xm09_bench', 's', '6', '1', '1', '0', '1', '0', '3340', '1', '1', '1', '1', '1', 'default', '1', '0');
INSERT INTO `furniture` VALUES ('19976', 'Snowy Fir Trees', 'xm09_firwall', 'i', '0', '0', '1', '0', '0', '0', '4307', '1', '1', '1', '1', '1', 'default', '1', '0');
INSERT INTO `furniture` VALUES ('19977', 'Snowy Forest', 'xm09_forestwall', 'i', '0', '0', '1', '0', '0', '0', '4308', '1', '1', '1', '1', '1', 'default', '1', '0');
INSERT INTO `furniture` VALUES ('19978', 'Lodge Wall', 'xm09_lodgewall', 'i', '0', '0', '1', '1', '0', '0', '4311', '0', '1', '1', '1', '1', 'default', '8', '0');
INSERT INTO `furniture` VALUES ('19979', 'Gold Heart Bauble', 'xm09_bauble_25', 'i', '0', '0', '1', '1', '0', '0', '4286', '1', '1', '1', '1', '1', 'default', '1', '0');
INSERT INTO `furniture` VALUES ('19980', 'Silver Heart Bauble', 'xm09_bauble_26', 'i', '0', '0', '1', '1', '0', '0', '4306', '1', '1', '1', '1', '1', 'default', '1', '0');
INSERT INTO `furniture` VALUES ('19981', 'Pink Heart Bauble', 'xm09_bauble_27', 'i', '0', '0', '1', '1', '0', '0', '4279', '1', '1', '1', '1', '1', 'default', '1', '0');
INSERT INTO `furniture` VALUES ('19982', 'Pink Heart Bauble', 'xm09_bauble_27', 'i', '0', '0', '1', '1', '0', '0', '4313', '1', '1', '1', '1', '1', 'default', '1', '0');
INSERT INTO `furniture` VALUES ('19983', 'Blue Heart Bauble', 'xm09_bauble_23', 'i', '0', '0', '1', '1', '0', '0', '4292', '1', '1', '1', '1', '1', 'default', '1', '0');
INSERT INTO `furniture` VALUES ('19984', 'Green Heart Bauble', 'xm09_bauble_24', 'i', '0', '0', '1', '1', '0', '0', '4278', '1', '1', '1', '1', '1', 'default', '1', '0');
INSERT INTO `furniture` VALUES ('19985', 'Candy Cane', 'xm09_candyCane', 's', '1', '1', '1', '0', '0', '0', '3314', '1', '1', '1', '1', '1', 'default', '4', '0');
INSERT INTO `furniture` VALUES ('19986', 'Big Stocking', 'xm09_stocking', 'i', '0', '0', '1', '1', '0', '0', '4280', '1', '1', '1', '1', '1', 'default', '1', '0');
INSERT INTO `furniture` VALUES ('19994', 'Fountain', 'ads_twi_fountn', 's', '2', '2', '1', '0', '0', '0', '3301', '1', '1', '1', '1', '1', 'default', '2', '0');
INSERT INTO `furniture` VALUES ('19995', 'Clock Tower wall', 'ads_twi_dvdr2', 's', '2', '1', '1', '0', '0', '0', '3302', '1', '1', '1', '1', '1', 'default', '2', '0');
INSERT INTO `furniture` VALUES ('19996', 'Standing Rose Bouquet', 'ads_twi_roses', 's', '1', '1', '1', '0', '0', '0', '3304', '1', '1', '1', '1', '1', 'default', '1', '0');
INSERT INTO `furniture` VALUES ('19997', 'Cake on Table with Presents', 'ads_twi_table', 's', '2', '2', '1', '0', '0', '0', '3297', '1', '1', '1', '1', '1', 'default', '2', '0');
INSERT INTO `furniture` VALUES ('19998', 'Volturi Royal Chair', 'ads_twi_chair', 's', '1', '1', '1', '0', '1', '0', '3300', '1', '1', '1', '1', '1', 'default', '1', '0');
INSERT INTO `furniture` VALUES ('19999', 'Half wall', 'ads_twi_dvdr1', 's', '2', '1', '1', '0', '0', '0', '3303', '1', '1', '1', '1', '1', 'default', '1', '0');
INSERT INTO `furniture` VALUES ('20000', 'Broken Piano', 'ads_twi_piano', 's', '2', '2', '1', '0', '0', '0', '3299', '1', '1', '1', '1', '1', 'default', '1', '0');
INSERT INTO `furniture` VALUES ('20001', 'ads_twi_tower name', 'ads_twi_tower', 's', '1', '1', '1', '0', '0', '0', '3298', '1', '1', '1', '1', '1', 'default', '1', '0');
INSERT INTO `furniture` VALUES ('20002', 'Toolbox', 'ads_twi_toolbx', 's', '1', '1', '1', '0', '0', '0', '3296', '1', '1', '1', '1', '1', 'default', '2', '0');
INSERT INTO `furniture` VALUES ('20003', 'Mist', 'ads_twi_mist', 's', '1', '1', '0', '1', '0', '1', '3308', '1', '1', '1', '1', '1', 'default', '2', '0');
INSERT INTO `furniture` VALUES ('20011', 'Water Hydrant', 'urban_wpost', 's', '1', '1', '1', '0', '0', '0', '3272', '1', '1', '1', '1', '1', 'default', '2', '0');
INSERT INTO `furniture` VALUES ('20010', 'Pavement Slab', 'urban_sidewalk', 's', '2', '2', '0.2', '1', '0', '1', '3274', '1', '1', '1', '1', '1', 'default', '4', '0');
INSERT INTO `furniture` VALUES ('20008', 'City Bench (Dirty)', 'urban_bench', 's', '2', '1', '1', '0', '1', '0', '3269', '1', '1', '1', '1', '1', 'default', '1', '0');
INSERT INTO `furniture` VALUES ('20007', 'Taxi Sofa', 'urban_carsofa', 's', '2', '1', '1', '0', '1', '0', '3268', '1', '1', '1', '1', '1', 'default', '1', '0');
INSERT INTO `furniture` VALUES ('20014', 'Concrete Block', 'urban_blocker', 's', '1', '1', '1', '0', '0', '0', '3270', '1', '1', '1', '1', '1', 'default', '1', '0');
INSERT INTO `furniture` VALUES ('20013', 'Garbage Bin', 'urban_bin', 's', '1', '1', '1', '0', '0', '0', '3266', '1', '1', '1', '1', '1', 'default', '2', '0');
INSERT INTO `furniture` VALUES ('20012', 'Mesh Fencing', 'urban_fence', 's', '1', '2', '1', '0', '0', '0', '3267', '1', '1', '1', '1', '1', 'default', '1', '0');
INSERT INTO `furniture` VALUES ('20015', 'Basketball Pole', 'urban_bsktbll', 's', '1', '1', '1', '0', '0', '0', '3271', '1', '1', '1', '1', '1', 'default', '1', '0');
INSERT INTO `furniture` VALUES ('20025', 'Terracotta Pillar', 'pillar*6', 's', '1', '1', '1', '0', '0', '0', '1609', '1', '1', '1', '1', '1', 'default', '1', '0');
INSERT INTO `furniture` VALUES ('20026', 'Urban Iced Bookcase', 'shelves_norja*4', 's', '1', '1', '1', '0', '0', '0', '1795', '1', '1', '1', '1', '1', 'default', '1', '0');
INSERT INTO `furniture` VALUES ('20027', 'Black Mode Double Bed', 'bed_polyfon*2', 's', '2', '3', '1.8', '0', '0', '0', '1895', '1', '1', '1', '1', '1', 'bed', '1', '0');
INSERT INTO `furniture` VALUES ('20028', 'Blue Iced Angle', 'divider_nor5*6', 's', '1', '1', '1', '0', '0', '0', '1995', '1', '1', '1', '1', '1', 'default', '2', '0');
INSERT INTO `furniture` VALUES ('20029', 'Valentine\'s Cauldron', 'val_cauldron', 's', '1', '1', '1', '0', '0', '0', '2103', '1', '1', '1', '1', '1', 'vendingmachine', '0', '25');
INSERT INTO `furniture` VALUES ('20030', 'Aqua Pura Module 5', 'pura_mdl5*1', 's', '1', '1', '1', '0', '1', '0', '2509', '1', '1', '1', '1', '1', 'default', '1', '0');
INSERT INTO `furniture` VALUES ('20031', 'Aqua One Way Gate', 'one_way_door*1', 's', '1', '1', '0.001', '0', '0', '0', '2597', '1', '1', '1', '1', '1', 'onewaygate', '2', '0');
INSERT INTO `furniture` VALUES ('20032', 'Power Globe', 'exe_globe', 's', '1', '1', '1', '0', '0', '0', '2672', '1', '1', '1', '1', '1', 'default', '10', '0');
INSERT INTO `furniture` VALUES ('20034', 'Latte Diner Corner', 'diner_bardesk_corner*5', 's', '1', '1', '1', '1', '0', '0', '2874', '1', '1', '1', '1', '1', 'default', '1', '0');
INSERT INTO `furniture` VALUES ('20035', 'Bubbles', 'fx_bubble', 's', '1', '1', '1', '1', '0', '0', '3012', '0', '0', '1', '0', '1', 'rentals', '2', '0');
INSERT INTO `furniture` VALUES ('20036', 'Safety Cone', 'bump_tottero', 's', '1', '1', '1', '0', '0', '0', '3087', '1', '1', '1', '0', '1', 'default', '1', '0');
INSERT INTO `furniture` VALUES ('20037', 'ads_calip_parasol name', 'ads_calip_parasol', 's', '1', '1', '1', '0', '0', '0', '3195', '1', '1', '1', '1', '1', 'default', '2', '0');
INSERT INTO `furniture` VALUES ('20041', '2010 Poster', 'year2010', 'i', '0', '0', '1', '1', '0', '0', '4313', '1', '1', '1', '1', '1', 'default', '3', '0');
INSERT INTO `furniture` VALUES ('20042', 'Party Lantern', 'party_lantern', 's', '1', '1', '0', '1', '0', '1', '3327', '1', '1', '1', '1', '1', 'default', '2', '0');
INSERT INTO `furniture` VALUES ('20043', 'Party Lights', 'party_lights', 'i', '0', '0', '1', '0', '0', '0', '4310', '1', '1', '1', '1', '1', 'default', '2', '0');
INSERT INTO `furniture` VALUES ('20047', 'Soothing Stick', 'rela_stick', 's', '1', '1', '1', '0', '0', '0', '3240', '1', '1', '1', '1', '1', 'default', '3', '0');
INSERT INTO `furniture` VALUES ('20048', 'Mall Lift', 'ads_mall_elevator', 's', '1', '1', '0.001', '0', '0', '0', '3306', '1', '1', '0', '1', '1', 'teleport', '1', '0');
INSERT INTO `furniture` VALUES ('20050', 'Flatscreen TV', 'xm09_infotv', 'i', '0', '0', '1', '1', '0', '0', '4309', '1', '1', '1', '1', '1', 'default', '2', '0');
INSERT INTO `furniture` VALUES ('20051', 'Twilight Trophy', 'ads_twi_trophy', 's', '1', '1', '1', '1', '0', '0', '3311', '1', '1', '1', '1', '1', 'trophy', '1', '0');
INSERT INTO `furniture` VALUES ('20053', 'Painting', 'ads_twi_paint', 'i', '0', '0', '1', '1', '0', '0', '4272', '1', '1', '1', '1', '1', 'default', '1', '0');
INSERT INTO `furniture` VALUES ('20054', 'Window with Candles', 'ads_twi_windw', 'i', '0', '0', '1', '1', '0', '0', '4277', '1', '1', '1', '1', '1', 'default', '2', '0');
INSERT INTO `furniture` VALUES ('20055', 'Truck and Motorcycles', 'ads_twi_bwall2', 'i', '0', '0', '1', '1', '0', '0', '4276', '1', '1', '1', '1', '1', 'default', '2', '0');
INSERT INTO `furniture` VALUES ('20056', 'Dream Catcher', 'ads_twi_dreamc', 'i', '0', '0', '1', '1', '0', '0', '4273', '1', '1', '1', '1', '1', 'default', '1', '0');
INSERT INTO `furniture` VALUES ('20057', 'Barn Wall', 'ads_twi_bwall1', 'i', '0', '0', '1', '1', '0', '0', '4274', '1', '1', '1', '1', '1', 'default', '3', '0');
INSERT INTO `furniture` VALUES ('20059', 'Arabian Wall', 'arabian_wall', 'i', '0', '0', '1', '1', '0', '0', '4287', '1', '1', '1', '1', '1', '', '2', '0');
INSERT INTO `furniture` VALUES ('20060', 'DEAL_HC_1', 'DEAL_HC_1', 'h', '0', '0', '0', '0', '0', '0', '0', '0', '0', '1', '0', '0', 'default', '0', '0');
INSERT INTO `furniture` VALUES ('20072', 'ads_gsArcade_1 name', 'ads_gsArcade_1', 's', '1', '1', '1', '1', '0', '0', '3277', '1', '1', '1', '1', '1', 'default', '2', '0');
INSERT INTO `furniture` VALUES ('20063', 'Hot Choc Machine', 'xm09_cocoa', 's', '1', '1', '1', '1', '0', '0', '3337', '1', '1', '1', '1', '1', 'vendingmachine', '0', '10');
INSERT INTO `furniture` VALUES ('20064', 'Astro-Bar', 'sf_mbar', 's', '1', '1', '1', '1', '0', '0', '3273', '1', '1', '1', '1', '1', 'vendingmachine', '0', '44');
INSERT INTO `furniture` VALUES ('20074', 'Silver MTV EMA Trophy', 'ads_mtvtrophy_silver', 's', '1', '1', '1', '0', '0', '0', '3281', '1', '1', '1', '1', '1', 'default', '1', '0');
INSERT INTO `furniture` VALUES ('20075', 'ads_spang_sleep', 'ads_spang_sleep', 's', '1', '3', '0.8', '1', '0', '0', '3280', '1', '1', '1', '1', '1', 'bed', '1', '0');
INSERT INTO `furniture` VALUES ('20076', 'Gold MTV EMA Trophy', 'ads_mtvtrophy_gold', 's', '1', '1', '1', '0', '0', '0', '3279', '1', '1', '1', '1', '1', 'default', '1', '0');
INSERT INTO `furniture` VALUES ('20077', 'ktchn_hlthNut name', 'ktchn_hlthNut', 's', '1', '1', '1', '1', '0', '0', '3307', '1', '1', '1', '1', '1', 'default', '3', '0');
INSERT INTO `furniture` VALUES ('20078', 'Chicken', 'petfood8', 's', '1', '1', '1', '1', '0', '0', '3325', '1', '1', '1', '1', '1', 'default', '1', '0');
INSERT INTO `furniture` VALUES ('20079', 'nest_plow_reg', 'nest_plow_reg', 's', '1', '1', '1', '1', '0', '0', '3318', '1', '1', '1', '1', '1', 'default', '1', '0');
INSERT INTO `furniture` VALUES ('20080', 'Yellow Pet Snuggle', 'nest_snug_yel', 's', '1', '1', '1', '1', '0', '0', '3319', '1', '1', '1', '1', '1', 'default', '1', '0');
INSERT INTO `furniture` VALUES ('20081', 'Salmon', 'petfood9', 's', '1', '1', '1', '1', '0', '0', '3322', '1', '1', '1', '1', '1', 'default', '1', '0');
INSERT INTO `furniture` VALUES ('20082', 'Leveling Cake', 'petfood10', 's', '1', '1', '1', '1', '0', '0', '3326', '1', '1', '1', '1', '1', 'default', '1', '0');
INSERT INTO `furniture` VALUES ('20083', 'Ice Apples', 'petfood7', 's', '1', '1', '1', '1', '0', '0', '3321', '1', '1', '1', '1', '1', 'default', '1', '0');
INSERT INTO `furniture` VALUES ('20084', 'Red Apples', 'petfood6', 's', '1', '1', '1', '1', '0', '0', '3323', '1', '1', '1', '1', '1', 'default', '1', '0');
INSERT INTO `furniture` VALUES ('20085', 'Green Pet Snuggle', 'nest_snug_grn', 's', '1', '1', '1', '1', '0', '0', '3310', '1', '1', '1', '1', '1', 'default', '1', '0');
INSERT INTO `furniture` VALUES ('20086', 'nest_snug_red', 'nest_snug_red', 's', '1', '1', '1', '1', '0', '0', '3317', '1', '1', '1', '1', '1', 'default', '1', '0');
INSERT INTO `furniture` VALUES ('20087', 'Green Pet Snuggle', 'nest_snug_grn', 's', '1', '1', '1', '1', '0', '0', '3023', '1', '1', '1', '1', '1', 'default', '1', '0');
INSERT INTO `furniture` VALUES ('20088', 'nest_plow_bro', 'nest_plow_bro', 's', '1', '1', '1', '1', '0', '0', '3309', '1', '1', '1', '1', '1', 'default', '1', '0');
INSERT INTO `furniture` VALUES ('20089', 'Red Pet Pillow', 'nest_plow_red', 's', '1', '1', '1', '1', '0', '0', '3320', '1', '1', '1', '1', '1', 'default', '1', '0');
INSERT INTO `furniture` VALUES ('20090', 'nest_snug_blu', 'nest_snug_blu', 's', '1', '1', '1', '1', '0', '0', '3315', '1', '1', '1', '1', '1', 'default', '1', '0');
INSERT INTO `furniture` VALUES ('20091', 'Green Apples', 'petfood5', 's', '1', '1', '1', '1', '0', '0', '3324', '1', '1', '1', '1', '1', 'default', '1', '0');
INSERT INTO `furniture` VALUES ('20092', 'Blue Pet Pillow', 'nest_plow_blu', 's', '1', '1', '1', '1', '0', '0', '3316', '1', '1', '1', '1', '1', 'default', '1', '0');
INSERT INTO `furniture` VALUES ('20093', 'Giant Bauble', 'xm09_lrgBauble', 's', '1', '1', '1', '1', '0', '0', '3313', '1', '1', '1', '1', '1', 'default', '10', '0');
INSERT INTO `furniture` VALUES ('20094', 'nest_dirt', 'nest_dirt', 's', '1', '1', '1', '1', '0', '0', '3331', '1', '1', '1', '1', '1', 'default', '1', '0');
INSERT INTO `furniture` VALUES ('20095', 'nest_snug_prp', 'nest_snug_prp', 's', '1', '1', '1', '1', '0', '0', '3332', '1', '1', '1', '1', '1', 'default', '1', '0');
INSERT INTO `furniture` VALUES ('20096', 'nest_nest', 'nest_nest', 's', '1', '1', '1', '1', '0', '0', '3334', '1', '1', '1', '1', '1', 'default', '1', '0');
INSERT INTO `furniture` VALUES ('20097', 'nest_nails', 'nest_nails', 's', '1', '1', '1', '1', '0', '0', '3336', '1', '1', '1', '1', '1', 'default', '1', '0');
INSERT INTO `furniture` VALUES ('20098', 'nest_basket', 'nest_basket', 's', '1', '1', '1', '1', '0', '0', '3333', '1', '1', '1', '1', '1', 'default', '1', '0');
INSERT INTO `furniture` VALUES ('20099', 'Polar Bear Nest', 'nest_ice', 's', '1', '1', '1', '1', '0', '0', '3339', '1', '1', '1', '1', '1', 'default', '1', '0');
INSERT INTO `furniture` VALUES ('20100', 'nest_plow_skl', 'nest_plow_skl', 's', '1', '1', '1', '1', '0', '0', '3341', '1', '1', '1', '1', '1', 'default', '1', '0');
INSERT INTO `furniture` VALUES ('20101', 'nest_snug_bla', 'nest_snug_bla', 's', '1', '1', '1', '1', '0', '0', '3338', '1', '1', '1', '1', '1', 'default', '1', '0');
INSERT INTO `furniture` VALUES ('20102', 'The Moodi Machine', 'ads_cl_moodi', 's', '1', '1', '1', '1', '0', '0', '3342', '1', '1', '1', '1', '1', 'vendingmachine', '1', '46,47,45');
INSERT INTO `furniture` VALUES ('20103', 'org_chairpnk', 'org_chairpnk', 's', '1', '1', '1.2', '0', '1', '0', '3354', '1', '1', '1', '1', '1', 'default', '0', '0');
INSERT INTO `furniture` VALUES ('20104', 'org_tblpnk', 'org_tblpnk', 's', '1', '1', '1', '1', '0', '0', '3352', '1', '1', '1', '1', '1', 'default', '1', '0');
INSERT INTO `furniture` VALUES ('20105', 'org_lampblk', 'org_lampblk', 's', '1', '1', '1.2', '0', '0', '0', '3353', '1', '1', '1', '1', '1', '', '2', '0');
INSERT INTO `furniture` VALUES ('20106', 'org_lamppnk', 'org_lamppnk', 's', '1', '1', '1.2', '0', '0', '0', '3348', '1', '1', '1', '1', '1', '', '2', '0');
INSERT INTO `furniture` VALUES ('20107', 'org_table', 'org_table', 's', '2', '2', '1', '1', '0', '0', '3356', '1', '1', '1', '1', '1', '', '2', '0');
INSERT INTO `furniture` VALUES ('20108', 'china_tiger', 'china_tiger', 's', '1', '1', '1', '1', '0', '0', '3344', '1', '1', '1', '1', '1', 'default', '1', '0');
INSERT INTO `furniture` VALUES ('20109', 'xm09_trophy name', 'xm09_trophy', 's', '1', '1', '1', '1', '0', '0', '3351', '1', '1', '1', '1', '1', 'default', '1', '0');
INSERT INTO `furniture` VALUES ('20110', 'china_plmTree name', 'china_plmTree', 's', '1', '1', '1', '1', '0', '0', '3355', '1', '1', '1', '1', '1', 'default', '2', '0');
INSERT INTO `furniture` VALUES ('20111', 'org_chairblk', 'org_chairblk', 's', '1', '1', '1.2', '0', '1', '0', '3349', '1', '1', '1', '1', '1', 'default', '0', '0');
INSERT INTO `furniture` VALUES ('20112', 'org_tblblk', 'org_tblblk', 's', '1', '1', '1', '1', '0', '0', '3347', '1', '1', '1', '1', '1', 'default', '1', '0');
INSERT INTO `furniture` VALUES ('20113', 'org_chrblk', 'org_chrblk', 's', '1', '1', '1.2', '0', '1', '0', '3345', '1', '1', '1', '1', '1', 'default', '0', '0');
INSERT INTO `furniture` VALUES ('20114', 'china_tigrSeat name', 'china_tigrSeat', 's', '1', '2', '1', '1', '0', '0', '3346', '1', '1', '1', '1', '1', 'default', '1', '0');
INSERT INTO `furniture` VALUES ('20115', 'org_chrpnk', 'org_chrpnk', 's', '1', '1', '1.2', '0', '1', '0', '3350', '1', '1', '1', '1', '1', 'default', '0', '0');
INSERT INTO `furniture` VALUES ('20116', 'ads_chups name', 'ads_chups', 's', '1', '1', '1', '1', '0', '0', '3367', '1', '1', '1', '1', '1', 'vendingmachine', '1', '48');
INSERT INTO `furniture` VALUES ('20117', 'bling_fridge', 'bling_fridge', 's', '1', '1', '1', '0', '0', '0', '3366', '1', '1', '1', '1', '1', 'vendingmachine', '0', '50');
INSERT INTO `furniture` VALUES ('20118', 'petfood12 name', 'petfood12', 's', '1', '1', '1', '1', '0', '0', '3370', '1', '1', '1', '1', '1', 'default', '1', '0');
INSERT INTO `furniture` VALUES ('20119', 'ads_droetker_paula name', 'ads_droetker_paula', 's', '1', '1', '1', '1', '0', '0', '3365', '1', '1', '1', '1', '1', 'vendingmachine', '1', '49');
INSERT INTO `furniture` VALUES ('20120', 'petfood11 name', 'petfood11', 's', '1', '1', '1', '1', '0', '0', '3358', '1', '1', '1', '1', '1', 'default', '1', '0');
INSERT INTO `furniture` VALUES ('20121', 'bling_chair_a', 'bling_chair_a', 's', '1', '1', '1', '0', '1', '0', '3368', '1', '1', '1', '1', '1', 'default', '2', '0');
INSERT INTO `furniture` VALUES ('20122', 'petfood13 name', 'petfood13', 's', '1', '1', '1', '1', '0', '0', '3359', '1', '1', '1', '1', '1', 'default', '1', '0');
INSERT INTO `furniture` VALUES ('20123', 'bling_pool', 'bling_pool', 's', '3', '1', '0.01', '0', '1', '0', '3369', '1', '1', '1', '1', '1', 'default', '2', '0');
INSERT INTO `furniture` VALUES ('20124', 'bling_toilet', 'bling_toilet', 's', '1', '1', '1.2', '0', '1', '0', '3362', '1', '1', '1', '1', '1', 'default', '0', '0');
INSERT INTO `furniture` VALUES ('20125', 'val09_floor', 'val09_floor', 's', '2', '2', '0', '1', '0', '1', '3363', '1', '1', '1', '1', '1', 'default', '6', '0');
INSERT INTO `furniture` VALUES ('20126', 'bling_chair_c', 'bling_chair_c', 's', '1', '1', '1', '0', '1', '0', '3361', '1', '1', '1', '1', '1', 'default', '2', '0');
INSERT INTO `furniture` VALUES ('20127', 'bling_chair_b', 'bling_chair_b', 's', '1', '1', '1', '0', '1', '0', '3360', '1', '1', '1', '1', '1', 'default', '2', '0');
INSERT INTO `furniture` VALUES ('20128', 'bling_shwr name', 'bling_shwr', 's', '1', '1', '0', '1', '0', '1', '3396', '1', '1', '1', '1', '1', 'default', '2', '0');
INSERT INTO `furniture` VALUES ('20129', 'bling_bed name', 'bling_bed', 's', '2', '3', '1.6', '0', '1', '0', '3364', '1', '1', '1', '1', '1', 'default', '2', '0');
INSERT INTO `furniture` VALUES ('20130', 'bling_sofa', 'bling_sofa', 's', '2', '1', '1.5', '0', '1', '0', '3371', '1', '1', '1', '1', '1', 'default', '2', '0');
INSERT INTO `furniture` VALUES ('20131', 'val09_floor2', 'val09_floor2', 's', '2', '2', '0', '1', '0', '1', '3357', '1', '1', '1', '1', '1', 'default', '6', '0');
INSERT INTO `furniture` VALUES ('20132', 'teddy_basic', 'teddy_basic', 's', '1', '1', '1', '1', '0', '0', '3393', '1', '1', '1', '1', '1', 'default', '1', '0');
INSERT INTO `furniture` VALUES ('20133', 'teddy_pendergrass', 'teddy_pendergrass', 's', '1', '1', '1', '1', '0', '0', '3384', '1', '1', '1', '1', '1', 'default', '1', '0');
INSERT INTO `furniture` VALUES ('20134', 'val_hSeat_1 name', 'val_hSeat*1', 's', '1', '1', '1', '0', '1', '0', '3386', '1', '1', '1', '1', '1', 'default', '1', '0');
INSERT INTO `furniture` VALUES ('20135', 'val_hSeat_2 name', 'val_hSeat*2', 's', '1', '1', '1', '0', '1', '0', '3387', '1', '1', '1', '1', '1', 'default', '1', '0');
INSERT INTO `furniture` VALUES ('20136', 'val_hSeat_3 name', 'val_hSeat*3', 's', '1', '1', '1', '0', '1', '0', '3388', '1', '1', '1', '1', '1', 'default', '1', '0');
INSERT INTO `furniture` VALUES ('20137', 'val_hSeat_4 name', 'val_hSeat*4', 's', '1', '1', '1', '0', '1', '0', '3389', '1', '1', '1', '1', '1', 'default', '1', '0');
INSERT INTO `furniture` VALUES ('20138', 'val_hSeat_5 name', 'val_hSeat*5', 's', '1', '1', '1', '0', '1', '0', '3390', '1', '1', '1', '1', '1', 'default', '1', '0');
INSERT INTO `furniture` VALUES ('20139', 'val_hSeat_6 name', 'val_hSeat*6', 's', '1', '1', '1', '0', '1', '0', '3391', '1', '1', '1', '1', '1', 'default', '1', '0');
INSERT INTO `furniture` VALUES ('20140', 'val_hSeat_7 name', 'val_hSeat*7', 's', '1', '1', '1', '0', '1', '0', '3392', '1', '1', '1', '1', '1', 'default', '1', '0');
INSERT INTO `furniture` VALUES ('20141', 'Valentines gift basket', 'val_basket', 's', '1', '1', '1', '1', '0', '0', '3382', '1', '1', '1', '1', '1', 'default', '2', '0');
INSERT INTO `furniture` VALUES ('20142', 'teddy_bear', 'teddy_bear', 's', '1', '1', '1', '1', '0', '0', '3385', '1', '1', '1', '1', '1', 'default', '1', '0');
INSERT INTO `furniture` VALUES ('20143', 'teddy_pink', 'teddy_pink', 's', '1', '1', '1', '1', '0', '0', '3383', '1', '1', '1', '1', '1', 'default', '1', '0');
INSERT INTO `furniture` VALUES ('20144', 'bling_fridge_restricted name', 'bling_fridge_restricted', 's', '1', '1', '1', '0', '0', '0', '3394', '1', '1', '1', '1', '1', 'vendingmachine', '0', '50');
INSERT INTO `furniture` VALUES ('20145', 'ads_percyrock name', 'ads_percyrock', 's', '2', '2', '1', '1', '0', '0', '3395', '1', '1', '1', '1', '1', 'default', '2', '0');
INSERT INTO `furniture` VALUES ('20146', 'Bubble Juice Can', 'md_can', 'i', '0', '0', '1', '1', '0', '0', '4025', '1', '1', '1', '1', '1', 'default', '2', '0');
INSERT INTO `furniture` VALUES ('20147', 'ads_idol_l_logo name', 'ads_idol_l_logo', 'i', '0', '0', '1', '1', '0', '0', '4243', '1', '1', '1', '1', '1', 'default', '3', '0');
INSERT INTO `furniture` VALUES ('20148', 'Latin American Idol TV', 'ads_idol_l_tv', 'i', '0', '0', '1', '1', '0', '0', '4245', '1', '1', '1', '1', '1', 'default', '1', '0');
INSERT INTO `furniture` VALUES ('20149', 'Big MTV', 'ads_mtv_bigtv', 'i', '0', '0', '1', '1', '0', '0', '4241', '1', '1', '1', '1', '1', 'default', '1', '0');
INSERT INTO `furniture` VALUES ('20150', 'Small MTV', 'ads_mtv_tv', 'i', '0', '0', '1', '1', '0', '0', '4242', '1', '1', '1', '1', '1', 'default', '1', '0');
INSERT INTO `furniture` VALUES ('20151', 'flag_singapore', 'flag_singapore', 'i', '0', '0', '1', '1', '0', '0', '4249', '1', '1', '1', '1', '1', 'default', '1', '0');
INSERT INTO `furniture` VALUES ('20152', 'Old Curtain', 'hween09_curt', 'i', '0', '0', '1', '1', '0', '0', '4266', '1', '1', '1', '1', '1', 'default', '2', '0');
INSERT INTO `furniture` VALUES ('20153', 'flag_columbia', 'flag_columbia', 'i', '0', '0', '1', '1', '0', '0', '4258', '1', '1', '1', '1', '1', 'default', '1', '0');
INSERT INTO `furniture` VALUES ('20154', 'flag_chile', 'flag_chile', 'i', '0', '0', '1', '1', '0', '0', '4256', '1', '1', '1', '1', '1', 'default', '1', '0');
INSERT INTO `furniture` VALUES ('20155', 'flag_ecuador', 'flag_ecuador', 'i', '0', '0', '1', '1', '0', '0', '4268', '1', '1', '1', '1', '1', 'default', '1', '0');
INSERT INTO `furniture` VALUES ('20156', 'flag_dominicanrepublic', 'flag_dominicanrepublic', 'i', '0', '0', '1', '1', '0', '0', '4265', '1', '1', '1', '1', '1', 'default', '1', '0');
INSERT INTO `furniture` VALUES ('20157', 'flag_newzealand', 'flag_newzealand', 'i', '0', '0', '1', '1', '0', '0', '4260', '1', '1', '1', '1', '1', 'default', '1', '0');
INSERT INTO `furniture` VALUES ('20158', 'flag_malaysia', 'flag_malaysia', 'i', '0', '0', '1', '1', '0', '0', '4252', '1', '1', '1', '1', '1', 'default', '1', '0');
INSERT INTO `furniture` VALUES ('20159', 'Loading Poster', 'byesw_loadscreen', 'i', '0', '0', '1', '1', '0', '0', '4267', '1', '1', '1', '1', '1', 'default', '3', '0');
INSERT INTO `furniture` VALUES ('20160', 'flag_venezl', 'flag_venezl', 'i', '0', '0', '1', '1', '0', '0', '4254', '1', '1', '1', '1', '1', 'default', '1', '0');
INSERT INTO `furniture` VALUES ('20161', 'flag_algeria', 'flag_algeria', 'i', '0', '0', '1', '1', '0', '0', '4270', '1', '1', '1', '1', '1', 'default', '1', '0');
INSERT INTO `furniture` VALUES ('20162', 'flag_tunisia', 'flag_tunisia', 'i', '0', '0', '1', '1', '0', '0', '4248', '1', '1', '1', '1', '1', 'default', '1', '0');
INSERT INTO `furniture` VALUES ('20163', 'flag_panama', 'flag_panama', 'i', '0', '0', '1', '1', '0', '0', '4262', '1', '1', '1', '1', '1', 'default', '1', '0');
INSERT INTO `furniture` VALUES ('20164', 'flag_mexico', 'flag_mexico', 'i', '0', '0', '1', '1', '0', '0', '4250', '1', '1', '1', '1', '1', 'default', '1', '0');
INSERT INTO `furniture` VALUES ('20165', 'flag_argentina', 'flag_argentina', 'i', '0', '0', '1', '1', '0', '0', '4261', '1', '1', '1', '1', '1', 'default', '1', '0');
INSERT INTO `furniture` VALUES ('20166', 'flag_philippines', 'flag_philippines', 'i', '0', '0', '1', '1', '0', '0', '4251', '1', '1', '1', '1', '1', 'default', '1', '0');
INSERT INTO `furniture` VALUES ('20167', 'flag_greece', 'flag_greece', 'i', '0', '0', '1', '1', '0', '0', '4253', '1', '1', '1', '1', '1', 'default', '1', '0');
INSERT INTO `furniture` VALUES ('20168', 'flag_peru', 'flag_peru', 'i', '0', '0', '1', '1', '0', '0', '4246', '1', '1', '1', '1', '1', 'default', '1', '0');
INSERT INTO `furniture` VALUES ('20169', 'flag_morocco', 'flag_morocco', 'i', '0', '0', '1', '1', '0', '0', '4264', '1', '1', '1', '1', '1', 'default', '1', '0');
INSERT INTO `furniture` VALUES ('20170', 'flag_turkey', 'flag_turkey', 'i', '0', '0', '1', '1', '0', '0', '4255', '1', '1', '1', '1', '1', 'default', '1', '0');
INSERT INTO `furniture` VALUES ('20171', 'Blue Long Bauble', 'xm09_bauble_12', 'i', '0', '0', '1', '1', '0', '0', '4304', '1', '1', '1', '1', '1', 'default', '1', '0');
INSERT INTO `furniture` VALUES ('20172', 'Purple Long Bauble', 'xm09_bauble_16', 'i', '0', '0', '1', '1', '0', '0', '4303', '1', '1', '1', '1', '1', 'default', '1', '0');
INSERT INTO `furniture` VALUES ('20173', 'Red Long Bauble', 'xm09_bauble_17', 'i', '0', '0', '1', '1', '0', '0', '4281', '1', '1', '1', '1', '1', 'default', '1', '0');
INSERT INTO `furniture` VALUES ('20174', 'Silver Long Bauble', 'xm09_bauble_15', 'i', '0', '0', '1', '1', '0', '0', '4301', '1', '1', '1', '1', '1', 'default', '1', '0');
INSERT INTO `furniture` VALUES ('20175', 'Silver Round Bauble', 'xm09_bauble_10', 'i', '0', '0', '1', '1', '0', '0', '4293', '1', '1', '1', '1', '1', 'default', '1', '0');
INSERT INTO `furniture` VALUES ('20176', 'Gold Round Bauble', 'xm09_bauble_9', 'i', '0', '0', '1', '1', '0', '0', '4294', '1', '1', '1', '1', '1', 'default', '1', '0');
INSERT INTO `furniture` VALUES ('20177', 'Green Long Bauble', 'xm09_bauble_18', 'i', '0', '0', '1', '1', '0', '0', '4298', '1', '1', '1', '1', '1', 'default', '1', '0');
INSERT INTO `furniture` VALUES ('20178', 'Green Long Bauble', 'xm09_bauble_13', 'i', '0', '0', '1', '1', '0', '0', '4299', '1', '1', '1', '1', '1', 'default', '1', '0');
INSERT INTO `furniture` VALUES ('20179', 'Blue Round Bauble', 'xm09_bauble_2', 'i', '0', '0', '1', '1', '0', '0', '4297', '1', '1', '1', '1', '1', 'default', '1', '0');
INSERT INTO `furniture` VALUES ('20180', 'Red Round Bauble', 'xm09_bauble_1', 'i', '0', '0', '1', '1', '0', '0', '4300', '1', '1', '1', '1', '1', 'default', '1', '0');
INSERT INTO `furniture` VALUES ('20181', 'Red Heart Bauble', 'xm09_bauble_22', 'i', '0', '0', '1', '1', '0', '0', '4302', '1', '1', '1', '1', '1', 'default', '1', '0');
INSERT INTO `furniture` VALUES ('20182', 'Green Round Bauble', 'xm09_bauble_3', 'i', '0', '0', '1', '1', '0', '0', '4285', '1', '1', '1', '1', '1', 'default', '1', '0');
INSERT INTO `furniture` VALUES ('20183', 'Silver Long Bauble', 'xm09_bauble_21', 'i', '0', '0', '1', '1', '0', '0', '4305', '1', '1', '1', '1', '1', 'default', '1', '0');
INSERT INTO `furniture` VALUES ('20184', 'Green Round Bauble', 'xm09_bauble_8', 'i', '0', '0', '1', '1', '0', '0', '4295', '1', '1', '1', '1', '1', 'default', '1', '0');
INSERT INTO `furniture` VALUES ('20185', 'Gold Round Bauble', 'xm09_bauble_4', 'i', '0', '0', '1', '1', '0', '0', '4282', '1', '1', '1', '1', '1', 'default', '1', '0');
INSERT INTO `furniture` VALUES ('20186', 'Silver Round Bauble', 'xm09_bauble_5', 'i', '0', '0', '1', '1', '0', '0', '4288', '1', '1', '1', '1', '1', 'default', '1', '0');
INSERT INTO `furniture` VALUES ('20187', 'Red Long Bauble', 'xm09_bauble_11', 'i', '0', '0', '1', '1', '0', '0', '4289', '1', '1', '1', '1', '1', 'default', '1', '0');
INSERT INTO `furniture` VALUES ('20188', 'Gold Long Bauble', 'xm09_bauble_20', 'i', '0', '0', '1', '1', '0', '0', '4296', '1', '1', '1', '1', '1', 'default', '1', '0');
INSERT INTO `furniture` VALUES ('20190', 'val_table1 name', 'val_table1', 's', '1', '1', '1', '0', '0', '0', '3397', '1', '1', '1', '1', '1', 'default', '0', '0');
INSERT INTO `furniture` VALUES ('20191', 'Gold Long Bauble', 'xm09_bauble_14', 'i', '0', '0', '1', '1', '0', '0', '4290', '1', '1', '1', '1', '1', 'default', '1', '0');
INSERT INTO `furniture` VALUES ('20192', 'Blue Round Bauble', 'xm09_bauble_7', 'i', '0', '0', '1', '1', '0', '0', '4291', '1', '1', '1', '1', '1', 'default', '1', '0');
INSERT INTO `furniture` VALUES ('20193', 'Red Round Bauble', 'xm09_bauble_6', 'i', '0', '0', '1', '1', '0', '0', '4284', '1', '1', '1', '1', '1', 'default', '1', '0');
INSERT INTO `furniture` VALUES ('20194', 'Blue Long Bauble', 'xm09_bauble_19', 'i', '0', '0', '1', '1', '0', '0', '4283', '1', '1', '1', '1', '1', 'default', '1', '0');
INSERT INTO `furniture` VALUES ('20195', 'china_pstr3 name', 'china_pstr3', 'i', '0', '0', '1', '1', '0', '0', '4314', '1', '1', '1', '1', '1', 'default', '1', '0');
INSERT INTO `furniture` VALUES ('20196', 'ads_tv_jaapuisto name', 'ads_tv_jaapuisto', 'i', '0', '0', '1', '1', '0', '0', '4315', '1', '1', '1', '1', '1', 'default', '2', '0');
INSERT INTO `furniture` VALUES ('20197', 'Empire State Building Clock', 'ads_percyw', 'i', '0', '0', '1', '1', '0', '0', '4322', '1', '1', '1', '1', '1', 'default', '1', '0');
INSERT INTO `furniture` VALUES ('20198', 'val09_wdrobe_b', 'val09_wdrobe_b', 'i', '0', '0', '1', '1', '0', '0', '4320', '1', '1', '1', '1', '1', 'default', '2', '0');
INSERT INTO `furniture` VALUES ('20199', 'val09_wall2', 'val09_wall2', 'i', '0', '0', '1', '1', '0', '0', '4316', '1', '1', '1', '1', '1', 'default', '5', '0');
INSERT INTO `furniture` VALUES ('20200', 'bling_sink', 'bling_sink', 'i', '0', '0', '1', '1', '0', '0', '4319', '1', '1', '1', '1', '1', 'default', '2', '0');
INSERT INTO `furniture` VALUES ('20201', 'val09_wall1', 'val09_wall1', 'i', '0', '0', '1', '1', '0', '0', '4318', '1', '1', '1', '1', '1', 'default', '10', '0');
INSERT INTO `furniture` VALUES ('20202', 'bling_cabinet', 'bling_cabinet', 'i', '0', '0', '1', '1', '0', '0', '4321', '1', '1', '1', '1', '1', 'default', '3', '0');
INSERT INTO `furniture` VALUES ('20204', 'val09_wdrobe_g', 'val09_wdrobe_g', 'i', '0', '0', '1', '1', '0', '0', '4317', '1', '1', '1', '1', '1', 'default', '2', '0');
INSERT INTO `furniture` VALUES ('20207', 'rare_ironmaiden name', 'rare_ironmaiden', 's', '1', '1', '0.001', '0', '0', '0', '3399', '1', '1', '0', '1', '1', 'teleport', '2', '0');
INSERT INTO `furniture` VALUES ('20208', 'rare_trex name', 'rare_trex', 's', '3', '7', '1', '0', '0', '0', '3398', '1', '1', '1', '1', '1', 'default', '1', '0');
INSERT INTO `furniture` VALUES ('20209', 'beanstalk', 'beanstalk', 's', '1', '1', '1', '1', '0', '0', '3401', '1', '1', '1', '1', '1', 'default', '6', '0');
INSERT INTO `furniture` VALUES ('20210', 'rare_vdoll name', 'rare_vdoll', 's', '1', '1', '1', '0', '0', '0', '3403', '1', '1', '1', '1', '1', '', '10', '0');
INSERT INTO `furniture` VALUES ('20211', 'rare_mmmth name', 'rare_mmmth', 's', '2', '1', '1', '0', '1', '0', '3402', '1', '1', '1', '1', '1', '', '0', '0');
INSERT INTO `furniture` VALUES ('20212', 'crystal_patch', 'crystal_patch', 's', '3', '3', '0', '0', '0', '1', '3400', '1', '1', '1', '1', '1', 'default', '3', '0');
INSERT INTO `furniture` VALUES ('20213', 'ads_boost_surfb name', 'ads_boost_surfb', 'i', '0', '0', '1', '1', '0', '0', '4323', '1', '1', '1', '1', '1', '', '0', '0');
INSERT INTO `furniture` VALUES ('20214', 'ads_tlc_wheel name', 'ads_tlc_wheel', 'i', '0', '0', '1', '1', '0', '0', '4324', '1', '1', '1', '1', '1', 'habbowheel', '1', '0');
INSERT INTO `furniture` VALUES ('20220', 'Piglet', 'a0 pet5', 's', '1', '1', '1', '1', '0', '0', '1532', '0', '0', '0', '0', '0', 'pet', '0', '0');
INSERT INTO `furniture` VALUES ('20221', 'White moon lupine', 'garden_lupin4', 's', '1', '1', '1e-009', '0', '0', '0', '3419', '1', '1', '1', '1', '1', 'default', '3', '0');
INSERT INTO `furniture` VALUES ('20222', 'Gold rush', 'garden_mursu3', 's', '1', '1', '1', '0', '0', '0', '3408', '1', '1', '1', '1', '1', 'default', '0', '0');
INSERT INTO `furniture` VALUES ('20223', 'Purple Lupine', 'garden_lupin5', 's', '1', '1', '1', '0', '0', '0', '3411', '1', '1', '1', '1', '1', 'default', '3', '0');
INSERT INTO `furniture` VALUES ('20224', 'Violet Blossom', 'garden_seed', 's', '1', '1', '1', '0', '0', '0', '3406', '1', '1', '1', '1', '1', 'default', '1', '0');
INSERT INTO `furniture` VALUES ('20225', 'Snapping teleporter', 'garden_flytrap', 's', '1', '1', '0.001', '0', '0', '0', '3420', '1', '1', '1', '1', '1', 'teleport', '1', '0');
INSERT INTO `furniture` VALUES ('20226', 'Pink pandemic', 'garden_flo3', 's', '1', '1', '1e-015', '1', '0', '1', '3426', '1', '1', '1', '1', '1', 'default', '1', '0');
INSERT INTO `furniture` VALUES ('20227', 'Belching pod', 'garden_volcano', 's', '2', '2', '1', '0', '0', '0', '3424', '1', '1', '1', '1', '1', 'alert', '2', '0');
INSERT INTO `furniture` VALUES ('20228', 'Wonder lamp', 'garden_flolamp', 's', '1', '1', '1', '0', '0', '0', '3415', '1', '1', '1', '1', '1', 'default', '2', '0');
INSERT INTO `furniture` VALUES ('20229', 'Red rush', 'garden_mursu2', 's', '1', '1', '1', '0', '0', '0', '3412', '1', '1', '1', '1', '1', 'default', '1', '0');
INSERT INTO `furniture` VALUES ('20230', 'Star flower', 'garden_jyrki', 's', '1', '1', '1', '0', '0', '0', '3405', '1', '1', '1', '1', '1', 'default', '8', '0');
INSERT INTO `furniture` VALUES ('20231', 'White rush', 'garden_mursu4', 's', '1', '1', '1', '0', '0', '0', '3414', '1', '1', '1', '1', '1', 'default', '1', '0');
INSERT INTO `furniture` VALUES ('20232', 'Garden leaves', 'garden_leaves', 's', '1', '1', '1', '0', '0', '0', '3425', '1', '1', '1', '1', '1', 'default', '3', '0');
INSERT INTO `furniture` VALUES ('20233', 'Sky blue lupine', 'garden_lupin2', 's', '1', '1', '1', '0', '0', '0', '3416', '1', '1', '1', '1', '1', 'default', '3', '0');
INSERT INTO `furniture` VALUES ('20234', 'Red lupine', 'garden_lupin3', 's', '1', '1', '1', '0', '0', '0', '3407', '1', '1', '1', '1', '1', 'default', '3', '0');
INSERT INTO `furniture` VALUES ('20235', 'Pink rush', 'garden_mursu', 's', '1', '1', '1', '0', '0', '0', '3404', '1', '1', '1', '1', '1', 'default', '1', '0');
INSERT INTO `furniture` VALUES ('20238', 'Bauhinia orchid tree', 'garden_orchtree', 's', '1', '1', '1', '0', '0', '0', '3413', '1', '1', '1', '1', '1', 'default', '2', '0');
INSERT INTO `furniture` VALUES ('20237', 'Yellow happiness', 'garden_flo2', 's', '1', '1', '0', '1', '0', '1', '3409', '1', '1', '1', '1', '1', 'default', '1', '0');
INSERT INTO `furniture` VALUES ('20239', 'Orange lupine', 'garden_lupin1', 's', '1', '1', '1', '0', '0', '0', '3421', '1', '1', '1', '1', '1', 'default', '3', '0');
INSERT INTO `furniture` VALUES ('20240', 'Weird staring bush', 'garden_staringbush', 's', '1', '3', '1', '0', '0', '0', '3417', '1', '1', '1', '1', '1', 'default', '3', '0');
INSERT INTO `furniture` VALUES ('20241', 'ads_grefusa_yum name', 'ads_grefusa_yum', 's', '1', '1', '1', '1', '0', '0', '3423', '1', '1', '1', '1', '1', 'vendingmachine', '1', '51, 52');
INSERT INTO `furniture` VALUES ('20242', 'Blue passion', 'garden_flo1', 's', '1', '1', '1e-008', '1', '0', '1', '3418', '1', '1', '1', '1', '1', 'default', '1', '0');
INSERT INTO `furniture` VALUES ('20243', 'Duck grass', 'garden_jungle', 's', '1', '1', '1', '1', '0', '0', '3422', '1', '1', '1', '1', '1', '', '1', '0');
INSERT INTO `furniture` VALUES ('20244', 'merger_chest name', 'merger_chest', 's', '2', '1', '1', '0', '0', '0', '3455', '1', '1', '1', '1', '1', 'default', '2', '0');
INSERT INTO `furniture` VALUES ('20245', 'Suave Fireplace', 'hc2_frplc', 's', '1', '2', '1', '0', '0', '0', '3458', '1', '1', '1', '1', '1', 'default', '2', '0');
INSERT INTO `furniture` VALUES ('20246', 'Leather Bar Stool', 'hc2_barchair', 's', '1', '1', '1.7', '0', '1', '0', '3439', '1', '1', '1', '1', '1', 'default', '1', '0');
INSERT INTO `furniture` VALUES ('20247', 'runway_display name', 'runway_display', 's', '1', '1', '1', '0', '0', '0', '3457', '1', '1', '1', '1', '1', 'default', '1', '0');
INSERT INTO `furniture` VALUES ('20248', 'runway_bigchr_5 name', 'runway_bigchr_5', 's', '1', '1', '0.8', '1', '0', '0', '3463', '1', '1', '1', '1', '1', 'default', '1', '0');
INSERT INTO `furniture` VALUES ('20249', 'runway_bigchr_4 name', 'runway_bigchr_4', 's', '1', '1', '0.8', '1', '0', '0', '3435', '1', '1', '1', '1', '1', 'default', '1', '0');
INSERT INTO `furniture` VALUES ('20250', 'VIP Duvan', 'hc3_dc', 's', '1', '3', '1', '0', '0', '0', '3461', '1', '1', '1', '1', '1', 'bed', '1', '0');
INSERT INTO `furniture` VALUES ('20252', 'Glass Table', 'hc2_sofatbl', 's', '2', '2', '0.5', '1', '0', '0', '3434', '1', '1', '1', '1', '1', 'default', '1', '0');
INSERT INTO `furniture` VALUES ('20253', 'runway_stool name', 'runway_stool', 's', '1', '1', '1.2', '0', '1', '0', '3442', '1', '1', '1', '1', '1', 'default', '1', '0');
INSERT INTO `furniture` VALUES ('20254', 'runway_dvdr name', 'runway_dvdr', 's', '2', '1', '1', '0', '0', '0', '3456', '1', '1', '1', '1', '1', 'default', '1', '0');
INSERT INTO `furniture` VALUES ('20255', 'runway_block_2 name', 'runway_block_2', 's', '2', '2', '0.8', '1', '0', '1', '3443', '1', '1', '1', '1', '1', 'default', '10', '0');
INSERT INTO `furniture` VALUES ('20256', 'runway_bigchr_1 name', 'runway_bigchr_1', 's', '1', '1', '0.8', '0', '1', '0', '3462', '1', '1', '1', '1', '1', 'default', '1', '0');
INSERT INTO `furniture` VALUES ('20257', 'Black Lamp', 'hc2_biglamp', 's', '1', '1', '1', '0', '0', '0', '3446', '1', '1', '1', '1', '1', 'default', '2', '0');
INSERT INTO `furniture` VALUES ('20258', 'Leather Sofa', 'hc2_sofa', 's', '2', '1', '1', '0', '1', '0', '3452', '1', '1', '1', '1', '1', 'default', '1', '0');
INSERT INTO `furniture` VALUES ('20259', 'Trendy Rug', 'hc2_carpet', 's', '3', '5', '0', '1', '0', '1', '3440', '1', '1', '1', '1', '1', 'default', '1', '0');
INSERT INTO `furniture` VALUES ('20260', 'runway_block_1 name', 'runway_block_1', 's', '2', '2', '0.8', '1', '0', '1', '3433', '1', '1', '1', '1', '1', 'default', '10', '0');
INSERT INTO `furniture` VALUES ('20261', 'runway_bench name', 'runway_bench', 's', '2', '1', '1.4', '0', '1', '0', '3464', '1', '1', '1', '1', '1', 'default', '1', '0');
INSERT INTO `furniture` VALUES ('20262', 'runway_chair_2 name', 'runway_chair_2', 's', '1', '1', '1.4', '0', '1', '0', '3429', '1', '1', '1', '1', '1', 'default', '1', '0');
INSERT INTO `furniture` VALUES ('20263', 'ads_cheetos name', 'ads_cheetos', 's', '1', '1', '1', '0', '0', '0', '3453', '1', '1', '1', '1', '1', 'vendingmachine', '1', '51, 52');
INSERT INTO `furniture` VALUES ('20264', 'VIP Coffee Table', 'hc3_table', 's', '2', '2', '0.5', '1', '0', '0', '3466', '1', '1', '1', '1', '1', 'default', '1', '0');
INSERT INTO `furniture` VALUES ('20265', 'runway_bigchr_3 name', 'runway_bigchr_3', 's', '1', '1', '0.8', '1', '0', '0', '3454', '1', '1', '1', '1', '1', 'default', '1', '0');
INSERT INTO `furniture` VALUES ('20266', 'VIP Stool', 'hc3_stool', 's', '1', '1', '1.7', '0', '1', '0', '3448', '1', '1', '1', '1', '1', 'default', '1', '0');
INSERT INTO `furniture` VALUES ('20267', 'VIP Sofa', 'hc3_sofa', 's', '2', '1', '1', '0', '1', '0', '3441', '1', '1', '1', '1', '1', 'default', '1', '0');
INSERT INTO `furniture` VALUES ('20268', 'runway_bigchr_2 name', 'runway_bigchr_2', 's', '1', '1', '0.8', '1', '0', '0', '3427', '1', '1', '1', '1', '1', 'default', '1', '0');
INSERT INTO `furniture` VALUES ('20269', 'Leather Armchair', 'hc2_armchair', 's', '1', '1', '1', '1', '1', '0', '3436', '1', '1', '1', '1', '1', 'default', '1', '0');
INSERT INTO `furniture` VALUES ('20270', 'runway_table_2 name', 'runway_table_2', 's', '2', '1', '1', '0', '0', '0', '3444', '1', '1', '1', '1', '1', 'default', '1', '0');
INSERT INTO `furniture` VALUES ('20271', 'runway_table_1 name', 'runway_table_1', 's', '3', '2', '1', '1', '0', '0', '3460', '1', '1', '1', '1', '1', 'default', '3', '0');
INSERT INTO `furniture` VALUES ('20272', 'runway_manqn_1 name', 'runway_manqn_1', 's', '1', '1', '1', '0', '0', '0', '3437', '1', '1', '1', '1', '1', 'default', '5', '0');
INSERT INTO `furniture` VALUES ('20273', 'Leather Duvan', 'hc2_dvn', 's', '1', '3', '1', '0', '0', '0', '3459', '1', '1', '1', '1', '1', 'bed', '1', '0');
INSERT INTO `furniture` VALUES ('20274', 'VIP Light', 'hc3_light', 's', '2', '1', '0', '1', '0', '1', '3465', '1', '1', '1', '1', '1', 'default', '2', '0');
INSERT INTO `furniture` VALUES ('20275', 'VIP Shelves', 'hc3_shelf', 's', '3', '1', '1.75', '1', '0', '0', '3438', '1', '1', '1', '1', '1', 'default', '2', '0');
INSERT INTO `furniture` VALUES ('20276', 'runway_head name', 'runway_head', 's', '1', '1', '1', '1', '0', '0', '3432', '1', '1', '1', '1', '1', 'default', '7', '0');
INSERT INTO `furniture` VALUES ('20277', 'runway_manqn_2 name', 'runway_manqn_2', 's', '1', '1', '1', '0', '0', '0', '3467', '1', '1', '1', '1', '1', 'default', '5', '0');
INSERT INTO `furniture` VALUES ('20278', 'Black Divider', 'hc2_divider', 's', '1', '3', '1', '0', '0', '0', '3449', '1', '1', '1', '1', '1', 'default', '1', '0');
INSERT INTO `furniture` VALUES ('20279', 'Espresso Machine', 'hc2_coffee', 's', '1', '1', '1', '0', '0', '0', '3450', '1', '1', '1', '1', '1', 'vendingmachine', '0', '9,8,14,15,6,10,11,12,17,13');
INSERT INTO `furniture` VALUES ('20280', 'Service Trolley', 'hc2_cart', 's', '1', '1', '1', '0', '0', '0', '3430', '1', '1', '1', '1', '1', 'default', '1', '0');
INSERT INTO `furniture` VALUES ('20281', 'VIP Bar Desk', 'hc3_bard', 's', '2', '1', '1.05', '1', '0', '0', '3445', '1', '1', '1', '1', '1', 'default', '1', '0');
INSERT INTO `furniture` VALUES ('20282', 'VIP Lamp', 'hc3_hugelamp', 's', '1', '1', '0', '1', '0', '1', '3447', '1', '1', '1', '1', '1', 'default', '2', '0');
INSERT INTO `furniture` VALUES ('20283', 'VIP Divider', 'hc3_divider', 's', '1', '3', '1', '0', '0', '0', '3431', '1', '1', '1', '1', '1', 'default', '1', '0');
INSERT INTO `furniture` VALUES ('20284', 'Black Vase', 'hc2_vase', 's', '1', '1', '1', '0', '0', '0', '3428', '1', '1', '1', '1', '1', 'default', '1', '0');
INSERT INTO `furniture` VALUES ('20285', 'runway_chair_1 name', 'runway_chair_1', 's', '1', '1', '1.4', '0', '1', '0', '3451', '1', '1', '1', '1', '1', 'default', '1', '0');
INSERT INTO `furniture` VALUES ('20286', 'Green been vines', 'garden_wall', 'i', '0', '0', '1', '1', '0', '0', '4325', '1', '1', '1', '1', '1', 'default', '3', '0');
INSERT INTO `furniture` VALUES ('20287', 'ads_tv_yle name', 'ads_tv_yle', 'i', '0', '0', '1', '1', '0', '0', '4326', '1', '1', '1', '1', '1', 'default', '2', '0');
INSERT INTO `furniture` VALUES ('20288', 'VIP Wall Art', 'hc3_walldeco', 'i', '0', '0', '1', '1', '0', '0', '4329', '1', '1', '1', '1', '1', 'default', '10', '0');
INSERT INTO `furniture` VALUES ('20289', 'runway_shelf name', 'runway_shelf', 'i', '0', '0', '1', '1', '0', '0', '4327', '1', '1', '1', '1', '1', 'default', '4', '0');
INSERT INTO `furniture` VALUES ('20290', 'ads_nokia_x6 name', 'ads_nokia_x6', 'i', '0', '0', '1', '1', '0', '0', '4330', '1', '1', '1', '1', '1', 'default', '2', '0');
INSERT INTO `furniture` VALUES ('20291', 'ads_target_wall name', 'ads_target_wall', 'i', '0', '0', '1', '1', '0', '0', '4332', '1', '1', '1', '1', '1', 'default', '1', '0');
INSERT INTO `furniture` VALUES ('20292', 'runway_fabric name', 'runway_fabric', 'i', '0', '0', '1', '1', '0', '0', '4331', '1', '1', '1', '1', '1', 'default', '8', '0');
INSERT INTO `furniture` VALUES ('20293', 'ads_latrobe_flag name', 'ads_latrobe_flag', 'i', '0', '0', '1', '1', '0', '0', '4328', '1', '1', '1', '1', '1', '', '1', '0');
INSERT INTO `furniture` VALUES ('20295', 'Camera', 'camera', 's', '1', '1', '1', '0', '0', '0', '263', '1', '1', '1', '1', '1', '', '1', '0');
INSERT INTO `furniture` VALUES ('20296', 'Holly', 'holly', 'i', '0', '0', '0', '1', '0', '0', '4001', '1', '1', '1', '1', '1', 'default', '1', '0');
INSERT INTO `furniture` VALUES ('10289', 'easel_0', 'easel_0', 's', '1', '1', '1', '0', '0', '0', '3582', '1', '1', '1', '1', '1', 'default', '2', '0');
INSERT INTO `furniture` VALUES ('10290', 'easel_1', 'easel_1', 's', '1', '1', '1', '0', '0', '0', '3594', '1', '1', '1', '1', '1', 'default', '3', '0');
INSERT INTO `furniture` VALUES ('10291', 'easel_2', 'easel_2', 's', '1', '1', '1', '0', '0', '0', '3603', '1', '1', '1', '1', '1', 'default', '3', '0');
INSERT INTO `furniture` VALUES ('10292', 'easel_3', 'easel_3', 's', '1', '1', '1', '1', '0', '0', '3596', '1', '1', '1', '1', '1', 'default', '6', '0');
INSERT INTO `furniture` VALUES ('10293', 'easel_4', 'easel_4', 's', '1', '1', '1', '0', '0', '0', '3600', '1', '1', '1', '1', '1', 'default', '5', '0');
INSERT INTO `furniture` VALUES ('10294', 'easel_2', 'easel_2', 's', '1', '1', '1', '0', '0', '0', '3603', '1', '1', '1', '1', '1', 'default', '6', '0');
INSERT INTO `furniture` VALUES ('29354', 'party_crate2_1', 'party_crate2_1', 's', '2', '1', '1', '1', '0', '0', '3480', '1', '1', '1', '1', '1', 'default', '2', '0');
INSERT INTO `furniture` VALUES ('29353', 'party_crate1_3', 'party_crate1_3', 's', '1', '1', '1', '1', '0', '0', '3481', '1', '1', '1', '1', '1', 'default', '2', '0');
INSERT INTO `furniture` VALUES ('29352', 'party_crate1_4', 'party_crate1_4', 's', '1', '1', '1', '1', '0', '0', '3485', '1', '1', '1', '1', '1', 'default', '2', '0');
INSERT INTO `furniture` VALUES ('29351', 'party_crate1_1', 'party_crate1_1', 's', '1', '1', '1', '1', '0', '0', '3487', '1', '1', '1', '1', '1', 'default', '2', '0');
INSERT INTO `furniture` VALUES ('29350', 'party_crate1_2', 'party_crate1_2', 's', '1', '1', '1', '1', '0', '0', '3489', '1', '1', '1', '1', '1', 'default', '2', '0');
INSERT INTO `furniture` VALUES ('29349', 'party_crate2_2', 'party_crate2_2', 's', '2', '1', '1', '1', '0', '0', '3490', '1', '1', '1', '1', '1', 'default', '2', '0');
INSERT INTO `furniture` VALUES ('29348', 'party_crate2_3', 'party_crate2_3', 's', '2', '1', '1', '1', '0', '0', '3491', '1', '1', '1', '1', '1', 'default', '2', '0');
INSERT INTO `furniture` VALUES ('29347', 'party_crate2_4', 'party_crate2_4', 's', '2', '1', '1', '1', '0', '0', '3492', '1', '1', '1', '1', '1', 'default', '2', '0');
INSERT INTO `furniture` VALUES ('29346', 'party_djset', 'pary_djset', 's', '3', '1', '3', '0', '0', '0', '3484', '1', '1', '1', '1', '1', 'default', '1', '0');
INSERT INTO `furniture` VALUES ('20428', 'Pac-Sun', 'ads_capri_arcade', 's', '2', '1', '1', '0', '0', '0', '3553', '1', '1', '1', '1', '1', 'default', '1', '0');
INSERT INTO `furniture` VALUES ('20427', 'Arbolito Sun', 'ads_capri_tree', 's', '2', '1', '1', '0', '0', '0', '3546', '1', '1', '1', '1', '1', 'default', '1', '0');
INSERT INTO `furniture` VALUES ('20426', 'Tubo De Lava Capri', 'ads_capri_lava', 's', '0', '1', '1', '0', '0', '0', '3536', '1', '1', '1', '1', '1', 'default', '1', '0');
INSERT INTO `furniture` VALUES ('20425', 'Silla CapriSun', 'ads_capri_chair', 's', '0', '1', '1', '0', '1', '0', '3535', '1', '1', '1', '1', '1', 'default', '1', '0');
INSERT INTO `furniture` VALUES ('10278', 'hosptl_bbag name', 'hosptl_bbag', 's', '1', '3', '1', '0', '0', '0', '3591', '1', '1', '1', '1', '1', 'bed', '2', '0');
INSERT INTO `furniture` VALUES ('10279', 'hosptl_bed', 'hosptl_bed', 's', '1', '3', '1', '0', '0', '0', '3590', '1', '1', '1', '1', '1', 'bed', '2', '0');
INSERT INTO `furniture` VALUES ('10280', 'hosptl_cab1', 'hosptl_cab1', 's', '1', '1', '1', '0', '0', '0', '3586', '1', '1', '1', '1', '1', 'vendingmachine', '2', '35');
INSERT INTO `furniture` VALUES ('10281', 'hosptl_cab2', 'hosptl_cab2', 's', '2', '1', '1', '0', '0', '0', '3608', '1', '1', '1', '1', '1', 'default', '2', '0');
INSERT INTO `furniture` VALUES ('10282', 'hosptl_curtain', 'hosptl_curtain', 's', '3', '1', '1', '0', '0', '0', '3588', '1', '1', '1', '1', '1', 'default', '1', '0');
INSERT INTO `furniture` VALUES ('10283', 'hosptl_defibs', 'hosptl_defibs', 's', '1', '1', '1', '0', '0', '0', '3606', '1', '1', '1', '1', '1', 'default', '2', '0');
INSERT INTO `furniture` VALUES ('10284', 'hosptl_light', 'hosptl_light', 's', '1', '1', '1', '0', '0', '0', '3610', '1', '1', '1', '1', '1', 'default', '2', '0');
INSERT INTO `furniture` VALUES ('10285', 'hosptl_seat', 'hosptl_seat', 's', '1', '2', '1', '0', '1', '0', '3611', '1', '1', '1', '1', '1', 'default', '2', '0');
INSERT INTO `furniture` VALUES ('10286', 'hosptl_skele', 'hosptl_skele', 's', '1', '1', '1', '0', '0', '0', '3604', '1', '1', '1', '1', '1', 'default', '2', '0');
INSERT INTO `furniture` VALUES ('10287', 'hosptl_xray', 'hosptl_xray', 'i', '0', '0', '0', '0', '0', '0', '4339', '1', '1', '1', '1', '1', 'default', '2', '0');
INSERT INTO `furniture` VALUES ('20301', 'Terrier', 'a0 pet3', 's', '1', '1', '1', '1', '0', '0', '4026', '0', '0', '0', '0', '0', 'pet', '0', '0');
INSERT INTO `furniture` VALUES ('20303', 'Bear', 'a0 pet4', 's', '1', '1', '1', '1', '0', '0', '4027', '0', '0', '0', '0', '0', 'pet', '0', '0');
INSERT INTO `furniture` VALUES ('20304', 'Cats', 'a0 pet1', 's', '1', '1', '1', '1', '0', '0', '453', '0', '0', '0', '0', '0', 'pet', '0', '0');
INSERT INTO `furniture` VALUES ('20305', 'Dogs', 'a0 pet0', 's', '1', '1', '1', '1', '0', '0', '452', '0', '0', '0', '0', '0', 'pet', '0', '0');
INSERT INTO `furniture` VALUES ('20306', 'Crocodiles', 'a0 pet2', 's', '1', '1', '1', '1', '0', '0', '1290', '0', '0', '0', '0', '0', 'pet', '0', '0');
INSERT INTO `furniture` VALUES ('20382', 'bw_shower name', 'bw_shower', 's', '1', '1', '0', '0', '0', '1', '3540', '1', '1', '1', '1', '1', '', '2', '0');

-- ----------------------------
-- Table structure for `fuserights`
-- ----------------------------
CREATE TABLE `fuserights` (
  `rank` int(11) unsigned NOT NULL,
  `fuse` varchar(50) NOT NULL,
  KEY `rank` (`rank`)
) ENGINE=MyISAM DEFAULT CHARSET=latin1;

-- ----------------------------
-- Records of fuserights
-- ----------------------------
INSERT INTO `fuserights` VALUES ('1', 'fuse_room_queue_default');
INSERT INTO `fuserights` VALUES ('1', 'fuse_buy_credits');
INSERT INTO `fuserights` VALUES ('1', 'fuse_login');
INSERT INTO `fuserights` VALUES ('1', 'default');
INSERT INTO `fuserights` VALUES ('1', 'fuse_trade');
INSERT INTO `fuserights` VALUES ('3', 'fuse_mod');
INSERT INTO `fuserights` VALUES ('6', 'fuse_admin');
INSERT INTO `fuserights` VALUES ('7', 'fuse_sysadmin');
INSERT INTO `fuserights` VALUES ('3', 'fuse_enter_any_room');
INSERT INTO `fuserights` VALUES ('1', 'fuse_club_dances');
INSERT INTO `fuserights` VALUES ('3', 'fuse_housekeeping_login');
INSERT INTO `fuserights` VALUES ('4', 'fuse_chatlogs');
INSERT INTO `fuserights` VALUES ('3', 'fuse_alert');
INSERT INTO `fuserights` VALUES ('3', 'fuse_kick');
INSERT INTO `fuserights` VALUES ('4', 'fuse_ban');
INSERT INTO `fuserights` VALUES ('6', 'fuse_housekeeping_catalog');
INSERT INTO `fuserights` VALUES ('4', 'fuse_housekeeping_moderation');
INSERT INTO `fuserights` VALUES ('6', 'fuse_housekeeping_sitemanagement');
INSERT INTO `fuserights` VALUES ('4', 'fuse_any_room_rights');
INSERT INTO `fuserights` VALUES ('6', 'fuse_ignore_maintenance');
INSERT INTO `fuserights` VALUES ('4', 'fuse_mute');
INSERT INTO `fuserights` VALUES ('3', 'fuse_roomkick');
INSERT INTO `fuserights` VALUES ('3', 'fuse_roomalert');
INSERT INTO `fuserights` VALUES ('4', 'fuse_enter_full_rooms');
INSERT INTO `fuserights` VALUES ('7', 'fuse_large_marketplace_token_batch');
INSERT INTO `fuserights` VALUES ('7', 'fuse_any_room_controller');
INSERT INTO `fuserights` VALUES ('1', 'pockethabbo_content_download_allowed');

-- ----------------------------
-- Table structure for `fuserights_subs`
-- ----------------------------
CREATE TABLE `fuserights_subs` (
  `sub` varchar(120) NOT NULL,
  `fuse` text NOT NULL,
  KEY `sub` (`sub`)
) ENGINE=MyISAM DEFAULT CHARSET=latin1;

-- ----------------------------
-- Records of fuserights_subs
-- ----------------------------
INSERT INTO `fuserights_subs` VALUES ('habbo_club', 'fuse_use_club_dance');
INSERT INTO `fuserights_subs` VALUES ('habbo_club', 'fuse_extended_buddylist');
INSERT INTO `fuserights_subs` VALUES ('habbo_club', 'fuse_furni_chooser');
INSERT INTO `fuserights_subs` VALUES ('habbo_club', 'fuse_priority_access');
INSERT INTO `fuserights_subs` VALUES ('habbo_club', 'fuse_use_club_catalog');
INSERT INTO `fuserights_subs` VALUES ('habbo_club', 'fuse_habbo_chooser');
INSERT INTO `fuserights_subs` VALUES ('habbo_club', 'fuse_use_club_outfits');
INSERT INTO `fuserights_subs` VALUES ('habbo_club', 'fuse_room_queue_club');
INSERT INTO `fuserights_subs` VALUES ('habbo_club', 'fuse_use_special_room_layouts');
INSERT INTO `fuserights_subs` VALUES ('habbo_club', 'fuse_use_club_badge');
INSERT INTO `fuserights_subs` VALUES ('habbo_club', 'fuse_use_wardrobe');
INSERT INTO `fuserights_subs` VALUES ('habbo_club', 'fuse_use_vip_outfits');
INSERT INTO `fuserights_subs` VALUES ('habbo_club', 'fuse_use_vip_room_layouts');
INSERT INTO `fuserights_subs` VALUES ('habbo_club', 'fuse_larger_wardrobe');
INSERT INTO `fuserights_subs` VALUES ('habbo_club', 'fuse_hide_room_walls');

-- ----------------------------
-- Table structure for `help_subjects`
-- ----------------------------
CREATE TABLE `help_subjects` (
  `id` int(11) unsigned NOT NULL AUTO_INCREMENT,
  `caption` varchar(100) NOT NULL,
  PRIMARY KEY (`id`)
) ENGINE=MyISAM AUTO_INCREMENT=6 DEFAULT CHARSET=latin1;

-- ----------------------------
-- Records of help_subjects
-- ----------------------------
INSERT INTO `help_subjects` VALUES ('1', 'Uber - General');
INSERT INTO `help_subjects` VALUES ('2', 'Credits, Pixels and Achievements');
INSERT INTO `help_subjects` VALUES ('3', 'Catalogue and Furniture');
INSERT INTO `help_subjects` VALUES ('4', 'Rooms');
INSERT INTO `help_subjects` VALUES ('5', 'Infobus');

-- ----------------------------
-- Table structure for `help_topics`
-- ----------------------------
CREATE TABLE `help_topics` (
  `id` int(11) unsigned NOT NULL AUTO_INCREMENT,
  `subject` int(11) unsigned NOT NULL DEFAULT '1',
  `title` varchar(50) NOT NULL,
  `body` text NOT NULL,
  `known_issue` enum('0','1','2') NOT NULL DEFAULT '0',
  PRIMARY KEY (`id`)
) ENGINE=MyISAM AUTO_INCREMENT=14 DEFAULT CHARSET=latin1;

-- ----------------------------
-- Records of help_topics
-- ----------------------------
INSERT INTO `help_topics` VALUES ('1', '1', 'What is uberHotel?', 'uberHotel is a test platform for the new Habbo Hotel Emulator, UberEmulator. We are using this hotel to test and verify the stability, performance, and functionality of the server. This means the hotel will only be available temporarily, and certain features may be missing or broken.', '2');
INSERT INTO `help_topics` VALUES ('2', '1', 'Missing/broken features', 'This article will be updated to reflect an overview of features that are missing or broken.', '2');
INSERT INTO `help_topics` VALUES ('3', '2', 'How do I get Credits?', 'You can receive credits in a multitude of ways:\r\n\r\n* By signing up to Uber you receive some credits to get you started.\r\n* You will recieve credit updates at preset intervals.\r\n* You can play games and take part in events and competitions for prizes and credits.\r\n* You can trade other users for credits.', '1');
INSERT INTO `help_topics` VALUES ('4', '2', 'How do I get Pixels?', 'You automatically receive pixels every now and then. You can exchange these for effects, special pixel offers, and credits. You also receive pixels by completing achievements.', '1');
INSERT INTO `help_topics` VALUES ('5', '2', 'What are achievements and how do I get them?', 'Achievements are special tasks you can complete in the hotel which will give you a certain amount of pixels and a cool badge as reward.', '1');
INSERT INTO `help_topics` VALUES ('6', '2', 'Are all achievements available on Uber?', 'We have not yet added all achievements. The ones that are available can be seen under the \'Achievements\' tab in your inventory.', '0');
INSERT INTO `help_topics` VALUES ('7', '1', 'Staff on Uber', 'Uber is being maintained and moderated by a relatively small staff team. They are here to make sure everything works correctly and to help our players and keep them safe.\r\n\r\nIn general we do not have any staff openings; if we are looking for staff it will be announced on the homepage, or we will approach players we deem capable.', '2');
INSERT INTO `help_topics` VALUES ('8', '3', 'I have a suggestion for new furniture!', 'We do NOT accept any requests for custom furniture or anything along those lines, we only use furniture that is available on the official hotels. If you have suggestions for new furniture, try contacting Habbo. They might like your idea!', '0');
INSERT INTO `help_topics` VALUES ('9', '3', 'Why is this piece of furniture missing?', 'We may have not added all furniture yet or we may have purposely decided not to put it up for sale. Please do not contact us about this - we are constantly adding new furniture.', '1');
INSERT INTO `help_topics` VALUES ('10', '5', 'Where is the Infobus?', 'The infobus is currently available in the navigator, although bugged.', '1');
INSERT INTO `help_topics` VALUES ('11', '3', 'Stacking-related issues', 'The stacking system is a sensitive and complicated mechanism that still requires some work. There is generally no need to report any problems regarding stacking to us, as we are aware of problems relating to it.\r\n\r\nIf there are problems with stacking relating to a specific piece of furniture, then please submit a suggestion or bug report on our UserVoice forum.', '1');
INSERT INTO `help_topics` VALUES ('12', '1', 'Support Tickets & User Reports', 'We would just like to urge that the ticket system you will find in this help tool and when reporting users is only intended for SERIOUS requests. Yes, it works, and there is no need to test it. Any requests that are offensive, spam, or in anyway inappropriate may result in a ban.\r\n\r\nAlso, when submitting a help request, please keep in mind that it must be in English.', '2');
INSERT INTO `help_topics` VALUES ('13', '1', 'IMPORTANT: This is an English hotel!', 'Although allowed, we do discourage the use of foreign languages in this hotel so all users and staff can understand each other. Localised rooms and groups may be created but we ask ALL e-mails, support tickets and other communications to staff are in CLEAR, FLUENT ENGLISH. If we find this allowance abused by people swearing etc in their own langugage they will be banned IMMEDIATELY and this allowance discontinued.', '2');

-- ----------------------------
-- Table structure for `homes`
-- ----------------------------
CREATE TABLE `homes` (
  `home_id` int(10) unsigned NOT NULL AUTO_INCREMENT,
  `link_type` enum('user','group') NOT NULL DEFAULT 'user',
  `link_id` int(10) unsigned NOT NULL,
  `allow_display` enum('0','1') NOT NULL DEFAULT '1',
  `bgimage` varchar(120) NOT NULL DEFAULT 'b_bg_colour_01',
  PRIMARY KEY (`home_id`)
) ENGINE=MyISAM AUTO_INCREMENT=2 DEFAULT CHARSET=latin1;

-- ----------------------------
-- Records of homes
-- ----------------------------
INSERT INTO `homes` VALUES ('1', 'user', '2', '1', 'b_bg_colour_01');

-- ----------------------------
-- Table structure for `homes_catalog`
-- ----------------------------
CREATE TABLE `homes_catalog` (
  `id` int(11) NOT NULL AUTO_INCREMENT,
  `name` text NOT NULL,
  `type` varchar(1) NOT NULL,
  `data` text NOT NULL,
  `price` int(11) NOT NULL,
  `amount` int(11) NOT NULL DEFAULT '1',
  `category` int(11) NOT NULL,
  `sorted` enum('1','0') NOT NULL DEFAULT '0',
  PRIMARY KEY (`id`)
) ENGINE=MyISAM AUTO_INCREMENT=1294 DEFAULT CHARSET=latin1;

-- ----------------------------
-- Records of homes_catalog
-- ----------------------------
INSERT INTO `homes_catalog` VALUES ('1', 'sticker_arrow_down', '1', 'sticker_arrow_down', '3', '1', '37', '1');
INSERT INTO `homes_catalog` VALUES ('2', 'sticker_arrow_left', '1', 'sticker_arrow_left', '3', '1', '37', '1');
INSERT INTO `homes_catalog` VALUES ('3', 'sticker_arrow_up', '1', 'sticker_arrow_up', '3', '1', '37', '1');
INSERT INTO `homes_catalog` VALUES ('4', 'sticker_arrow_right', '1', 'sticker_arrow_right', '3', '1', '37', '1');
INSERT INTO `homes_catalog` VALUES ('5', 'finger_push', '1', 'finger_push', '3', '1', '37', '1');
INSERT INTO `homes_catalog` VALUES ('6', 'sticker_pointing_hand_1', '1', 'sticker_pointing_hand_1', '3', '1', '37', '1');
INSERT INTO `homes_catalog` VALUES ('7', 'sticker_pointing_hand_2', '1', 'sticker_pointing_hand_2', '3', '1', '37', '1');
INSERT INTO `homes_catalog` VALUES ('8', 'sticker_pointing_hand_3', '1', 'sticker_pointing_hand_3', '3', '1', '37', '1');
INSERT INTO `homes_catalog` VALUES ('9', 'sticker_pointing_hand_4', '1', 'sticker_pointing_hand_4', '3', '1', '37', '1');
INSERT INTO `homes_catalog` VALUES ('10', 'gorillahand1', '1', 'gorillahand1', '3', '1', '32', '1');
INSERT INTO `homes_catalog` VALUES ('11', 'gorillahand2', '1', 'gorillahand2', '3', '1', '32', '1');
INSERT INTO `homes_catalog` VALUES ('12', 'lightbulb', '1', 'lightbulb', '3', '1', '32', '1');
INSERT INTO `homes_catalog` VALUES ('13', 'redlamp', '1', 'redlamp', '3', '1', '32', '1');
INSERT INTO `homes_catalog` VALUES ('14', 'blingblingstars', '1', 'blingblingstars', '3', '1', '25', '1');
INSERT INTO `homes_catalog` VALUES ('15', 'blinghearts', '1', 'blinghearts', '3', '1', '25', '1');
INSERT INTO `homes_catalog` VALUES ('16', 'sticker_heartbeat', '1', 'sticker_heartbeat', '3', '1', '29', '1');
INSERT INTO `homes_catalog` VALUES ('17', 'sticker_bobbaskull', '1', 'sticker_bobbaskull', '3', '1', '32', '1');
INSERT INTO `homes_catalog` VALUES ('18', 'chain_vertical', '1', 'chain_vertical', '3', '1', '22', '1');
INSERT INTO `homes_catalog` VALUES ('19', 'chain_horizontal', '1', 'chain_horizontal', '3', '1', '22', '1');
INSERT INTO `homes_catalog` VALUES ('20', 'nail2', '1', 'nail2', '3', '1', '32', '1');
INSERT INTO `homes_catalog` VALUES ('21', 'nail3', '1', 'nail3', '3', '1', '32', '1');
INSERT INTO `homes_catalog` VALUES ('22', 'i_love_bobba', '1', 'i_love_bobba', '3', '1', '32', '1');
INSERT INTO `homes_catalog` VALUES ('23', 'chewed_bubblegum', '1', 'chewed_bubblegum', '3', '1', '32', '1');
INSERT INTO `homes_catalog` VALUES ('24', 'bullet1', '1', 'bullet1', '3', '1', '32', '1');
INSERT INTO `homes_catalog` VALUES ('25', 'spill1', '1', 'spill1', '3', '1', '32', '1');
INSERT INTO `homes_catalog` VALUES ('26', 'spill2', '1', 'spill2', '3', '1', '32', '1');
INSERT INTO `homes_catalog` VALUES ('27', 'spill3', '1', 'spill3', '3', '1', '32', '1');
INSERT INTO `homes_catalog` VALUES ('28', 'sticker_coffee_stain', '1', 'sticker_coffee_stain', '3', '1', '32', '1');
INSERT INTO `homes_catalog` VALUES ('29', 'sticker_hole', '1', 'sticker_hole', '3', '1', '32', '1');
INSERT INTO `homes_catalog` VALUES ('30', 'sticker_flames', '1', 'sticker_flames', '3', '1', '25', '1');
INSERT INTO `homes_catalog` VALUES ('31', 'paper_clip_1', '1', 'paper_clip_1', '3', '1', '32', '1');
INSERT INTO `homes_catalog` VALUES ('32', 'paper_clip_2', '1', 'paper_clip_2', '3', '1', '32', '1');
INSERT INTO `homes_catalog` VALUES ('33', 'paper_clip_3', '1', 'paper_clip_3', '3', '1', '32', '1');
INSERT INTO `homes_catalog` VALUES ('34', 'needle_1', '1', 'needle_1', '3', '1', '32', '1');
INSERT INTO `homes_catalog` VALUES ('35', 'needle_2', '1', 'needle_2', '3', '1', '32', '1');
INSERT INTO `homes_catalog` VALUES ('36', 'needle_3', '1', 'needle_3', '3', '1', '32', '1');
INSERT INTO `homes_catalog` VALUES ('37', 'needle_4', '1', 'needle_4', '3', '1', '32', '1');
INSERT INTO `homes_catalog` VALUES ('38', 'needle_5', '1', 'needle_5', '3', '1', '32', '1');
INSERT INTO `homes_catalog` VALUES ('39', 'highlighter_1', '1', 'highlighter_1', '3', '1', '32', '1');
INSERT INTO `homes_catalog` VALUES ('40', 'highlighter_mark5', '1', 'highlighter_mark5', '3', '1', '32', '1');
INSERT INTO `homes_catalog` VALUES ('41', 'highlighter_mark6', '1', 'highlighter_mark6', '3', '1', '32', '1');
INSERT INTO `homes_catalog` VALUES ('42', 'highlighter_mark4b', '1', 'highlighter_mark4b', '3', '1', '32', '1');
INSERT INTO `homes_catalog` VALUES ('43', 'highlighter_2', '1', 'highlighter_2', '3', '1', '32', '1');
INSERT INTO `homes_catalog` VALUES ('44', 'highlighter_mark1', '1', 'highlighter_mark1', '3', '1', '32', '1');
INSERT INTO `homes_catalog` VALUES ('45', 'highlighter_mark2', '1', 'highlighter_mark2', '3', '1', '32', '1');
INSERT INTO `homes_catalog` VALUES ('46', 'highlighter_mark3', '1', 'highlighter_mark3', '3', '1', '32', '1');
INSERT INTO `homes_catalog` VALUES ('47', 'ruler_horizontal', '1', 'ruler_horizontal', '3', '1', '22', '1');
INSERT INTO `homes_catalog` VALUES ('48', 'ruler_vertical', '1', 'ruler_vertical', '3', '1', '22', '1');
INSERT INTO `homes_catalog` VALUES ('49', 'plaster', '1', 'plaster', '3', '1', '32', '1');
INSERT INTO `homes_catalog` VALUES ('50', 'plaster2', '1', 'plaster2', '3', '1', '32', '1');
INSERT INTO `homes_catalog` VALUES ('51', 'sticker_cactus_anim', '1', 'sticker_cactus_anim', '3', '1', '32', '1');
INSERT INTO `homes_catalog` VALUES ('52', 'sticker_spaceduck', '1', 'sticker_spaceduck', '3', '1', '24', '1');
INSERT INTO `homes_catalog` VALUES ('53', 'sticker_moonpig', '1', 'sticker_moonpig', '3', '1', '32', '1');
INSERT INTO `homes_catalog` VALUES ('54', 'sticker_catinabox', '1', 'sticker_catinabox', '3', '1', '32', '1');
INSERT INTO `homes_catalog` VALUES ('55', 'sticker_croco', '1', 'sticker_croco', '3', '1', '24', '1');
INSERT INTO `homes_catalog` VALUES ('56', 'bear', '1', 'bear', '3', '1', '32', '1');
INSERT INTO `homes_catalog` VALUES ('57', 'swimming_fish', '1', 'swimming_fish', '3', '1', '32', '1');
INSERT INTO `homes_catalog` VALUES ('58', 'fish', '1', 'fish', '3', '1', '32', '1');
INSERT INTO `homes_catalog` VALUES ('59', 'parrot', '1', 'parrot', '3', '1', '32', '1');
INSERT INTO `homes_catalog` VALUES ('60', 'battle1', '1', 'battle1', '3', '1', '30', '1');
INSERT INTO `homes_catalog` VALUES ('61', 'battle3', '1', 'battle3', '3', '1', '32', '1');
INSERT INTO `homes_catalog` VALUES ('62', 'sticker_sleeping_habbo', '1', 'sticker_sleeping_habbo', '3', '1', '32', '1');
INSERT INTO `homes_catalog` VALUES ('63', 'sticker_clown_anim', '1', 'sticker_clown_anim', '3', '1', '24', '1');
INSERT INTO `homes_catalog` VALUES ('64', 'sticker_boxer', '1', 'sticker_boxer', '3', '1', '24', '1');
INSERT INTO `homes_catalog` VALUES ('65', 'scubacapsule_anim', '1', 'scubacapsule_anim', '3', '1', '35', '1');
INSERT INTO `homes_catalog` VALUES ('66', 'sticker_gurubeard_gray', '1', 'sticker_gurubeard_gray', '3', '1', '35', '1');
INSERT INTO `homes_catalog` VALUES ('67', 'sticker_gurubeard_brown', '1', 'sticker_gurubeard_brown', '3', '1', '35', '1');
INSERT INTO `homes_catalog` VALUES ('68', 'sticker_glasses_supernerd', '1', 'sticker_glasses_supernerd', '3', '1', '35', '1');
INSERT INTO `homes_catalog` VALUES ('69', 'sticker_glasses_elton', '1', 'sticker_glasses_elton', '3', '1', '35', '1');
INSERT INTO `homes_catalog` VALUES ('70', 'sticker_eyes_blue', '1', 'sticker_eyes_blue', '3', '1', '35', '1');
INSERT INTO `homes_catalog` VALUES ('71', 'sticker_eye_anim', '1', 'sticker_eye_anim', '3', '1', '35', '1');
INSERT INTO `homes_catalog` VALUES ('72', 'sticker_eye_evil_anim', '1', 'sticker_eye_evil_anim', '3', '1', '35', '1');
INSERT INTO `homes_catalog` VALUES ('73', 'burger', '1', 'burger', '3', '1', '32', '1');
INSERT INTO `homes_catalog` VALUES ('74', 'juice', '1', 'juice', '3', '1', '32', '1');
INSERT INTO `homes_catalog` VALUES ('75', 'i_love_coffee', '1', 'i_love_coffee', '3', '1', '32', '1');
INSERT INTO `homes_catalog` VALUES ('76', 'sticker_coffee_steam_blue', '1', 'sticker_coffee_steam_blue', '3', '1', '32', '1');
INSERT INTO `homes_catalog` VALUES ('77', 'sticker_coffee_steam_grey', '1', 'sticker_coffee_steam_grey', '3', '1', '32', '1');
INSERT INTO `homes_catalog` VALUES ('78', 'cassette1', '1', 'cassette1', '3', '1', '23', '1');
INSERT INTO `homes_catalog` VALUES ('79', 'cassette2', '1', 'cassette2', '3', '1', '23', '1');
INSERT INTO `homes_catalog` VALUES ('80', 'cassette3', '1', 'cassette3', '3', '1', '23', '1');
INSERT INTO `homes_catalog` VALUES ('81', 'cassette4', '1', 'cassette4', '3', '1', '23', '1');
INSERT INTO `homes_catalog` VALUES ('82', 'sticker_effect_bam', '1', 'sticker_effect_bam', '3', '1', '25', '1');
INSERT INTO `homes_catalog` VALUES ('83', 'sticker_effect_burp', '1', 'sticker_effect_burp', '3', '1', '25', '1');
INSERT INTO `homes_catalog` VALUES ('84', 'sticker_effect_woosh', '1', 'sticker_effect_woosh', '3', '1', '25', '1');
INSERT INTO `homes_catalog` VALUES ('85', 'sticker_effect_zap', '1', 'sticker_effect_zap', '3', '1', '25', '1');
INSERT INTO `homes_catalog` VALUES ('86', 'sticker_effect_whoosh2', '1', 'sticker_effect_whoosh2', '3', '1', '25', '1');
INSERT INTO `homes_catalog` VALUES ('87', 'sticker_flower1', '1', 'sticker_flower1', '3', '1', '34', '1');
INSERT INTO `homes_catalog` VALUES ('88', 'sticker_flower_big_yellow', '1', 'sticker_flower_big_yellow', '3', '1', '32', '1');
INSERT INTO `homes_catalog` VALUES ('89', 'sticker_flower_pink', '1', 'sticker_flower_pink', '3', '1', '32', '1');
INSERT INTO `homes_catalog` VALUES ('90', 'vine', '1', 'vine', '3', '1', '22', '1');
INSERT INTO `homes_catalog` VALUES ('91', 'vine2', '1', 'vine2', '3', '1', '22', '1');
INSERT INTO `homes_catalog` VALUES ('92', 'leafs1', '1', 'leafs1', '3', '1', '22', '1');
INSERT INTO `homes_catalog` VALUES ('93', 'leafs2', '1', 'leafs2', '3', '1', '22', '1');
INSERT INTO `homes_catalog` VALUES ('94', 'wunderfrank', '1', 'wunderfrank', '3', '1', '30', '1');
INSERT INTO `homes_catalog` VALUES ('95', 'sticker_submarine', '1', 'sticker_submarine', '3', '1', '32', '1');
INSERT INTO `homes_catalog` VALUES ('96', 'football', '1', 'football', '3', '1', '32', '1');
INSERT INTO `homes_catalog` VALUES ('97', 'sticker_zipper_h_bobba_lock', '1', 'sticker_zipper_h_bobba_lock', '3', '1', '22', '1');
INSERT INTO `homes_catalog` VALUES ('98', 'sticker_zipper_h_end', '1', 'sticker_zipper_h_end', '3', '1', '22', '1');
INSERT INTO `homes_catalog` VALUES ('99', 'sticker_zipper_h_normal_lock', '1', 'sticker_zipper_h_normal_lock', '3', '1', '22', '1');
INSERT INTO `homes_catalog` VALUES ('100', 'sticker_zipper_h_tile', '1', 'sticker_zipper_h_tile', '3', '1', '22', '1');
INSERT INTO `homes_catalog` VALUES ('101', 'sticker_zipper_v_tile', '1', 'sticker_zipper_v_tile', '3', '1', '22', '1');
INSERT INTO `homes_catalog` VALUES ('102', 'sticker_zipper_v_bobba_lock', '1', 'sticker_zipper_v_bobba_lock', '3', '1', '22', '1');
INSERT INTO `homes_catalog` VALUES ('103', 'sticker_zipper_v_end', '1', 'sticker_zipper_v_end', '3', '1', '22', '1');
INSERT INTO `homes_catalog` VALUES ('104', 'sticker_zipper_v_normal_lock', '1', 'sticker_zipper_v_normal_lock', '3', '1', '22', '1');
INSERT INTO `homes_catalog` VALUES ('105', 'bling_a', '1', 'bling_a', '3', '1', '7', '1');
INSERT INTO `homes_catalog` VALUES ('106', 'bling_b', '1', 'bling_b', '3', '1', '7', '1');
INSERT INTO `homes_catalog` VALUES ('107', 'bling_c', '1', 'bling_c', '3', '1', '7', '1');
INSERT INTO `homes_catalog` VALUES ('108', 'bling_d', '1', 'bling_d', '3', '1', '7', '1');
INSERT INTO `homes_catalog` VALUES ('109', 'bling_e', '1', 'bling_e', '3', '1', '7', '1');
INSERT INTO `homes_catalog` VALUES ('110', 'bling_f', '1', 'bling_f', '3', '1', '7', '1');
INSERT INTO `homes_catalog` VALUES ('111', 'bling_g', '1', 'bling_g', '3', '1', '7', '1');
INSERT INTO `homes_catalog` VALUES ('112', 'bling_h', '1', 'bling_h', '3', '1', '7', '1');
INSERT INTO `homes_catalog` VALUES ('113', 'bling_i', '1', 'bling_i', '3', '1', '7', '1');
INSERT INTO `homes_catalog` VALUES ('114', 'bling_j', '1', 'bling_j', '3', '1', '7', '1');
INSERT INTO `homes_catalog` VALUES ('115', 'bling_k', '1', 'bling_k', '3', '1', '7', '1');
INSERT INTO `homes_catalog` VALUES ('116', 'bling_l', '1', 'bling_l', '3', '1', '7', '1');
INSERT INTO `homes_catalog` VALUES ('117', 'bling_m', '1', 'bling_m', '3', '1', '7', '1');
INSERT INTO `homes_catalog` VALUES ('118', 'bling_n', '1', 'bling_n', '3', '1', '7', '1');
INSERT INTO `homes_catalog` VALUES ('119', 'bling_o', '1', 'bling_o', '3', '1', '7', '1');
INSERT INTO `homes_catalog` VALUES ('120', 'bling_p', '1', 'bling_p', '3', '1', '7', '1');
INSERT INTO `homes_catalog` VALUES ('121', 'bling_q', '1', 'bling_q', '3', '1', '7', '1');
INSERT INTO `homes_catalog` VALUES ('122', 'bling_r', '1', 'bling_r', '3', '1', '7', '1');
INSERT INTO `homes_catalog` VALUES ('123', 'bling_s', '1', 'bling_s', '3', '1', '7', '1');
INSERT INTO `homes_catalog` VALUES ('124', 'bling_t', '1', 'bling_t', '3', '1', '7', '1');
INSERT INTO `homes_catalog` VALUES ('125', 'bling_u', '1', 'bling_u', '3', '1', '7', '1');
INSERT INTO `homes_catalog` VALUES ('126', 'bling_v', '1', 'bling_v', '3', '1', '7', '1');
INSERT INTO `homes_catalog` VALUES ('127', 'bling_w', '1', 'bling_w', '3', '1', '7', '1');
INSERT INTO `homes_catalog` VALUES ('128', 'bling_x', '1', 'bling_x', '3', '1', '7', '1');
INSERT INTO `homes_catalog` VALUES ('129', 'bling_y', '1', 'bling_y', '3', '1', '7', '1');
INSERT INTO `homes_catalog` VALUES ('130', 'bling_z', '1', 'bling_z', '3', '1', '7', '1');
INSERT INTO `homes_catalog` VALUES ('131', 'bling_underscore', '1', 'bling_underscore', '3', '1', '7', '1');
INSERT INTO `homes_catalog` VALUES ('132', 'bling_line', '1', 'bling_line', '3', '1', '7', '1');
INSERT INTO `homes_catalog` VALUES ('133', 'bling_exclamation', '1', 'bling_exclamation', '3', '1', '7', '1');
INSERT INTO `homes_catalog` VALUES ('134', 'bling_question', '1', 'bling_question', '3', '1', '7', '1');
INSERT INTO `homes_catalog` VALUES ('135', 'bling_star', '1', 'bling_star', '3', '1', '7', '1');
INSERT INTO `homes_catalog` VALUES ('136', 'bling_dot', '1', 'bling_dot', '3', '1', '7', '1');
INSERT INTO `homes_catalog` VALUES ('137', 'bling_comma', '1', 'bling_comma', '3', '1', '7', '1');
INSERT INTO `homes_catalog` VALUES ('139', 'angelwings_anim', '1', 'angelwings_anim', '3', '1', '35', '1');
INSERT INTO `homes_catalog` VALUES ('140', 'xmas_box_green', '1', 'xmas_box_green', '3', '1', '29', '1');
INSERT INTO `homes_catalog` VALUES ('141', 'xmas_box_lime', '1', 'xmas_box_lime', '3', '1', '29', '1');
INSERT INTO `homes_catalog` VALUES ('142', 'xmas_box_orange', '1', 'xmas_box_orange', '3', '1', '29', '1');
INSERT INTO `homes_catalog` VALUES ('143', 'xmas_box_red', '1', 'xmas_box_red', '3', '1', '29', '1');
INSERT INTO `homes_catalog` VALUES ('144', 'xmas_box_suit_blue', '1', 'xmas_box_suit_blue', '3', '1', '37', '1');
INSERT INTO `homes_catalog` VALUES ('145', 'xmas_box_suit_orange', '1', 'xmas_box_suit_orange', '3', '1', '35', '1');
INSERT INTO `homes_catalog` VALUES ('146', 'xmas_box_suit_pink', '1', 'xmas_box_suit_pink', '3', '1', '35', '1');
INSERT INTO `homes_catalog` VALUES ('147', 'xmas_box_violet', '1', 'xmas_box_violet', '3', '1', '29', '1');
INSERT INTO `homes_catalog` VALUES ('148', 'xmas_boxs', '1', 'xmas_boxs', '3', '1', '29', '1');
INSERT INTO `homes_catalog` VALUES ('149', 'xmas_cat_animated', '1', 'xmas_cat_animated', '3', '1', '29', '1');
INSERT INTO `homes_catalog` VALUES ('150', 'xmas_dogi_animated', '1', 'xmas_dogi_animated', '3', '1', '29', '1');
INSERT INTO `homes_catalog` VALUES ('151', 'xmas_gift_strap_corner_l', '1', 'xmas_gift_strap_corner_l', '3', '1', '29', '1');
INSERT INTO `homes_catalog` VALUES ('152', 'xmas_gift_strap_corner_l_bundle', '1', 'xmas_gift_strap_corner_l_bundle', '3', '1', '29', '1');
INSERT INTO `homes_catalog` VALUES ('153', 'xmas_gift_strap_corner_r', '1', 'xmas_gift_strap_corner_r', '3', '1', '29', '1');
INSERT INTO `homes_catalog` VALUES ('154', 'xmas_gift_strap_h', '1', 'xmas_gift_strap_h', '3', '1', '29', '1');
INSERT INTO `homes_catalog` VALUES ('155', 'xmas_gift_strap_v', '1', 'xmas_gift_strap_v', '3', '1', '29', '1');
INSERT INTO `homes_catalog` VALUES ('156', 'xmas_gift_afro', '1', 'xmas_gift_afro', '3', '1', '35', '1');
INSERT INTO `homes_catalog` VALUES ('157', 'xmas_icicles', '1', 'xmas_icicles', '3', '1', '22', '1');
INSERT INTO `homes_catalog` VALUES ('158', 'xmas_snowlantern_anim', '1', 'xmas_snowlantern_anim', '3', '1', '29', '1');
INSERT INTO `homes_catalog` VALUES ('159', 'xmas_tree_costume', '1', 'xmas_tree_costume', '3', '1', '29', '1');
INSERT INTO `homes_catalog` VALUES ('160', 'xmas_xtree_sticker', '1', 'xmas_xtree_sticker', '3', '1', '29', '1');
INSERT INTO `homes_catalog` VALUES ('161', 'xmaslights_anim', '1', 'xmaslights_anim', '3', '1', '29', '1');
INSERT INTO `homes_catalog` VALUES ('162', 'xmas_dograindeer_sticker', '1', 'xmas_dograindeer_sticker', '3', '1', '29', '1');
INSERT INTO `homes_catalog` VALUES ('163', 'xmas_hc_ribbon', '1', 'xmas_hc_ribbon', '3', '1', '29', '1');
INSERT INTO `homes_catalog` VALUES ('164', 'hc_hat', '1', 'hc_hat', '3', '1', '35', '1');
INSERT INTO `homes_catalog` VALUES ('165', 'xmas_rastasanta', '1', 'xmas_rastasanta', '3', '1', '24', '1');
INSERT INTO `homes_catalog` VALUES ('167', 'xmas_box_suit_mint3', '1', 'xmas_box_suit_mint3', '3', '1', '35', '1');
INSERT INTO `homes_catalog` VALUES ('168', 'xmas_box_suit_mint', '1', 'xmas_box_suit_mint', '3', '1', '35', '1');
INSERT INTO `homes_catalog` VALUES ('169', 'xmas_box_darkred4', '1', 'xmas_box_darkred4', '3', '1', '29', '1');
INSERT INTO `homes_catalog` VALUES ('170', 'xmas_tree01_animated', '1', 'xmas_tree01_animated', '3', '1', '29', '1');
INSERT INTO `homes_catalog` VALUES ('171', 'newyear_2007_anim', '1', 'newyear_2007_anim', '3', '1', '29', '1');
INSERT INTO `homes_catalog` VALUES ('172', 'cny_dragon_body_l', '1', 'cny_dragon_body_l', '3', '1', '29', '1');
INSERT INTO `homes_catalog` VALUES ('173', 'cny_dragon_body_r', '1', 'cny_dragon_body_r', '3', '1', '29', '1');
INSERT INTO `homes_catalog` VALUES ('174', 'cny_dragon_head_l', '1', 'cny_dragon_head_l', '3', '1', '29', '1');
INSERT INTO `homes_catalog` VALUES ('175', 'cny_dragon_head_r', '1', 'cny_dragon_head_r', '3', '1', '29', '1');
INSERT INTO `homes_catalog` VALUES ('176', 'cny_hypnodragon_anim', '1', 'cny_hypnodragon_anim', '3', '1', '24', '1');
INSERT INTO `homes_catalog` VALUES ('177', 'cny_kungfu_dude', '1', 'cny_kungfu_dude', '3', '1', '24', '1');
INSERT INTO `homes_catalog` VALUES ('178', 'cny_kungfu_girl', '1', 'cny_kungfu_girl', '3', '1', '24', '1');
INSERT INTO `homes_catalog` VALUES ('179', 'sticker_dreamer', '1', 'sticker_dreamer', '3', '1', '30', '1');
INSERT INTO `homes_catalog` VALUES ('180', 'sticker_lonewolf', '1', 'sticker_lonewolf', '3', '1', '30', '1');
INSERT INTO `homes_catalog` VALUES ('181', 'sticker_mamasboy', '1', 'sticker_mamasboy', '3', '1', '30', '1');
INSERT INTO `homes_catalog` VALUES ('182', 'sticker_prankster', '1', 'sticker_prankster', '3', '1', '30', '1');
INSERT INTO `homes_catalog` VALUES ('183', 'sticker_romantic', '1', 'sticker_romantic', '3', '1', '30', '1');
INSERT INTO `homes_catalog` VALUES ('184', 'val_cupido_anim', '1', 'val_cupido_anim', '3', '1', '29', '1');
INSERT INTO `homes_catalog` VALUES ('185', 'val_lovedice', '1', 'val_lovedice', '3', '1', '29', '1');
INSERT INTO `homes_catalog` VALUES ('186', 'val_sticker_barbwire_horis', '1', 'val_sticker_barbwire_horis', '3', '1', '22', '1');
INSERT INTO `homes_catalog` VALUES ('187', 'val_sticker_barbwire_vert', '1', 'val_sticker_barbwire_vert', '3', '1', '22', '1');
INSERT INTO `homes_catalog` VALUES ('188', 'val_sticker_croco', '1', 'val_sticker_croco', '3', '1', '29', '1');
INSERT INTO `homes_catalog` VALUES ('189', 'val_sticker_cupid_arrow', '1', 'val_sticker_cupid_arrow', '3', '1', '29', '1');
INSERT INTO `homes_catalog` VALUES ('190', 'val_sticker_love_costume', '1', 'val_sticker_love_costume', '3', '1', '29', '1');
INSERT INTO `homes_catalog` VALUES ('191', 'val_sticker_rosewire_corner', '1', 'val_sticker_rosewire_corner', '3', '1', '22', '1');
INSERT INTO `homes_catalog` VALUES ('192', 'val_sticker_rosewire_horis', '1', 'val_sticker_rosewire_horis', '3', '1', '22', '1');
INSERT INTO `homes_catalog` VALUES ('193', 'val_sticker_rosewire_vert', '1', 'val_sticker_rosewire_vert', '3', '1', '22', '1');
INSERT INTO `homes_catalog` VALUES ('194', 'val_sticker_skull360', '1', 'val_sticker_skull360', '3', '1', '32', '1');
INSERT INTO `homes_catalog` VALUES ('195', 'val_sticker_skull360_circle', '1', 'val_sticker_skull360_circle', '3', '1', '32', '1');
INSERT INTO `homes_catalog` VALUES ('196', 'val_sticker_storm_costume', '1', 'val_sticker_storm_costume', '3', '1', '32', '1');
INSERT INTO `homes_catalog` VALUES ('197', 'val_sticker_voodoo_suit', '1', 'val_sticker_voodoo_suit', '3', '1', '35', '1');
INSERT INTO `homes_catalog` VALUES ('198', 'val_lovecostume3', '1', 'val_lovecostume3', '3', '1', '29', '1');
INSERT INTO `homes_catalog` VALUES ('199', 'easter_bird', '1', 'easter_bird', '3', '1', '29', '1');
INSERT INTO `homes_catalog` VALUES ('200', 'easter_birdsuit', '1', 'easter_birdsuit', '3', '1', '35', '1');
INSERT INTO `homes_catalog` VALUES ('201', 'easter_broomstick_001', '1', 'easter_broomstick_001', '3', '1', '32', '1');
INSERT INTO `homes_catalog` VALUES ('202', 'easter_bunnymoped', '1', 'easter_bunnymoped', '3', '1', '35', '1');
INSERT INTO `homes_catalog` VALUES ('203', 'easter_carrot_rocket', '1', 'easter_carrot_rocket', '3', '1', '32', '1');
INSERT INTO `homes_catalog` VALUES ('204', 'easter_eggs_horizontal', '1', 'easter_eggs_horizontal', '3', '1', '29', '1');
INSERT INTO `homes_catalog` VALUES ('205', 'easter_eggs_vertical_001', '1', 'easter_eggs_vertical_001', '3', '1', '29', '1');
INSERT INTO `homes_catalog` VALUES ('206', 'easter_pointyhat', '1', 'easter_pointyhat', '3', '1', '35', '1');
INSERT INTO `homes_catalog` VALUES ('207', 'easter_rabbit_in_hole', '1', 'easter_rabbit_in_hole', '3', '1', '32', '1');
INSERT INTO `homes_catalog` VALUES ('208', 'easteregg_costume', '1', 'easteregg_costume', '3', '1', '29', '1');
INSERT INTO `homes_catalog` VALUES ('209', 'grass', '1', 'grass', '3', '1', '34', '1');
INSERT INTO `homes_catalog` VALUES ('210', 'ukonly_disarno_homes', '1', 'ukonly_disarno_homes', '3', '1', '30', '1');
INSERT INTO `homes_catalog` VALUES ('213', 'uk_childline_sticker', '1', 'uk_childline_sticker', '3', '1', '28', '1');
INSERT INTO `homes_catalog` VALUES ('214', 'uk_pixel_maze_sticker', '1', 'uk_pixel_maze_sticker', '3', '1', '30', '1');
INSERT INTO `homes_catalog` VALUES ('215', 'sticker_chauves_souris', '1', 'sticker_chauves_souris', '3', '1', '29', '1');
INSERT INTO `homes_catalog` VALUES ('216', 'trax_8_bit', '1', 'trax_8_bit', '3', '1', '23', '1');
INSERT INTO `homes_catalog` VALUES ('217', 'trax_disco', '1', 'trax_disco', '3', '1', '23', '1');
INSERT INTO `homes_catalog` VALUES ('225', 'trax_sfx', '1', 'trax_sfx', '3', '1', '23', '1');
INSERT INTO `homes_catalog` VALUES ('226', 'trax_rock', '1', 'trax_rock', '3', '1', '23', '1');
INSERT INTO `homes_catalog` VALUES ('227', 'trax_electro', '1', 'trax_electro', '3', '1', '23', '1');
INSERT INTO `homes_catalog` VALUES ('228', 'trax_ambient', '1', 'trax_ambient', '3', '1', '23', '1');
INSERT INTO `homes_catalog` VALUES ('229', 'trax_heavy', '1', 'trax_heavy', '3', '1', '23', '1');
INSERT INTO `homes_catalog` VALUES ('230', 'trax_latin', '1', 'trax_latin', '3', '1', '23', '1');
INSERT INTO `homes_catalog` VALUES ('231', 'trax_bling2', '1', 'trax_bling2', '3', '1', '23', '1');
INSERT INTO `homes_catalog` VALUES ('233', 'evil_giant_bunny', '1', 'evil_giant_bunny', '3', '1', '32', '1');
INSERT INTO `homes_catalog` VALUES ('250', 'xmas_snowcone_costume', '1', 'xmas_snowcone_costume', '3', '1', '29', '1');
INSERT INTO `homes_catalog` VALUES ('251', 'a', '1', 'a', '3', '1', '7', '1');
INSERT INTO `homes_catalog` VALUES ('252', 'a_with_circle', '1', 'a_with_circle', '3', '1', '7', '1');
INSERT INTO `homes_catalog` VALUES ('253', 'a_with_dots', '1', 'a_with_dots', '3', '1', '7', '1');
INSERT INTO `homes_catalog` VALUES ('254', 'acsent1', '1', 'acsent1', '3', '1', '7', '1');
INSERT INTO `homes_catalog` VALUES ('255', 'acsent2', '1', 'acsent2', '3', '1', '7', '1');
INSERT INTO `homes_catalog` VALUES ('256', 'b', '1', 'b', '3', '1', '7', '1');
INSERT INTO `homes_catalog` VALUES ('258', 'b_2', '1', 'b_2', '3', '1', '7', '1');
INSERT INTO `homes_catalog` VALUES ('259', 'bootsitjalapaset_red', '1', 'bootsitjalapaset_red', '3', '1', '35', '1');
INSERT INTO `homes_catalog` VALUES ('260', 'c', '1', 'c', '3', '1', '7', '1');
INSERT INTO `homes_catalog` VALUES ('261', 'd', '1', 'd', '3', '1', '7', '1');
INSERT INTO `homes_catalog` VALUES ('262', 'dot', '1', 'dot', '3', '1', '7', '1');
INSERT INTO `homes_catalog` VALUES ('263', 'e', '1', 'e', '3', '1', '7', '1');
INSERT INTO `homes_catalog` VALUES ('264', 'extra_ss_duck_left', '1', 'extra_ss_duck_left', '3', '1', '32', '1');
INSERT INTO `homes_catalog` VALUES ('265', 'extra_ss_duck_right', '1', 'extra_ss_duck_right', '3', '1', '32', '1');
INSERT INTO `homes_catalog` VALUES ('266', 'extra_ss_snowball', '1', 'extra_ss_snowball', '3', '1', '32', '1');
INSERT INTO `homes_catalog` VALUES ('267', 'eyeleft', '1', 'eyeleft', '3', '1', '32', '1');
INSERT INTO `homes_catalog` VALUES ('268', 'eyeright', '1', 'eyeright', '3', '1', '32', '1');
INSERT INTO `homes_catalog` VALUES ('269', 'f', '1', 'f', '3', '1', '7', '1');
INSERT INTO `homes_catalog` VALUES ('272', 'fi_golden_snake', '1', 'fi_golden_snake', '3', '1', '32', '1');
INSERT INTO `homes_catalog` VALUES ('273', 'fi_mino', '1', 'fi_mino', '3', '1', '24', '1');
INSERT INTO `homes_catalog` VALUES ('274', 'g', '1', 'g', '3', '1', '7', '1');
INSERT INTO `homes_catalog` VALUES ('275', 'gothic_draculacape', '1', 'gothic_draculacape', '3', '1', '35', '1');
INSERT INTO `homes_catalog` VALUES ('276', 'h', '1', 'h', '3', '1', '7', '1');
INSERT INTO `homes_catalog` VALUES ('277', 'i', '1', 'i', '3', '1', '7', '1');
INSERT INTO `homes_catalog` VALUES ('278', 'icecube_big', '1', 'icecube_big', '3', '1', '29', '1');
INSERT INTO `homes_catalog` VALUES ('279', 'icecube_small', '1', 'icecube_small', '3', '1', '29', '1');
INSERT INTO `homes_catalog` VALUES ('280', 'j', '1', 'j', '3', '1', '7', '1');
INSERT INTO `homes_catalog` VALUES ('281', 'k', '1', 'k', '3', '1', '7', '1');
INSERT INTO `homes_catalog` VALUES ('282', 'l', '1', 'l', '3', '1', '7', '1');
INSERT INTO `homes_catalog` VALUES ('285', 'lapanen_blue', '1', 'lapanen_blue', '3', '1', '29', '1');
INSERT INTO `homes_catalog` VALUES ('287', 'lapanen_purple', '1', 'lapanen_purple', '3', '1', '29', '1');
INSERT INTO `homes_catalog` VALUES ('288', 'lapanen_red', '1', 'lapanen_red', '3', '1', '29', '1');
INSERT INTO `homes_catalog` VALUES ('290', 'lapanen_yellow', '1', 'lapanen_yellow', '3', '1', '29', '1');
INSERT INTO `homes_catalog` VALUES ('291', 'm', '1', 'm', '3', '1', '7', '1');
INSERT INTO `homes_catalog` VALUES ('292', 'n', '1', 'n', '3', '1', '7', '1');
INSERT INTO `homes_catalog` VALUES ('293', 'nl_coinguy_animated', '1', 'nl_coinguy_animated', '3', '1', '32', '1');
INSERT INTO `homes_catalog` VALUES ('294', 'nl_cupido', '1', 'nl_cupido', '3', '1', '29', '1');
INSERT INTO `homes_catalog` VALUES ('295', 'nl_downtown_costume', '1', 'nl_downtown_costume', '3', '1', '35', '1');
INSERT INTO `homes_catalog` VALUES ('296', 'nl_firecracker', '1', 'nl_firecracker', '3', '1', '29', '1');
INSERT INTO `homes_catalog` VALUES ('297', 'nl_football_guest', '1', 'nl_football_guest', '3', '1', '24', '1');
INSERT INTO `homes_catalog` VALUES ('298', 'nl_limo', '1', 'nl_limo', '3', '1', '32', '1');
INSERT INTO `homes_catalog` VALUES ('299', 'nl_wanted_costume', '1', 'nl_wanted_costume', '3', '1', '35', '1');
INSERT INTO `homes_catalog` VALUES ('300', 'o', '1', 'o', '3', '1', '7', '1');
INSERT INTO `homes_catalog` VALUES ('301', 'o_with_dots', '1', 'o_with_dots', '3', '1', '7', '1');
INSERT INTO `homes_catalog` VALUES ('302', 'p', '1', 'p', '3', '1', '7', '1');
INSERT INTO `homes_catalog` VALUES ('303', 'q', '1', 'q', '3', '1', '7', '1');
INSERT INTO `homes_catalog` VALUES ('304', 'r', '1', 'r', '3', '1', '7', '1');
INSERT INTO `homes_catalog` VALUES ('305', 's', '1', 's', '3', '1', '7', '1');
INSERT INTO `homes_catalog` VALUES ('306', 'skeletor_001', '1', 'skeletor_001', '3', '1', '24', '1');
INSERT INTO `homes_catalog` VALUES ('307', 'skull', '1', 'skull', '3', '1', '32', '1');
INSERT INTO `homes_catalog` VALUES ('308', 'skull2', '1', 'skull2', '3', '1', '32', '1');
INSERT INTO `homes_catalog` VALUES ('309', 'snowball_bumpy', '1', 'snowball_bumpy', '3', '1', '32', '1');
INSERT INTO `homes_catalog` VALUES ('310', 'snowball_smooth', '1', 'snowball_smooth', '3', '1', '32', '1');
INSERT INTO `homes_catalog` VALUES ('311', 'ss_bootsitjalapaset_blue', '1', 'ss_bootsitjalapaset_blue', '3', '1', '35', '1');
INSERT INTO `homes_catalog` VALUES ('312', 'ss_bootsitjalapaset_red', '1', 'ss_bootsitjalapaset_red', '3', '1', '35', '1');
INSERT INTO `homes_catalog` VALUES ('313', 'ss_costume_blue', '1', 'ss_costume_blue', '3', '1', '35', '1');
INSERT INTO `homes_catalog` VALUES ('314', 'ss_costume_red', '1', 'ss_costume_red', '3', '1', '35', '1');
INSERT INTO `homes_catalog` VALUES ('315', 'ss_hits_by_snowball', '1', 'ss_hits_by_snowball', '3', '1', '35', '1');
INSERT INTO `homes_catalog` VALUES ('316', 'ss_snowballmachine', '1', 'ss_snowballmachine', '3', '1', '32', '1');
INSERT INTO `homes_catalog` VALUES ('317', 'ss_snowflake1_001', '1', 'ss_snowflake1_001', '3', '1', '29', '1');
INSERT INTO `homes_catalog` VALUES ('319', 'ss_snowflake2', '1', 'ss_snowflake2', '3', '1', '29', '1');
INSERT INTO `homes_catalog` VALUES ('320', 'ss_snowman', '1', 'ss_snowman', '3', '1', '35', '1');
INSERT INTO `homes_catalog` VALUES ('321', 'ss_snowqueen', '1', 'ss_snowqueen', '3', '1', '35', '1');
INSERT INTO `homes_catalog` VALUES ('322', 'ss_snowtree', '1', 'ss_snowtree', '3', '1', '32', '1');
INSERT INTO `homes_catalog` VALUES ('323', 'star', '1', 'star', '3', '1', '7', '1');
INSERT INTO `homes_catalog` VALUES ('324', 'sticker_eraser', '1', 'sticker_eraser', '3', '1', '32', '1');
INSERT INTO `homes_catalog` VALUES ('325', 'sticker_gentleman', '1', 'sticker_gentleman', '3', '1', '24', '1');
INSERT INTO `homes_catalog` VALUES ('326', 'sticker_mineur', '1', 'sticker_mineur', '3', '1', '24', '1');
INSERT INTO `homes_catalog` VALUES ('327', 'sticker_pencil', '1', 'sticker_pencil', '3', '1', '32', '1');
INSERT INTO `homes_catalog` VALUES ('328', 'sticker_pencil_2', '1', 'sticker_pencil_2', '3', '1', '32', '1');
INSERT INTO `homes_catalog` VALUES ('329', 't', '1', 't', '3', '1', '7', '1');
INSERT INTO `homes_catalog` VALUES ('330', 'trax_bling', '1', 'trax_bling', '3', '1', '23', '1');
INSERT INTO `homes_catalog` VALUES ('331', 'trax_reggae', '1', 'trax_reggae', '3', '1', '23', '1');
INSERT INTO `homes_catalog` VALUES ('332', 'u', '1', 'u', '3', '1', '7', '1');
INSERT INTO `homes_catalog` VALUES ('333', 'underscore', '1', 'underscore', '3', '1', '7', '1');
INSERT INTO `homes_catalog` VALUES ('334', 'v', '1', 'v', '3', '1', '7', '1');
INSERT INTO `homes_catalog` VALUES ('335', 'val_cupido_anim2', '1', 'val_cupido_anim2', '3', '1', '29', '1');
INSERT INTO `homes_catalog` VALUES ('336', 'w', '1', 'w', '3', '1', '7', '1');
INSERT INTO `homes_catalog` VALUES ('337', 'wormhand', '1', 'wormhand', '3', '1', '32', '1');
INSERT INTO `homes_catalog` VALUES ('338', 'x', '1', 'x', '3', '1', '7', '1');
INSERT INTO `homes_catalog` VALUES ('340', 'xmas_skater_costume', '1', 'xmas_skater_costume', '3', '1', '35', '1');
INSERT INTO `homes_catalog` VALUES ('341', 'xmas_strap_horiz_gold', '1', 'xmas_strap_horiz_gold', '3', '1', '29', '1');
INSERT INTO `homes_catalog` VALUES ('342', 'xmas_strap_horiz_silve', '1', 'xmas_strap_horiz_silve', '3', '1', '29', '1');
INSERT INTO `homes_catalog` VALUES ('343', 'xmas_strap_vertical_gold', '1', 'xmas_strap_vertical_gold', '3', '1', '22', '1');
INSERT INTO `homes_catalog` VALUES ('344', 'xmas_strap_vertical_silver', '1', 'xmas_strap_vertical_silver', '3', '1', '26', '1');
INSERT INTO `homes_catalog` VALUES ('345', 'y', '1', 'y', '3', '1', '7', '1');
INSERT INTO `homes_catalog` VALUES ('346', 'z', '1', 'z', '3', '1', '7', '1');
INSERT INTO `homes_catalog` VALUES ('348', 'zombiepupu', '1', 'zombiepupu', '3', '1', '32', '1');
INSERT INTO `homes_catalog` VALUES ('349', 'diamond_reward', '1', 'diamond_reward', '3', '1', '32', '1');
INSERT INTO `homes_catalog` VALUES ('350', 'nz_tiki', '1', 'nz_tiki', '3', '1', '30', '1');
INSERT INTO `homes_catalog` VALUES ('351', 'jp_godzilla', '1', 'jp_godzilla', '3', '1', '32', '1');
INSERT INTO `homes_catalog` VALUES ('352', 'jp_sushi', '1', 'jp_sushi', '3', '1', '30', '1');
INSERT INTO `homes_catalog` VALUES ('354', 'spotlight_sticker_2', '1', 'spotlight_sticker_2', '3', '1', '30', '1');
INSERT INTO `homes_catalog` VALUES ('355', 'spotlight_sticker', '1', 'spotlight_sticker', '3', '1', '30', '1');
INSERT INTO `homes_catalog` VALUES ('356', 'anim_king', '1', 'anim_king', '3', '1', '24', '1');
INSERT INTO `homes_catalog` VALUES ('357', 'filmstrip_corner_botleft', '1', 'filmstrip_corner_botleft', '3', '1', '30', '1');
INSERT INTO `homes_catalog` VALUES ('358', 'filmstrip_corner_botright', '1', 'filmstrip_corner_botright', '3', '1', '30', '1');
INSERT INTO `homes_catalog` VALUES ('359', 'filmstrip_corner_topleft', '1', 'filmstrip_corner_topleft', '3', '1', '30', '1');
INSERT INTO `homes_catalog` VALUES ('360', 'filmstrip_corner_topright', '1', 'filmstrip_corner_topright', '3', '1', '30', '1');
INSERT INTO `homes_catalog` VALUES ('361', 'filmstrip_horiz', '1', 'filmstrip_horiz', '3', '1', '30', '1');
INSERT INTO `homes_catalog` VALUES ('362', 'filmstrip_vert', '1', 'filmstrip_vert', '3', '1', '30', '1');
INSERT INTO `homes_catalog` VALUES ('363', 'hw_3d_glasses', '1', 'hw_3d_glasses', '3', '1', '35', '1');
INSERT INTO `homes_catalog` VALUES ('364', 'hw_actionstar', '1', 'hw_actionstar', '3', '1', '24', '1');
INSERT INTO `homes_catalog` VALUES ('365', 'hw_bigcamera', '1', 'hw_bigcamera', '3', '1', '30', '1');
INSERT INTO `homes_catalog` VALUES ('366', 'hw_bouncers', '1', 'hw_bouncers', '3', '1', '24', '1');
INSERT INTO `homes_catalog` VALUES ('367', 'hw_camera_l', '1', 'hw_camera_l', '3', '1', '30', '1');
INSERT INTO `homes_catalog` VALUES ('368', 'hw_camera_r', '1', 'hw_camera_r', '3', '1', '30', '1');
INSERT INTO `homes_catalog` VALUES ('369', 'hw_carpet_corner_down', '1', 'hw_carpet_corner_down', '3', '1', '29', '1');
INSERT INTO `homes_catalog` VALUES ('370', 'hw_carpet_corner_up', '1', 'hw_carpet_corner_up', '3', '1', '30', '1');
INSERT INTO `homes_catalog` VALUES ('371', 'hw_carpet_end_ldown', '1', 'hw_carpet_end_ldown', '3', '1', '30', '1');
INSERT INTO `homes_catalog` VALUES ('372', 'hw_carpet_end_lup', '1', 'hw_carpet_end_lup', '3', '1', '30', '1');
INSERT INTO `homes_catalog` VALUES ('373', 'hw_carpet_end_rdown', '1', 'hw_carpet_end_rdown', '3', '1', '30', '1');
INSERT INTO `homes_catalog` VALUES ('374', 'hw_carpet_end_rup', '1', 'hw_carpet_end_rup', '3', '1', '30', '1');
INSERT INTO `homes_catalog` VALUES ('375', 'hw_carpet_l', '1', 'hw_carpet_l', '3', '1', '30', '1');
INSERT INTO `homes_catalog` VALUES ('376', 'hw_carpet_r', '1', 'hw_carpet_r', '3', '1', '30', '1');
INSERT INTO `homes_catalog` VALUES ('377', 'hw_hairspray', '1', 'hw_hairspray', '3', '1', '24', '1');
INSERT INTO `homes_catalog` VALUES ('378', 'hw_hippie', '1', 'hw_hippie', '3', '1', '24', '1');
INSERT INTO `homes_catalog` VALUES ('379', 'hw_hitcher', '1', 'hw_hitcher', '3', '1', '24', '1');
INSERT INTO `homes_catalog` VALUES ('380', 'hw_inmate', '1', 'hw_inmate', '3', '1', '24', '1');
INSERT INTO `homes_catalog` VALUES ('381', 'hw_kenny_burger', '1', 'hw_kenny_burger', '3', '1', '24', '1');
INSERT INTO `homes_catalog` VALUES ('382', 'hw_kenny_fight', '1', 'hw_kenny_fight', '3', '1', '23', '1');
INSERT INTO `homes_catalog` VALUES ('383', 'hw_kenny_shock', '1', 'hw_kenny_shock', '3', '1', '24', '1');
INSERT INTO `homes_catalog` VALUES ('384', 'hw_logoanim', '1', 'hw_logoanim', '3', '1', '30', '1');
INSERT INTO `homes_catalog` VALUES ('385', 'hw_mega_afro', '1', 'hw_mega_afro', '3', '1', '35', '1');
INSERT INTO `homes_catalog` VALUES ('386', 'hw_shades', '1', 'hw_shades', '3', '1', '35', '1');
INSERT INTO `homes_catalog` VALUES ('387', 'hw_speedobunny', '1', 'hw_speedobunny', '3', '1', '24', '1');
INSERT INTO `homes_catalog` VALUES ('388', 'limo_back', '1', 'limo_back', '3', '1', '30', '1');
INSERT INTO `homes_catalog` VALUES ('389', 'limo_doorpiece', '1', 'limo_doorpiece', '3', '1', '30', '1');
INSERT INTO `homes_catalog` VALUES ('390', 'limo_front', '1', 'limo_front', '3', '1', '30', '1');
INSERT INTO `homes_catalog` VALUES ('391', 'limo_windowpiece', '1', 'limo_windowpiece', '3', '1', '30', '1');
INSERT INTO `homes_catalog` VALUES ('392', 'money_o', '1', 'money_o', '3', '1', '32', '1');
INSERT INTO `homes_catalog` VALUES ('393', 'money_stash', '1', 'money_stash', '3', '1', '32', '1');
INSERT INTO `homes_catalog` VALUES ('394', 'money_v', '1', 'money_v', '3', '1', '32', '1');
INSERT INTO `homes_catalog` VALUES ('395', 'spotlight_sticker2_001', '1', 'spotlight_sticker2_001', '3', '1', '30', '1');
INSERT INTO `homes_catalog` VALUES ('396', 'spotlight_sticker_002', '1', 'spotlight_sticker_002', '3', '1', '30', '1');
INSERT INTO `homes_catalog` VALUES ('397', 'grunge_polaroid_1', '1', 'grunge_polaroid_1', '3', '1', '30', '1');
INSERT INTO `homes_catalog` VALUES ('398', 'grunge_polaroid_2', '1', 'grunge_polaroid_2', '3', '1', '30', '1');
INSERT INTO `homes_catalog` VALUES ('399', 'grunge_polaroid_3', '1', 'grunge_polaroid_3', '3', '1', '30', '1');
INSERT INTO `homes_catalog` VALUES ('400', 'grunge_polaroid_4', '1', 'grunge_polaroid_4', '3', '1', '30', '1');
INSERT INTO `homes_catalog` VALUES ('401', 'grunge_polaroid_5', '1', 'grunge_polaroid_5', '3', '1', '30', '1');
INSERT INTO `homes_catalog` VALUES ('402', 'fantasticfourlogo', '1', 'fantasticfourlogo', '3', '1', '28', '1');
INSERT INTO `homes_catalog` VALUES ('403', 'bullybuster', '1', 'bullybuster', '3', '1', '32', '1');
INSERT INTO `homes_catalog` VALUES ('404', 'lovebed', '1', 'lovebed', '3', '1', '29', '1');
INSERT INTO `homes_catalog` VALUES ('406', 'banksbobby', '1', 'banksbobby', '3', '1', '30', '1');
INSERT INTO `homes_catalog` VALUES ('407', 'bankscan', '1', 'bankscan', '3', '1', '30', '1');
INSERT INTO `homes_catalog` VALUES ('408', 'banksdoor', '1', 'banksdoor', '3', '1', '30', '1');
INSERT INTO `homes_catalog` VALUES ('409', 'banksheater', '1', 'banksheater', '3', '1', '30', '1');
INSERT INTO `homes_catalog` VALUES ('410', 'horizontalink', '1', 'horizontalink', '3', '1', '28', '1');
INSERT INTO `homes_catalog` VALUES ('411', 'verticalink', '1', 'verticalink', '3', '1', '32', '1');
INSERT INTO `homes_catalog` VALUES ('412', 'britishlegion', '1', 'britishlegion', '3', '1', '29', '1');
INSERT INTO `homes_catalog` VALUES ('413', 'teensbear', '1', 'teensbear', '3', '1', '29', '1');
INSERT INTO `homes_catalog` VALUES ('414', 'teensberg', '1', 'teensberg', '3', '1', '32', '1');
INSERT INTO `homes_catalog` VALUES ('417', 'kir_stamp1', '1', 'kir_stamp1', '3', '1', '30', '1');
INSERT INTO `homes_catalog` VALUES ('418', 'kir_stamp2', '1', 'kir_stamp2', '3', '1', '30', '1');
INSERT INTO `homes_catalog` VALUES ('419', 'kir_stamp3', '1', 'kir_stamp3', '3', '1', '30', '1');
INSERT INTO `homes_catalog` VALUES ('420', 'kir_stamp4', '1', 'kir_stamp4', '3', '1', '30', '1');
INSERT INTO `homes_catalog` VALUES ('421', 'kir_stamp5', '1', 'kir_stamp5', '3', '1', '30', '1');
INSERT INTO `homes_catalog` VALUES ('422', 'kir_sticker', '1', 'kir_sticker', '3', '1', '30', '1');
INSERT INTO `homes_catalog` VALUES ('423', 'hw_amp_big', '1', 'hw_amp_big', '3', '1', '23', '1');
INSERT INTO `homes_catalog` VALUES ('424', 'hw_amp_small', '1', 'hw_amp_small', '3', '1', '23', '1');
INSERT INTO `homes_catalog` VALUES ('425', 'hw_drummer_boy', '1', 'hw_drummer_boy', '3', '1', '35', '1');
INSERT INTO `homes_catalog` VALUES ('426', 'hw_keyboards', '1', 'hw_keyboards', '3', '1', '23', '1');
INSERT INTO `homes_catalog` VALUES ('427', 'hw_guitarplayer_white', '1', 'hw_guitarplayer_white', '3', '1', '23', '1');
INSERT INTO `homes_catalog` VALUES ('429', 'edito_logo', '1', 'edito_logo', '3', '1', '30', '1');
INSERT INTO `homes_catalog` VALUES ('430', 'xmas_smilla_snowboard', '1', 'xmas_smilla_snowboard', '3', '1', '29', '1');
INSERT INTO `homes_catalog` VALUES ('431', 'kir_stamp6_003', '1', 'kir_stamp6_003', '3', '1', '30', '1');
INSERT INTO `homes_catalog` VALUES ('432', 'xmassticker_anim_3000', '1', 'xmassticker_anim_3000', '3', '1', '29', '1');
INSERT INTO `homes_catalog` VALUES ('433', 'orca_ideal_home', '1', 'orca_ideal_home', '3', '1', '30', '1');
INSERT INTO `homes_catalog` VALUES ('434', 'xmas_jeff_donkey_reindeer_sticker', '1', 'xmas_jeff_donkey_reindeer_sticker', '3', '1', '24', '1');
INSERT INTO `homes_catalog` VALUES ('435', 'bartender_costume', '1', 'bartender_costume', '3', '1', '35', '1');
INSERT INTO `homes_catalog` VALUES ('436', 'crew_male_costume', '1', 'crew_male_costume', '3', '1', '35', '1');
INSERT INTO `homes_catalog` VALUES ('437', 'femalecaptain_costume', '1', 'femalecaptain_costume', '3', '1', '35', '1');
INSERT INTO `homes_catalog` VALUES ('438', 'malecaptain_costume', '1', 'malecaptain_costume', '3', '1', '35', '1');
INSERT INTO `homes_catalog` VALUES ('439', 'stewardess_costume', '1', 'stewardess_costume', '3', '1', '35', '1');
INSERT INTO `homes_catalog` VALUES ('440', 'valcaptain', '1', 'valcaptain', '3', '1', '24', '1');
INSERT INTO `homes_catalog` VALUES ('441', 'valstewardess', '1', 'valstewardess', '3', '1', '24', '1');
INSERT INTO `homes_catalog` VALUES ('442', 'valsteward', '1', 'valsteward', '3', '1', '24', '1');
INSERT INTO `homes_catalog` VALUES ('443', 'valentertainer', '1', 'valentertainer', '3', '1', '24', '1');
INSERT INTO `homes_catalog` VALUES ('444', 'rasta', '1', 'rasta', '3', '1', '24', '1');
INSERT INTO `homes_catalog` VALUES ('445', 'missj', '1', 'missj', '3', '1', '24', '1');
INSERT INTO `homes_catalog` VALUES ('446', 'valentine_welcome_sticker', '1', 'valentine_welcome_sticker', '3', '1', '29', '1');
INSERT INTO `homes_catalog` VALUES ('447', 'habborella_logo', '1', 'habborella_logo', '3', '1', '30', '1');
INSERT INTO `homes_catalog` VALUES ('448', 'tall_ship', '1', 'tall_ship', '3', '1', '32', '1');
INSERT INTO `homes_catalog` VALUES ('449', 'leapday', '1', 'leapday', '3', '1', '29', '1');
INSERT INTO `homes_catalog` VALUES ('450', 'patsday_kissme', '1', 'patsday_kissme', '3', '1', '29', '1');
INSERT INTO `homes_catalog` VALUES ('451', 'patsday_potogold', '1', 'patsday_potogold', '3', '1', '29', '1');
INSERT INTO `homes_catalog` VALUES ('452', 'patsday_shamrock', '1', 'patsday_shamrock', '3', '1', '29', '1');
INSERT INTO `homes_catalog` VALUES ('453', 'patsday_shamborderv', '1', 'patsday_shamborderv', '3', '1', '22', '1');
INSERT INTO `homes_catalog` VALUES ('454', 'patsday_shamborderh', '1', 'patsday_shamborderh', '3', '1', '22', '1');
INSERT INTO `homes_catalog` VALUES ('455', 'patsday_claddagh', '1', 'patsday_claddagh', '3', '1', '29', '1');
INSERT INTO `homes_catalog` VALUES ('456', 'sticker_themepark_003', '1', 'sticker_themepark_003', '3', '1', '30', '1');
INSERT INTO `homes_catalog` VALUES ('457', 'sticker_themepark_002', '1', 'sticker_themepark_002', '3', '1', '30', '1');
INSERT INTO `homes_catalog` VALUES ('458', '27224_sticker_themepark_001', '1', '27224_sticker_themepark_001', '3', '1', '30', '1');
INSERT INTO `homes_catalog` VALUES ('459', 'cheese_badgesticker', '1', 'cheese_badgesticker', '3', '1', '32', '1');
INSERT INTO `homes_catalog` VALUES ('460', 'geniefirehead', '1', 'geniefirehead', '3', '1', '35', '1');
INSERT INTO `homes_catalog` VALUES ('461', 'bg_groupinfo', '1', 'bg_groupinfo', '3', '1', '32', '1');
INSERT INTO `homes_catalog` VALUES ('462', 'bg_stickie', '1', 'bg_stickie', '3', '1', '32', '1');
INSERT INTO `homes_catalog` VALUES ('463', 'wood_a', '1', 'wood_a', '3', '1', '7', '1');
INSERT INTO `homes_catalog` VALUES ('464', 'wood_acircle', '1', 'wood_acircle', '3', '1', '7', '1');
INSERT INTO `homes_catalog` VALUES ('465', 'wood_acsent', '1', 'wood_acsent', '3', '1', '7', '1');
INSERT INTO `homes_catalog` VALUES ('466', 'wood_acsent2', '1', 'wood_acsent2', '3', '1', '7', '1');
INSERT INTO `homes_catalog` VALUES ('467', 'wood_adots', '1', 'wood_adots', '3', '1', '7', '1');
INSERT INTO `homes_catalog` VALUES ('468', 'wood_b', '1', 'wood_b', '3', '1', '7', '1');
INSERT INTO `homes_catalog` VALUES ('469', 'wood_c', '1', 'wood_c', '3', '1', '7', '1');
INSERT INTO `homes_catalog` VALUES ('470', 'wood_comma', '1', 'wood_comma', '3', '1', '7', '1');
INSERT INTO `homes_catalog` VALUES ('471', 'wood_d', '1', 'wood_d', '3', '1', '7', '1');
INSERT INTO `homes_catalog` VALUES ('472', 'wood_dot', '1', 'wood_dot', '3', '1', '7', '1');
INSERT INTO `homes_catalog` VALUES ('473', 'wood_e', '1', 'wood_e', '3', '1', '7', '1');
INSERT INTO `homes_catalog` VALUES ('474', 'wood_exclamation', '1', 'wood_exclamation', '3', '1', '7', '1');
INSERT INTO `homes_catalog` VALUES ('475', 'wood_f', '1', 'wood_f', '3', '1', '7', '1');
INSERT INTO `homes_catalog` VALUES ('476', 'wood_g', '1', 'wood_g', '3', '1', '7', '1');
INSERT INTO `homes_catalog` VALUES ('477', 'wood_h', '1', 'wood_h', '3', '1', '7', '1');
INSERT INTO `homes_catalog` VALUES ('478', 'wood_i', '1', 'wood_i', '3', '1', '7', '1');
INSERT INTO `homes_catalog` VALUES ('479', 'wood_j', '1', 'wood_j', '3', '1', '7', '1');
INSERT INTO `homes_catalog` VALUES ('480', 'wood_k', '1', 'wood_k', '3', '1', '7', '1');
INSERT INTO `homes_catalog` VALUES ('481', 'wood_l', '1', 'wood_l', '3', '1', '7', '1');
INSERT INTO `homes_catalog` VALUES ('482', 'wood_m', '1', 'wood_m', '3', '1', '7', '1');
INSERT INTO `homes_catalog` VALUES ('483', 'wood_n', '1', 'wood_n', '3', '1', '7', '1');
INSERT INTO `homes_catalog` VALUES ('484', 'wood_o', '1', 'wood_o', '3', '1', '7', '1');
INSERT INTO `homes_catalog` VALUES ('485', 'wood_odots', '1', 'wood_odots', '3', '1', '7', '1');
INSERT INTO `homes_catalog` VALUES ('486', 'wood_p', '1', 'wood_p', '3', '1', '7', '1');
INSERT INTO `homes_catalog` VALUES ('487', 'wood_q', '1', 'wood_q', '3', '1', '7', '1');
INSERT INTO `homes_catalog` VALUES ('488', 'wood_question', '1', 'wood_question', '3', '1', '7', '1');
INSERT INTO `homes_catalog` VALUES ('489', 'wood_r', '1', 'wood_r', '3', '1', '7', '1');
INSERT INTO `homes_catalog` VALUES ('490', 'wood_s', '1', 'wood_s', '3', '1', '7', '1');
INSERT INTO `homes_catalog` VALUES ('491', 'wood_t', '1', 'wood_t', '3', '1', '7', '1');
INSERT INTO `homes_catalog` VALUES ('492', 'wood_u', '1', 'wood_u', '3', '1', '7', '1');
INSERT INTO `homes_catalog` VALUES ('493', 'wood_undermark', '1', 'wood_undermark', '3', '1', '7', '1');
INSERT INTO `homes_catalog` VALUES ('494', 'wood_v', '1', 'wood_v', '3', '1', '7', '1');
INSERT INTO `homes_catalog` VALUES ('495', 'wood_w', '1', 'wood_w', '3', '1', '7', '1');
INSERT INTO `homes_catalog` VALUES ('496', 'wood_x', '1', 'wood_x', '3', '1', '7', '1');
INSERT INTO `homes_catalog` VALUES ('497', 'wood_y', '1', 'wood_y', '3', '1', '7', '1');
INSERT INTO `homes_catalog` VALUES ('498', 'wood_z', '1', 'wood_z', '3', '1', '7', '1');
INSERT INTO `homes_catalog` VALUES ('499', 'uk_habbo_x_sticker', '1', 'uk_habbo_x_sticker', '3', '1', '30', '1');
INSERT INTO `homes_catalog` VALUES ('500', 'habbo_x_home_sticker', '1', 'habbo_x_home_sticker', '3', '1', '30', '1');
INSERT INTO `homes_catalog` VALUES ('501', 'habbolympics_teamsticker', '1', 'habbolympics_teamsticker', '3', '1', '30', '1');
INSERT INTO `homes_catalog` VALUES ('502', 'orca_ideal_home_001', '1', 'orca_ideal_home_001', '3', '1', '32', '1');
INSERT INTO `homes_catalog` VALUES ('503', 'warchild', '1', 'warchild', '3', '1', '28', '1');
INSERT INTO `homes_catalog` VALUES ('504', 'pirates_captain', '1', 'pirates_captain', '3', '1', '24', '1');
INSERT INTO `homes_catalog` VALUES ('505', 'pirates_dude02', '1', 'pirates_dude02', '3', '1', '24', '1');
INSERT INTO `homes_catalog` VALUES ('506', 'hockeyref', '1', 'hockeyref', '3', '1', '24', '1');
INSERT INTO `homes_catalog` VALUES ('507', 'hbb_sticker_01', '1', 'hbb_sticker_01', '3', '1', '28', '1');
INSERT INTO `homes_catalog` VALUES ('508', 'hbb_sticker_02', '1', 'hbb_sticker_02', '3', '1', '28', '1');
INSERT INTO `homes_catalog` VALUES ('509', 'hbb_sticker_03', '1', 'hbb_sticker_03', '3', '1', '28', '1');
INSERT INTO `homes_catalog` VALUES ('510', 'sticker_olym_carson', '1', 'sticker_olym_carson', '3', '1', '24', '1');
INSERT INTO `homes_catalog` VALUES ('511', 'sticker_olym_cresthawk', '1', 'sticker_olym_cresthawk', '3', '1', '24', '1');
INSERT INTO `homes_catalog` VALUES ('512', 'sticker_olym_inari', '1', 'sticker_olym_inari', '3', '1', '24', '1');
INSERT INTO `homes_catalog` VALUES ('513', 'sticker_olym_jandelee', '1', 'sticker_olym_jandelee', '3', '1', '24', '1');
INSERT INTO `homes_catalog` VALUES ('514', 'sticker_olym_loderse', '1', 'sticker_olym_loderse', '3', '1', '24', '1');
INSERT INTO `homes_catalog` VALUES ('515', 'sticker_olym_moiraine', '1', 'sticker_olym_moiraine', '3', '1', '24', '1');
INSERT INTO `homes_catalog` VALUES ('516', 'sticker_olym_nme', '1', 'sticker_olym_nme', '3', '1', '24', '1');
INSERT INTO `homes_catalog` VALUES ('517', 'sticker_olym_smoothcriminal', '1', 'sticker_olym_smoothcriminal', '3', '1', '24', '1');
INSERT INTO `homes_catalog` VALUES ('518', 'sticker_olym_squib', '1', 'sticker_olym_squib', '3', '1', '24', '1');
INSERT INTO `homes_catalog` VALUES ('519', 'flameskull', '1', 'flameskull', '3', '1', '32', '1');
INSERT INTO `homes_catalog` VALUES ('520', 'cn_teleskull', '1', 'cn_teleskull', '3', '1', '30', '1');
INSERT INTO `homes_catalog` VALUES ('521', 'anim_brasero', '1', 'anim_brasero', '3', '1', '32', '1');
INSERT INTO `homes_catalog` VALUES ('522', 'sticker_fireworkboom1', '1', 'sticker_fireworkboom1', '3', '1', '25', '1');
INSERT INTO `homes_catalog` VALUES ('523', 'sticker_fireworkboom2', '1', 'sticker_fireworkboom2', '3', '1', '25', '1');
INSERT INTO `homes_catalog` VALUES ('524', 'sticker_fireworkboom3', '1', 'sticker_fireworkboom3', '3', '1', '25', '1');
INSERT INTO `homes_catalog` VALUES ('525', 'sticker_fireworkboom4', '1', 'sticker_fireworkboom4', '3', '1', '25', '1');
INSERT INTO `homes_catalog` VALUES ('526', 'atw_week_1_england', '1', 'atw_week_1_england', '3', '1', '31', '1');
INSERT INTO `homes_catalog` VALUES ('527', 'atw_week_1_wales', '1', 'atw_week_1_wales', '3', '1', '31', '1');
INSERT INTO `homes_catalog` VALUES ('528', 'atw_week_1_rep_ireland', '1', 'atw_week_1_rep_ireland', '3', '1', '31', '1');
INSERT INTO `homes_catalog` VALUES ('529', 'atw_week_1_n_ireland', '1', 'atw_week_1_n_ireland', '3', '1', '31', '1');
INSERT INTO `homes_catalog` VALUES ('530', 'atw_week_1_scotland', '1', 'atw_week_1_scotland', '3', '1', '31', '1');
INSERT INTO `homes_catalog` VALUES ('531', 'atw_week_1_netherlands', '1', 'atw_week_1_netherlands', '3', '1', '31', '1');
INSERT INTO `homes_catalog` VALUES ('532', 'atw_week_1_belgium', '1', 'atw_week_1_belgium', '3', '1', '31', '1');
INSERT INTO `homes_catalog` VALUES ('533', 'atw_week_1_denmark', '1', 'atw_week_1_denmark', '3', '1', '31', '1');
INSERT INTO `homes_catalog` VALUES ('534', 'atw_week_1_kazakhstan', '1', 'atw_week_1_kazakhstan', '3', '1', '31', '1');
INSERT INTO `homes_catalog` VALUES ('535', 'atw_week_1_india', '1', 'atw_week_1_india', '3', '1', '31', '1');
INSERT INTO `homes_catalog` VALUES ('536', 'atw_week_1_thailand', '1', 'atw_week_1_thailand', '3', '1', '31', '1');
INSERT INTO `homes_catalog` VALUES ('537', 'atw_week_1_mongolia', '1', 'atw_week_1_mongolia', '3', '1', '31', '1');
INSERT INTO `homes_catalog` VALUES ('538', 'atw_week_1_usa', '1', 'atw_week_1_usa', '3', '1', '31', '1');
INSERT INTO `homes_catalog` VALUES ('539', 'atw_week_1_mexico', '1', 'atw_week_1_mexico', '3', '1', '31', '1');
INSERT INTO `homes_catalog` VALUES ('540', 'atw_week_1_greenland', '1', 'atw_week_1_greenland', '3', '1', '31', '1');
INSERT INTO `homes_catalog` VALUES ('541', 'atw_week_1_morocco', '1', 'atw_week_1_morocco', '3', '1', '31', '1');
INSERT INTO `homes_catalog` VALUES ('542', 'atw_week_1_algeria', '1', 'atw_week_1_algeria', '3', '1', '31', '1');
INSERT INTO `homes_catalog` VALUES ('543', 'atw_week_1_israel', '1', 'atw_week_1_israel', '3', '1', '31', '1');
INSERT INTO `homes_catalog` VALUES ('544', 'atw_week_1_egypt', '1', 'atw_week_1_egypt', '3', '1', '31', '1');
INSERT INTO `homes_catalog` VALUES ('545', 'atw_week_1_france', '1', 'atw_week_1_france', '3', '1', '31', '1');
INSERT INTO `homes_catalog` VALUES ('546', 'atw_week_2_norway', '1', 'atw_week_2_norway', '3', '1', '31', '1');
INSERT INTO `homes_catalog` VALUES ('547', 'atw_week_2_italy', '1', 'atw_week_2_italy', '3', '1', '31', '1');
INSERT INTO `homes_catalog` VALUES ('548', 'atw_week_2_portugal', '1', 'atw_week_2_portugal', '3', '1', '31', '1');
INSERT INTO `homes_catalog` VALUES ('549', 'atw_week_2_germany', '1', 'atw_week_2_germany', '3', '1', '31', '1');
INSERT INTO `homes_catalog` VALUES ('550', 'atw_week_2_vietnam', '1', 'atw_week_2_vietnam', '3', '1', '31', '1');
INSERT INTO `homes_catalog` VALUES ('551', 'atw_week_2_cambodia', '1', 'atw_week_2_cambodia', '3', '1', '31', '1');
INSERT INTO `homes_catalog` VALUES ('552', 'atw_week_2_china', '1', 'atw_week_2_china', '3', '1', '31', '1');
INSERT INTO `homes_catalog` VALUES ('553', 'atw_week_2_south_korea', '1', 'atw_week_2_south_korea', '3', '1', '31', '1');
INSERT INTO `homes_catalog` VALUES ('554', 'atw_week_2_canada', '1', 'atw_week_2_canada', '3', '1', '31', '1');
INSERT INTO `homes_catalog` VALUES ('555', 'atw_week_2_belize', '1', 'atw_week_2_belize', '3', '1', '31', '1');
INSERT INTO `homes_catalog` VALUES ('556', 'atw_week_2_cuba', '1', 'atw_week_2_cuba', '3', '1', '31', '1');
INSERT INTO `homes_catalog` VALUES ('557', 'atw_week_2_jamaica', '1', 'atw_week_2_jamaica', '3', '1', '31', '1');
INSERT INTO `homes_catalog` VALUES ('558', 'atw_week_2_cameroon', '1', 'atw_week_2_cameroon', '3', '1', '31', '1');
INSERT INTO `homes_catalog` VALUES ('559', 'atw_week_2_nigeria', '1', 'atw_week_2_nigeria', '3', '1', '31', '1');
INSERT INTO `homes_catalog` VALUES ('560', 'atw_week_2_saudi_arabia', '1', 'atw_week_2_saudi_arabia', '3', '1', '31', '1');
INSERT INTO `homes_catalog` VALUES ('561', 'atw_week_2_iraq', '1', 'atw_week_2_iraq', '3', '1', '31', '1');
INSERT INTO `homes_catalog` VALUES ('562', 'atw_week_3_sweden', '1', 'atw_week_3_sweden', '3', '1', '31', '1');
INSERT INTO `homes_catalog` VALUES ('563', 'atw_week_3_finland', '1', 'atw_week_3_finland', '3', '1', '30', '1');
INSERT INTO `homes_catalog` VALUES ('564', 'atw_week_3_spain', '1', 'atw_week_3_spain', '3', '1', '31', '1');
INSERT INTO `homes_catalog` VALUES ('565', 'atw_week_3_czech_republic', '1', 'atw_week_3_czech_republic', '3', '1', '31', '1');
INSERT INTO `homes_catalog` VALUES ('566', 'atw_week_3_taiwan', '1', 'atw_week_3_taiwan', '3', '1', '31', '1');
INSERT INTO `homes_catalog` VALUES ('567', 'atw_week_3_malaysia', '1', 'atw_week_3_malaysia', '3', '1', '31', '1');
INSERT INTO `homes_catalog` VALUES ('568', 'atw_week_3_japan', '1', 'atw_week_3_japan', '3', '1', '31', '1');
INSERT INTO `homes_catalog` VALUES ('569', 'atw_week_3_honduras', '1', 'atw_week_3_honduras', '3', '1', '31', '1');
INSERT INTO `homes_catalog` VALUES ('570', 'atw_week_3_costa_rica', '1', 'atw_week_3_costa_rica', '3', '1', '31', '1');
INSERT INTO `homes_catalog` VALUES ('571', 'atw_week_3_panama', '1', 'atw_week_3_panama', '3', '1', '31', '1');
INSERT INTO `homes_catalog` VALUES ('572', 'atw_week_3_bahamas', '1', 'atw_week_3_bahamas', '3', '1', '31', '1');
INSERT INTO `homes_catalog` VALUES ('573', 'atw_week_3_congo', '1', 'atw_week_3_congo', '3', '1', '31', '1');
INSERT INTO `homes_catalog` VALUES ('574', 'atw_week_3_uae', '1', 'atw_week_3_uae', '3', '1', '31', '1');
INSERT INTO `homes_catalog` VALUES ('575', 'atw_week_3_ethiopia', '1', 'atw_week_3_ethiopia', '3', '1', '31', '1');
INSERT INTO `homes_catalog` VALUES ('576', 'atw_week_3_kuwait', '1', 'atw_week_3_kuwait', '3', '1', '31', '1');
INSERT INTO `homes_catalog` VALUES ('577', 'atw_week_4_switzerland', '1', 'atw_week_4_switzerland', '3', '1', '31', '1');
INSERT INTO `homes_catalog` VALUES ('578', 'atw_week_4_estonia', '1', 'atw_week_4_estonia', '3', '1', '31', '1');
INSERT INTO `homes_catalog` VALUES ('579', 'atw_week_4_poland', '1', 'atw_week_4_poland', '3', '1', '31', '1');
INSERT INTO `homes_catalog` VALUES ('580', 'atw_week_4_greece', '1', 'atw_week_4_greece', '3', '1', '31', '1');
INSERT INTO `homes_catalog` VALUES ('581', 'atw_week_4_indonesia', '1', 'atw_week_4_indonesia', '3', '1', '31', '1');
INSERT INTO `homes_catalog` VALUES ('582', 'atw_week_4_philippines', '1', 'atw_week_4_philippines', '3', '1', '31', '1');
INSERT INTO `homes_catalog` VALUES ('583', 'atw_week_4_papua_new_guinea', '1', 'atw_week_4_papua_new_guinea', '3', '1', '31', '1');
INSERT INTO `homes_catalog` VALUES ('584', 'colombia', '1', 'colombia', '3', '1', '31', '1');
INSERT INTO `homes_catalog` VALUES ('585', 'atw_week_4_venezuela', '1', 'atw_week_4_venezuela', '3', '1', '31', '1');
INSERT INTO `homes_catalog` VALUES ('586', 'atw_week_4_ecuador', '1', 'atw_week_4_ecuador', '3', '1', '31', '1');
INSERT INTO `homes_catalog` VALUES ('587', 'atw_week_4_peru', '1', 'atw_week_4_peru', '3', '1', '31', '1');
INSERT INTO `homes_catalog` VALUES ('588', 'atw_week_4_kenya', '1', 'atw_week_4_kenya', '3', '1', '31', '1');
INSERT INTO `homes_catalog` VALUES ('589', 'atw_week_4_angola', '1', 'atw_week_4_angola', '3', '1', '31', '1');
INSERT INTO `homes_catalog` VALUES ('590', 'atw_week_4_turkmenistan', '1', 'atw_week_4_turkmenistan', '3', '1', '31', '1');
INSERT INTO `homes_catalog` VALUES ('591', 'atw_week_4_iran', '1', 'atw_week_4_iran', '3', '1', '31', '1');
INSERT INTO `homes_catalog` VALUES ('592', 'atw_week_5_slovakia', '1', 'atw_week_5_slovakia', '3', '1', '31', '1');
INSERT INTO `homes_catalog` VALUES ('593', 'atw_week_5_belarus', '1', 'atw_week_5_belarus', '3', '1', '31', '1');
INSERT INTO `homes_catalog` VALUES ('594', 'atw_week_5_ukraine', '1', 'atw_week_5_ukraine', '3', '1', '31', '1');
INSERT INTO `homes_catalog` VALUES ('595', 'atw_week_5_turkey', '1', 'atw_week_5_turkey', '3', '1', '31', '1');
INSERT INTO `homes_catalog` VALUES ('596', 'atw_week_5_australia', '1', 'atw_week_5_australia', '3', '1', '31', '1');
INSERT INTO `homes_catalog` VALUES ('597', 'atw_week_5_samoa', '1', 'atw_week_5_samoa', '3', '1', '31', '1');
INSERT INTO `homes_catalog` VALUES ('598', 'atw_week_5_paraguay', '1', 'atw_week_5_paraguay', '3', '1', '31', '1');
INSERT INTO `homes_catalog` VALUES ('599', 'atw_week_5_bolivia', '1', 'atw_week_5_bolivia', '3', '1', '31', '1');
INSERT INTO `homes_catalog` VALUES ('600', 'atw_week_5_brazil', '1', 'atw_week_5_brazil', '3', '1', '31', '1');
INSERT INTO `homes_catalog` VALUES ('601', 'atw_week_5_afghanistan', '1', 'atw_week_5_afghanistan', '3', '1', '31', '1');
INSERT INTO `homes_catalog` VALUES ('602', 'atw_week_5_pakistan', '1', 'atw_week_5_pakistan', '3', '1', '31', '1');
INSERT INTO `homes_catalog` VALUES ('603', 'atw_week_5_tanzania', '1', 'atw_week_5_tanzania', '3', '1', '31', '1');
INSERT INTO `homes_catalog` VALUES ('604', 'green_neon_0', '1', 'green_neon_0', '3', '1', '7', '1');
INSERT INTO `homes_catalog` VALUES ('605', 'green_neon_1', '1', 'green_neon_1', '3', '1', '7', '1');
INSERT INTO `homes_catalog` VALUES ('606', 'green_neon_2', '1', 'green_neon_2', '3', '1', '7', '1');
INSERT INTO `homes_catalog` VALUES ('607', 'green_neon_3', '1', 'green_neon_3', '3', '1', '7', '1');
INSERT INTO `homes_catalog` VALUES ('608', 'green_neon_4', '1', 'green_neon_4', '3', '1', '7', '1');
INSERT INTO `homes_catalog` VALUES ('609', 'green_neon_5', '1', 'green_neon_5', '3', '1', '7', '1');
INSERT INTO `homes_catalog` VALUES ('610', 'green_neon_6', '1', 'green_neon_6', '3', '1', '7', '1');
INSERT INTO `homes_catalog` VALUES ('611', 'green_neon_7', '1', 'green_neon_7', '3', '1', '7', '1');
INSERT INTO `homes_catalog` VALUES ('612', 'green_neon_8', '1', 'green_neon_8', '3', '1', '7', '1');
INSERT INTO `homes_catalog` VALUES ('613', 'green_neon_9', '1', 'green_neon_9', '3', '1', '7', '1');
INSERT INTO `homes_catalog` VALUES ('614', 'green_neon_a', '1', 'green_neon_a', '3', '1', '7', '1');
INSERT INTO `homes_catalog` VALUES ('615', 'green_neon_b', '1', 'green_neon_b', '3', '1', '7', '1');
INSERT INTO `homes_catalog` VALUES ('616', 'green_neon_c', '1', 'green_neon_c', '3', '1', '7', '1');
INSERT INTO `homes_catalog` VALUES ('617', 'green_neon_d', '1', 'green_neon_d', '3', '1', '7', '1');
INSERT INTO `homes_catalog` VALUES ('618', 'green_neon_e', '1', 'green_neon_e', '3', '1', '7', '1');
INSERT INTO `homes_catalog` VALUES ('619', 'green_neon_f', '1', 'green_neon_f', '3', '1', '7', '1');
INSERT INTO `homes_catalog` VALUES ('620', 'green_neon_g', '1', 'green_neon_g', '3', '1', '7', '1');
INSERT INTO `homes_catalog` VALUES ('621', 'green_neon_h', '1', 'green_neon_h', '3', '1', '7', '1');
INSERT INTO `homes_catalog` VALUES ('622', 'green_neon_i', '1', 'green_neon_i', '3', '1', '7', '1');
INSERT INTO `homes_catalog` VALUES ('623', 'green_neon_j', '1', 'green_neon_j', '3', '1', '7', '1');
INSERT INTO `homes_catalog` VALUES ('624', 'green_neon_k', '1', 'green_neon_k', '3', '1', '7', '1');
INSERT INTO `homes_catalog` VALUES ('625', 'green_neon_l', '1', 'green_neon_l', '3', '1', '7', '1');
INSERT INTO `homes_catalog` VALUES ('626', 'green_neon_m', '1', 'green_neon_m', '3', '1', '7', '1');
INSERT INTO `homes_catalog` VALUES ('627', 'green_neon_n', '1', 'green_neon_n', '3', '1', '7', '1');
INSERT INTO `homes_catalog` VALUES ('628', 'green_neon_o', '1', 'green_neon_o', '3', '1', '7', '1');
INSERT INTO `homes_catalog` VALUES ('629', 'green_neon_p', '1', 'green_neon_p', '3', '1', '7', '1');
INSERT INTO `homes_catalog` VALUES ('630', 'green_neon_q', '1', 'green_neon_q', '3', '1', '7', '1');
INSERT INTO `homes_catalog` VALUES ('631', 'green_neon_r', '1', 'green_neon_r', '3', '1', '7', '1');
INSERT INTO `homes_catalog` VALUES ('632', 'green_neon_s', '1', 'green_neon_s', '3', '1', '7', '1');
INSERT INTO `homes_catalog` VALUES ('633', 'green_neon_t', '1', 'green_neon_t', '3', '1', '7', '1');
INSERT INTO `homes_catalog` VALUES ('634', 'green_neon_u', '1', 'green_neon_u', '3', '1', '7', '1');
INSERT INTO `homes_catalog` VALUES ('635', 'green_neon_v', '1', 'green_neon_v', '3', '1', '7', '1');
INSERT INTO `homes_catalog` VALUES ('636', 'green_neon_w', '1', 'green_neon_w', '3', '1', '7', '1');
INSERT INTO `homes_catalog` VALUES ('637', 'green_neon_x', '1', 'green_neon_x', '3', '1', '7', '1');
INSERT INTO `homes_catalog` VALUES ('638', 'green_neon_y', '1', 'green_neon_y', '3', '1', '7', '1');
INSERT INTO `homes_catalog` VALUES ('639', 'green_neon_z', '1', 'green_neon_z', '3', '1', '7', '1');
INSERT INTO `homes_catalog` VALUES ('640', 'neon_blue_0', '1', 'neon_blue_0', '3', '1', '7', '1');
INSERT INTO `homes_catalog` VALUES ('641', 'neon_blue_1', '1', 'neon_blue_1', '3', '1', '7', '1');
INSERT INTO `homes_catalog` VALUES ('642', 'neon_blue_2', '1', 'neon_blue_2', '3', '1', '7', '1');
INSERT INTO `homes_catalog` VALUES ('643', 'neon_blue_3', '1', 'neon_blue_3', '3', '1', '7', '1');
INSERT INTO `homes_catalog` VALUES ('644', 'neon_blue_4', '1', 'neon_blue_4', '3', '1', '7', '1');
INSERT INTO `homes_catalog` VALUES ('645', 'neon_blue_5', '1', 'neon_blue_5', '3', '1', '7', '1');
INSERT INTO `homes_catalog` VALUES ('646', 'neon_blue_6', '1', 'neon_blue_6', '3', '1', '7', '1');
INSERT INTO `homes_catalog` VALUES ('647', 'neon_blue_7', '1', 'neon_blue_7', '3', '1', '7', '1');
INSERT INTO `homes_catalog` VALUES ('648', 'neon_blue_8', '1', 'neon_blue_8', '3', '1', '7', '1');
INSERT INTO `homes_catalog` VALUES ('649', 'neon_blue_9', '1', 'neon_blue_9', '3', '1', '7', '1');
INSERT INTO `homes_catalog` VALUES ('650', 'neon_blue_a', '1', 'neon_blue_a', '3', '1', '7', '1');
INSERT INTO `homes_catalog` VALUES ('651', 'neon_blue_b', '1', 'neon_blue_b', '3', '1', '7', '1');
INSERT INTO `homes_catalog` VALUES ('652', 'neon_blue_c', '1', 'neon_blue_c', '3', '1', '7', '1');
INSERT INTO `homes_catalog` VALUES ('653', 'neon_blue_d', '1', 'neon_blue_d', '3', '1', '7', '1');
INSERT INTO `homes_catalog` VALUES ('654', 'neon_blue_e', '1', 'neon_blue_e', '3', '1', '7', '1');
INSERT INTO `homes_catalog` VALUES ('655', 'neon_blue_f', '1', 'neon_blue_f', '3', '1', '7', '1');
INSERT INTO `homes_catalog` VALUES ('656', 'neon_blue_g', '1', 'neon_blue_g', '3', '1', '7', '1');
INSERT INTO `homes_catalog` VALUES ('657', 'neon_blue_h', '1', 'neon_blue_h', '3', '1', '7', '1');
INSERT INTO `homes_catalog` VALUES ('658', 'neon_blue_i', '1', 'neon_blue_i', '3', '1', '7', '1');
INSERT INTO `homes_catalog` VALUES ('659', 'neon_blue_j', '1', 'neon_blue_j', '3', '1', '7', '1');
INSERT INTO `homes_catalog` VALUES ('660', 'neon_blue_k', '1', 'neon_blue_k', '3', '1', '7', '1');
INSERT INTO `homes_catalog` VALUES ('661', 'neon_blue_l', '1', 'neon_blue_l', '3', '1', '7', '1');
INSERT INTO `homes_catalog` VALUES ('662', 'neon_blue_m', '1', 'neon_blue_m', '3', '1', '7', '1');
INSERT INTO `homes_catalog` VALUES ('663', 'neon_blue_n', '1', 'neon_blue_n', '3', '1', '7', '1');
INSERT INTO `homes_catalog` VALUES ('664', 'neon_blue_o', '1', 'neon_blue_o', '3', '1', '7', '1');
INSERT INTO `homes_catalog` VALUES ('665', 'neon_blue_p', '1', 'neon_blue_p', '3', '1', '7', '1');
INSERT INTO `homes_catalog` VALUES ('666', 'neon_blue_q', '1', 'neon_blue_q', '3', '1', '7', '1');
INSERT INTO `homes_catalog` VALUES ('667', 'neon_blue_r', '1', 'neon_blue_r', '3', '1', '7', '1');
INSERT INTO `homes_catalog` VALUES ('668', 'neon_blue_s', '1', 'neon_blue_s', '3', '1', '7', '1');
INSERT INTO `homes_catalog` VALUES ('669', 'neon_blue_t', '1', 'neon_blue_t', '3', '1', '7', '1');
INSERT INTO `homes_catalog` VALUES ('670', 'neon_blue_u', '1', 'neon_blue_u', '3', '1', '7', '1');
INSERT INTO `homes_catalog` VALUES ('671', 'neon_blue_v', '1', 'neon_blue_v', '3', '1', '7', '1');
INSERT INTO `homes_catalog` VALUES ('672', 'neon_blue_w', '1', 'neon_blue_w', '3', '1', '7', '1');
INSERT INTO `homes_catalog` VALUES ('673', 'neon_blue_x', '1', 'neon_blue_x', '3', '1', '7', '1');
INSERT INTO `homes_catalog` VALUES ('674', 'neon_blue_y', '1', 'neon_blue_y', '3', '1', '7', '1');
INSERT INTO `homes_catalog` VALUES ('675', 'neon_blue_z', '1', 'neon_blue_z', '3', '1', '7', '1');
INSERT INTO `homes_catalog` VALUES ('676', 'neon_pink_0', '1', 'neon_pink_0', '3', '1', '7', '1');
INSERT INTO `homes_catalog` VALUES ('677', 'neon_pink_1', '1', 'neon_pink_1', '3', '1', '7', '1');
INSERT INTO `homes_catalog` VALUES ('678', 'neon_pink_2', '1', 'neon_pink_2', '3', '1', '7', '1');
INSERT INTO `homes_catalog` VALUES ('679', 'neon_pink_3', '1', 'neon_pink_3', '3', '1', '7', '1');
INSERT INTO `homes_catalog` VALUES ('680', 'neon_pink_4', '1', 'neon_pink_4', '3', '1', '7', '1');
INSERT INTO `homes_catalog` VALUES ('681', 'neon_pink_5', '1', 'neon_pink_5', '3', '1', '7', '1');
INSERT INTO `homes_catalog` VALUES ('682', 'neon_pink_6', '1', 'neon_pink_6', '3', '1', '7', '1');
INSERT INTO `homes_catalog` VALUES ('683', 'neon_pink_7', '1', 'neon_pink_7', '3', '1', '7', '1');
INSERT INTO `homes_catalog` VALUES ('684', 'neon_pink_8', '1', 'neon_pink_8', '3', '1', '7', '1');
INSERT INTO `homes_catalog` VALUES ('685', 'neon_pink_9', '1', 'neon_pink_9', '3', '1', '7', '1');
INSERT INTO `homes_catalog` VALUES ('686', 'neon_pink_a', '1', 'neon_pink_a', '3', '1', '7', '1');
INSERT INTO `homes_catalog` VALUES ('687', 'neon_pink_b', '1', 'neon_pink_b', '3', '1', '7', '1');
INSERT INTO `homes_catalog` VALUES ('688', 'neon_pink_c', '1', 'neon_pink_c', '3', '1', '7', '1');
INSERT INTO `homes_catalog` VALUES ('689', 'neon_pink_d', '1', 'neon_pink_d', '3', '1', '7', '1');
INSERT INTO `homes_catalog` VALUES ('690', 'neon_pink_e', '1', 'neon_pink_e', '3', '1', '7', '1');
INSERT INTO `homes_catalog` VALUES ('691', 'neon_pink_f', '1', 'neon_pink_f', '3', '1', '7', '1');
INSERT INTO `homes_catalog` VALUES ('692', 'neon_pink_g', '1', 'neon_pink_g', '3', '1', '7', '1');
INSERT INTO `homes_catalog` VALUES ('693', 'neon_pink_h', '1', 'neon_pink_h', '3', '1', '7', '1');
INSERT INTO `homes_catalog` VALUES ('694', 'neon_pink_i', '1', 'neon_pink_i', '3', '1', '7', '1');
INSERT INTO `homes_catalog` VALUES ('695', 'neon_pink_j', '1', 'neon_pink_j', '3', '1', '7', '1');
INSERT INTO `homes_catalog` VALUES ('696', 'neon_pink_k', '1', 'neon_pink_k', '3', '1', '7', '1');
INSERT INTO `homes_catalog` VALUES ('697', 'neon_pink_l', '1', 'neon_pink_l', '3', '1', '7', '1');
INSERT INTO `homes_catalog` VALUES ('698', 'neon_pink_m', '1', 'neon_pink_m', '3', '1', '7', '1');
INSERT INTO `homes_catalog` VALUES ('699', 'neon_pink_n', '1', 'neon_pink_n', '3', '1', '7', '1');
INSERT INTO `homes_catalog` VALUES ('700', 'neon_pink_o', '1', 'neon_pink_o', '3', '1', '7', '1');
INSERT INTO `homes_catalog` VALUES ('701', 'neon_pink_p', '1', 'neon_pink_p', '3', '1', '7', '1');
INSERT INTO `homes_catalog` VALUES ('702', 'neon_pink_q', '1', 'neon_pink_q', '3', '1', '7', '1');
INSERT INTO `homes_catalog` VALUES ('703', 'neon_pink_r', '1', 'neon_pink_r', '3', '1', '7', '1');
INSERT INTO `homes_catalog` VALUES ('704', 'neon_pink_s', '1', 'neon_pink_s', '3', '1', '7', '1');
INSERT INTO `homes_catalog` VALUES ('705', 'neon_pink_t', '1', 'neon_pink_t', '3', '1', '7', '1');
INSERT INTO `homes_catalog` VALUES ('706', 'neon_pink_u', '1', 'neon_pink_u', '3', '1', '7', '1');
INSERT INTO `homes_catalog` VALUES ('707', 'neon_pink_v', '1', 'neon_pink_v', '3', '1', '7', '1');
INSERT INTO `homes_catalog` VALUES ('708', 'neon_pink_w', '1', 'neon_pink_w', '3', '1', '7', '1');
INSERT INTO `homes_catalog` VALUES ('709', 'neon_pink_x', '1', 'neon_pink_x', '3', '1', '7', '1');
INSERT INTO `homes_catalog` VALUES ('710', 'neon_pink_y', '1', 'neon_pink_y', '3', '1', '7', '1');
INSERT INTO `homes_catalog` VALUES ('711', 'neon_pink_z', '1', 'neon_pink_z', '3', '1', '7', '1');
INSERT INTO `homes_catalog` VALUES ('712', 'locoroco_sticker_125x100', '1', 'locoroco_sticker_125x100', '3', '1', '28', '1');
INSERT INTO `homes_catalog` VALUES ('713', 'atw_week_5_namibia', '1', 'atw_week_5_namibia', '3', '1', '31', '1');
INSERT INTO `homes_catalog` VALUES ('714', 'atw_week_5_solomon-islands', '1', 'atw_week_5_solomon-islands', '3', '1', '31', '1');
INSERT INTO `homes_catalog` VALUES ('715', 'atw_week_5_solomon_islands', '1', 'atw_week_5_solomon_islands', '3', '1', '31', '1');
INSERT INTO `homes_catalog` VALUES ('716', 'atw_week_6_russia', '1', 'atw_week_6_russia', '3', '1', '31', '1');
INSERT INTO `homes_catalog` VALUES ('717', 'atw_week_6_uruguay', '1', 'atw_week_6_uruguay', '3', '1', '31', '1');
INSERT INTO `homes_catalog` VALUES ('718', 'atw_week_6_chile', '1', 'atw_week_6_chile', '3', '1', '31', '1');
INSERT INTO `homes_catalog` VALUES ('719', 'atw_week_6_argentina', '1', 'atw_week_6_argentina', '3', '1', '31', '1');
INSERT INTO `homes_catalog` VALUES ('720', 'atw_week_6_latvia', '1', 'atw_week_6_latvia', '3', '1', '31', '1');
INSERT INTO `homes_catalog` VALUES ('721', 'atw_week_6_bulgaria', '1', 'atw_week_6_bulgaria', '3', '1', '31', '1');
INSERT INTO `homes_catalog` VALUES ('722', 'atw_week_6_romania', '1', 'atw_week_6_romania', '3', '1', '31', '1');
INSERT INTO `homes_catalog` VALUES ('723', 'atw_week_6_hungary', '1', 'atw_week_6_hungary', '3', '1', '31', '1');
INSERT INTO `homes_catalog` VALUES ('724', 'atw_week_6_fiji', '1', 'atw_week_6_fiji', '3', '1', '31', '1');
INSERT INTO `homes_catalog` VALUES ('725', 'atw_week_6_tonga', '1', 'atw_week_6_tonga', '3', '1', '31', '1');
INSERT INTO `homes_catalog` VALUES ('726', 'atw_week_6_new_zealand', '1', 'atw_week_6_new_zealand', '3', '1', '31', '1');
INSERT INTO `homes_catalog` VALUES ('727', 'atw_week_6_south_africa', '1', 'atw_week_6_south_africa', '3', '1', '31', '1');
INSERT INTO `homes_catalog` VALUES ('728', 'atw_week_6_madagascar', '1', 'atw_week_6_madagascar', '3', '1', '31', '1');
INSERT INTO `homes_catalog` VALUES ('729', 'atw_week_6_botswana', '1', 'atw_week_6_botswana', '3', '1', '31', '1');
INSERT INTO `homes_catalog` VALUES ('730', 'atw_week_6_oman', '1', 'atw_week_6_oman', '3', '1', '31', '1');
INSERT INTO `homes_catalog` VALUES ('731', 'knifescrime_sticker_01', '1', 'knifescrime_sticker_01', '3', '1', '24', '1');
INSERT INTO `homes_catalog` VALUES ('732', 'childline_habbo_stickers_generic_gold', '1', 'childline_habbo_stickers_generic_gold', '3', '1', '28', '1');
INSERT INTO `homes_catalog` VALUES ('733', 'childline_habbo_stickers_generic_green', '1', 'childline_habbo_stickers_generic_green', '3', '1', '28', '1');
INSERT INTO `homes_catalog` VALUES ('734', 'st_day1', '1', 'st_day1', '3', '1', '30', '1');
INSERT INTO `homes_catalog` VALUES ('735', 'st_day2', '1', 'st_day2', '3', '1', '30', '1');
INSERT INTO `homes_catalog` VALUES ('736', 'st_day3', '1', 'st_day3', '3', '1', '30', '1');
INSERT INTO `homes_catalog` VALUES ('737', 'st_day4', '1', 'st_day4', '3', '1', '30', '1');
INSERT INTO `homes_catalog` VALUES ('738', 'st_day5', '1', 'st_day5', '3', '1', '36', '1');
INSERT INTO `homes_catalog` VALUES ('739', '8th_birthday_sticker_01', '1', '8th_birthday_sticker_01', '3', '1', '30', '1');
INSERT INTO `homes_catalog` VALUES ('740', '8th_birthday_sticker_02', '1', '8th_birthday_sticker_02', '3', '1', '30', '1');
INSERT INTO `homes_catalog` VALUES ('741', '8th_birthday_sticker_03', '1', '8th_birthday_sticker_03', '3', '1', '30', '1');
INSERT INTO `homes_catalog` VALUES ('742', '8th_birthday_sticker_04', '1', '8th_birthday_sticker_04', '3', '1', '30', '1');
INSERT INTO `homes_catalog` VALUES ('743', '8th_birthday_sticker_05', '1', '8th_birthday_sticker_05', '3', '1', '30', '1');
INSERT INTO `homes_catalog` VALUES ('744', 'childline_habbo_stickers_production_gold', '1', 'childline_habbo_stickers_production_gold', '3', '1', '28', '1');
INSERT INTO `homes_catalog` VALUES ('745', 'childline_habbo_stickers_production_green', '1', 'childline_habbo_stickers_production_green', '3', '1', '28', '1');
INSERT INTO `homes_catalog` VALUES ('746', 'h4d_sticker_02', '1', 'h4d_sticker_02', '3', '1', '28', '1');
INSERT INTO `homes_catalog` VALUES ('747', 'h4d_sticker_04', '1', 'h4d_sticker_04', '3', '1', '28', '1');
INSERT INTO `homes_catalog` VALUES ('748', 'h4d_sticker_01', '1', 'h4d_sticker_01', '3', '1', '28', '1');
INSERT INTO `homes_catalog` VALUES ('749', 'habwrecked_sticker_01_190x180', '1', 'habwrecked_sticker_01_190x180', '3', '1', '30', '1');
INSERT INTO `homes_catalog` VALUES ('750', 'habwrecked_sticker_02_190x180', '1', 'habwrecked_sticker_02_190x180', '3', '1', '30', '1');
INSERT INTO `homes_catalog` VALUES ('751', 'knifescrime_sticker_02', '1', 'knifescrime_sticker_02', '3', '1', '28', '1');
INSERT INTO `homes_catalog` VALUES ('752', 'bluestarfish', '1', 'bluestarfish', '3', '1', '32', '1');
INSERT INTO `homes_catalog` VALUES ('753', 'redstarfish', '1', 'redstarfish', '3', '1', '32', '1');
INSERT INTO `homes_catalog` VALUES ('754', 'yellowstarfish', '1', 'yellowstarfish', '3', '1', '32', '1');
INSERT INTO `homes_catalog` VALUES ('755', 'seagull_01', '1', 'seagull_01', '3', '1', '32', '1');
INSERT INTO `homes_catalog` VALUES ('756', 'seagull_02', '1', 'seagull_02', '3', '1', '32', '1');
INSERT INTO `homes_catalog` VALUES ('757', 'island', '1', 'island', '3', '1', '30', '1');
INSERT INTO `homes_catalog` VALUES ('758', 'edito_fisherman_bait', '1', 'edito_fisherman_bait', '3', '1', '35', '1');
INSERT INTO `homes_catalog` VALUES ('759', 'shell', '1', 'shell', '3', '1', '32', '1');
INSERT INTO `homes_catalog` VALUES ('760', 'au_lifesaver', '1', 'au_lifesaver', '3', '1', '24', '1');
INSERT INTO `homes_catalog` VALUES ('761', 'sunflower', '1', 'sunflower', '3', '1', '32', '1');
INSERT INTO `homes_catalog` VALUES ('762', 'clothesline', '1', 'clothesline', '3', '1', '32', '1');
INSERT INTO `homes_catalog` VALUES ('763', 'summer_rowingboat', '1', 'summer_rowingboat', '3', '1', '35', '1');
INSERT INTO `homes_catalog` VALUES ('764', 'summer_cloud2', '1', 'summer_cloud2', '3', '1', '32', '1');
INSERT INTO `homes_catalog` VALUES ('765', 'summer_cloud3', '1', 'summer_cloud3', '3', '1', '32', '1');
INSERT INTO `homes_catalog` VALUES ('766', 'summer_cloud1', '1', 'summer_cloud1', '3', '1', '32', '1');
INSERT INTO `homes_catalog` VALUES ('767', 'summer_swim_trunk', '1', 'summer_swim_trunk', '3', '1', '35', '1');
INSERT INTO `homes_catalog` VALUES ('768', 'sticker_woodboard', '1', 'sticker_woodboard', '3', '1', '32', '1');
INSERT INTO `homes_catalog` VALUES ('769', 'sticker_volcano', '1', 'sticker_volcano', '3', '1', '32', '1');
INSERT INTO `homes_catalog` VALUES ('770', 'circus_sticker_tragafuegos', '1', 'circus_sticker_tragafuegos', '3', '1', '24', '1');
INSERT INTO `homes_catalog` VALUES ('771', 'habwrecked_sticker_04_150x180', '1', 'habwrecked_sticker_04_150x180', '3', '1', '30', '1');
INSERT INTO `homes_catalog` VALUES ('772', 'habwrecked_sticker_07_70x95', '1', 'habwrecked_sticker_07_70x95', '3', '1', '32', '1');
INSERT INTO `homes_catalog` VALUES ('773', 'habwrecked_sticker_05_180x125', '1', 'habwrecked_sticker_05_180x125', '3', '1', '30', '1');
INSERT INTO `homes_catalog` VALUES ('774', 'habwrecked_sticker_06_90x70', '1', 'habwrecked_sticker_06_90x70', '3', '1', '32', '1');
INSERT INTO `homes_catalog` VALUES ('775', 'habwrecked_sticker_09_45x90', '1', 'habwrecked_sticker_09_45x90', '3', '1', '35', '1');
INSERT INTO `homes_catalog` VALUES ('776', 'habwrecked_sticker_12_60x92', '1', 'habwrecked_sticker_12_60x92', '3', '1', '24', '1');
INSERT INTO `homes_catalog` VALUES ('777', 'habwrecked_sticker_10_45x90', '1', 'habwrecked_sticker_10_45x90', '3', '1', '35', '1');
INSERT INTO `homes_catalog` VALUES ('778', 'habwrecked_sticker_11_45x90', '1', 'habwrecked_sticker_11_45x90', '3', '1', '35', '1');
INSERT INTO `homes_catalog` VALUES ('779', 'habwrecked_sticker_08_45x90', '1', 'habwrecked_sticker_08_45x90', '3', '1', '35', '1');
INSERT INTO `homes_catalog` VALUES ('780', 'streaker', '1', 'streaker', '3', '1', '24', '1');
INSERT INTO `homes_catalog` VALUES ('781', 'childline_habbo_stickers_accman_gold', '1', 'childline_habbo_stickers_accman_gold', '3', '1', '28', '1');
INSERT INTO `homes_catalog` VALUES ('782', 'childline_habbo_stickers_accman_green', '1', 'childline_habbo_stickers_accman_green', '3', '1', '28', '1');
INSERT INTO `homes_catalog` VALUES ('783', 'stick_stickukmyspace1', '1', 'stick_stickukmyspace1', '3', '1', '28', '1');
INSERT INTO `homes_catalog` VALUES ('784', 'bionicle_sticker_01', '1', 'bionicle_sticker_01', '3', '1', '28', '1');
INSERT INTO `homes_catalog` VALUES ('785', 'bionicle_sticker_02', '1', 'bionicle_sticker_02', '3', '1', '24', '1');
INSERT INTO `homes_catalog` VALUES ('786', 'bionicle_sticker_03', '1', 'bionicle_sticker_03', '3', '1', '28', '1');
INSERT INTO `homes_catalog` VALUES ('787', 'pixie_habbo_sticker_04', '1', 'pixie_habbo_sticker_04', '3', '1', '28', '1');
INSERT INTO `homes_catalog` VALUES ('788', 'pixie_habbo_sticker_02', '1', 'pixie_habbo_sticker_02', '3', '1', '28', '1');
INSERT INTO `homes_catalog` VALUES ('789', 'pixie_habbo_sticker_01', '1', 'pixie_habbo_sticker_01', '3', '1', '28', '1');
INSERT INTO `homes_catalog` VALUES ('790', 'pixie_habbo_sticker_03', '1', 'pixie_habbo_sticker_03', '3', '1', '28', '1');
INSERT INTO `homes_catalog` VALUES ('791', 'habprentice_sticker_01', '1', 'habprentice_sticker_01', '3', '1', '30', '1');
INSERT INTO `homes_catalog` VALUES ('792', 'habprentice_sticker_02', '1', 'habprentice_sticker_02', '3', '1', '24', '1');
INSERT INTO `homes_catalog` VALUES ('793', 'habprentice_sticker_03', '1', 'habprentice_sticker_03', '3', '1', '30', '1');
INSERT INTO `homes_catalog` VALUES ('794', 'sticker_earth_hour', '1', 'sticker_earth_hour', '3', '1', '28', '1');
INSERT INTO `homes_catalog` VALUES ('795', 'childline_habbo_stickers_creative_gold', '1', 'childline_habbo_stickers_creative_gold', '3', '1', '28', '1');
INSERT INTO `homes_catalog` VALUES ('796', 'childline_habbo_stickers_creative_blue', '1', 'childline_habbo_stickers_creative_blue', '3', '1', '28', '1');
INSERT INTO `homes_catalog` VALUES ('797', 'stick_easter_char2', '1', 'stick_easter_char2', '3', '1', '24', '1');
INSERT INTO `homes_catalog` VALUES ('798', 'stick_easter_char1', '1', 'stick_easter_char1', '3', '1', '24', '1');
INSERT INTO `homes_catalog` VALUES ('799', 'stick_easter_tree4', '1', 'stick_easter_tree4', '3', '1', '34', '1');
INSERT INTO `homes_catalog` VALUES ('800', 'stick_easter_tree3', '1', 'stick_easter_tree3', '3', '1', '34', '1');
INSERT INTO `homes_catalog` VALUES ('801', 'stick_easter_tree2', '1', 'stick_easter_tree2', '3', '1', '34', '1');
INSERT INTO `homes_catalog` VALUES ('802', 'stick_easter_tree1', '1', 'stick_easter_tree1', '3', '1', '34', '1');
INSERT INTO `homes_catalog` VALUES ('803', 'stick_easter_char8', '1', 'stick_easter_char8', '3', '1', '24', '1');
INSERT INTO `homes_catalog` VALUES ('804', 'stick_easter_char7', '1', 'stick_easter_char7', '3', '1', '24', '1');
INSERT INTO `homes_catalog` VALUES ('805', 'stick_easter_char6', '1', 'stick_easter_char6', '3', '1', '24', '1');
INSERT INTO `homes_catalog` VALUES ('807', 'stick_easter_char4', '1', 'stick_easter_char4', '3', '1', '24', '1');
INSERT INTO `homes_catalog` VALUES ('808', 'iovetree', '1', 'iovetree', '3', '1', '34', '1');
INSERT INTO `homes_catalog` VALUES ('809', 'easter_tree_1', '1', 'easter_tree_1', '3', '1', '34', '1');
INSERT INTO `homes_catalog` VALUES ('810', 'easter_tree_2', '1', 'easter_tree_2', '3', '1', '34', '1');
INSERT INTO `homes_catalog` VALUES ('811', 'easter_tree_3', '1', 'easter_tree_3', '3', '1', '34', '1');
INSERT INTO `homes_catalog` VALUES ('812', 'easter_tree_4', '1', 'easter_tree_4', '3', '1', '34', '1');
INSERT INTO `homes_catalog` VALUES ('813', 'green_leaf_lower_left', '1', 'green_leaf_lower_left', '3', '1', '32', '1');
INSERT INTO `homes_catalog` VALUES ('814', 'green_leaf_lower_right', '1', 'green_leaf_lower_right', '3', '1', '32', '1');
INSERT INTO `homes_catalog` VALUES ('815', 'green_leaf_top_left', '1', 'green_leaf_top_left', '3', '1', '32', '1');
INSERT INTO `homes_catalog` VALUES ('817', 'light_green_leaf_lower_left', '1', 'light_green_leaf_lower_left', '3', '1', '32', '1');
INSERT INTO `homes_catalog` VALUES ('818', 'light_green_leaf_lower_right', '1', 'light_green_leaf_lower_right', '3', '1', '32', '1');
INSERT INTO `homes_catalog` VALUES ('819', 'light_green_leaf_top_left', '1', 'light_green_leaf_top_left', '3', '1', '32', '1');
INSERT INTO `homes_catalog` VALUES ('820', 'light_green_leaf_top_right', '1', 'light_green_leaf_top_right', '3', '1', '32', '1');
INSERT INTO `homes_catalog` VALUES ('821', 'love_the_earth_avatar_tree', '1', 'love_the_earth_avatar_tree', '3', '1', '34', '1');
INSERT INTO `homes_catalog` VALUES ('822', 'stick_easter_char3', '1', 'stick_easter_char3', '3', '1', '24', '1');
INSERT INTO `homes_catalog` VALUES ('823', 'childline_habbo_stickers_proman_green_002', '1', 'childline_habbo_stickers_proman_green_002', '3', '1', '28', '1');
INSERT INTO `homes_catalog` VALUES ('824', 'childline_habbo_stickers_proman_gold', '1', 'childline_habbo_stickers_proman_gold', '3', '1', '28', '1');
INSERT INTO `homes_catalog` VALUES ('825', 'sticker_skidsr', '1', 'sticker_skidsr', '3', '1', '32', '1');
INSERT INTO `homes_catalog` VALUES ('826', 'sticker_checkeredflagl', '1', 'sticker_checkeredflagl', '3', '1', '32', '1');
INSERT INTO `homes_catalog` VALUES ('827', 'sticker_rcdriverf', '1', 'sticker_rcdriverf', '3', '1', '35', '1');
INSERT INTO `homes_catalog` VALUES ('828', 'sticker_skidsl', '1', 'sticker_skidsl', '3', '1', '32', '1');
INSERT INTO `homes_catalog` VALUES ('829', 'sticker_checkeredflagr', '1', 'sticker_checkeredflagr', '3', '1', '32', '1');
INSERT INTO `homes_catalog` VALUES ('830', 'sticker_rcdriverm1', '1', 'sticker_rcdriverm1', '3', '1', '35', '1');
INSERT INTO `homes_catalog` VALUES ('831', 'blue_diner_a', '1', 'blue_diner_a', '3', '1', '7', '1');
INSERT INTO `homes_catalog` VALUES ('832', 'blue_diner_a_umlaut', '1', 'blue_diner_a_umlaut', '3', '1', '7', '1');
INSERT INTO `homes_catalog` VALUES ('833', 'blue_diner_ae', '1', 'blue_diner_ae', '3', '1', '7', '1');
INSERT INTO `homes_catalog` VALUES ('834', 'blue_diner_b', '1', 'blue_diner_b', '3', '1', '7', '1');
INSERT INTO `homes_catalog` VALUES ('835', 'blue_diner_c', '1', 'blue_diner_c', '3', '1', '7', '1');
INSERT INTO `homes_catalog` VALUES ('836', 'blue_diner_c_cedilla', '1', 'blue_diner_c_cedilla', '3', '1', '7', '1');
INSERT INTO `homes_catalog` VALUES ('837', 'blue_diner_d', '1', 'blue_diner_d', '3', '1', '7', '1');
INSERT INTO `homes_catalog` VALUES ('838', 'blue_diner_e', '1', 'blue_diner_e', '3', '1', '7', '1');
INSERT INTO `homes_catalog` VALUES ('839', 'blue_diner_e_acc', '1', 'blue_diner_e_acc', '3', '1', '7', '1');
INSERT INTO `homes_catalog` VALUES ('840', 'blue_diner_e_acc_grave', '1', 'blue_diner_e_acc_grave', '3', '1', '7', '1');
INSERT INTO `homes_catalog` VALUES ('841', 'blue_diner_eight', '1', 'blue_diner_eight', '3', '1', '7', '1');
INSERT INTO `homes_catalog` VALUES ('842', 'blue_diner_exclamation', '1', 'blue_diner_exclamation', '3', '1', '7', '1');
INSERT INTO `homes_catalog` VALUES ('843', 'blue_diner_f', '1', 'blue_diner_f', '3', '1', '7', '1');
INSERT INTO `homes_catalog` VALUES ('844', 'blue_diner_five', '1', 'blue_diner_five', '3', '1', '7', '1');
INSERT INTO `homes_catalog` VALUES ('845', 'blue_diner_four', '1', 'blue_diner_four', '3', '1', '7', '1');
INSERT INTO `homes_catalog` VALUES ('846', 'blue_diner_g', '1', 'blue_diner_g', '3', '1', '7', '1');
INSERT INTO `homes_catalog` VALUES ('847', 'blue_diner_h', '1', 'blue_diner_h', '3', '1', '7', '1');
INSERT INTO `homes_catalog` VALUES ('848', 'blue_diner_i', '1', 'blue_diner_i', '3', '1', '7', '1');
INSERT INTO `homes_catalog` VALUES ('849', 'blue_diner_j', '1', 'blue_diner_j', '3', '1', '7', '1');
INSERT INTO `homes_catalog` VALUES ('850', 'blue_diner_k', '1', 'blue_diner_k', '3', '1', '7', '1');
INSERT INTO `homes_catalog` VALUES ('851', 'blue_diner_l', '1', 'blue_diner_l', '3', '1', '7', '1');
INSERT INTO `homes_catalog` VALUES ('852', 'blue_diner_m', '1', 'blue_diner_m', '3', '1', '7', '1');
INSERT INTO `homes_catalog` VALUES ('853', 'blue_diner_n', '1', 'blue_diner_n', '3', '1', '7', '1');
INSERT INTO `homes_catalog` VALUES ('854', 'blue_diner_nine', '1', 'blue_diner_nine', '3', '1', '7', '1');
INSERT INTO `homes_catalog` VALUES ('855', 'blue_diner_o', '1', 'blue_diner_o', '3', '1', '7', '1');
INSERT INTO `homes_catalog` VALUES ('856', 'blue_diner_o_accute', '1', 'blue_diner_o_accute', '3', '1', '7', '1');
INSERT INTO `homes_catalog` VALUES ('857', 'blue_diner_o_cc_grave', '1', 'blue_diner_o_cc_grave', '3', '1', '7', '1');
INSERT INTO `homes_catalog` VALUES ('858', 'blue_diner_o_umlaut', '1', 'blue_diner_o_umlaut', '3', '1', '7', '1');
INSERT INTO `homes_catalog` VALUES ('859', 'blue_diner_one', '1', 'blue_diner_one', '3', '1', '7', '1');
INSERT INTO `homes_catalog` VALUES ('860', 'blue_diner_p', '1', 'blue_diner_p', '3', '1', '7', '1');
INSERT INTO `homes_catalog` VALUES ('861', 'blue_diner_q', '1', 'blue_diner_q', '3', '1', '7', '1');
INSERT INTO `homes_catalog` VALUES ('862', 'blue_diner_question', '1', 'blue_diner_question', '3', '1', '7', '1');
INSERT INTO `homes_catalog` VALUES ('863', 'blue_diner_r', '1', 'blue_diner_r', '3', '1', '7', '1');
INSERT INTO `homes_catalog` VALUES ('864', 'blue_diner_s', '1', 'blue_diner_s', '3', '1', '7', '1');
INSERT INTO `homes_catalog` VALUES ('865', 'blue_diner_seven', '1', 'blue_diner_seven', '3', '1', '7', '1');
INSERT INTO `homes_catalog` VALUES ('866', 'blue_diner_six', '1', 'blue_diner_six', '3', '1', '7', '1');
INSERT INTO `homes_catalog` VALUES ('867', 'blue_diner_t', '1', 'blue_diner_t', '3', '1', '7', '1');
INSERT INTO `homes_catalog` VALUES ('868', 'blue_diner_three', '1', 'blue_diner_three', '3', '1', '7', '1');
INSERT INTO `homes_catalog` VALUES ('869', 'blue_diner_two', '1', 'blue_diner_two', '3', '1', '7', '1');
INSERT INTO `homes_catalog` VALUES ('870', 'blue_diner_u', '1', 'blue_diner_u', '3', '1', '7', '1');
INSERT INTO `homes_catalog` VALUES ('871', 'blue_diner_u_acc', '1', 'blue_diner_u_acc', '3', '1', '7', '1');
INSERT INTO `homes_catalog` VALUES ('872', 'blue_diner_u_acc_grave', '1', 'blue_diner_u_acc_grave', '3', '1', '7', '1');
INSERT INTO `homes_catalog` VALUES ('873', 'blue_diner_u_umlaut', '1', 'blue_diner_u_umlaut', '3', '1', '7', '1');
INSERT INTO `homes_catalog` VALUES ('874', 'blue_diner_upsidedown', '1', 'blue_diner_upsidedown', '3', '1', '7', '1');
INSERT INTO `homes_catalog` VALUES ('875', 'blue_diner_v', '1', 'blue_diner_v', '3', '1', '7', '1');
INSERT INTO `homes_catalog` VALUES ('876', 'blue_diner_w', '1', 'blue_diner_w', '3', '1', '7', '1');
INSERT INTO `homes_catalog` VALUES ('877', 'blue_diner_x', '1', 'blue_diner_x', '3', '1', '7', '1');
INSERT INTO `homes_catalog` VALUES ('878', 'blue_diner_y', '1', 'blue_diner_y', '3', '1', '7', '1');
INSERT INTO `homes_catalog` VALUES ('879', 'blue_diner_z', '1', 'blue_diner_z', '3', '1', '7', '1');
INSERT INTO `homes_catalog` VALUES ('880', 'blue_diner_zero', '1', 'blue_diner_zero', '3', '1', '7', '1');
INSERT INTO `homes_catalog` VALUES ('881', 'groupofhabbos', '1', 'groupofhabbos', '3', '1', '30', '1');
INSERT INTO `homes_catalog` VALUES ('883', 'cint_logo', '1', 'cint_logo', '3', '1', '28', '1');
INSERT INTO `homes_catalog` VALUES ('884', 'sticker_mall_3', '1', 'sticker_mall_3', '3', '1', '30', '1');
INSERT INTO `homes_catalog` VALUES ('885', 'sticker_mall_4', '1', 'sticker_mall_4', '3', '1', '30', '1');
INSERT INTO `homes_catalog` VALUES ('886', 'sticker_newcow', '1', 'sticker_newcow', '3', '1', '24', '1');
INSERT INTO `homes_catalog` VALUES ('887', 'sticker_country_donkey', '1', 'sticker_country_donkey', '3', '1', '24', '1');
INSERT INTO `homes_catalog` VALUES ('888', 'stick_country_sheep1', '1', 'stick_country_sheep1', '3', '1', '32', '1');
INSERT INTO `homes_catalog` VALUES ('889', 'stick_country_sheep2', '1', 'stick_country_sheep2', '3', '1', '32', '1');
INSERT INTO `homes_catalog` VALUES ('890', 'stick_country_horse', '1', 'stick_country_horse', '3', '1', '24', '1');
INSERT INTO `homes_catalog` VALUES ('891', 'stick_country_pig', '1', 'stick_country_pig', '3', '1', '32', '1');
INSERT INTO `homes_catalog` VALUES ('892', 'stick_country_cow', '1', 'stick_country_cow', '3', '1', '24', '1');
INSERT INTO `homes_catalog` VALUES ('893', 'stick_country_cow2', '1', 'stick_country_cow2', '3', '1', '24', '1');
INSERT INTO `homes_catalog` VALUES ('894', 'childline_habbo_stickers_planner_gold', '1', 'childline_habbo_stickers_planner_gold', '3', '1', '28', '1');
INSERT INTO `homes_catalog` VALUES ('895', 'childline_habbo_stickers_planner_blue', '1', 'childline_habbo_stickers_planner_blue', '3', '1', '28', '1');
INSERT INTO `homes_catalog` VALUES ('896', 'ukbigbrothersticker', '1', 'ukbigbrothersticker', '3', '1', '30', '1');
INSERT INTO `homes_catalog` VALUES ('897', 'drsticker', '1', 'drsticker', '3', '1', '28', '1');
INSERT INTO `homes_catalog` VALUES ('898', 'arm_sticker_1_001', '1', 'arm_sticker_1_001', '3', '1', '28', '1');
INSERT INTO `homes_catalog` VALUES ('899', 'arm_sticker_2_001', '1', 'arm_sticker_2_001', '3', '1', '28', '1');
INSERT INTO `homes_catalog` VALUES ('900', 'stick_uk_starshine', '1', 'stick_uk_starshine', '3', '1', '25', '1');
INSERT INTO `homes_catalog` VALUES ('901', 'stick_hween09_keyboardhands', '1', 'stick_hween09_keyboardhands', '3', '1', '32', '1');
INSERT INTO `homes_catalog` VALUES ('902', 'stick_hween09_exclamation', '1', 'stick_hween09_exclamation', '3', '1', '32', '1');
INSERT INTO `homes_catalog` VALUES ('903', 'stick_hween09_alien', '1', 'stick_hween09_alien', '3', '1', '32', '1');
INSERT INTO `homes_catalog` VALUES ('904', 'stick_hween09_cctv', '1', 'stick_hween09_cctv', '3', '1', '32', '1');
INSERT INTO `homes_catalog` VALUES ('905', 'stick_hween09_infobox', '1', 'stick_hween09_infobox', '3', '1', '30', '1');
INSERT INTO `homes_catalog` VALUES ('906', 'stick_hween09_videocam2', '1', 'stick_hween09_videocam2', '3', '1', '30', '1');
INSERT INTO `homes_catalog` VALUES ('908', 'stick_hween09_newsofhabbo', '1', 'stick_hween09_newsofhabbo', '3', '1', '28', '1');
INSERT INTO `homes_catalog` VALUES ('909', 'stick_howufeelin_face', '1', 'stick_howufeelin_face', '3', '1', '28', '1');
INSERT INTO `homes_catalog` VALUES ('910', 'childline_01', '1', 'childline_01', '3', '1', '28', '1');
INSERT INTO `homes_catalog` VALUES ('911', 'childline_02', '1', 'childline_02', '3', '1', '28', '1');
INSERT INTO `homes_catalog` VALUES ('912', 'moodi_01', '1', 'moodi_01', '3', '1', '28', '1');
INSERT INTO `homes_catalog` VALUES ('913', 'moodi_02', '1', 'moodi_02', '3', '1', '28', '1');
INSERT INTO `homes_catalog` VALUES ('914', 'moodi_03', '1', 'moodi_03', '3', '1', '28', '1');
INSERT INTO `homes_catalog` VALUES ('915', 'moodi_04', '1', 'moodi_04', '3', '1', '28', '1');
INSERT INTO `homes_catalog` VALUES ('916', 'moodi_05', '1', 'moodi_05', '3', '1', '28', '1');
INSERT INTO `homes_catalog` VALUES ('917', 'moodi_06', '1', 'moodi_06', '3', '1', '28', '1');
INSERT INTO `homes_catalog` VALUES ('918', 'moodi_07', '1', 'moodi_07', '3', '1', '28', '1');
INSERT INTO `homes_catalog` VALUES ('919', 'moodi_08', '1', 'moodi_08', '3', '1', '28', '1');
INSERT INTO `homes_catalog` VALUES ('920', 'moodi_09', '1', 'moodi_09', '3', '1', '28', '1');
INSERT INTO `homes_catalog` VALUES ('921', 'moodi_10', '1', 'moodi_10', '3', '1', '28', '1');
INSERT INTO `homes_catalog` VALUES ('922', 'moodi_11', '1', 'moodi_11', '3', '1', '28', '1');
INSERT INTO `homes_catalog` VALUES ('923', 'moodi_12', '1', 'moodi_12', '3', '1', '28', '1');
INSERT INTO `homes_catalog` VALUES ('924', 'moodi_13', '1', 'moodi_13', '3', '1', '28', '1');
INSERT INTO `homes_catalog` VALUES ('925', 'moodi_14', '1', 'moodi_14', '3', '1', '28', '1');
INSERT INTO `homes_catalog` VALUES ('926', 'moodi_15', '1', 'moodi_15', '3', '1', '28', '1');
INSERT INTO `homes_catalog` VALUES ('927', 'uk_maze_09_champion_sticker', '1', 'uk_maze_09_champion_sticker', '3', '1', '30', '1');
INSERT INTO `homes_catalog` VALUES ('928', 'uk_bullyproof_sticker_01', '1', 'uk_bullyproof_sticker_01', '3', '1', '28', '1');
INSERT INTO `homes_catalog` VALUES ('929', 'xmas2009_bauble', '1', 'xmas2009_bauble', '3', '1', '29', '1');
INSERT INTO `homes_catalog` VALUES ('930', 'xmas2009_bubbledrink', '1', 'xmas2009_bubbledrink', '3', '1', '32', '1');
INSERT INTO `homes_catalog` VALUES ('931', 'xmas2009_cakes', '1', 'xmas2009_cakes', '3', '1', '29', '1');
INSERT INTO `homes_catalog` VALUES ('932', 'xmas2009_elfbadge', '1', 'xmas2009_elfbadge', '3', '1', '32', '1');
INSERT INTO `homes_catalog` VALUES ('933', 'xmas2009_reindeerpin', '1', 'xmas2009_reindeerpin', '3', '1', '29', '1');
INSERT INTO `homes_catalog` VALUES ('934', 'xmas2009_snowshake', '1', 'xmas2009_snowshake', '3', '1', '29', '1');
INSERT INTO `homes_catalog` VALUES ('935', 'stick_pj_ares', '1', 'stick_pj_ares', '3', '1', '28', '1');
INSERT INTO `homes_catalog` VALUES ('936', 'stick_pj_cyclops', '1', 'stick_pj_cyclops', '3', '1', '28', '1');
INSERT INTO `homes_catalog` VALUES ('937', 'stick_pj_hephaestus', '1', 'stick_pj_hephaestus', '3', '1', '28', '1');
INSERT INTO `homes_catalog` VALUES ('938', 'stick_pj_hermes', '1', 'stick_pj_hermes', '3', '1', '24', '1');
INSERT INTO `homes_catalog` VALUES ('939', 'stick_pj_poseidon', '1', 'stick_pj_poseidon', '3', '1', '28', '1');
INSERT INTO `homes_catalog` VALUES ('940', 'stick_pj_zeus', '1', 'stick_pj_zeus', '3', '1', '28', '1');
INSERT INTO `homes_catalog` VALUES ('941', 'sticker_yir', '1', 'sticker_yir', '3', '1', '28', '1');
INSERT INTO `homes_catalog` VALUES ('942', 'circus_sticker_payaso', '1', 'circus_sticker_payaso', '3', '1', '24', '1');
INSERT INTO `homes_catalog` VALUES ('943', 'sticker_tlc', '1', 'sticker_tlc', '3', '1', '28', '1');
INSERT INTO `homes_catalog` VALUES ('944', 'sticker_fire', '1', 'sticker_fire', '3', '1', '24', '1');
INSERT INTO `homes_catalog` VALUES ('945', 'stick_habbolympics_gold', '1', 'stick_habbolympics_gold', '3', '1', '30', '1');
INSERT INTO `homes_catalog` VALUES ('946', 'stick_habbolympics_silver', '1', 'stick_habbolympics_silver', '3', '1', '30', '1');
INSERT INTO `homes_catalog` VALUES ('947', 'stick_habbolympics_bronze', '1', 'stick_habbolympics_bronze', '3', '1', '30', '1');
INSERT INTO `homes_catalog` VALUES ('948', 'sticker_loudmouth', '1', 'sticker_loudmouth', '3', '1', '28', '1');
INSERT INTO `homes_catalog` VALUES ('949', 'sticker_cryboy', '1', 'sticker_cryboy', '3', '1', '28', '1');
INSERT INTO `homes_catalog` VALUES ('950', 'sticker_clown', '1', 'sticker_clown', '3', '1', '28', '1');
INSERT INTO `homes_catalog` VALUES ('951', 'uk_fairytales_bookcase', '1', 'uk_fairytales_bookcase', '3', '1', '32', '1');
INSERT INTO `homes_catalog` VALUES ('952', 'uk_fairytales_book_01', '1', 'uk_fairytales_book_01', '3', '1', '30', '1');
INSERT INTO `homes_catalog` VALUES ('953', 'uk_fairytales_sticker_01', '1', 'uk_fairytales_sticker_01', '3', '1', '30', '1');
INSERT INTO `homes_catalog` VALUES ('954', 'hw_uk_fairytales_sticker_02', '1', 'hw_uk_fairytales_sticker_02', '3', '1', '30', '1');
INSERT INTO `homes_catalog` VALUES ('955', 'hw_uk_fairytales_sticker_03', '1', 'hw_uk_fairytales_sticker_03', '3', '1', '32', '1');
INSERT INTO `homes_catalog` VALUES ('956', 'uk_fairytales_book_02', '1', 'uk_fairytales_book_02', '3', '1', '30', '1');
INSERT INTO `homes_catalog` VALUES ('957', 'uk_fairytales_book_03', '1', 'uk_fairytales_book_03', '3', '1', '30', '1');
INSERT INTO `homes_catalog` VALUES ('958', 'hw_stpat2010_kiss1', '1', 'hw_stpat2010_kiss1', '3', '1', '29', '1');
INSERT INTO `homes_catalog` VALUES ('959', 'hw_stpat2010_kiss2', '1', 'hw_stpat2010_kiss2', '3', '1', '29', '1');
INSERT INTO `homes_catalog` VALUES ('960', 'hw_stpat2010_stpatdrink', '1', 'hw_stpat2010_stpatdrink', '3', '1', '29', '1');
INSERT INTO `homes_catalog` VALUES ('961', 'hw_stpat2010_pantsf', '1', 'hw_stpat2010_pantsf', '3', '1', '35', '1');
INSERT INTO `homes_catalog` VALUES ('962', 'hw_stpat2010_pantsm', '1', 'hw_stpat2010_pantsm', '3', '1', '29', '1');
INSERT INTO `homes_catalog` VALUES ('963', 'hw_stpat2010_tshirtf', '1', 'hw_stpat2010_tshirtf', '3', '1', '29', '1');
INSERT INTO `homes_catalog` VALUES ('964', 'hw_stpat2010_tshirtm', '1', 'hw_stpat2010_tshirtm', '3', '1', '29', '1');
INSERT INTO `homes_catalog` VALUES ('965', 'hw_stpat2010_hat', '1', 'hw_stpat2010_hat', '3', '1', '29', '1');
INSERT INTO `homes_catalog` VALUES ('966', 'hw_stpat2010_bighat', '1', 'hw_stpat2010_bighat', '3', '1', '29', '1');
INSERT INTO `homes_catalog` VALUES ('967', 'hw_stpat2010_lepricornoutfit', '1', 'hw_stpat2010_lepricornoutfit', '3', '1', '29', '1');
INSERT INTO `homes_catalog` VALUES ('968', 'hw_stpat2010_femalelepricorn', '1', 'hw_stpat2010_femalelepricorn', '3', '1', '35', '1');
INSERT INTO `homes_catalog` VALUES ('969', 'hw_stpat2010_cider', '1', 'hw_stpat2010_cider', '3', '1', '32', '1');
INSERT INTO `homes_catalog` VALUES ('970', 'hw_stpat2010_border1', '1', 'hw_stpat2010_border1', '3', '1', '22', '1');
INSERT INTO `homes_catalog` VALUES ('971', 'hw_stpat2010_border2', '1', 'hw_stpat2010_border2', '3', '1', '22', '1');
INSERT INTO `homes_catalog` VALUES ('972', 'hw_stpat2010_potofgold', '1', 'hw_stpat2010_potofgold', '3', '1', '29', '1');
INSERT INTO `homes_catalog` VALUES ('973', 'hw_stpat2010_shamrock', '1', 'hw_stpat2010_shamrock', '3', '1', '29', '1');
INSERT INTO `homes_catalog` VALUES ('974', 'uk_fairytales_book_04', '1', 'uk_fairytales_book_04', '3', '1', '30', '1');
INSERT INTO `homes_catalog` VALUES ('975', 'uk_fairytales_book_05', '1', 'uk_fairytales_book_05', '3', '1', '30', '1');
INSERT INTO `homes_catalog` VALUES ('976', 'uk_fairytales_book_06', '1', 'uk_fairytales_book_06', '3', '1', '30', '1');
INSERT INTO `homes_catalog` VALUES ('977', 'uk_fairytales_book_07', '1', 'uk_fairytales_book_07', '3', '1', '30', '1');
INSERT INTO `homes_catalog` VALUES ('978', 'uk_fairytales_book_08', '1', 'uk_fairytales_book_08', '3', '1', '30', '1');
INSERT INTO `homes_catalog` VALUES ('979', 'uk_fairytales_book_09', '1', 'uk_fairytales_book_09', '3', '1', '30', '1');
INSERT INTO `homes_catalog` VALUES ('980', 'uk_fairytales_book_10', '1', 'uk_fairytales_book_10', '3', '1', '30', '1');
INSERT INTO `homes_catalog` VALUES ('981', 'uk_fairytales_sticker_04', '1', 'uk_fairytales_sticker_04', '3', '1', '29', '1');
INSERT INTO `homes_catalog` VALUES ('982', 'uk_fairytales_sticker_05', '1', 'uk_fairytales_sticker_05', '3', '1', '30', '1');
INSERT INTO `homes_catalog` VALUES ('983', 'uk_fairytales_sticker_06', '1', 'uk_fairytales_sticker_06', '3', '1', '30', '1');
INSERT INTO `homes_catalog` VALUES ('984', 'uk_fairytales_sticker_07', '1', 'uk_fairytales_sticker_07', '3', '1', '30', '1');
INSERT INTO `homes_catalog` VALUES ('985', 'uk_fairytales_sticker_08', '1', 'uk_fairytales_sticker_08', '3', '1', '30', '1');
INSERT INTO `homes_catalog` VALUES ('986', 'uk_fairytales_sticker_09', '1', 'uk_fairytales_sticker_09', '3', '1', '30', '1');
INSERT INTO `homes_catalog` VALUES ('987', 'uk_fairytales_sticker_10', '1', 'uk_fairytales_sticker_10', '3', '1', '30', '1');
INSERT INTO `homes_catalog` VALUES ('988', 'hw_uk_marchon_sticker_01', '1', 'hw_uk_marchon_sticker_01', '3', '1', '28', '1');
INSERT INTO `homes_catalog` VALUES ('989', 'hw_uk_marchon_sticker_02', '1', 'hw_uk_marchon_sticker_02', '3', '1', '30', '1');
INSERT INTO `homes_catalog` VALUES ('991', 'bg_colour_01', '4', 'bg_colour_01', '3', '1', '5', '1');
INSERT INTO `homes_catalog` VALUES ('992', 'bg_colour_08', '4', 'bg_colour_08', '3', '1', '5', '1');
INSERT INTO `homes_catalog` VALUES ('993', 'bg_colour_12', '4', 'bg_colour_12', '3', '1', '5', '1');
INSERT INTO `homes_catalog` VALUES ('994', 'bg_colour_16', '4', 'bg_colour_16', '3', '1', '5', '1');
INSERT INTO `homes_catalog` VALUES ('995', 'bg_denim', '4', 'bg_denim', '3', '1', '33', '1');
INSERT INTO `homes_catalog` VALUES ('996', 'bg_lace', '4', 'bg_lace', '3', '1', '33', '1');
INSERT INTO `homes_catalog` VALUES ('997', 'bg_stitched', '4', 'bg_stitched', '3', '1', '33', '1');
INSERT INTO `homes_catalog` VALUES ('998', 'bg_wood', '4', 'bg_wood', '3', '1', '33', '1');
INSERT INTO `homes_catalog` VALUES ('999', 'bg_cork', '4', 'bg_cork', '3', '1', '33', '1');
INSERT INTO `homes_catalog` VALUES ('1000', 'bg_stone', '4', 'bg_stone', '3', '1', '33', '1');
INSERT INTO `homes_catalog` VALUES ('1001', 'bg_pattern_bricks', '4', 'bg_pattern_bricks', '3', '1', '33', '1');
INSERT INTO `homes_catalog` VALUES ('1002', 'bg_ruled_paper', '4', 'bg_ruled_paper', '3', '1', '33', '1');
INSERT INTO `homes_catalog` VALUES ('1003', 'bg_grass', '4', 'bg_grass', '3', '1', '5', '1');
INSERT INTO `homes_catalog` VALUES ('1004', 'bg_hotel', '4', 'bg_hotel', '3', '1', '36', '1');
INSERT INTO `homes_catalog` VALUES ('1005', 'bg_bubble', '4', 'bg_bubble', '3', '1', '33', '1');
INSERT INTO `homes_catalog` VALUES ('1006', 'bg_pattern_bobbaskulls1', '4', 'bg_pattern_bobbaskulls1', '3', '1', '33', '1');
INSERT INTO `homes_catalog` VALUES ('1007', 'bg_pattern_space', '4', 'bg_pattern_space', '3', '1', '33', '1');
INSERT INTO `homes_catalog` VALUES ('1008', 'bg_image_submarine', '4', 'bg_image_submarine', '3', '1', '33', '1');
INSERT INTO `homes_catalog` VALUES ('1009', 'bg_metal2', '4', 'bg_metal2', '3', '1', '33', '1');
INSERT INTO `homes_catalog` VALUES ('1010', 'bg_broken_glass', '4', 'bg_broken_glass', '3', '1', '33', '1');
INSERT INTO `homes_catalog` VALUES ('1011', 'bg_pattern_clouds', '4', 'bg_pattern_clouds', '3', '1', '33', '1');
INSERT INTO `homes_catalog` VALUES ('1012', 'bg_comic2', '4', 'bg_comic2', '3', '1', '33', '1');
INSERT INTO `homes_catalog` VALUES ('1013', 'bg_pattern_floral_01', '4', 'bg_pattern_floral_01', '3', '1', '33', '1');
INSERT INTO `homes_catalog` VALUES ('1014', 'bg_pattern_floral_02', '4', 'bg_pattern_floral_02', '3', '1', '33', '1');
INSERT INTO `homes_catalog` VALUES ('1015', 'bg_pattern_floral_03', '4', 'bg_pattern_floral_03', '3', '1', '33', '1');
INSERT INTO `homes_catalog` VALUES ('1016', 'bg_pattern_bulb', '4', 'bg_pattern_bulb', '3', '1', '33', '1');
INSERT INTO `homes_catalog` VALUES ('1017', 'bg_pattern_cars', '4', 'bg_pattern_cars', '3', '1', '33', '1');
INSERT INTO `homes_catalog` VALUES ('1018', 'bg_pattern_carpants', '4', 'bg_pattern_carpants', '3', '1', '33', '1');
INSERT INTO `homes_catalog` VALUES ('1019', 'bg_pattern_plasto', '4', 'bg_pattern_plasto', '3', '1', '33', '1');
INSERT INTO `homes_catalog` VALUES ('1020', 'bg_pattern_tinyroom', '4', 'bg_pattern_tinyroom', '3', '1', '33', '1');
INSERT INTO `homes_catalog` VALUES ('1021', 'bg_pattern_hearts', '4', 'bg_pattern_hearts', '3', '1', '33', '1');
INSERT INTO `homes_catalog` VALUES ('1022', 'bg_pattern_abstract1', '4', 'bg_pattern_abstract1', '3', '1', '33', '1');
INSERT INTO `homes_catalog` VALUES ('1023', 'bg_bathroom_tile', '4', 'bg_bathroom_tile', '3', '1', '33', '1');
INSERT INTO `homes_catalog` VALUES ('1024', 'bg_pattern_fish', '4', 'bg_pattern_fish', '3', '1', '33', '1');
INSERT INTO `homes_catalog` VALUES ('1025', 'bg_pattern_deepred', '4', 'bg_pattern_deepred', '3', '1', '33', '1');
INSERT INTO `homes_catalog` VALUES ('1026', 'bg_colour_02', '4', 'bg_colour_02', '3', '1', '5', '1');
INSERT INTO `homes_catalog` VALUES ('1027', 'bg_colour_03', '4', 'bg_colour_03', '3', '1', '5', '1');
INSERT INTO `homes_catalog` VALUES ('1028', 'bg_colour_04', '4', 'bg_colour_04', '3', '1', '5', '1');
INSERT INTO `homes_catalog` VALUES ('1029', 'bg_colour_05', '4', 'bg_colour_05', '3', '1', '5', '1');
INSERT INTO `homes_catalog` VALUES ('1030', 'bg_colour_06', '4', 'bg_colour_06', '3', '1', '5', '1');
INSERT INTO `homes_catalog` VALUES ('1031', 'bg_colour_07', '4', 'bg_colour_07', '3', '1', '5', '1');
INSERT INTO `homes_catalog` VALUES ('1032', 'bg_colour_09', '4', 'bg_colour_09', '3', '1', '5', '1');
INSERT INTO `homes_catalog` VALUES ('1033', 'bg_colour_10', '4', 'bg_colour_10', '3', '1', '5', '1');
INSERT INTO `homes_catalog` VALUES ('1034', 'bg_colour_11', '4', 'bg_colour_11', '3', '1', '5', '1');
INSERT INTO `homes_catalog` VALUES ('1035', 'bg_colour_13', '4', 'bg_colour_13', '3', '1', '5', '1');
INSERT INTO `homes_catalog` VALUES ('1036', 'bg_colour_14', '4', 'bg_colour_14', '3', '1', '5', '1');
INSERT INTO `homes_catalog` VALUES ('1037', 'bg_colour_15', '4', 'bg_colour_15', '3', '1', '5', '1');
INSERT INTO `homes_catalog` VALUES ('1038', 'bg_colour_17', '4', 'bg_colour_17', '3', '1', '5', '1');
INSERT INTO `homes_catalog` VALUES ('1039', 'bg_tonga', '4', 'bg_tonga', '3', '1', '33', '1');
INSERT INTO `homes_catalog` VALUES ('1040', 'xmas_bgpattern_starsky', '4', 'xmas_bgpattern_starsky', '3', '1', '36', '1');
INSERT INTO `homes_catalog` VALUES ('1041', 'xmas_gifts_bg', '4', 'xmas_gifts_bg', '3', '1', '26', '1');
INSERT INTO `homes_catalog` VALUES ('1046', 'newyear_bg_fireworks', '4', 'newyear_bg_fireworks', '3', '1', '33', '1');
INSERT INTO `homes_catalog` VALUES ('1047', 'vale_rose_bg', '4', 'vale_rose_bg', '3', '1', '33', '1');
INSERT INTO `homes_catalog` VALUES ('1048', 'vale_skull_bg', '4', 'vale_skull_bg', '3', '1', '33', '1');
INSERT INTO `homes_catalog` VALUES ('1049', 'hc_bg_machine', '4', 'hc_bg_machine', '3', '1', '33', '1');
INSERT INTO `homes_catalog` VALUES ('1050', 'hc_bg_pillow', '4', 'hc_bg_pillow', '3', '1', '33', '1');
INSERT INTO `homes_catalog` VALUES ('1051', 'hc_bg_royal', '4', 'hc_bg_royal', '3', '1', '33', '1');
INSERT INTO `homes_catalog` VALUES ('1052', 'easter_eggs_wallpaper', '4', 'easter_eggs_wallpaper', '3', '1', '26', '1');
INSERT INTO `homes_catalog` VALUES ('1055', 'newyear_bg_fireworks2', '4', 'newyear_bg_fireworks2', '3', '1', '36', '1');
INSERT INTO `homes_catalog` VALUES ('1056', 'nl_green_bg', '4', 'nl_green_bg', '3', '1', '33', '1');
INSERT INTO `homes_catalog` VALUES ('1057', 'val_bgpattern_love', '4', 'val_bgpattern_love', '3', '1', '33', '1');
INSERT INTO `homes_catalog` VALUES ('1058', 'val_bgpattern_skull', '4', 'val_bgpattern_skull', '3', '1', '33', '1');
INSERT INTO `homes_catalog` VALUES ('1059', 'bg_bobbaheart', '4', 'bg_bobbaheart', '3', '1', '33', '1');
INSERT INTO `homes_catalog` VALUES ('1060', 'bg_rain', '4', 'bg_rain', '3', '1', '33', '1');
INSERT INTO `homes_catalog` VALUES ('1061', 'tutorial_bg', '4', 'tutorial_bg', '3', '1', '36', '1');
INSERT INTO `homes_catalog` VALUES ('1062', 'habbo_group_tutorial_bg', '4', 'habbo_group_tutorial_bg', '3', '1', '36', '1');
INSERT INTO `homes_catalog` VALUES ('1063', 'fantasticfour', '4', 'fantasticfour', '3', '1', '27', '1');
INSERT INTO `homes_catalog` VALUES ('1064', 'silversurfer', '4', 'silversurfer', '3', '1', '27', '1');
INSERT INTO `homes_catalog` VALUES ('1065', 'fantastic4', '4', 'fantastic4', '3', '1', '27', '1');
INSERT INTO `homes_catalog` VALUES ('1066', 'silversurfer2', '4', 'silversurfer2', '3', '1', '27', '1');
INSERT INTO `homes_catalog` VALUES ('1067', 'fantastic42', '4', 'fantastic42', '3', '1', '27', '1');
INSERT INTO `homes_catalog` VALUES ('1068', 'fan43', '4', 'fan43', '3', '1', '27', '1');
INSERT INTO `homes_catalog` VALUES ('1069', 'silversurfer3', '4', 'silversurfer3', '3', '1', '27', '1');
INSERT INTO `homes_catalog` VALUES ('1070', 'grungewall', '4', 'grungewall', '3', '1', '33', '1');
INSERT INTO `homes_catalog` VALUES ('1072', 'bg_infobus_blue', '4', 'bg_infobus_blue', '3', '1', '36', '1');
INSERT INTO `homes_catalog` VALUES ('1073', 'bg_infobus_white', '4', 'bg_infobus_white', '3', '1', '36', '1');
INSERT INTO `homes_catalog` VALUES ('1074', 'bg_infobus_yellow', '4', 'bg_infobus_yellow', '3', '1', '36', '1');
INSERT INTO `homes_catalog` VALUES ('1075', 'bg_lido_flat', '4', 'bg_lido_flat', '3', '1', '36', '1');
INSERT INTO `homes_catalog` VALUES ('1076', 'bg_lidoo', '4', 'bg_lidoo', '3', '1', '36', '1');
INSERT INTO `homes_catalog` VALUES ('1077', 'bg_vip', '4', 'bg_vip', '3', '1', '36', '1');
INSERT INTO `homes_catalog` VALUES ('1079', 'habbogroup', '4', 'habbogroup', '3', '1', '36', '1');
INSERT INTO `homes_catalog` VALUES ('1080', 'snowstorm_bg', '4', 'snowstorm_bg', '3', '1', '36', '1');
INSERT INTO `homes_catalog` VALUES ('1081', 'makeover', '4', 'makeover', '3', '1', '33', '1');
INSERT INTO `homes_catalog` VALUES ('1291', 'uberHotel Logo', '1', 'sticker_uber_logo', '10', '1', '38', '1');
INSERT INTO `homes_catalog` VALUES ('1083', 'kerrang2', '4', 'kerrang2', '3', '1', '5', '1');
INSERT INTO `homes_catalog` VALUES ('1084', 'bg_kerrang2', '4', 'bg_kerrang2', '3', '1', '27', '1');
INSERT INTO `homes_catalog` VALUES ('1085', 'christmas2007bg_001', '4', 'christmas2007bg_001', '3', '1', '26', '1');
INSERT INTO `homes_catalog` VALUES ('1086', 'habbox', '4', 'habbox', '3', '1', '36', '1');
INSERT INTO `homes_catalog` VALUES ('1087', 'sttriniansblackboard', '4', 'sttriniansblackboard', '3', '1', '27', '1');
INSERT INTO `homes_catalog` VALUES ('1089', 'orca', '4', 'orca', '3', '1', '36', '1');
INSERT INTO `homes_catalog` VALUES ('1090', 'penelope', '4', 'penelope', '3', '1', '27', '1');
INSERT INTO `homes_catalog` VALUES ('1091', 'habborella_sea_bg', '4', 'habborella_sea_bg', '3', '1', '36', '1');
INSERT INTO `homes_catalog` VALUES ('1093', 'random_habbos', '4', 'random_habbos', '3', '1', '36', '1');
INSERT INTO `homes_catalog` VALUES ('1094', 'welcoming_party', '4', 'welcoming_party', '3', '1', '36', '1');
INSERT INTO `homes_catalog` VALUES ('1096', 'bg_unofficial_fansites', '4', 'bg_unofficial_fansites', '3', '1', '36', '1');
INSERT INTO `homes_catalog` VALUES ('1097', 'themepark_bg_02', '4', 'themepark_bg_02', '3', '1', '36', '1');
INSERT INTO `homes_catalog` VALUES ('1098', 'themepark_bg_01', '4', 'themepark_bg_01', '3', '1', '36', '1');
INSERT INTO `homes_catalog` VALUES ('1099', 'bg_serpentine_darkblue', '4', 'bg_serpentine_darkblue', '3', '1', '32', '1');
INSERT INTO `homes_catalog` VALUES ('1100', 'bg_serpntine_darkred', '4', 'bg_serpntine_darkred', '3', '1', '33', '1');
INSERT INTO `homes_catalog` VALUES ('1101', 'bg_serpentine_1', '4', 'bg_serpentine_1', '3', '1', '33', '1');
INSERT INTO `homes_catalog` VALUES ('1102', 'bg_serpentine_2', '4', 'bg_serpentine_2', '3', '1', '33', '1');
INSERT INTO `homes_catalog` VALUES ('1103', 'alhambragroup', '4', 'alhambragroup', '3', '1', '36', '1');
INSERT INTO `homes_catalog` VALUES ('1104', 'shabboline', '4', 'shabboline', '3', '1', '36', '1');
INSERT INTO `homes_catalog` VALUES ('1105', 'habbo_toolbar', '4', 'habbo_toolbar', '3', '1', '33', '1');
INSERT INTO `homes_catalog` VALUES ('1106', 'madball_2008_bg_001', '4', 'madball_2008_bg_001', '3', '1', '36', '1');
INSERT INTO `homes_catalog` VALUES ('1107', 'jp_prom_bg', '4', 'jp_prom_bg', '3', '1', '36', '1');
INSERT INTO `homes_catalog` VALUES ('1108', 'habbo_social_game_001_opt', '4', 'habbo_social_game_001_opt', '3', '1', '36', '1');
INSERT INTO `homes_catalog` VALUES ('1109', 'habbo_social_game_002', '4', 'habbo_social_game_002', '3', '1', '36', '1');
INSERT INTO `homes_catalog` VALUES ('1110', 'hundredmillion_bg', '4', 'hundredmillion_bg', '3', '1', '36', '1');
INSERT INTO `homes_catalog` VALUES ('1111', 'meet_dave_groupbg_02', '4', 'meet_dave_groupbg_02', '3', '1', '27', '1');
INSERT INTO `homes_catalog` VALUES ('1112', 'meet_dave_groupbg_01', '4', 'meet_dave_groupbg_01', '3', '1', '27', '1');
INSERT INTO `homes_catalog` VALUES ('1113', 'guidesgroup_bg', '4', 'guidesgroup_bg', '3', '1', '36', '1');
INSERT INTO `homes_catalog` VALUES ('1114', 'grouppage_snowbattle2', '4', 'grouppage_snowbattle2', '3', '1', '36', '1');
INSERT INTO `homes_catalog` VALUES ('1115', 'top_gamers_bg_64', '4', 'top_gamers_bg_64', '3', '1', '36', '1');
INSERT INTO `homes_catalog` VALUES ('1116', 'summer_bg_optimal', '4', 'summer_bg_optimal', '3', '1', '36', '1');
INSERT INTO `homes_catalog` VALUES ('1117', '10kbc_habbo_grouppage_bg_3b', '4', '10kbc_habbo_grouppage_bg_3b', '3', '1', '27', '1');
INSERT INTO `homes_catalog` VALUES ('1118', '10kbc_habbo_grouppage_bg_2b', '4', '10kbc_habbo_grouppage_bg_2b', '3', '1', '27', '1');
INSERT INTO `homes_catalog` VALUES ('1119', 'landing_page_comp', '4', 'landing_page_comp', '3', '1', '27', '1');
INSERT INTO `homes_catalog` VALUES ('1120', '27419_appart732_scene', '4', '27419_appart732_scene', '3', '1', '36', '1');
INSERT INTO `homes_catalog` VALUES ('1121', 'myspy_group', '4', 'myspy_group', '3', '1', '27', '1');
INSERT INTO `homes_catalog` VALUES ('1122', 'habbolympics_bg_final', '4', 'habbolympics_bg_final', '3', '1', '36', '1');
INSERT INTO `homes_catalog` VALUES ('1125', 'cw_group_1', '4', 'cw_group_1', '3', '1', '27', '1');
INSERT INTO `homes_catalog` VALUES ('1126', 'cw_group_2', '4', 'cw_group_2', '3', '1', '27', '1');
INSERT INTO `homes_catalog` VALUES ('1127', 'cw_poster', '4', 'cw_poster', '3', '1', '27', '1');
INSERT INTO `homes_catalog` VALUES ('1128', 'wallpaper_dinerus', '4', 'wallpaper_dinerus', '3', '1', '36', '1');
INSERT INTO `homes_catalog` VALUES ('1129', 'hairspray_sm_group', '4', 'hairspray_sm_group', '3', '1', '27', '1');
INSERT INTO `homes_catalog` VALUES ('1130', 'reoc_billing_group', '4', 'reoc_billing_group', '3', '1', '36', '1');
INSERT INTO `homes_catalog` VALUES ('1131', 'camp_rock_group', '4', 'camp_rock_group', '3', '1', '27', '1');
INSERT INTO `homes_catalog` VALUES ('1134', 'arm_habbo_grouppage3', '4', 'arm_habbo_grouppage3', '3', '1', '37', '1');
INSERT INTO `homes_catalog` VALUES ('1135', 'usob_grouppag_1e', '4', 'usob_grouppag_1e', '3', '1', '36', '1');
INSERT INTO `homes_catalog` VALUES ('1136', 'kingcorp_928x1360', '4', 'kingcorp_928x1360', '3', '1', '36', '1');
INSERT INTO `homes_catalog` VALUES ('1139', 'achievement_web_bg', '4', 'achievement_web_bg', '3', '1', '36', '1');
INSERT INTO `homes_catalog` VALUES ('1140', 'peacegroup', '4', 'peacegroup', '3', '1', '36', '1');
INSERT INTO `homes_catalog` VALUES ('1141', 'igor_2_group_928x1360', '4', 'igor_2_group_928x1360', '3', '1', '27', '1');
INSERT INTO `homes_catalog` VALUES ('1292', 'Welcome to Uber!', '1', 'sticker_uber_welcome', '5', '1', '38', '1');
INSERT INTO `homes_catalog` VALUES ('1143', 'hw_day2', '4', 'hw_day2', '3', '1', '36', '1');
INSERT INTO `homes_catalog` VALUES ('1144', 'hw_day3', '4', 'hw_day3', '3', '1', '27', '1');
INSERT INTO `homes_catalog` VALUES ('1145', 'hw_day4', '4', 'hw_day4', '3', '1', '36', '1');
INSERT INTO `homes_catalog` VALUES ('1146', 'hw_day5', '4', 'hw_day5', '3', '1', '36', '1');
INSERT INTO `homes_catalog` VALUES ('1147', 'hw_day6', '4', 'hw_day6', '3', '1', '36', '1');
INSERT INTO `homes_catalog` VALUES ('1148', 'insiders_habbo', '4', 'insiders_habbo', '3', '1', '27', '1');
INSERT INTO `homes_catalog` VALUES ('1149', 'atw_group_world', '4', 'atw_group_world', '3', '1', '27', '1');
INSERT INTO `homes_catalog` VALUES ('1150', 'atw_group_far_east_aus', '4', 'atw_group_far_east_aus', '3', '1', '36', '1');
INSERT INTO `homes_catalog` VALUES ('1151', 'atw_group_europe', '4', 'atw_group_europe', '3', '1', '36', '1');
INSERT INTO `homes_catalog` VALUES ('1152', 'atw_group_america', '4', 'atw_group_america', '3', '1', '36', '1');
INSERT INTO `homes_catalog` VALUES ('1153', 'atw_group_africa', '4', 'atw_group_africa', '3', '1', '5', '1');
INSERT INTO `homes_catalog` VALUES ('1155', 'neon_gp_subpage_bg_v1', '4', 'neon_gp_subpage_bg_v1', '3', '1', '36', '1');
INSERT INTO `homes_catalog` VALUES ('1156', 'neon_subpage2', '4', 'neon_subpage2', '3', '1', '36', '1');
INSERT INTO `homes_catalog` VALUES ('1157', 'locoroco_group_928x1360_2', '4', 'locoroco_group_928x1360_2', '3', '1', '27', '1');
INSERT INTO `homes_catalog` VALUES ('1159', 'sonic_unl_habbo_grouppg4', '4', 'sonic_unl_habbo_grouppg4', '3', '1', '27', '1');
INSERT INTO `homes_catalog` VALUES ('1161', 'sonic_unl_habbo_group', '4', 'sonic_unl_habbo_group', '3', '1', '27', '1');
INSERT INTO `homes_catalog` VALUES ('1162', 'xmas08_gpbg', '4', 'xmas08_gpbg', '3', '1', '36', '1');
INSERT INTO `homes_catalog` VALUES ('1164', 'uk_cw_habbo_group_page_100k', '4', 'uk_cw_habbo_group_page_100k', '3', '1', '27', '1');
INSERT INTO `homes_catalog` VALUES ('1166', 'childline_habbo_grouppg', '4', 'childline_habbo_grouppg', '3', '1', '27', '1');
INSERT INTO `homes_catalog` VALUES ('1167', 'knifescrime_group', '4', 'knifescrime_group', '3', '1', '27', '1');
INSERT INTO `homes_catalog` VALUES ('1168', 'h4d_habbo_background_group_02', '4', 'h4d_habbo_background_group_02', '3', '1', '33', '1');
INSERT INTO `homes_catalog` VALUES ('1169', 'gameshow_group_928x1360', '4', 'gameshow_group_928x1360', '3', '1', '36', '1');
INSERT INTO `homes_catalog` VALUES ('1170', 'bg_nobobba', '4', 'bg_nobobba', '3', '1', '27', '1');
INSERT INTO `homes_catalog` VALUES ('1172', 'harajuku_group_07_b', '4', 'harajuku_group_07_b', '3', '1', '27', '1');
INSERT INTO `homes_catalog` VALUES ('1173', 'harajuku_group_06_b', '4', 'harajuku_group_06_b', '3', '1', '27', '1');
INSERT INTO `homes_catalog` VALUES ('1174', 'harajuku_group_05_b', '4', 'harajuku_group_05_b', '3', '1', '27', '1');
INSERT INTO `homes_catalog` VALUES ('1175', 'harajuku_group_04_b', '4', 'harajuku_group_04_b', '3', '1', '27', '1');
INSERT INTO `homes_catalog` VALUES ('1176', 'harajuku_group_03_b', '4', 'harajuku_group_03_b', '3', '1', '27', '1');
INSERT INTO `homes_catalog` VALUES ('1177', 'harajuku_group_02_b', '4', 'harajuku_group_02_b', '3', '1', '27', '1');
INSERT INTO `homes_catalog` VALUES ('1178', 'uk_h4d_bg', '4', 'uk_h4d_bg', '3', '1', '27', '1');
INSERT INTO `homes_catalog` VALUES ('1179', 'bg_shalimar_grouptheatre', '4', 'bg_shalimar_grouptheatre', '3', '1', '36', '1');
INSERT INTO `homes_catalog` VALUES ('1180', 'gp_sha', '4', 'gp_sha', '3', '1', '36', '1');
INSERT INTO `homes_catalog` VALUES ('1181', 'habwrecked_group_01_928x1360', '4', 'habwrecked_group_01_928x1360', '3', '1', '36', '1');
INSERT INTO `homes_catalog` VALUES ('1182', 'habwrecked_group_02_928x1360', '4', 'habwrecked_group_02_928x1360', '3', '1', '36', '1');
INSERT INTO `homes_catalog` VALUES ('1183', 'habwrecked_group_03_928x1360', '4', 'habwrecked_group_03_928x1360', '3', '1', '36', '1');
INSERT INTO `homes_catalog` VALUES ('1184', 'vip_group', '4', 'vip_group', '3', '1', '36', '1');
INSERT INTO `homes_catalog` VALUES ('1185', 'bg_newsletter_03', '4', 'bg_newsletter_03', '3', '1', '36', '1');
INSERT INTO `homes_catalog` VALUES ('1186', 'uk_office_928x1360', '4', 'uk_office_928x1360', '3', '1', '36', '1');
INSERT INTO `homes_catalog` VALUES ('1187', 'bg_elliot_minor_back', '4', 'bg_elliot_minor_back', '3', '1', '27', '1');
INSERT INTO `homes_catalog` VALUES ('1188', 'bg_habbouk_frank_11924', '4', 'bg_habbouk_frank_11924', '3', '1', '27', '1');
INSERT INTO `homes_catalog` VALUES ('1189', 'bg_lostc_oceanfloor', '4', 'bg_lostc_oceanfloor', '3', '1', '36', '1');
INSERT INTO `homes_catalog` VALUES ('1191', 'bg_earth_hour', '4', 'bg_earth_hour', '3', '1', '27', '1');
INSERT INTO `homes_catalog` VALUES ('1192', 'habprentice_background_01', '4', 'habprentice_background_01', '3', '1', '36', '1');
INSERT INTO `homes_catalog` VALUES ('1193', 'habprentice_background_02', '4', 'habprentice_background_02', '3', '1', '36', '1');
INSERT INTO `homes_catalog` VALUES ('1194', 'bionicle_group_01', '4', 'bionicle_group_01', '3', '1', '27', '1');
INSERT INTO `homes_catalog` VALUES ('1195', 'bionicle_group_04', '4', 'bionicle_group_04', '3', '1', '27', '1');
INSERT INTO `homes_catalog` VALUES ('1197', 'bionicle_group_07', '4', 'bionicle_group_07', '3', '1', '27', '1');
INSERT INTO `homes_catalog` VALUES ('1198', 'bionicle_group_05', '4', 'bionicle_group_05', '3', '1', '27', '1');
INSERT INTO `homes_catalog` VALUES ('1199', 'bionicle_group_02', '4', 'bionicle_group_02', '3', '1', '27', '1');
INSERT INTO `homes_catalog` VALUES ('1200', 'bionicle_group_06', '4', 'bionicle_group_06', '3', '1', '27', '1');
INSERT INTO `homes_catalog` VALUES ('1202', 'pixie_background', '4', 'pixie_background', '3', '1', '27', '1');
INSERT INTO `homes_catalog` VALUES ('1203', 'bionicle_group_03', '4', 'bionicle_group_03', '3', '1', '27', '1');
INSERT INTO `homes_catalog` VALUES ('1204', 'uk_buzz_group_928x1360', '4', 'uk_buzz_group_928x1360', '3', '1', '27', '1');
INSERT INTO `homes_catalog` VALUES ('1205', 'uk_group_page_17_again', '4', 'uk_group_page_17_again', '3', '1', '27', '1');
INSERT INTO `homes_catalog` VALUES ('1206', 'uk_wtmi_group_928x1360', '4', 'uk_wtmi_group_928x1360', '3', '1', '27', '1');
INSERT INTO `homes_catalog` VALUES ('1207', 'uk_wtmi_group_c', '4', 'uk_wtmi_group_c', '3', '1', '27', '1');
INSERT INTO `homes_catalog` VALUES ('1208', 'habbo_mall_background', '4', 'habbo_mall_background', '3', '1', '36', '1');
INSERT INTO `homes_catalog` VALUES ('1209', 'uk_skellig_bg', '4', 'uk_skellig_bg', '3', '1', '27', '1');
INSERT INTO `homes_catalog` VALUES ('1211', 'bg_easter_1', '4', 'bg_easter_1', '3', '1', '36', '1');
INSERT INTO `homes_catalog` VALUES ('1212', 'bg_easter_2', '4', 'bg_easter_2', '3', '1', '36', '1');
INSERT INTO `homes_catalog` VALUES ('1213', 'bg_easter_3', '4', 'bg_easter_3', '3', '1', '36', '1');
INSERT INTO `homes_catalog` VALUES ('1214', 'bg_easter_4', '4', 'bg_easter_4', '3', '1', '36', '1');
INSERT INTO `homes_catalog` VALUES ('1215', 'bg_easter_5', '4', 'bg_easter_5', '3', '1', '37', '1');
INSERT INTO `homes_catalog` VALUES ('1216', 'uk_equigg_bg', '4', 'uk_equigg_bg', '3', '1', '27', '1');
INSERT INTO `homes_catalog` VALUES ('1217', 'uk_natm2_group_928x1360', '4', 'uk_natm2_group_928x1360', '3', '1', '27', '1');
INSERT INTO `homes_catalog` VALUES ('1218', 'grouppage_country', '4', 'grouppage_country', '3', '1', '36', '1');
INSERT INTO `homes_catalog` VALUES ('1219', 'uk_habboway_group_928x1360', '4', 'uk_habboway_group_928x1360', '3', '1', '36', '1');
INSERT INTO `homes_catalog` VALUES ('1220', 'uk_parentsguide_group_928x1360', '4', 'uk_parentsguide_group_928x1360', '3', '1', '36', '1');
INSERT INTO `homes_catalog` VALUES ('1221', 'uk_safetytips_group_928x1360', '4', 'uk_safetytips_group_928x1360', '3', '1', '36', '1');
INSERT INTO `homes_catalog` VALUES ('1222', 'uk_natm2_group_main_928x1360', '4', 'uk_natm2_group_main_928x1360', '3', '1', '27', '1');
INSERT INTO `homes_catalog` VALUES ('1223', 'uk_country_village_group', '4', 'uk_country_village_group', '3', '1', '36', '1');
INSERT INTO `homes_catalog` VALUES ('1224', 'beta_group_bg2', '4', 'beta_group_bg2', '3', '1', '36', '1');
INSERT INTO `homes_catalog` VALUES ('1225', 'uk_charliechic_group_928x1360', '4', 'uk_charliechic_group_928x1360', '3', '1', '27', '1');
INSERT INTO `homes_catalog` VALUES ('1226', 'bg_ltribe_jungle', '4', 'bg_ltribe_jungle', '3', '1', '36', '1');
INSERT INTO `homes_catalog` VALUES ('1227', 'uk_iceage3_group_928x1360', '4', 'uk_iceage3_group_928x1360', '3', '1', '27', '1');
INSERT INTO `homes_catalog` VALUES ('1228', 'uk_supersuper_group_med', '4', 'uk_supersuper_group_med', '3', '1', '27', '1');
INSERT INTO `homes_catalog` VALUES ('1229', 'uk_supersuper_group_large', '4', 'uk_supersuper_group_large', '3', '1', '27', '1');
INSERT INTO `homes_catalog` VALUES ('1230', 'ia3_uk_english_platform_habbo_928x1360_static', '4', 'ia3_uk_english_platform_habbo_928x1360_static', '3', '1', '27', '1');
INSERT INTO `homes_catalog` VALUES ('1231', 'openbeta_bg', '4', 'openbeta_bg', '3', '1', '36', '1');
INSERT INTO `homes_catalog` VALUES ('1232', 'bg_generic_stars_2', '4', 'bg_generic_stars_2', '3', '1', '33', '1');
INSERT INTO `homes_catalog` VALUES ('1233', 'groupbg_scifi2', '4', 'groupbg_scifi2', '3', '1', '36', '1');
INSERT INTO `homes_catalog` VALUES ('1234', 'group_nspcc2_928x136', '4', 'group_nspcc2_928x136', '3', '1', '27', '1');
INSERT INTO `homes_catalog` VALUES ('1235', 'bg_dating_parklife', '4', 'bg_dating_parklife', '3', '1', '36', '1');
INSERT INTO `homes_catalog` VALUES ('1236', 'bg_hotcool_summer', '4', 'bg_hotcool_summer', '3', '1', '5', '1');
INSERT INTO `homes_catalog` VALUES ('1237', 'calvinharris_group_928x1360', '4', 'calvinharris_group_928x1360', '3', '1', '27', '1');
INSERT INTO `homes_catalog` VALUES ('1238', 'uk_september_group_02_928x1360', '4', 'uk_september_group_02_928x1360', '3', '1', '27', '1');
INSERT INTO `homes_catalog` VALUES ('1239', 'uk1_mall_cop_group_928x1360', '4', 'uk1_mall_cop_group_928x1360', '3', '1', '27', '1');
INSERT INTO `homes_catalog` VALUES ('1240', 'uk_muzutv_group_928x1360', '4', 'uk_muzutv_group_928x1360', '3', '1', '27', '1');
INSERT INTO `homes_catalog` VALUES ('1241', 'uk_paramore_group_928x1360', '4', 'uk_paramore_group_928x1360', '3', '1', '27', '1');
INSERT INTO `homes_catalog` VALUES ('1242', 'groupbg_hpv', '4', 'groupbg_hpv', '3', '1', '27', '1');
INSERT INTO `homes_catalog` VALUES ('1243', 'uk_julianperretta_group', '4', 'uk_julianperretta_group', '3', '1', '27', '1');
INSERT INTO `homes_catalog` VALUES ('1244', 'uk_bootyluv_group', '4', 'uk_bootyluv_group', '3', '1', '27', '1');
INSERT INTO `homes_catalog` VALUES ('1246', 'bg_relax', '4', 'bg_relax', '3', '1', '36', '1');
INSERT INTO `homes_catalog` VALUES ('1247', 'uk_cloudy_group_01_1', '4', 'uk_cloudy_group_01_1', '3', '1', '27', '1');
INSERT INTO `homes_catalog` VALUES ('1248', 'uk_skulduggery_group', '4', 'uk_skulduggery_group', '3', '1', '27', '1');
INSERT INTO `homes_catalog` VALUES ('1249', 'kitchensurvivor_bg_v2', '4', 'kitchensurvivor_bg_v2', '3', '1', '36', '1');
INSERT INTO `homes_catalog` VALUES ('1250', 'uk_basshunter_group_928x1360', '4', 'uk_basshunter_group_928x1360', '3', '1', '27', '1');
INSERT INTO `homes_catalog` VALUES ('1251', 'uk_theveronicas_group_928x1360', '4', 'uk_theveronicas_group_928x1360', '3', '1', '27', '1');
INSERT INTO `homes_catalog` VALUES ('1293', 'Stickie notes', '3', 'stickienote', '10', '5', '4', '1');
INSERT INTO `homes_catalog` VALUES ('1253', 'bg_ema09', '4', 'bg_ema09', '3', '1', '27', '1');
INSERT INTO `homes_catalog` VALUES ('1255', 'bg_hween09_newsofhabbo2', '4', 'bg_hween09_newsofhabbo2', '3', '1', '27', '1');
INSERT INTO `homes_catalog` VALUES ('1257', 'bg_howufeelin_happyface', '4', 'bg_howufeelin_happyface', '3', '1', '27', '1');
INSERT INTO `homes_catalog` VALUES ('1258', 'bg_nspcc_parkscene', '4', 'bg_nspcc_parkscene', '3', '1', '27', '1');
INSERT INTO `homes_catalog` VALUES ('1259', 'bg_twilight_week2_002', '4', 'bg_twilight_week2_002', '3', '1', '27', '1');
INSERT INTO `homes_catalog` VALUES ('1260', 'bg_iceage_03', '4', 'bg_iceage_03', '3', '1', '27', '1');
INSERT INTO `homes_catalog` VALUES ('1262', 'bg_twilight_week4_002', '4', 'bg_twilight_week4_002', '3', '1', '27', '1');
INSERT INTO `homes_catalog` VALUES ('1263', 'bg_xmas09_wall', '4', 'bg_xmas09_wall', '3', '1', '26', '1');
INSERT INTO `homes_catalog` VALUES ('1264', 'xmas2009_bg_snowing', '4', 'xmas2009_bg_snowing', '3', '1', '26', '1');
INSERT INTO `homes_catalog` VALUES ('1265', 'xmas2009_bg_xmasfun2', '4', 'xmas2009_bg_xmasfun2', '3', '1', '26', '1');
INSERT INTO `homes_catalog` VALUES ('1266', 'xmas2009_bg_xmasfun', '4', 'xmas2009_bg_xmasfun', '3', '1', '26', '1');
INSERT INTO `homes_catalog` VALUES ('1267', 'bg_alvinandchipmunks', '4', 'bg_alvinandchipmunks', '3', '1', '27', '1');
INSERT INTO `homes_catalog` VALUES ('1268', 'bg_st2', '4', 'bg_st2', '3', '1', '27', '1');
INSERT INTO `homes_catalog` VALUES ('1269', 'bg_0800_final', '4', 'bg_0800_final', '3', '1', '27', '1');
INSERT INTO `homes_catalog` VALUES ('1270', 'bg_pj', '4', 'bg_pj', '3', '1', '27', '1');
INSERT INTO `homes_catalog` VALUES ('1271', 'hw_hotelhappenings_bg_v1', '4', 'hw_hotelhappenings_bg_v1', '3', '1', '36', '1');
INSERT INTO `homes_catalog` VALUES ('1272', 'bg_fire', '4', 'bg_fire', '3', '1', '36', '1');
INSERT INTO `homes_catalog` VALUES ('1273', 'bg_pj_001', '4', 'bg_pj_001', '3', '1', '27', '1');
INSERT INTO `homes_catalog` VALUES ('1274', 'bg_safety_appart732', '4', 'bg_safety_appart732', '3', '1', '36', '1');
INSERT INTO `homes_catalog` VALUES ('1276', 'gp_yir', '4', 'gp_yir', '3', '1', '27', '1');
INSERT INTO `homes_catalog` VALUES ('1277', 'bg_aita', '4', 'bg_aita', '3', '1', '27', '1');
INSERT INTO `homes_catalog` VALUES ('1278', 'bg__offifansite', '4', 'bg__offifansite', '3', '1', '36', '1');
INSERT INTO `homes_catalog` VALUES ('1279', 'heartbreak_hotel', '4', 'heartbreak_hotel', '3', '1', '36', '1');
INSERT INTO `homes_catalog` VALUES ('1280', 'gp_mandf', '4', 'gp_mandf', '3', '1', '27', '1');
INSERT INTO `homes_catalog` VALUES ('1281', 'bg_winterolympics_2010', '4', 'bg_winterolympics_2010', '3', '1', '36', '1');
INSERT INTO `homes_catalog` VALUES ('1282', 'bg_tlc_blank', '4', 'bg_tlc_blank', '3', '1', '27', '1');
INSERT INTO `homes_catalog` VALUES ('1283', 'gp_int_sec', '4', 'gp_int_sec', '3', '1', '27', '1');
INSERT INTO `homes_catalog` VALUES ('1284', 'mb_groupbg_3_stickys', '4', 'mb_groupbg_3_stickys', '3', '1', '36', '1');
INSERT INTO `homes_catalog` VALUES ('1285', 'bg_httyd_tease', '4', 'bg_httyd_tease', '3', '1', '27', '1');
INSERT INTO `homes_catalog` VALUES ('1286', 'hw_uk_habwrecked10_teaser', '4', 'hw_uk_habwrecked10_teaser', '3', '1', '36', '1');
INSERT INTO `homes_catalog` VALUES ('1287', 'bg_httyd_tease_02', '4', 'bg_httyd_tease_02', '3', '1', '27', '1');
INSERT INTO `homes_catalog` VALUES ('1288', 'hw_uk_habwrecked10_launch', '4', 'hw_uk_habwrecked10_launch', '3', '1', '36', '1');
INSERT INTO `homes_catalog` VALUES ('1289', 'bg_httyd_main_02', '4', 'bg_httyd_main_02', '3', '1', '27', '1');
INSERT INTO `homes_catalog` VALUES ('1290', 'bg_alvin_dvd', '4', 'bg_alvin_dvd', '3', '1', '27', '1');

-- ----------------------------
-- Table structure for `homes_categories`
-- ----------------------------
CREATE TABLE `homes_categories` (
  `id` int(10) unsigned NOT NULL AUTO_INCREMENT,
  `parent_id` int(10) unsigned NOT NULL DEFAULT '0',
  `type` varchar(120) NOT NULL DEFAULT 'stickers',
  `caption` varchar(120) NOT NULL DEFAULT 'undefined',
  `fuse_requirement` varchar(120) NOT NULL DEFAULT '',
  `order_num` int(11) NOT NULL DEFAULT '1',
  `enabled` enum('0','1') NOT NULL DEFAULT '1',
  PRIMARY KEY (`id`)
) ENGINE=MyISAM AUTO_INCREMENT=39 DEFAULT CHARSET=latin1;

-- ----------------------------
-- Records of homes_categories
-- ----------------------------
INSERT INTO `homes_categories` VALUES ('1', '0', 'stickers', 'Stickers', '', '1', '1');
INSERT INTO `homes_categories` VALUES ('2', '0', 'backgrounds', 'Backgrounds', '', '2', '1');
INSERT INTO `homes_categories` VALUES ('3', '0', 'stickie_notes', 'Notes', '', '3', '1');
INSERT INTO `homes_categories` VALUES ('4', '3', 'stickie_notes', 'Stickie Notes', '', '1', '1');
INSERT INTO `homes_categories` VALUES ('5', '2', 'backgrounds', 'General', '', '9001', '1');
INSERT INTO `homes_categories` VALUES ('26', '2', 'backgrounds', 'Holidays', '', '9004', '1');
INSERT INTO `homes_categories` VALUES ('7', '1', 'stickers', 'Letters', '', '11', '1');
INSERT INTO `homes_categories` VALUES ('22', '1', 'stickers', 'Borders', '', '12', '1');
INSERT INTO `homes_categories` VALUES ('25', '1', 'stickers', 'Effects', '', '13', '1');
INSERT INTO `homes_categories` VALUES ('23', '1', 'stickers', 'Music', '', '9', '1');
INSERT INTO `homes_categories` VALUES ('24', '1', 'stickers', 'Characters', '', '8', '1');
INSERT INTO `homes_categories` VALUES ('27', '2', 'backgrounds', 'Campaigns', '', '9005', '1');
INSERT INTO `homes_categories` VALUES ('28', '1', 'stickers', 'Campaigns', '', '7', '1');
INSERT INTO `homes_categories` VALUES ('29', '1', 'stickers', 'Holidays', '', '6', '1');
INSERT INTO `homes_categories` VALUES ('30', '1', 'stickers', 'Habbo', '', '5', '1');
INSERT INTO `homes_categories` VALUES ('31', '1', 'stickers', 'Countries', '', '4', '1');
INSERT INTO `homes_categories` VALUES ('32', '1', 'stickers', 'Other', '', '14', '1');
INSERT INTO `homes_categories` VALUES ('33', '2', 'backgrounds', 'Patterns', '', '9003', '1');
INSERT INTO `homes_categories` VALUES ('34', '1', 'stickers', 'Environment', '', '3', '1');
INSERT INTO `homes_categories` VALUES ('35', '1', 'stickers', 'Costumes', '', '2', '1');
INSERT INTO `homes_categories` VALUES ('36', '2', 'backgrounds', 'Habbo', '', '9002', '1');
INSERT INTO `homes_categories` VALUES ('37', '1', 'stickers', 'Arrows & Pointers', '', '1', '1');
INSERT INTO `homes_categories` VALUES ('38', '1', 'stickers', 'Uber', '', '0', '1');

-- ----------------------------
-- Table structure for `homes_inventory`
-- ----------------------------
CREATE TABLE `homes_inventory` (
  `id` int(10) unsigned NOT NULL AUTO_INCREMENT,
  `user_id` int(10) unsigned NOT NULL DEFAULT '0',
  `type` varchar(32) NOT NULL,
  `data` varchar(250) NOT NULL,
  `amount` int(10) unsigned NOT NULL DEFAULT '0',
  PRIMARY KEY (`id`),
  KEY `user_id` (`user_id`)
) ENGINE=MyISAM DEFAULT CHARSET=latin1;

-- ----------------------------
-- Records of homes_inventory
-- ----------------------------

-- ----------------------------
-- Table structure for `homes_items`
-- ----------------------------
CREATE TABLE `homes_items` (
  `id` int(10) unsigned NOT NULL AUTO_INCREMENT,
  `home_id` int(10) unsigned NOT NULL,
  `type` enum('sticker','widget','stickie') NOT NULL DEFAULT 'sticker',
  `x` int(11) NOT NULL DEFAULT '0',
  `y` int(11) NOT NULL DEFAULT '0',
  `z` int(11) NOT NULL DEFAULT '0',
  `data` text NOT NULL,
  `skin` text NOT NULL,
  `owner_id` int(10) unsigned NOT NULL DEFAULT '0',
  PRIMARY KEY (`id`)
) ENGINE=MyISAM AUTO_INCREMENT=8 DEFAULT CHARSET=latin1;

-- ----------------------------
-- Records of homes_items
-- ----------------------------
INSERT INTO `homes_items` VALUES ('1', '1', 'widget', '463', '39', '1', 'ProfileWidget', 'w_skin_defaultskin', '0');
INSERT INTO `homes_items` VALUES ('2', '1', 'stickie', '42', '48', '2', 'Hi, and welcome to your Uber Home page. To get started click on edit. Here you will find your Inventory and the Webstore. The Inventory lists all the items that you can place on your page including stickers, backgrounds and widgets. The Webstore is where you can buy new items. Check it regularly for cool new items.', 'n_skin_noteitskin', '0');
INSERT INTO `homes_items` VALUES ('3', '1', 'stickie', '120', '311', '3', 'Don\'t just leave your page blank, decorate it now!', 'n_skin_speechbubbleskin', '0');
INSERT INTO `homes_items` VALUES ('4', '1', 'sticker', '593', '11', '4', 's_sticker_arrow_down', '', '0');
INSERT INTO `homes_items` VALUES ('5', '1', 'sticker', '252', '12', '5', 's_paper_clip_1', '', '0');
INSERT INTO `homes_items` VALUES ('6', '1', 'sticker', '341', '353', '6', 's_sticker_spaceduck', '', '0');
INSERT INTO `homes_items` VALUES ('7', '1', 'sticker', '27', '32', '7', 's_needle_3', '', '0');

-- ----------------------------
-- Table structure for `ipn_requests`
-- ----------------------------
CREATE TABLE `ipn_requests` (
  `id` int(11) NOT NULL AUTO_INCREMENT,
  `date` text NOT NULL,
  `ip` text NOT NULL,
  `status` enum('0','1','2','3','4','5','6') NOT NULL DEFAULT '0' COMMENT '0 = Error, 1 = OK, 2 = Forced, 3 = Auth failure, 4 = UID not found, 5 = Forced, 6 = Data failure',
  `request_data` text NOT NULL,
  `user_id` int(10) unsigned NOT NULL DEFAULT '0',
  `balance_diff` int(11) NOT NULL DEFAULT '0',
  PRIMARY KEY (`id`)
) ENGINE=MyISAM DEFAULT CHARSET=latin1;

-- ----------------------------
-- Records of ipn_requests
-- ----------------------------

-- ----------------------------
-- Table structure for `item_id_generator`
-- ----------------------------
CREATE TABLE `item_id_generator` (
  `id_generator` int(10) unsigned NOT NULL,
  KEY `id_generator` (`id_generator`)
) ENGINE=MyISAM DEFAULT CHARSET=latin1;

-- ----------------------------
-- Records of item_id_generator
-- ----------------------------
INSERT INTO `item_id_generator` VALUES ('20');

-- ----------------------------
-- Table structure for `messenger_friendships`
-- ----------------------------
CREATE TABLE `messenger_friendships` (
  `user_one_id` int(10) unsigned NOT NULL,
  `user_two_id` int(10) unsigned NOT NULL,
  KEY `user_one_id` (`user_one_id`)
) ENGINE=MyISAM DEFAULT CHARSET=latin1;

-- ----------------------------
-- Records of messenger_friendships
-- ----------------------------

-- ----------------------------
-- Table structure for `messenger_requests`
-- ----------------------------
CREATE TABLE `messenger_requests` (
  `from_id` int(10) unsigned NOT NULL,
  `to_id` int(10) unsigned NOT NULL,
  `id` int(11) unsigned NOT NULL AUTO_INCREMENT,
  PRIMARY KEY (`id`)
) ENGINE=MyISAM AUTO_INCREMENT=6 DEFAULT CHARSET=latin1;

-- ----------------------------
-- Records of messenger_requests
-- ----------------------------

-- ----------------------------
-- Table structure for `moderation_forum_replies`
-- ----------------------------
CREATE TABLE `moderation_forum_replies` (
  `id` int(10) unsigned NOT NULL AUTO_INCREMENT,
  `thread_id` int(10) unsigned NOT NULL,
  `poster` varchar(120) NOT NULL,
  `date` varchar(50) NOT NULL,
  `message` text NOT NULL,
  PRIMARY KEY (`id`)
) ENGINE=MyISAM DEFAULT CHARSET=latin1;

-- ----------------------------
-- Records of moderation_forum_replies
-- ----------------------------

-- ----------------------------
-- Table structure for `moderation_forum_threads`
-- ----------------------------
CREATE TABLE `moderation_forum_threads` (
  `id` int(10) unsigned NOT NULL AUTO_INCREMENT,
  `poster` varchar(100) NOT NULL,
  `subject` varchar(120) NOT NULL,
  `date` varchar(50) NOT NULL,
  `timestamp` double NOT NULL,
  `message` text NOT NULL,
  `locked` enum('0','1') NOT NULL DEFAULT '0',
  PRIMARY KEY (`id`)
) ENGINE=MyISAM DEFAULT CHARSET=latin1;

-- ----------------------------
-- Records of moderation_forum_threads
-- ----------------------------

-- ----------------------------
-- Table structure for `moderation_presets`
-- ----------------------------
CREATE TABLE `moderation_presets` (
  `id` int(10) unsigned NOT NULL AUTO_INCREMENT,
  `enabled` enum('0','1') NOT NULL DEFAULT '1',
  `type` enum('message','roommessage') NOT NULL DEFAULT 'message',
  `message` text NOT NULL,
  PRIMARY KEY (`id`)
) ENGINE=MyISAM AUTO_INCREMENT=17 DEFAULT CHARSET=latin1;

-- ----------------------------
-- Records of moderation_presets
-- ----------------------------
INSERT INTO `moderation_presets` VALUES ('2', '1', 'message', 'Your language and/or behavior is unacceptable. Please behave appropriately or expect further action.');
INSERT INTO `moderation_presets` VALUES ('3', '1', 'roommessage', 'This room is unacceptable to the hotel management.');
INSERT INTO `moderation_presets` VALUES ('14', '1', 'message', 'Speaking a foreign language is against hotel policy, if you cotinue you will be banned.');
INSERT INTO `moderation_presets` VALUES ('15', '1', 'message', 'Please report this on our UserVoice - http://uber.uservoice.com/forums/45577-general');
INSERT INTO `moderation_presets` VALUES ('16', '1', 'roommessage', 'Speaking a foreign language is against hotel policy, if you cotinue you will be banned.');

-- ----------------------------
-- Table structure for `moderation_tickets`
-- ----------------------------
CREATE TABLE `moderation_tickets` (
  `id` int(10) unsigned NOT NULL AUTO_INCREMENT,
  `score` int(11) NOT NULL,
  `type` int(11) NOT NULL,
  `status` enum('open','picked','resolved','abusive','invalid','deleted') NOT NULL DEFAULT 'open',
  `sender_id` int(10) unsigned NOT NULL,
  `reported_id` int(10) unsigned NOT NULL,
  `moderator_id` int(10) unsigned NOT NULL,
  `message` text NOT NULL,
  `room_id` int(10) unsigned NOT NULL,
  `room_name` varchar(100) NOT NULL,
  `timestamp` double NOT NULL,
  PRIMARY KEY (`id`)
) ENGINE=MyISAM DEFAULT CHARSET=latin1;

-- ----------------------------
-- Records of moderation_tickets
-- ----------------------------

-- ----------------------------
-- Table structure for `navigator_flatcats`
-- ----------------------------
CREATE TABLE `navigator_flatcats` (
  `id` int(11) NOT NULL AUTO_INCREMENT,
  `caption` varchar(100) NOT NULL,
  `enabled` enum('0','1') NOT NULL DEFAULT '1',
  `min_rank` int(11) NOT NULL DEFAULT '1',
  PRIMARY KEY (`id`)
) ENGINE=MyISAM AUTO_INCREMENT=16 DEFAULT CHARSET=latin1;

-- ----------------------------
-- Records of navigator_flatcats
-- ----------------------------
INSERT INTO `navigator_flatcats` VALUES ('15', 'No Category', '1', '1');
INSERT INTO `navigator_flatcats` VALUES ('1', 'Uber Staff Rooms µ', '1', '4');
INSERT INTO `navigator_flatcats` VALUES ('2', 'Competition Category', '0', '1');
INSERT INTO `navigator_flatcats` VALUES ('3', 'unused competition category', '0', '1');
INSERT INTO `navigator_flatcats` VALUES ('4', 'Themed & RPG Rooms', '1', '1');
INSERT INTO `navigator_flatcats` VALUES ('5', 'Restaurant, Bar & Night Club Rooms', '1', '1');
INSERT INTO `navigator_flatcats` VALUES ('6', 'Club & Group Rooms', '1', '1');
INSERT INTO `navigator_flatcats` VALUES ('7', 'Chat, Chill & Discussion Rooms', '1', '1');
INSERT INTO `navigator_flatcats` VALUES ('8', 'Maze & Theme Park Rooms', '1', '1');
INSERT INTO `navigator_flatcats` VALUES ('9', 'Trading & Shopping Rooms', '1', '1');
INSERT INTO `navigator_flatcats` VALUES ('10', 'Gaming & Race Rooms', '1', '1');
INSERT INTO `navigator_flatcats` VALUES ('11', 'Hair Salons & Modelling Rooms', '1', '1');
INSERT INTO `navigator_flatcats` VALUES ('12', 'Help Centre, Guide & Service Rooms', '1', '1');
INSERT INTO `navigator_flatcats` VALUES ('13', 'School, Daycare & Adoption Rooms', '1', '1');
INSERT INTO `navigator_flatcats` VALUES ('14', 'All Other Rooms', '1', '1');

-- ----------------------------
-- Table structure for `navigator_pubcats`
-- ----------------------------
CREATE TABLE `navigator_pubcats` (
  `id` int(11) NOT NULL AUTO_INCREMENT,
  `caption` varchar(100) NOT NULL,
  `enabled` enum('0','1') NOT NULL DEFAULT '1',
  PRIMARY KEY (`id`)
) ENGINE=MyISAM AUTO_INCREMENT=6 DEFAULT CHARSET=latin1;

-- ----------------------------
-- Records of navigator_pubcats
-- ----------------------------
INSERT INTO `navigator_pubcats` VALUES ('1', 'Cafes and Restaurants', '1');
INSERT INTO `navigator_pubcats` VALUES ('2', 'Lounges and Entertainment', '1');
INSERT INTO `navigator_pubcats` VALUES ('3', 'Pubs and Clubs', '1');
INSERT INTO `navigator_pubcats` VALUES ('4', 'Outside Spaces & Swimming Pools', '1');

-- ----------------------------
-- Table structure for `navigator_publics`
-- ----------------------------
CREATE TABLE `navigator_publics` (
  `id` int(11) NOT NULL AUTO_INCREMENT,
  `ordernum` int(11) NOT NULL DEFAULT '1',
  `bannertype` enum('0','1') NOT NULL COMMENT '0 = big, 1 = normal',
  `caption` varchar(100) NOT NULL,
  `image` text NOT NULL,
  `image_type` enum('internal','external') NOT NULL DEFAULT 'internal',
  `room_id` int(10) unsigned NOT NULL,
  `category_id` int(11) NOT NULL DEFAULT '0',
  `category_parent_id` int(11) NOT NULL DEFAULT '-1',
  `enabled` int(11) NOT NULL,
  PRIMARY KEY (`id`)
) ENGINE=MyISAM AUTO_INCREMENT=9 DEFAULT CHARSET=latin1;

-- ----------------------------
-- Records of navigator_publics
-- ----------------------------
INSERT INTO `navigator_publics` VALUES ('1', '1', '1', 'Hotel Reception', 'welcome_lounge', 'internal', '1', '0', '2', '1');
INSERT INTO `navigator_publics` VALUES ('2', '3', '1', 'Theatredrome', 'theatredrome_xmas', 'internal', '2', '0', '2', '1');
INSERT INTO `navigator_publics` VALUES ('3', '8', '1', 'The Orient', '', 'internal', '3', '0', '3', '1');
INSERT INTO `navigator_publics` VALUES ('4', '6', '1', 'Picnic Area', 'picnic', 'internal', '4', '0', '4', '1');
INSERT INTO `navigator_publics` VALUES ('5', '5', '1', 'Tea Room', 'tearoom', 'internal', '5', '0', '1', '1');
INSERT INTO `navigator_publics` VALUES ('6', '7', '1', 'Dusty Lounge', 'dusty_lounge', 'internal', '6', '0', '2', '1');
INSERT INTO `navigator_publics` VALUES ('7', '4', '1', 'Uber Cinema', 'habbo_cinema', 'internal', '7', '0', '-1', '1');
INSERT INTO `navigator_publics` VALUES ('8', '2', '1', 'InfoBus', 'officialrooms_hq/hpv_infobus_nav_preview.png', 'external', '8', '0', '-1', '1');

-- ----------------------------
-- Table structure for `notes`
-- ----------------------------
CREATE TABLE `notes` (
  `id` int(11) NOT NULL AUTO_INCREMENT,
  `content` varchar(500) NOT NULL,
  `date` varchar(100) NOT NULL,
  PRIMARY KEY (`id`)
) ENGINE=MyISAM DEFAULT CHARSET=latin1;

-- ----------------------------
-- Records of notes
-- ----------------------------

-- ----------------------------
-- Table structure for `ranks`
-- ----------------------------
CREATE TABLE `ranks` (
  `id` int(11) unsigned NOT NULL AUTO_INCREMENT,
  `name` varchar(50) NOT NULL,
  `prefix` text NOT NULL,
  `suffix` text NOT NULL,
  PRIMARY KEY (`id`)
) ENGINE=MyISAM AUTO_INCREMENT=8 DEFAULT CHARSET=latin1;

-- ----------------------------
-- Records of ranks
-- ----------------------------
INSERT INTO `ranks` VALUES ('1', 'User', '', '');
INSERT INTO `ranks` VALUES ('2', 'VIP', '<b>', '</b>');
INSERT INTO `ranks` VALUES ('3', 'Trial Moderator', '<span style=\"color: #04B404;\">', '</span>');
INSERT INTO `ranks` VALUES ('4', 'Moderator', '<b style=\"color: #04B404;\">', '</b>');
INSERT INTO `ranks` VALUES ('5', 'Senior Moderator', '<b style=\"color: #04B404;\">', '</b>');
INSERT INTO `ranks` VALUES ('6', 'Administrator', '<b style=\"color: darkred;\">', '</b>');
INSERT INTO `ranks` VALUES ('7', 'Senior Administrator', '<b style=\"color: darkred;\">', '</b>');

-- ----------------------------
-- Table structure for `rooms`
-- ----------------------------
CREATE TABLE `rooms` (
  `id` int(10) unsigned NOT NULL AUTO_INCREMENT,
  `roomtype` enum('public','private') NOT NULL DEFAULT 'private',
  `caption` varchar(100) NOT NULL DEFAULT 'Room',
  `owner` varchar(75) NOT NULL DEFAULT '',
  `description` text NOT NULL,
  `category` int(11) NOT NULL DEFAULT '0',
  `state` enum('open','locked','password') NOT NULL DEFAULT 'open',
  `users_now` int(11) NOT NULL DEFAULT '0',
  `users_max` int(11) NOT NULL DEFAULT '25',
  `model_name` varchar(50) NOT NULL,
  `public_ccts` text NOT NULL,
  `score` int(11) NOT NULL DEFAULT '0',
  `tags` text NOT NULL,
  `icon_bg` int(11) NOT NULL DEFAULT '1',
  `icon_fg` int(11) NOT NULL DEFAULT '0',
  `icon_items` text NOT NULL,
  `password` text NOT NULL,
  `wallpaper` varchar(10) NOT NULL DEFAULT '0.0',
  `floor` varchar(10) NOT NULL DEFAULT '0.0',
  `landscape` varchar(10) NOT NULL DEFAULT '0.0',
  `allow_pets` enum('0','1') NOT NULL DEFAULT '1',
  `allow_pets_eat` enum('0','1') NOT NULL DEFAULT '0',
  `allow_walkthrough` enum('0','1') NOT NULL DEFAULT '0',
  `allow_hidewall` enum('') NOT NULL,
  PRIMARY KEY (`id`)
) ENGINE=MyISAM AUTO_INCREMENT=5528 DEFAULT CHARSET=latin1;

-- ----------------------------
-- Records of rooms
-- ----------------------------
INSERT INTO `rooms` VALUES ('1', 'public', 'Welcome Lounge', '', 'Get a warm iSpaz welcome here!', '0', 'open', '0', '50', 'newbie_lobby', 'hh_room_nlobby', '0', '', '1', '0', '', '', '0.0', '0.0', '0.0', '1', '0', '0', '');
INSERT INTO `rooms` VALUES ('2', 'public', 'Theatredrome', '', 'For mass assemblies and gatherings.', '0', 'open', '0', '50', 'theater', 'hh_room_theater', '0', '', '1', '0', '', '', '0.0', '0.0', '0.0', '1', '0', '0', '');
INSERT INTO `rooms` VALUES ('3', 'public', 'Club Orient', '', 'Come and relax, dance under the lights or chill out with a cup of tea in this oriental styled club.', '0', 'open', '0', '30', 'orient', 'hh_room_orient', '0', '', '1', '0', '', '', '0.0', '0.0', '0.0', '1', '0', '0', '');
INSERT INTO `rooms` VALUES ('4', 'public', 'Picnic Area', '', 'Bring good food and good friends for an awesome time in the sun!', '0', 'open', '0', '50', 'picnic', 'hh_room_picnic', '0', '', '1', '0', '', '', '0.0', '0.0', '0.0', '1', '0', '0', '');
INSERT INTO `rooms` VALUES ('5', 'public', 'Tea Room', '', 'Have a relaxing cup of fruit, herbal or even everyday tea in this Chinese themed tea house.\r\n', '0', 'open', '0', '30', 'tearoom', 'hh_room_tearoom', '0', '', '1', '0', '', '', '0.0', '0.0', '0.0', '1', '0', '0', '');
INSERT INTO `rooms` VALUES ('6', 'public', 'Dusty Lounge', '', 'Origninally where the hotel air conditioning emptied its filters, this dusty, old void is now a beautifully decorated lounge!', '0', 'open', '0', '30', 'dusty_lounge', 'hh_room_dustylounge', '0', '', '1', '0', '', '', '0.0', '0.0', '0.0', '1', '0', '0', '');
INSERT INTO `rooms` VALUES ('8', 'public', 'iSpaz Infobus', '', 'Come and take a ride on the iSpaz infobus!', '0', 'open', '0', '50', 'park_b', 'hh_room_park_hpv,hh_room_park_hpv2', '0', '', '1', '0', '', '', '0.0', '0.0', '0.0', '1', '0', '0', '');
INSERT INTO `rooms` VALUES ('7', 'public', 'Cinema', '', 'Enjoy your time in the prime!', '0', 'open', '0', '50', 'cinema_a', 'hh_room_cinema', '0', '', '1', '0', '', '', '0.0', '0.0', '0.0', '1', '0', '0', '');
INSERT INTO `rooms` VALUES ('5524', 'private', 'joshnoob', 'josh', '', '1', 'open', '0', '25', 'model_a', '', '0', 'weiner,dick', '1', '0', '', '', '0.0', '0.0', '0.0', '1', '0', '0', '');
INSERT INTO `rooms` VALUES ('5523', 'private', 'Josh', 'test', '', '0', 'open', '0', '25', 'model_b', '', '0', '', '1', '0', '', '', '0.0', '0.0', '0.0', '1', '0', '0', '');
INSERT INTO `rooms` VALUES ('5527', 'private', 'jake', 'josh', '', '0', 'open', '1', '25', 'model_a', '', '0', '', '1', '0', '', '', '0.0', '0.0', '0.0', '1', '0', '0', '');
INSERT INTO `rooms` VALUES ('5526', 'private', 'come on', 'josh', '', '0', 'open', '0', '25', 'model_a', '', '0', '', '1', '0', '', '', '0.0', '0.0', '0.0', '1', '0', '0', '');

-- ----------------------------
-- Table structure for `room_ads`
-- ----------------------------
CREATE TABLE `room_ads` (
  `id` int(10) unsigned NOT NULL AUTO_INCREMENT,
  `ad_image` text NOT NULL,
  `ad_image_orig` text NOT NULL,
  `ad_link` text NOT NULL,
  `views` int(11) NOT NULL DEFAULT '0',
  `views_limit` int(11) NOT NULL DEFAULT '0' COMMENT '0 = unlimited',
  `enabled` enum('0','1') NOT NULL DEFAULT '1',
  PRIMARY KEY (`id`)
) ENGINE=MyISAM DEFAULT CHARSET=latin1;

-- ----------------------------
-- Records of room_ads
-- ----------------------------

-- ----------------------------
-- Table structure for `room_items`
-- ----------------------------
CREATE TABLE `room_items` (
  `id` int(10) unsigned NOT NULL,
  `room_id` int(10) unsigned NOT NULL,
  `base_item` int(10) unsigned NOT NULL,
  `extra_data` text NOT NULL,
  `x` int(11) NOT NULL,
  `y` int(11) NOT NULL,
  `z` double NOT NULL,
  `rot` int(11) NOT NULL,
  `wall_pos` varchar(100) NOT NULL,
  KEY `id` (`id`)
) ENGINE=MyISAM DEFAULT CHARSET=latin1;

-- ----------------------------
-- Records of room_items
-- ----------------------------
INSERT INTO `room_items` VALUES ('0', '5520', '437', '', '8', '8', '0', '0', '');
INSERT INTO `room_items` VALUES ('1', '5520', '171', '0', '5', '13', '0', '2', '');
INSERT INTO `room_items` VALUES ('18', '5527', '437', '', '5', '9', '0', '0', '');
INSERT INTO `room_items` VALUES ('15', '5523', '437', '', '2', '5', '0', '0', '');
INSERT INTO `room_items` VALUES ('19', '5527', '437', '', '5', '10', '0', '0', '');

-- ----------------------------
-- Table structure for `room_items_moodlight`
-- ----------------------------
CREATE TABLE `room_items_moodlight` (
  `item_id` int(10) unsigned NOT NULL,
  `enabled` enum('0','1') NOT NULL DEFAULT '0',
  `current_preset` int(11) NOT NULL,
  `preset_one` text NOT NULL,
  `preset_two` text NOT NULL,
  `preset_three` text NOT NULL,
  KEY `item_id` (`item_id`)
) ENGINE=MyISAM DEFAULT CHARSET=latin1;

-- ----------------------------
-- Records of room_items_moodlight
-- ----------------------------

-- ----------------------------
-- Table structure for `room_models`
-- ----------------------------
CREATE TABLE `room_models` (
  `id` varchar(100) NOT NULL,
  `door_x` int(11) NOT NULL,
  `door_y` int(11) NOT NULL,
  `door_z` double NOT NULL,
  `door_dir` int(4) NOT NULL DEFAULT '2',
  `heightmap` text NOT NULL,
  `public_items` text NOT NULL,
  `club_only` enum('0','1') NOT NULL DEFAULT '0',
  PRIMARY KEY (`id`)
) ENGINE=MyISAM DEFAULT CHARSET=latin1;

-- ----------------------------
-- Records of room_models
-- ----------------------------
INSERT INTO `room_models` VALUES ('model_a', '3', '5', '0', '2', 'xxxxxxxxxxxx\r\nxxxx00000000\r\nxxxx00000000\r\nxxxx00000000\r\nxxxx00000000\r\nxxxx00000000\r\nxxxx00000000\r\nxxxx00000000\r\nxxxx00000000\r\nxxxx00000000\r\nxxxx00000000\r\nxxxx00000000\r\nxxxx00000000\r\nxxxx00000000\r\nxxxxxxxxxxxx\r\nxxxxxxxxxxxx', '', '0');
INSERT INTO `room_models` VALUES ('model_b', '0', '5', '0', '2', 'xxxxxxxxxxxx\r\nxxxxx0000000\r\nxxxxx0000000\r\nxxxxx0000000\r\nxxxxx0000000\r\nx00000000000\r\nx00000000000\r\nx00000000000\r\nx00000000000\r\nx00000000000\r\nx00000000000\r\nxxxxxxxxxxxx\r\nxxxxxxxxxxxx\r\nxxxxxxxxxxxx\r\nxxxxxxxxxxxx\r\nxxxxxxxxxxxx', '', '0');
INSERT INTO `room_models` VALUES ('model_c', '4', '7', '0', '2', 'xxxxxxxxxxxx\r\nxxxxxxxxxxxx\r\nxxxxxxxxxxxx\r\nxxxxxxxxxxxx\r\nxxxxxxxxxxxx\r\nxxxxx000000x\r\nxxxxx000000x\r\nxxxxx000000x\r\nxxxxx000000x\r\nxxxxx000000x\r\nxxxxx000000x\r\nxxxxxxxxxxxx\r\nxxxxxxxxxxxx\r\nxxxxxxxxxxxx\r\nxxxxxxxxxxxx\r\nxxxxxxxxxxxx', '', '0');
INSERT INTO `room_models` VALUES ('model_d', '4', '7', '0', '2', 'xxxxxxxxxxxx\r\nxxxxx000000x\r\nxxxxx000000x\r\nxxxxx000000x\r\nxxxxx000000x\r\nxxxxx000000x\r\nxxxxx000000x\r\nxxxxx000000x\r\nxxxxx000000x\r\nxxxxx000000x\r\nxxxxx000000x\r\nxxxxx000000x\r\nxxxxx000000x\r\nxxxxx000000x\r\nxxxxx000000x\r\nxxxxxxxxxxxx', '', '0');
INSERT INTO `room_models` VALUES ('model_e', '1', '5', '0', '2', 'xxxxxxxxxxxx\r\nxxxxxxxxxxxx\r\nxxxxxxxxxxxx\r\nxx0000000000\r\nxx0000000000\r\nxx0000000000\r\nxx0000000000\r\nxx0000000000\r\nxx0000000000\r\nxx0000000000\r\nxx0000000000\r\nxxxxxxxxxxxx\r\nxxxxxxxxxxxx\r\nxxxxxxxxxxxx\r\nxxxxxxxxxxxx\r\nxxxxxxxxxxxx', '', '0');
INSERT INTO `room_models` VALUES ('model_f', '2', '5', '0', '2', 'xxxxxxxxxxxx\r\nxxxxxxx0000x\r\nxxxxxxx0000x\r\nxxx00000000x\r\nxxx00000000x\r\nxxx00000000x\r\nxxx00000000x\r\nx0000000000x\r\nx0000000000x\r\nx0000000000x\r\nx0000000000x\r\nxxxxxxxxxxxx\r\nxxxxxxxxxxxx\r\nxxxxxxxxxxxx\r\nxxxxxxxxxxxx\r\nxxxxxxxxxxxx', '', '0');
INSERT INTO `room_models` VALUES ('model_i', '0', '10', '0', '2', 'xxxxxxxxxxxxxxxxx\r\nx0000000000000000\r\nx0000000000000000\r\nx0000000000000000\r\nx0000000000000000\r\nx0000000000000000\r\nx0000000000000000\r\nx0000000000000000\r\nx0000000000000000\r\nx0000000000000000\r\nx0000000000000000\r\nx0000000000000000\r\nx0000000000000000\r\nx0000000000000000\r\nx0000000000000000\r\nx0000000000000000\r\nx0000000000000000\r\nx0000000000000000\r\nx0000000000000000\r\nx0000000000000000\r\nx0000000000000000\r\nx0000000000000000\r\nx0000000000000000\r\nx0000000000000000\r\nx0000000000000000\r\nx0000000000000000\r\nx0000000000000000\r\nxxxxxxxxxxxxxxxxx', '', '0');
INSERT INTO `room_models` VALUES ('model_j', '0', '10', '0', '2', 'xxxxxxxxxxxxxxxxxxxxx\r\nxxxxxxxxxxx0000000000\r\nxxxxxxxxxxx0000000000\r\nxxxxxxxxxxx0000000000\r\nxxxxxxxxxxx0000000000\r\nxxxxxxxxxxx0000000000\r\nxxxxxxxxxxx0000000000\r\nx00000000000000000000\r\nx00000000000000000000\r\nx00000000000000000000\r\nx00000000000000000000\r\nx00000000000000000000\r\nx00000000000000000000\r\nx00000000000000000000\r\nx00000000000000000000\r\nx00000000000000000000\r\nx00000000000000000000\r\nx0000000000xxxxxxxxxx\r\nx0000000000xxxxxxxxxx\r\nx0000000000xxxxxxxxxx\r\nx0000000000xxxxxxxxxx\r\nx0000000000xxxxxxxxxx\r\nx0000000000xxxxxxxxxx\r\nxxxxxxxxxxxxxxxxxxxxx', '', '0');
INSERT INTO `room_models` VALUES ('model_k', '0', '13', '0', '2', 'xxxxxxxxxxxxxxxxxxxxxxxxx\r\nxxxxxxxxxxxxxxxxx00000000\r\nxxxxxxxxxxxxxxxxx00000000\r\nxxxxxxxxxxxxxxxxx00000000\r\nxxxxxxxxxxxxxxxxx00000000\r\nxxxxxxxxx0000000000000000\r\nxxxxxxxxx0000000000000000\r\nxxxxxxxxx0000000000000000\r\nxxxxxxxxx0000000000000000\r\nx000000000000000000000000\r\nx000000000000000000000000\r\nx000000000000000000000000\r\nx000000000000000000000000\r\nx000000000000000000000000\r\nx000000000000000000000000\r\nx000000000000000000000000\r\nx000000000000000000000000\r\nxxxxxxxxx0000000000000000\r\nxxxxxxxxx0000000000000000\r\nxxxxxxxxx0000000000000000\r\nxxxxxxxxx0000000000000000\r\nxxxxxxxxx0000000000000000\r\nxxxxxxxxx0000000000000000\r\nxxxxxxxxx0000000000000000\r\nxxxxxxxxx0000000000000000\r\nxxxxxxxxx0000000000000000\r\nxxxxxxxxx0000000000000000\r\nxxxxxxxxxxxxxxxxxxxxxxxxx', '', '0');
INSERT INTO `room_models` VALUES ('model_l', '0', '16', '0', '2', 'xxxxxxxxxxxxxxxxxxxxx\r\nx00000000000000000000\r\nx00000000000000000000\r\nx00000000000000000000\r\nx00000000000000000000\r\nx00000000000000000000\r\nx00000000000000000000\r\nx00000000000000000000\r\nx00000000000000000000\r\nx00000000xxxx00000000\r\nx00000000xxxx00000000\r\nx00000000xxxx00000000\r\nx00000000xxxx00000000\r\nx00000000xxxx00000000\r\nx00000000xxxx00000000\r\nx00000000xxxx00000000\r\nx00000000xxxx00000000\r\nx00000000xxxx00000000\r\nx00000000xxxx00000000\r\nx00000000xxxx00000000\r\nx00000000xxxx00000000\r\nxxxxxxxxxxxxxxxxxxxxx', '', '0');
INSERT INTO `room_models` VALUES ('model_m', '0', '15', '0', '2', 'xxxxxxxxxxxxxxxxxxxxxxxxxxxxx\r\nxxxxxxxxxxx00000000xxxxxxxxxx\r\nxxxxxxxxxxx00000000xxxxxxxxxx\r\nxxxxxxxxxxx00000000xxxxxxxxxx\r\nxxxxxxxxxxx00000000xxxxxxxxxx\r\nxxxxxxxxxxx00000000xxxxxxxxxx\r\nxxxxxxxxxxx00000000xxxxxxxxxx\r\nxxxxxxxxxxx00000000xxxxxxxxxx\r\nxxxxxxxxxxx00000000xxxxxxxxxx\r\nxxxxxxxxxxx00000000xxxxxxxxxx\r\nxxxxxxxxxxx00000000xxxxxxxxxx\r\nx0000000000000000000000000000\r\nx0000000000000000000000000000\r\nx0000000000000000000000000000\r\nx0000000000000000000000000000\r\nx0000000000000000000000000000\r\nx0000000000000000000000000000\r\nx0000000000000000000000000000\r\nx0000000000000000000000000000\r\nxxxxxxxxxxx00000000xxxxxxxxxx\r\nxxxxxxxxxxx00000000xxxxxxxxxx\r\nxxxxxxxxxxx00000000xxxxxxxxxx\r\nxxxxxxxxxxx00000000xxxxxxxxxx\r\nxxxxxxxxxxx00000000xxxxxxxxxx\r\nxxxxxxxxxxx00000000xxxxxxxxxx\r\nxxxxxxxxxxx00000000xxxxxxxxxx\r\nxxxxxxxxxxx00000000xxxxxxxxxx\r\nxxxxxxxxxxx00000000xxxxxxxxxx\r\nxxxxxxxxxxx00000000xxxxxxxxxx\r\nxxxxxxxxxxxxxxxxxxxxxxxxxxxxx', '', '0');
INSERT INTO `room_models` VALUES ('model_n', '0', '16', '0', '2', 'xxxxxxxxxxxxxxxxxxxxx\r\nx00000000000000000000\r\nx00000000000000000000\r\nx00000000000000000000\r\nx00000000000000000000\r\nx00000000000000000000\r\nx00000000000000000000\r\nx000000xxxxxxxx000000\r\nx000000x000000x000000\r\nx000000x000000x000000\r\nx000000x000000x000000\r\nx000000x000000x000000\r\nx000000x000000x000000\r\nx000000x000000x000000\r\nx000000xxxxxxxx000000\r\nx00000000000000000000\r\nx00000000000000000000\r\nx00000000000000000000\r\nx00000000000000000000\r\nx00000000000000000000\r\nx00000000000000000000\r\nxxxxxxxxxxxxxxxxxxxxx', '', '0');
INSERT INTO `room_models` VALUES ('model_g', '1', '7', '1', '2', 'xxxxxxxxxxxx\r\nxxxxxxxxxxxx\r\nxxxxxxx00000\r\nxxxxxxx00000\r\nxxxxxxx00000\r\nxx1111000000\r\nxx1111000000\r\nxx1111000000\r\nxx1111000000\r\nxx1111000000\r\nxxxxxxx00000\r\nxxxxxxx00000\r\nxxxxxxx00000\r\nxxxxxxxxxxxx\r\nxxxxxxxxxxxx\r\nxxxxxxxxxxxx\r\nxxxxxxxxxxxx', '', '1');
INSERT INTO `room_models` VALUES ('model_q', '10', '4', '2', '2', 'xxxxxxxxxxxxxxxxxxx\r\nxxxxxxxxxxx22222222\r\nxxxxxxxxxxx22222222\r\nxxxxxxxxxxx22222222\r\nxxxxxxxxxxx22222222\r\nxxxxxxxxxxx22222222\r\nxxxxxxxxxxx22222222\r\nx222222222222222222\r\nx222222222222222222\r\nx222222222222222222\r\nx222222222222222222\r\nx222222222222222222\r\nx222222222222222222\r\nx2222xxxxxxxxxxxxxx\r\nx2222xxxxxxxxxxxxxx\r\nx2222211111xx000000\r\nx222221111110000000\r\nx222221111110000000\r\nx2222211111xx000000\r\nxx22xxx1111xxxxxxxx\r\nxx11xxx1111xxxxxxxx\r\nx1111xx1111xx000000\r\nx1111xx111110000000\r\nx1111xx111110000000\r\nx1111xx1111xx000000\r\nxxxxxxxxxxxxxxxxxxx', '', '1');
INSERT INTO `room_models` VALUES ('model_o', '0', '18', '1', '2', 'xxxxxxxxxxxxxxxxxxxxxxxxx\r\nxxxxxxxxxxxxx11111111xxxx\r\nxxxxxxxxxxxxx11111111xxxx\r\nxxxxxxxxxxxxx11111111xxxx\r\nxxxxxxxxxxxxx11111111xxxx\r\nxxxxxxxxxxxxx11111111xxxx\r\nxxxxxxxxxxxxx11111111xxxx\r\nxxxxxxxxxxxxx11111111xxxx\r\nxxxxxxxxxxxxx00000000xxxx\r\nxxxxxxxxx0000000000000000\r\nxxxxxxxxx0000000000000000\r\nxxxxxxxxx0000000000000000\r\nxxxxxxxxx0000000000000000\r\nxxxxxxxxx0000000000000000\r\nxxxxxxxxx0000000000000000\r\nx111111100000000000000000\r\nx111111100000000000000000\r\nx111111100000000000000000\r\nx111111100000000000000000\r\nx111111100000000000000000\r\nx111111100000000000000000\r\nx111111100000000000000000\r\nx111111100000000000000000\r\nxxxxxxxxx0000000000000000\r\nxxxxxxxxx0000000000000000\r\nxxxxxxxxx0000000000000000\r\nxxxxxxxxx0000000000000000\r\nxxxxxxxxxxxxxxxxxxxxxxxxx', '', '1');
INSERT INTO `room_models` VALUES ('model_r', '10', '4', '3', '2', 'xxxxxxxxxxxxxxxxxxxxxxxxx\r\nxxxxxxxxxxx33333333333333\r\nxxxxxxxxxxx33333333333333\r\nxxxxxxxxxxx33333333333333\r\nxxxxxxxxxx333333333333333\r\nxxxxxxxxxxx33333333333333\r\nxxxxxxxxxxx33333333333333\r\nxxxxxxx333333333333333333\r\nxxxxxxx333333333333333333\r\nxxxxxxx333333333333333333\r\nxxxxxxx333333333333333333\r\nxxxxxxx333333333333333333\r\nxxxxxxx333333333333333333\r\nx4444433333xxxxxxxxxxxxxx\r\nx4444433333xxxxxxxxxxxxxx\r\nx44444333333222xx000000xx\r\nx44444333333222xx000000xx\r\nxxx44xxxxxxxx22xx000000xx\r\nxxx33xxxxxxxx11xx000000xx\r\nxxx33322222211110000000xx\r\nxxx33322222211110000000xx\r\nxxxxxxxxxxxxxxxxx000000xx\r\nxxxxxxxxxxxxxxxxx000000xx\r\nxxxxxxxxxxxxxxxxx000000xx\r\nxxxxxxxxxxxxxxxxx000000xx\r\nxxxxxxxxxxxxxxxxxxxxxxxxx', '', '1');
INSERT INTO `room_models` VALUES ('model_p', '0', '23', '2', '2', 'xxxxxxxxxxxxxxxxxxx\r\nxxxxxxx222222222222\r\nxxxxxxx222222222222\r\nxxxxxxx222222222222\r\nxxxxxxx222222222222\r\nxxxxxxx222222222222\r\nxxxxxxx222222222222\r\nxxxxxxx22222222xxxx\r\nxxxxxxx11111111xxxx\r\nx222221111111111111\r\nx222221111111111111\r\nx222221111111111111\r\nx222221111111111111\r\nx222221111111111111\r\nx222221111111111111\r\nx222221111111111111\r\nx222221111111111111\r\nx2222xx11111111xxxx\r\nx2222xx00000000xxxx\r\nx2222xx000000000000\r\nx2222xx000000000000\r\nx2222xx000000000000\r\nx2222xx000000000000\r\n22222xx000000000000\r\nx2222xx000000000000\r\nxxxxxxxxxxxxxxxxxxx', '', '1');
INSERT INTO `room_models` VALUES ('model_h', '4', '4', '1', '2', 'xxxxxxxxxxxx\r\nxxxxxxxxxxxx\r\nxxxxx111111x\r\nxxxxx111111x\r\nxxxxx111111x\r\nxxxxx111111x\r\nxxxxx111111x\r\nxxxxx000000x\r\nxxxxx000000x\r\nxxx00000000x\r\nxxx00000000x\r\nxxx00000000x\r\nxxx00000000x\r\nxxxxxxxxxxxx\r\nxxxxxxxxxxxx\r\nxxxxxxxxxxxx', '', '1');
INSERT INTO `room_models` VALUES ('old_skool', '2', '1', '0', '2', 'xx0xxxxxxxxxxxxxx\r\n0000000xxx00000xx\r\n0000000x0000000xx\r\n0000000xxxxxxxxxx\r\n0000000000000000x\r\n0000000000000000x\r\n0000000000000000x\r\n0000000000000000x\r\n0000000000000000x\r\n0000000000000000x\r\n0000000000000000x\r\n0000000000000000x\r\n0000000000000000x\r\n0000000000000000x\r\n0000000000000000x\r\n0000000000000000x\r\n0000000000000000x\r\n0000000000000000x\r\n00000000000000000\r\n0000000000000000x\r\n0000000000000000x\r\n0000000000000000x\r\n0000000000000000x\r\n0000000000000000x\r\n0000000000000000x', 'SLHk49mobiles_chair3QBPAHHHk410mobiles_chair3RBPAHHHk411mobiles_chair3SBPAHHHk412mobiles_chair3PCPAHHHe101mobiles_chair1IRBHPAHe1010mobiles_chair1RBRBHPAHe110mobiles_chair1HSBHJHb111mobiles_table2ISBHHHc112mobiles_table3JSBHHHe113mobiles_chair1KSBHRAHb1110mobiles_table2RBSBHHHc1111mobiles_table3SBSBHHHa121mobiles_table1IPCHHHd122mobiles_table4JPCHHHe129mobiles_chair1QBPCHJHa1210mobiles_table1RBPCHHHd1211mobiles_table4SBPCHHHe1212mobiles_chair1PCPCHRAHe131mobiles_chair1IQCHHHe1311mobiles_chair1SBQCHHHe150mobiles_chair1HSCHPAHe170mobiles_chair1HQDHJHb171mobiles_table2IQDHHHc172mobiles_table3JQDHHHe173mobiles_chair1KQDHRAHa181mobiles_table1IRDHHHd182mobiles_table4JRDHHHe192mobiles_chair1JSDHHHe211mobiles_chair1IQEHPAHb216mobiles_table2RAQEHHHc217mobiles_table3SAQEHHHe2112mobiles_chair1PCQEHPAHe220mobiles_chair1HREHJHb221mobiles_table2IREHHHc222mobiles_table3JREHHHe223mobiles_chair1KREHRAHe225mobiles_chair1QAREHJHa226mobiles_table1RAREHHHd227mobiles_table4SAREHHHe228mobiles_chair1PBREHRAHe2211mobiles_chair1SBREHJHb2212mobiles_table2PCREHHHc2213mobiles_table3QCREHHHe2214mobiles_chair1RCREHRAHa231mobiles_table1ISEHHHd232mobiles_table4JSEHHHa2312mobiles_table1PCSEHHHd2313mobiles_table4QCSEHHHe241mobiles_chair1IPFHHHe247mobiles_chair1SAPFHPAHe2413mobiles_chair1QCPFHH', '0');
INSERT INTO `room_models` VALUES ('pizza', '5', '27', '1', '2', 'xxxxxxxxx0000000\r\nx11111x1xx000000\r\n11xxxxx111x00000\r\n11x1111111xx0000\r\n11x1111111100000\r\nxxx1111111100000\r\n1111111111100000\r\n1111111111100000\r\n1111111111100000\r\n1111111111100000\r\n1111111111100000\r\n1111111111100000\r\n1111111111100000\r\n1111111111100000\r\n1111111111100000\r\n1111111111100000\r\n1111111111100000\r\n11111111111xxxxx\r\n1111111111xxxxxx\r\n1111111111111111\r\n1111111111111111\r\n1111111111111111\r\n1111111111111111\r\n1111111111111111\r\n1111111111111111\r\n11xx11xx11111111\r\nxxxx11xxxxxxxxxx\r\nxxxx11xxxxxxxxxx', 'QGHa015pizza_plant1SCHHJHe314pizza_sofa1RCKHPAHE315pizza_sofa2SCKHPAHc515pizza_tableSCQAHJHb60pizza_plant2HRAIJHf614pizza_sofa3RCRAHHHF615pizza_sofa4SCRAHHHd81pizza_chairIPBIPAHd82pizza_chairJPBIPAHc102pizza_tableJRBIJHe1014pizza_sofa1RCRBHPAHE1015pizza_sofa2SCRBHPAHd111pizza_chairISBIHHd112pizza_chairJSBIHHc1215pizza_tableSCPCHJHf1314pizza_sofa3RCQCHHHF1315pizza_sofa4SCQCHHHd161pizza_chairIPDIPAHd162pizza_chairJPDIPAHc182pizza_tableJRDIJHd191pizza_chairISDIHHd192pizza_chairJSDIHHd2111pizza_chairSBQEIJHd2114pizza_chairRCQEIRAHd2211pizza_chairSBREIJHc2213pizza_tableQCREIHHd2214pizza_chairRCREIRAHa250pizza_plant1HQFIJHa2515pizza_plant1SCQFIJ', '0');
INSERT INTO `room_models` VALUES ('pub_a', '15', '25', '0', '2', 'xxxxxxxxxxxxxxxxxxxxxxxxx\r\nxxxxxxxxx2222222211111xxx\r\nxxxxxxxxx2222222211111xxx\r\nxxxxxxxxx2222222211111xxx\r\nxxxxxxxxx2222222211111xxx\r\nxxxxxxxxx2222222222111xxx\r\nxxxxxxxxx2222222222111xxx\r\nxxxxxxxxx2222222222000xxx\r\nxxxxxxxxx2222222222000xxx\r\nxxxxxxxxx2222222222000xxx\r\nxxxxxxxxx2222222222000xxx\r\nx333333332222222222000xxx\r\nx333333332222222222000xxx\r\nx333333332222222222000xxx\r\nx333333332222222222000xxx\r\nx333333332222222222000xxx\r\nx333332222222222222000xxx\r\nx333332222222222222000xxx\r\nx333332222222222222000xxx\r\nx333332222222222222000xxx\r\nx333333332222222222000xxx\r\nxxxxx31111112222222000xxx\r\nxxxxx31111111000000000xxx\r\nxxxxx31111111000000000xxx\r\nxxxxx31111111000000000xxx\r\nxxxxx31111111000000000xxx\r\nxxxxxxxxxxxxxxx00xxxxxxxx\r\nxxxxxxxxxxxxxxx00xxxxxxxx\r\nxxxxxxxxxxxxxxx00xxxxxxxx\r\nxxxxxxxxxxxxxxx00xxxxxxxx\r\nxxxxxxxxxxxxxxxxxxxxxxxxx', 'SWHS119pub_sofa2SDIIPAHs120pub_sofaPEIIPAHs121pub_sofaQEIIPAHq211bardesk1SBJJHHc212pub_chairPCJJRAHQ311bardesk2SBKJHHq411bardesk1SBPAJHHc412pub_chairPCPAJRAHQ511bardesk2SBQAJHHf518pub_fenceRDQAJIHq611bardesk1SBRAJHHc612pub_chairPCRAJRAHf618pub_fenceRDRAJHHQ711bardesk2SBSAJHHf718pub_fenceRDSAJHHq811bardesk1SBPBJHHc812pub_chairPCPBJRAHf818pub_fenceRDPBJHHw910bardesk4RBQBJHHW911bardesk3SBQBJHHf918pub_fenceRDQBJHHf1018pub_fenceRDRBJHHC112pub_chair2JSBKPAHC113pub_chair2KSBKPAHC115pub_chair2QASBKPAHC116pub_chair2RASBKPAHf118pub_fencePBSBKIHf1118pub_fenceRDSBJHHf128pub_fencePBPCKHHf1218pub_fenceRDPCJHHf138pub_fencePBQCKHHC139pub_chair2QBQCJJHk1314pub_chair3RCQCJJHT1315pub_table2SCQCJIHk1316pub_chair3PDQCJRAHf1318pub_fenceRDQCJHHf148pub_fencePBRCKJHC149pub_chair2QBRCJJHk1414pub_chair3RCRCJJHT1415pub_table2SCRCJJHk1416pub_chair3PDRCJRAHf1418pub_fenceRDRCJHHt151pub_tableISCKHHf155pub_fenceQASCKIHf1518pub_fenceRDSCJHHS161pub_sofa2IPDKJHf165pub_fenceQAPDKHHf1618pub_fenceRDPDJHHs171pub_sofaIQDKJHf175pub_fenceQAQDKHHk1713pub_chair3QCQDJPAHk1714pub_chair3RCQDJPAHk1715pub_chair3SCQDJPAHk1716pub_chair3PDQDJPAHf1718pub_fenceRDQDJHHs181pub_sofaIRDKJHf185pub_fenceQARDKHHT1813pub_table2QCRDJQAHT1814pub_table2RCRDJRAHT1815pub_table2SCRDJRAHT1816pub_table2PDRDJPAHf1818pub_fenceRDRDJHHs192pub_sofaJSDKHHS193pub_sofa2KSDKHHf195pub_fenceQASDKHHk1913pub_chair3QCSDJHHk1914pub_chair3RCSDJHHk1915pub_chair3SCSDJHHk1916pub_chair3PDSDJHHf1918pub_fenceRDSDJHHf201pub_fenceIPEKQAHf202pub_fenceJPEKRAHf203pub_fenceKPEKRAHf204pub_fencePAPEKRAHf205pub_fenceQAPEKKHf2018pub_fenceRDPEJHHS217pub_sofa2SAQEIPAHs218pub_sofaPBQEIPAHf2112pub_fencePCQEJQAHf2113pub_fenceQCQEJRAHf2114pub_fenceRCQEJRAHf2115pub_fenceSCQEJRAHf2116pub_fencePDQEJRAHf2117pub_fenceQDQEJRAHf2118pub_fenceRDQEJKHS226pub_sofa2RAREIJHt2215pub_tableSCREHHHC2216pub_chair2PDREHPAHC2217pub_chair2QDREHPAHs236pub_sofaRASEIJHT238pub_table2PBSEIIHs246pub_sofaRAPFIJHT248pub_table2PBPFIHHs256pub_sofaRAQFIJHT258pub_table2PBQFIJ', '0');
INSERT INTO `room_models` VALUES ('newbie_lobby', '2', '11', '0', '2', 'xxxxxxxxxxxxxxxx000000\r\nxxxxx0xxxxxxxxxx000000\r\nxxxxx00000000xxx000000\r\nxxxxx000000000xx000000\r\n0000000000000000000000\r\n0000000000000000000000\r\n0000000000000000000000\r\n0000000000000000000000\r\n0000000000000000000000\r\nxxxxx000000000000000xx\r\nxxxxx000000000000000xx\r\nx0000000000000000000xx\r\nx0000000000000000xxxxx\r\nxxxxxx00000000000xxxxx\r\nxxxxxxx0000000000xxxxx\r\nxxxxxxxx000000000xxxxx\r\nxxxxxxxx000000000xxxxx\r\nxxxxxxxx000000000xxxxx\r\nxxxxxxxx000000000xxxxx\r\nxxxxxxxx000000000xxxxx\r\nxxxxxxxx000000000xxxxx\r\nxxxxxx00000000000xxxxx\r\nxxxxxx00000000000xxxxx\r\nxxxxxx00000000000xxxxx\r\nxxxxxx00000000000xxxxx\r\nxxxxxx00000000000xxxxx\r\nxxxxx000000000000xxxxx\r\nxxxxx000000000000xxxxx', 'SOHa016crl_lampPDHHHHy017crl_sofa2cQDHHPAHw018crl_sofa2bRDHHPAHv019crl_sofa2aSDHHPAHa020crl_lampPEHHHHb116crl_chairPDIHJHa27crl_lampSAJHHHa211crl_lampSBJHHHb216crl_chairPDJHJHc35crl_pillarQAKHHHb37crl_chairSAKHJHu39crl_table1bQBKHHHs311crl_sofa1cSBKHRAHb316crl_chairPDKHJHA319crl_table2bSDKHHHz320crl_table2aPEKHHHa40crl_lampHPAHHHy41crl_sofa2cIPAHPAHw42crl_sofa2bJPAHPAHv43crl_sofa2aKPAHPAHa44crl_lampPAPAHHHt49crl_table1aQBPAHHHr411crl_sofa1bSBPAHRAHh415crl_wall2aSCPAHHHa416crl_lampPDPAHHHb50crl_chairHQAHJHb57crl_chairSAQAHJHq511crl_sofa1aSBQAHRAHA62crl_table2bJRAHHHz63crl_table2aKRAHHHa611crl_lampSBRAHHHb70crl_chairHSAHJHa80crl_lampHPBHHHD81crl_sofa3cIPBHHHC82crl_sofa3bJPBHHHB83crl_sofa3aKPBHHHa84crl_lampPAPBHHHo819crl_barchair2SDPBHHHp820crl_tablebarPEPBHHHo821crl_barchair2QEPBHHHE95crl_pillar2QAQBHHHc99crl_pillarQBQBHHHP158crl_desk1aPBSCHHHO159crl_deskiQBSCHHHN1510crl_deskhRBSCHHHM1610crl_deskgRBPDHHHL1710crl_deskfRBQDHHHK1810crl_deskeRBRDHHHK1910crl_deskeRBSDHHHK2010crl_deskeRBPEHHHK2110crl_deskeRBQEHHHK2210crl_deskeRBREHHHK2310crl_deskeRBSEHHHG247crl_wallbSAPFHHHK2410crl_deskeRBPFHHHF257crl_wallaSAQFHHHH258crl_desk1bPBQFHHHI259crl_desk1cQBQFHHHJ2510crl_desk1dRBQFHHHd2712crl_lamp2PCSFHHHf2713crl_cabinet2QCSFHHHe2714crl_cabinet1RCSFHHHd2715crl_lamp2SCSFHH', '0');
INSERT INTO `room_models` VALUES ('tearoom', '21', '19', '1', '6', 'xxxxxxxxxxxxxxxxxxxxxx\r\nxxxxxxxx3333x33333333x\r\n333333xx3333x33333333x\r\n3333333x3333x33333333x\r\n3333333x3333x33333333x\r\n3333333xxxxxx33333333x\r\n333333333333333333333x\r\n333333333333333333333x\r\n333333333333333333333x\r\n333333333333333333333x\r\n33333333222x333333333x\r\n33333333222x333333333x\r\n33333333222x333333333x\r\n33333333222x333333333x\r\n33333333111x333333333x\r\n33333333111x333333333x\r\n33333333111x333333333x\r\nxxxxxxxx111xxxxxxxxxxx\r\n11111111111111111111xx\r\n1111111111111111111111\r\n1111111111111111111111\r\n11111111111111111111xx', 'QIHh113hardwoodsofa1QCIKPAHi114hardwoodsofa2RCIKPAHj115hardwoodsofa3SCIKPAHc116teabambooPDIKHHh118hardwoodsofa1RDIKPAHi119hardwoodsofa2SDIKPAHj120hardwoodsofa3PEIKPAHl313teasmalltable1QCKKHHk315teasmalltable2SCKKHHl318teasmalltable1RDKKHHk320teasmalltable2PEKKHHe62teastoolJRAKPAHe63teastoolKRAKPAHf68chinastoolredPBRAKPAHf69chinastoolredQBRAKPAHf610chinastoolredRBRAKPAHf611chinastoolredSBRAKPAHa82teatable1JPBKHHb83teatable2KPBKHHm92teastool2JQBKHHm93teastool2KQBKHHe916teastoolPDQBKPAHe917teastoolQDQBKPAHa1116teatable1PDSBKHHb1117teatable2QDSBKHHe122teastoolJPCKPAHe123teastoolKPCKPAHm1216teastool2PDPCKHHm1217teastool2QDPCKHHa142teatable1JRCKHHb143teatable2KRCKHHm152teastool2JSCKHHm153teastool2KSCKHHd180teavaseHRDIHHg190chinastoolgreenHSDIJHg200chinastoolgreenHPEIJHd210teavaseHQEIH', '0');
INSERT INTO `room_models` VALUES ('rooftop', '17', '12', '4', '2', '44xxxxxxxxxxxxxxxxxx\r\n444xxxxxxxxxxx444444\r\n4444xxxxxxxxxx444444\r\n44444xxxx4xxxx444444\r\n444444xxx44xxx444444\r\n44444444444444444444\r\n44444444444444444444\r\n44444444444444444444\r\n44444444xx44xx44xx44\r\n44444444xx44xx44xx44\r\n44444444444444444444\r\n44444444444444444444\r\n44444444444444444444\r\nx444444x444444xx4444\r\nx444444x444444xx333x\r\nx444444x444444xx222x\r\nx444444x444444xx11xx\r\nx444444x444444xxxxxx', 'PKHa10rooftop_minichairHIPAPAHd116rooftop_flatcurbPDIPAPAHe117rooftop_flatcurb2QDIPAPAHc20rooftop_rodtableHJPAHHa21rooftop_minichairIJPARAHa30rooftop_minichairHKPAHHd416rooftop_flatcurbPDPAPAHHe417rooftop_flatcurb2QDPAPAHHa62rooftop_minichairJRAPAPAHa71rooftop_minichairISAPAJHc72rooftop_rodtableJSAPAHHa73rooftop_minichairKSAPARAHa82rooftop_minichairJPBPAHHa90rooftop_minichairHQBPAPAHb100rooftop_emptytableHRBPAHHa110rooftop_minichairHSBPAHHd131rooftop_flatcurbIQCPAJHd136rooftop_flatcurbRAQCPARAHd138rooftop_flatcurbPBQCPAJHd1313rooftop_flatcurbQCQCPARAHf141rooftop_flatcurb3IRCPAJHf146rooftop_flatcurb3RARCPARAHf148rooftop_flatcurb3PBRCPAJHf1413rooftop_flatcurb3QCRCPARAHf151rooftop_flatcurb3ISCPAJHf156rooftop_flatcurb3RASCPARAHf158rooftop_flatcurb3PBSCPAJHf1513rooftop_flatcurb3QCSCPARAHf161rooftop_flatcurb3IPDPAJHf166rooftop_flatcurb3RAPDPARAHf168rooftop_flatcurb3PBPDPAJHf1613rooftop_flatcurb3QCPDPARAHg171rooftop_flatcurb4IQDPAHHf172rooftop_flatcurb3JQDPAHHf173rooftop_flatcurb3KQDPAHHf174rooftop_flatcurb3PAQDPAHHf175rooftop_flatcurb3QAQDPAHHh176rooftop_flatcurb5RAQDPAHHg178rooftop_flatcurb4PBQDPAHHf179rooftop_flatcurb3QBQDPAHHf1710rooftop_flatcurb3RBQDPAHHf1711rooftop_flatcurb3SBQDPAHHf1712rooftop_flatcurb3PCQDPAHHh1713rooftop_flatcurb5QCQDPAH', '0');
INSERT INTO `room_models` VALUES ('rooftop_2', '4', '9', '0', '2', 'x0000x000\r\nxxxxxx000\r\n000000000\r\n000000000\r\n000000000\r\n000000000\r\n000000000\r\n000000000\r\n000000000\r\n000000000\r\nxxx000xxx\r\nxxx000xxx', 'RDHk08rooftop_bigchairPBHHPAHl18rooftop_bigtablePBIHHHj20rooftop_sofabHJHPAHi21rooftop_sofaIJHPAHk28rooftop_bigchairPBJHHHk38rooftop_bigchairPBKHPAHl48rooftop_bigtablePBPAHHHj50rooftop_sofabHQAHHHi51rooftop_sofaIQAHHHk58rooftop_bigchairPBQAHHHj60rooftop_sofabHRAHPAHi61rooftop_sofaIRAHPAHj67rooftop_sofabSARAHPAHi68rooftop_sofaPBRAHPAHj90rooftop_sofabHQBHHHi91rooftop_sofaIQBHHHj97rooftop_sofabSAQBHHHi98rooftop_sofaPBQBHH', '0');
INSERT INTO `room_models` VALUES ('star_lounge', '37', '36', '0', '2', 'xxxxxxxxxxxxxxxxxxxxxxxxxxxxxxxxxxxxxxxxxxxxxxxxxx\r\nxxxxxxxxxxxxxxxxxxxxxxxxxxxxxxxxxxxxxxxxxxxxxxxxxx\r\nxxxxxxxxxxxxxxxxxxxxxxxxxxxxxxxxxxxxxxxxxxxxxxxxxx\r\nxxxxxxxxxxxxxxxxxxxxxxxxxxxxxxxxxxxxxxxxxxxxxxxxxx\r\nxxxxxxxxxxxxxxxxxxxxxxxxxxxxxxxxxxxxxxxxxxxxxxxxxx\r\nxxxxxxxxxxxxxxxxxxxxxxxxxxxxxxxxxxxxxxxxxxxxxxxxxx\r\nxxxxxxxxxxxxxxxxxxxxxxxxxxxxxxxxxxxxxxxxxxxxxxxxxx\r\nxxxxxxxxxxxxxxxxxxxxxxxxxxxxxxxxxxxxxxxxxxxxxxxxxx\r\nxxxxxxxxxxxxxxxxxxxxxxxxxxxxxxxxxxxxxxxxxxxxxxxxxx\r\nxxxxxxxxxxxxxxxxxxxxxxxxxxxxxxxxxxxxxxxxxxxxxxxxxx\r\nxxxxxxxxxxxxxxxxxxxxxxxxxxxxxxxxxxxxxxxxxxxxxxxxxx\r\nxxxxxxxxxxxxxxxxxxxxxxxxxxxxxxxxxxxxxxxxxxxxxxxxxx\r\nxxxxxxxxxxxxxxxxxxxxxxxxxxxxxxxxxxxxxxxxxxxxxxxxxx\r\nxxxxxxxxxxxxxxxxxxxxxxxxxxxxxxxxxxxxxxxxxxxxxxxxxx\r\nxxxxxxxxxxxxxxxxxxxxxxxxxxxxxxxxxxxxxxxxxxxxxxxxxx\r\nxxxxxxxxxxxxxxxxxxxxx2222x4444442222xxxxxxxxxxxxxx\r\nxxxxxxxxxxxxxxxxxxxxx22222x444x32222xxxxxxxxxxxxxx\r\nxxxxxxxxxxxxxxxxxxxxx22222xx4xx22222xxxxxxxxxxxxxx\r\nxxxxxxxxxxxxxxxxxxxxx222222222222222xxxxxxxxxxxxxx\r\nxxxxxxxxxxxxxxxxxxxxx222222222222222xxxxxxxxxxxxxx\r\nxxxxxxxxxxxxxxxxxxxxx222222222222222xxxxxxxxxxxxxx\r\nxxxxxxxxxxxxxxxxxxxxx222222222222222xxxxxxxxxxxxxx\r\nxxxxxxxxxxxxxxxxxxxxx222222222222222xxxxxxxxxxxxxx\r\nxxxxxxxxxxxxxxxxxxxxx222222222222222xxxxxxxxxxxxxx\r\nxxxxxxxxxxxxxxxxxxxxx22222222222222211111xxxxxxxxx\r\nxxxxxxxxxxxxxxxxxxxxx22222222222222211111xxxxxxxxx\r\nxxxxxxxxxxxxxxxxxxxxx22222222222222211111xxxxxxxxx\r\nxxxxxxxxxxxxxxxxxxxxx22222222222222211111xxxxxxxxx\r\nxxxxxxxxxxxxxxxxxxxxx22222222222222222111xxxxxxxxx\r\nxxxxxxxxxxxxxxxxxxxxx22222222222222222111xxxxxxxxx\r\nxxxxxxxxxxxxxxxx3333x22222222222222xxxxxxxxxxxxxxx\r\nxxxxxxxxxxxxxxxx3333x22222222222222xxxxxxxxxxxxxxx\r\nxxxxxxxxxxxxxxxx3333x22222222221111xxxxxxxxxxxxxxx\r\nxxxxxxxxxxxxxxxx3333xx2x22222220000xxxxxxxxxxxxxxx\r\nxxxxxxxxxxxxxxxx333333332222222000000xxxxxxxxxxxxx\r\nxxxxxxxxxxxxxxxx333333332222222x0000000xxxxxxxxxxx\r\nxxxxxxxxxxxxxxxxx33333332222222x0000000xxxxxxxxxxx\r\nxxxxxxxxxxxxxxxxxxxxxxxxx222222000000xxxxxxxxxxxxx\r\nxxxxxxxxxxxxxxxxxxxxxxxxxxxxxxxxxxxxxxxxxxxxxxxxxx\r\nxxxxxxxxxxxxxxxxxxxxxxxxxxxxxxxxxxxxxxxxxxxxxxxxxx\r\nxxxxxxxxxxxxxxxxxxxxxxxxxxxxxxxxxxxxxxxxxxxxxxxxxx\r\nxxxxxxxxxxxxxxxxxxxxxxxxxxxxxxxxxxxxxxxxxxxxxxxxxx\r\nxxxxxxxxxxxxxxxxxxxxxxxxxxxxxxxxxxxxxxxxxxxxxxxxxx\r\nxxxxxxxxxxxxxxxxxxxxxxxxxxxxxxxxxxxxxxxxxxxxxxxxxx\r\nxxxxxxxxxxxxxxxxxxxxxxxxxxxxxxxxxxxxxxxxxxxxxxxxxx\r\nxxxxxxxxxxxxxxxxxxxxxxxxxxxxxxxxxxxxxxxxxxxxxxxxxx\r\nxxxxxxxxxxxxxxxxxxxxxxxxxxxxxxxxxxxxxxxxxxxxxxxxxx\r\nxxxxxxxxxxxxxxxxxxxxxxxxxxxxxxxxxxxxxxxxxxxxxxxxxx\r\nxxxxxxxxxxxxxxxxxxxxxxxxxxxxxxxxxxxxxxxxxxxxxxxxxx\r\nxxxxxxxxxxxxxxxxxxxxxxxxxxxxxxxxxxxxxxxxxxxxxxxxxx', 'PXHk1521star_tableQESCJHHa1522star_sofaRESCJPAHb1523star_sofa2SESCJPAHz1524palmPFSCJHHb1621star_sofa2QEPDJJHQ1632dj1PHPDJHHW1633dj2QHPDJHHE1634dj3RHPDJHHa1721star_sofaQEQDJJHm1728star_microphonePGQDPAHHb1821star_sofa2QERDJJHa1835star_sofaSHRDJRAHa1921star_sofaQESDJJHb1935star_sofa2SHSDJRAHb2021star_sofa2QEPEJJHb2024star_sofa2PFPEJJHa2032star_sofaPHPEJRAHa2035star_sofaSHPEJRAHa2121star_sofaQEQEJJHa2124star_sofaPFQEJJHb2132star_sofa2PHQEJRAHb2135star_sofa2SHQEJRAHc2221star_sofachairQEREJJHk2224star_tablePFREJHHb2225star_sofa2QFREJHHa2226star_sofaRFREJHHb2230star_sofa2RGREJHHa2231star_sofaSGREJHHk2232star_tablePHREJHHk2235star_tableSHREJHHz2321palmQESEJHHa2335star_sofaSHSEJRAHp2422bar10REPFJHHb2435star_sofa2SHPFJRAHa2437star_sofaQIPFIPAHb2438star_sofa2RIPFIPAHa2439star_sofaSIPFIPAHb2440star_sofa2PJPFIPAHo2522bar9REQFJHHb2525star_sofa2QFQFJHHa2526star_sofaRFQFJHHb2530star_sofa2RGQFJHHa2531star_sofaSGQFJHHa2535star_sofaSHQFJRAHb2536star_sofa2PIQFIJHi2622bar8RERFJHHX2625palm1QFRFJHHV2626palm3RFRFJHHC2630palm2RGRFJHHB2631palm4SGRFJHHb2635star_sofa2SHRFJRAHa2636star_sofaPIRFIJHk2639star_tableSIRFIHHk2640star_tablePJRFIHHu2722bar7RESFJHHa2725star_sofaQFSFJPAHb2726star_sofa2RFSFJPAHa2730star_sofaRGSFJPAHb2731star_sofa2SGSFJPAHk2735star_tableSHSFJHHz2736palmPISFIHHk2737star_tableQISFIHHy2822bar6REPGJHHt2922bar5REQGJHHk2925star_tableQFQGJHHk2926star_tableRFQGJHHk3016star_tablePDRGKHHr3022bar4RERGJHHb3116star_sofa2PDSGKJHe3122bar3RESGJHHb3125star_sofa2QFSGJHHa3126star_sofaRFSGJHHa3130star_sofaRGSGJRAHa3216star_sofaPDPHKJHw3222bar2REPHJHHB3225palm4QFPHJHHX3226palm1RFPHJHHb3230star_sofa2RGPHJRAHb3316star_sofa2PDQHKJHq3322bar1REQHJHHa3325star_sofaQFQHJPAHb3326star_sofa2RFQHJPAHa3330star_sofaRGQHJRAHa3416star_sofaPDRHKJHb3430star_sofa2RGRHJRAHV3435palm3SHRHHHHC3436palm2PIRHHHHk3516star_tablePDSHKHHa3530star_sofaRGSHJRAHb3630star_sofa2RGPIJRAHc3725star_sofachairQFQIJHHb3726star_sofa2RFQIJHHa3727star_sofaSFQIJHHb3728star_sofa2PGQIJHHa3729star_sofaQGQIJHHk3730star_tableRGQIJH', '0');
INSERT INTO `room_models` VALUES ('netcafe', '22', '12', '0', '2', 'xxxxx1111xxxxxxxxxxx1xxxx\r\nxxxxx1111111111111111xxxx\r\nxxxxx1111111111111111xxxx\r\nxxxxx1111111111111111xxxx\r\nxxxxxxxx0000000000000xxxx\r\n111111100000000000000xxxx\r\n111111100000000000000xxxx\r\n111111100000000000000xxxx\r\nxxxx11100000000000000xxxx\r\nx1xx11100000000000000xxxx\r\nx1xx11100000000000000xxxx\r\nx1xx111000000000000000000\r\nx1xx111000000000000000000\r\nxxxx111000000000000000000\r\nxxxx11100000000000000xxxx\r\nxxxx1110000000xx11111xxxx\r\nxxxxx111110000x111111xxxx\r\nxxxxxx111100001111111xxxx\r\nxxxxxx111100001111111xxxx\r\nxxxxxx111100001111111xxxx\r\nxxxxxx111100001111111xxxx\r\nxxxxxx111100001111111xxxx\r\nxxxxxx111100001111111xxxx\r\nxxxxx1111100001111111xxxx', 'RRHi06shift1RAHIPAHj07shift2SAHIPAHm110mRBIIHHl113lQCIIHHk116kPDIIHHk119kSDIIHHh35kukat6QAKIHHg36kukat5RAKIHHc312kukat2PCKIHHb313kukat1QCKIHHc319kukat2SDKIHHb320kukat1PEKIHHi412shift1PCPAHPAHj413shift2QCPAHPAHi419shift1SDPAHPAHj420shift2PEPAHPAHi50shift1HQAIPAHj51shift2IQAIPAHi52shift1JQAIPAHj53shift2KQAIPAHk715kSCSAHJHo716table2PDSAHRAHz717tablecornerQDSAHHHm718mRDSAHRAHl815lSCPBHJHo816table2PDPBHPAHl818lRDPBHRAHm94mPAQBIRAHk99kQBQBHJHp910table3RBQBHRAHz911tablecornerSBQBHHHm912mPCQBHRAHk915kSCQBHJHo916table2PDQBHJHk918kRDQBHRAHk104kPARBIRAHm109mQBRBHJHp1010table3RBRBHPAHm1012mPCRBHRAHm1015mSCRBHJHo1016table2PDRBHHHk1018kRDRBHRAHl114lPASBIRAHl119lQBSBHJHp1110table3RBSBHJHl1112lPCSBHRAHk124kPAPCIRAHl129lQBPCHJHp1210table3RBPCHHHk1212kPCPCHRAHm134mPAQCIRAHc165kukat2QAPDIHHb166kukat1RAPDIHHc167kukat2SAPDIHHb168kukat1PBPDIHHe169kukat3QBPDIHHd1615kukka2SCPDIHHf179kukat4QBQDIHHk186kRARDIRAHe189kukat3QBRDIHHs1820sofabig3PERDIRAHf199kukat4QBSDIHHn1917table1QDSDIPAHz1918tablecornerRDSDIHHr1920sofabig2PESDIRAHn2017table1QDPEIJHr2020sofabig2PEPEIRAHm216mRAQEIRAHn2117table1QDQEIHHq2120sofabig1PEQEIRAHv2316sofalittle3PDSEIHHu2317sofalittle2QDSEIHHt2318sofalittle1RDSEIHHa2320kukkaPESEIH', '0');
INSERT INTO `room_models` VALUES ('dusty_lounge', '14', '1', '2', '4', 'xxxxxxxxxxxxxx22xxxxxxxxxxxxx\r\nxxxxxxxxxx222x222x2xxxxxxxxxx\r\nxxxxxxx33322222222223xxxxxxx3\r\nxxxxxxx33322222222223xxxxxxx3\r\nxxxxxxx33322222222223x33333x3\r\nxxxxxxx33322222222223x33333x3\r\nxx111xx33322222222223xxxxxxx3\r\nxx111xxx332222222222333333333\r\nxx111xxxx32222222222333333333\r\nxx111xxxxxx222222222333333333\r\nxx111xxxxxxx1111111x333333333\r\nxx111xxxxxxx1111111x222222222\r\nxx111xxxxxx111111111111111111\r\nxx111xxxxxx111111111111111111\r\n11111xxxxxx111111111111111111\r\n11111xxxxxx111111111111111111\r\n11x11xxxxxx111111111111111111\r\n11xxxxxxxxx11111111111111111x\r\nx11xxxxxxxxx1111111x1111111xx\r\nxx11xxxxxxx111111111111111xxx\r\nxxx11xxxxxx11111111111111xxxx\r\nxxxx11111111111111111111xxxxx\r\nxxxxx11111111111111xxxxxxxxxx\r\nxxxxxxxxxxx11111111xxxxxxxxxx\r\nxxxxxxxxxxx11111111xxxxxxxxxx', 'QHHc48greenchair2PBPAKPAHd49greenchair1QBPAKPAHc68greenchair2PBRAKHHd69greenchair1QBRAKHHa620dustylampPERAKJHa628dustylampPGRAKJHc73greenchair2KSAIPAHd74greenchair1PASAIPAHc93greenchair2KQBIHHd94greenchair1PAQBIHHb1021yellowchairQERBKJHb1023yellowchairSERBKRAHb1026yellowchairRFRBKJHb1028yellowchairPGRBKRAHc1211greenchair2SBPCIJHc133greenchair2KQCIPAHd134greenchair1PAQCIPAHd1311greenchair1SBQCIJHa1411dustylampSBRCIJHc153greenchair2KSCIHHd154greenchair1PASCIHHc1511greenchair2SBSCIJHb1524yellowchairPFSCIPAHd1611greenchair1SBPDIJHb1722yellowchairREQDIJHa1724dustylampPFQDIJHb1726yellowchairRFQDIRAHa1911dustylampSBSDIJHb1924yellowchairPFSDIHHc2312greenchair2PCSEIJHc2314greenchair2RCSEIRAHd2412greenchair1PCPFIJHd2414greenchair1RCPFIRA', '0');
INSERT INTO `room_models` VALUES ('orient', '35', '22', '0', '6', 'xxxxxxxxxxxxxxxxxxxxxxxxxxxxxxxxxxxx\r\nxxxxxxxxxxxxxxxx00000000xxxxxxxxxxxx\r\nxxxxxxxxxxxxxx1000000000xxxxxxxxxxxx\r\nxxxxxxxxxxxxxx1xxxxxxxxxxxxxxxxxxxxx\r\nxxxxxxxxxxxxxx1xxxxxxxxxxxxxxxxxxxxx\r\nxxxxxxxxxxxxxx1xxxxxxxxxxxxxxxxxxxxx\r\nxxxxxxxxxxxxxx1xxxxxxxxxxxxxxxxxxxxx\r\nxxxxxxxxxxxxxx1xxxxxxxxxxxxxxxxxxxxx\r\nxxxxxxxxxxxxxx1xxxxxxxxxxxxxxxxxxxxx\r\nxxxxxxxxxxxxxx1xxxxxxxxxxxxxxxxxxxxx\r\nxxxxxxxxxxxxxx1xx000x000xx111x111xxx\r\nxxxxxxxxxxxxxx1xx000x000xxxxxx1111xx\r\nxxxxxxxxxxxxxx1xx000x000x111111111xx\r\nxxxxxxxxxxxxxx1xx000x000x111111111xx\r\nxxx111111111111xx000x000x111111111xx\r\nxxx1xxxxxxxxxxxxx000x000x111111111xx\r\nxxx1x1111111111000000000x111111111xx\r\nxxx1x1111111111000000000xx1111111xxx\r\nxxx1x11xxxxxx11000000000xx1111111100\r\nxxx111xxxxxxx11000000000011111111100\r\nxxx111xxxxxxx11000000000011111111100\r\nxxxxx1xxxxxxx11000000000011111111100\r\nxxxxx11xxxxxx11000000000xx1111111100\r\nxxxxx1111111111000000000xx1111111xxx\r\nxxxxx1111111111xx000x000x111111111xx\r\nxxxxxxxxxxxxxxxxx000x000x111111111xx\r\nxxxxxxxxxxxxxxxxx000x000x111111111xx\r\nxxxxxxxxxxxxxxxxx000x000x111111111xx\r\nxxxxxxxxxxxxxxxxx000x000x111111111xx\r\nxxxxxxxxxxxxxxxxx000x00xx11xxxx111xx\r\nxxxxxxxxxxxxxxxxxxxxxxxxxx11111111xx', 'SOHd1017benchQDRBHJHd1019benchSDRBHRAHd1021benchQERBHJHd1023benchSERBHRAHd1117benchQDSBHJHd1119benchSDSBHRAHd1121benchQESBHJHd1123benchSESBHRAHb1132koc_chairPHSBIPAHd1217benchQDPCHJHd1219benchSDPCHRAHd1221benchQEPCHJHd1223benchSEPCHRAHb1231koc_chairSGPCIJHa1232koc_tablePHPCIHHb1233koc_chairQHPCIRAHd1317benchQDQCHJHd1319benchSDQCHRAHd1321benchQEQCHJHd1323benchSEQCHRAHb1325koc_chairQFQCIPAHb1332koc_chairPHQCIHHd1417benchQDRCHJHd1419benchSDRCHRAHd1421benchQERCHJHd1423benchSERCHRAHa1425koc_tableQFRCIHHb1426koc_chairRFRCIRAHd1517benchQDSCHJHd1519benchSDSCHRAHd1521benchQESCHJHd1523benchSESCHRAHb1525koc_chairQFSCIHHb1529koc_chairQGSCIJHa1530koc_tableRGSCIHHb1531koc_chairSGSCIRAHb1630koc_chairRGPDIHHc2425chairf1QFPFIJHc2433chairf1QHPFIRAHd2517benchQDQFHJHd2519benchSDQFHRAHd2521benchQEQFHJHd2523benchSEQFHRAHc2525chairf1QFQFIJHc2533chairf1QHQFIRAHd2617benchQDRFHJHd2619benchSDRFHRAHd2621benchQERFHJHd2623benchSERFHRAHc2625chairf1QFRFIJHc2633chairf1QHRFIRAHd2717benchQDSFHJHd2719benchSDSFHRAHd2721benchQESFHJHd2723benchSESFHRAHd2817benchQDPGHJHd2819benchSDPGHRAHd2821benchQEPGHJHd2823benchSEPGHRAHd2917benchQDQGHJHd2919benchSDQGHRAHd2921benchQEQGHJHd2923benchSEQG`hFFRA', '0');
INSERT INTO `room_models` VALUES ('custom_model', '0', '0', '0', '2', 'xxxxxxxxxxxxxxxxxxxxxxxxxxxxx\r\nxxxxxxxxxxxxxxxxxxxxxxxxxxxxx\r\nxxxxxxxxxxxx0000000000000xxxx\r\nxxxxxxxxxxx000000000000000xxx\r\nxxxxxxxxxx00000000000000000xx\r\nxxxxxxxxxx00000000000000000xx\r\nxxxxxxxxxx00000000000000000xx\r\nxxxxxxxxxx11111111111111111xx\r\nxxxxxxxxxx22222222222222222xx\r\nxxxxxxxxxx22222222222222222xx\r\nxxxxxxxxxx22222222222222222xx\r\nxxxxxxxxxxxxxxxxxxxxxxxxxxxxx\r\nxxxxxxxxxxxxxxxxxxxxxxxxxxxxx', '', '0');
INSERT INTO `room_models` VALUES ('theater', '20', '27', '0', '0', 'XXXXXXXXXXXXXXXXXXXXXXX\r\nXXXXXXXXXXXXXXXXXXXXXXX\r\nXXXXXXXXXXXXXXXXXXXXXXX\r\nXXXXXXXXXXXXXXXXXXXXXXX\r\nXXXXXXXXXXXXXXXXXXXXXXX\r\nXXXXXXXXXXXXXXXXXXXXXXX\r\nXXXXXXX111111111XXXXXXX\r\nXXXXXXX11111111100000XX\r\nXXXX00X11111111100000XX\r\nXXXX00x11111111100000XX\r\n4XXX00X11111111100000XX\r\n4440000XXXXXXXXX00000XX\r\n444000000000000000000XX\r\n4XX000000000000000000XX\r\n4XX0000000000000000000X\r\n44400000000000000000000\r\n44400000000000000000000\r\n44X0000000000000000O000\r\n44X11111111111111111000\r\n44X11111111111111111000\r\n33X11111111111111111000\r\n22X11111111111111111000\r\n22X11111111111111111000\r\n22X11111111111111111000\r\n22X11111111111111111000\r\n22X11111111111111111000\r\n22211111111111111111000\r\n22211111111111111111000\r\nXXXXXXXXXXXXXXXXXXXX00X\r\nXXXXXXXXXXXXXXXXXXXX00X', 'QKHm1011micSBRBIHHd112thchair2JSBPAJHd122thchair2JPCPAJHd152thchair2JSCPAJHc156thchair1RASCHHHc157thchair1SASCHHHc158thchair1PBSCHHHc159thchair1QBSCHHHc1510thchair1RBSCHHHc1512thchair1PCSCHHHc1513thchair1QCSCHHHc1514thchair1RCSCHHHc1515thchair1SCSCHHHc1516thchair1PDSCHHHd162thchair2JPDPAJHc206thchair1RAPEIHHc207thchair1SAPEIHHc208thchair1PBPEIHHc209thchair1QBPEIHHc2010thchair1RBPEIHHc2012thchair1PCPEIHHc2013thchair1QCPEIHHc2014thchair1RCPEIHHc2015thchair1SCPEIHHc2016thchair1PDPEIHHc236thchair1RASEIHHc237thchair1SASEIHHc238thchair1PBSEIHHc239thchair1QBSEIHHc2310thchair1RBSEIHHc2312thchair1PCSEIHHc2313thchair1QCSEIHHc2314thchair1RCSEIHHc2315thchair1SCSEIHHc2316thchair1PDSEIHHc266thchair1RARFIHHc267thchair1SARFIHHc268thchair1PBRFIHHc269thchair1QBRFIHHc2610thchair1RBRFIHHc2612thchair1PCRFIHHc2613thchair1QCRFIHHc2614thchair1RCRFIHHc2615thchair1SCRFIHHc2616thchair1PDRFIH', '0');
INSERT INTO `room_models` VALUES ('picnic', '16', '5', '2', '4', 'xxxxxxxxxxxxxxxxxxxxxxxxxxxxxxxxxxxxxx\r\nxxxxxxxxxxxxxxxxxxxxxxxxxxxxxxxxxxxxxx\r\nxxxxxxxxxxxxxxxxxxxxxxxxxxxxxxxxxxxxxx\r\nxxxxxxxxxxxxxxxxxxxxxxxxxxxxxxxxxxxxxx\r\nxx22222xxxxxxxxxxxxxxxxxxxxxxxxxxxxxxx\r\n22xxxxxxxxxxxxx22xxxxxxxxxxxxxxxxxxxxx\r\n2222222222222222222x222222222222222222\r\n22222222222222222222222222222222222222\r\n22222222222222222222222222222222222222\r\n22222222222222222222222222222222222222\r\n22222222222xxx222222222222222222222222\r\n2222222222xx33x22222222222222222222222\r\n222222222xx3333x2222222222222222222222\r\n222222222x333333x222222222222222222222\r\n222222222x333333x222222222222222222222\r\n2222222222x3332x2222222222222222222222\r\n22222222222x33x22222222222222222222222\r\n22222222222222222222222222222222222222\r\n22222222222222222222222222222222222222\r\n22222222222222222222222222222222222222\r\n22222222222222222222222222222222222222\r\n22222222222222222222222222222222222222\r\n22222222222222222222222222222222222222\r\n22222222x22222xxxx22222222222222222222\r\n22222222222222xxxx22222222222222222222\r\n22222222222222xxx222222222222222222222\r\n22222222222222222222222222222222222222\r\n22222222222222222222222222222222222222\r\n22222222222222222222222222222222222222\r\n22222222222222222222222222222222222222\r\n22222222222222222222222222222222222222\r\n22222222222222222222222222222222222222\r\n22222222222222222222222222222222222222\r\n22222222222222222222222222222222222222\r\n22222222222222222222222222222222222222\r\n22222222222222222222222222222222222222\r\n22222222222222222222222222222222222222\r\n22222222222222222222222222222222222222\r\n22222222222222222222222222222222222222\r\n22222222222222222222222222222222222222\r\n22222222222222222222222222222222222222\r\n22222222222222222222222222222222222222\r\n22222222222222222222222222222222222222\r\n22222222222222222222222222222222222222', 'PcHh710hedge7RBSAJPAHh711hedge7SBSAJPAHh712hedge7PCSAJPAHh713hedge7QCSAJPAHy714hedge8RCSAJPAHs718hedge2RDSAJPAHh719hedge7SDSAJPAHh720hedge7PESAJPAHh721hedge7QESAJPAHz814hedge9RCPBJPAHz818hedge9RDPBJPAHv93hedge5KQBJPAHz103hedge9KRBJPAHc1112picnic_dummychair1PCSBKPAHc1113picnic_dummychair1QCSBKPAHc1114picnic_dummychair1RCSB`hFFPAHc1310picnic_dummychair1RBQCKJHc1315picnic_dummychair1SCQCKRAHb1321picnic_groundQEQCJPAHb147picnic_groundSARCJPAHc1410picnic_dummychair1RBRCKJHc1415picnic_dummychair1SCRCKRAHb1519picnic_groundSDSCJJHb1523picnic_groundSESCJRAHb165picnic_groundQAPDJJHb169picnic_groundQBPDJRAHL1620picnic_cloth1PEPDJJHL176picnic_cloth1RAQDJJHb1721picnic_groundQEQDJHHb187picnic_groundSARDJHHa190picnic_redbench2HSDJJHA200picnic_redbench1HPEJJHw2011hedge6SBPEJPAHh2012hedge7PCPEJPAHh2013hedge7QCPEJPAHt2014hedge3RCPEJPAHu2017hedge4QDPEJPAHh2018hedge7RDPEJPAHh2019hedge7SDPEJPAHy2020hedge8PEPEJPAHv2111hedge5SBQEJPAHM2112picnic_bench1PCQEJPAHN2113picnic_bench2QCQEJPAHO2114picnic_bench3RCQEJPAHM2117picnic_bench1QDQEJPAHN2118picnic_bench2RDQEJPAHO2119picnic_bench3SDQEJPAHv2120hedge5PEQEJPAHa220picnic_redbench2HREJJHv2211hedge5SBREJPAHv2220hedge5PEREJPAHb2225picnic_groundQFREJPAHA230picnic_redbench1HSEJJHv2311hedge5SBSEJPAHM2312picnic_bench1PCSEJJHM2319picnic_bench1SDSEJRAHv2320hedge5PESEJPAHc246picnic_dummychair1RAPFJPAHd247picnic_dummychair4SAPFJPAHe248picnic_dummychair6PBPFJPAHv2411hedge5SBPFJPAHN2412picnic_bench2PCPFJJHN2419picnic_bench2SDPFJRAHv2420hedge5PEPFJPAHb2423picnic_groundSEPFJJHb2427picnic_groundSFPFJRAHK255picnic_stumpQAQFJJHv2511hedge5SBQFJPAHN2512picnic_bench2PCQFJJHN2519picnic_bench2SDQFJRAHv2520hedge5PEQFJPAHG2524picnic_cloth2PFQFJJHK267picnic_stumpSARFJHHv2611hedge5SBRFJPAHO2612picnic_bench3PCRFJJHH2614picnic_fireplace1RCRFJHHI2616picnic_fireplace2PDRFJJHO2619picnic_bench3SDRFJRAHv2620hedge5PERFJPAHb2625picnic_groundQFRFJHHz2711hedge9SBSFJPAHQ2712picnic_lemonadePCSFJPAHz2720hedge9PESFJPAHE298picnic_firewood2PBQGJHHa300picnic_redbench2HRGJJHD308picnic_firewood1PBRGJHHA310picnic_redbench1HSGJJHD318picnic_firewood1PBSGJHHM3112picnic_bench1PCSGJPAHN3113picnic_bench2QCSGJPAHO3114picnic_bench3RCSGJPAHM3118picnic_bench1RDSGJPAHN3119picnic_bench2SDSGJPAHO3120picnic_bench3PESGJPAHf3127picnic_carrotSFSGJHHf3128picnic_carrotPGSGJHHf3129picnic_carrotQGSGJHHf3130picnic_carrotRGSGJHHf3131picnic_carrotSGSGJHHD328picnic_firewood1PBPHJHHF3212picnic_table2PCPHJJHP3214picnic_tableRCPHJJHF3218picnic_table2RDPHJJHP3220picnic_tablePEPHJJHr333hedge1KQHJPAHD338picnic_firewood1PBQHJHHM3312picnic_bench1PCQHJHHN3313picnic_bench2QCQHJHHO3314picnic_bench3RCQHJHHM3318picnic_bench1RDQHJHHN3319picnic_bench2SDQHJHHO3320picnic_bench3PEQHJHHg3327picnic_cabbageSFQHJHHg3328picnic_cabbagePGQHJHHg3329picnic_cabbageQGQHJHHv343hedge5KRHJPAHD348picnic_firewood1PBRHJHHv353hedge5KSHJPAHD358picnic_firewood1PBSHJHHv363hedge5KPIJPAHD368picnic_firewood1PBPIJHHD378picnic_firewood1PBQIJHHM3712picnic_bench1PCQIJPAHN3713picnic_bench2QCQIJPAHO3714picnic_bench3RCQIJPAHM3718picnic_bench1RDQIJPAHN3719picnic_bench2SDQIJPAHO3720picnic_bench3PEQIJPAHD388picnic_firewood1PBRIJHHF3812picnic_table2PCRIJJHP3814picnic_tableRCRIJJHF3818picnic_table2RDRIJJHP3820picnic_tablePERIJJHJ398picnic_firewood3PBSIJHHM3912picnic_bench1PCSIJHHN3913picnic_bench2QCSIJHHO3914picnic_bench3RCSIJHHM3918picnic_bench1RDSIJHHN3919picnic_bench2SDSIJHHO3920picnic_bench3PESIJH', '0');
INSERT INTO `room_models` VALUES ('cinema_a', '20', '27', '1', '0', 'xxxxxxx1xx11111111xxxxxx\r\nxxx1111111111111111xxxxx\r\nxxx111xxxx1111111111xxxx\r\nxxxx2xxxxxxxxxxxxxxxxxxx\r\nxx3x3x333311xxxxxxxxxx11\r\nxx3333333311111111111111\r\nxx3333333311111111111111\r\nxx3333333311111111122111\r\nxx3333333311x22222222111\r\nxx3333333311x22222222111\r\nxx3333333311xxxxxxxxx111\r\nxx3333333311111111111111\r\nxx3333333311111111111111\r\nxx3333333311111111111111\r\nxx3333333311111xxxx11111\r\nxx3333333311111xxxx11111\r\nxx3333333311111xxxx11111\r\nxx3333333311111xxxx11111\r\nxx3333333311111xxxx11111\r\nxx3333333311111xxxx11111\r\nxx3333333311111xxxx11111\r\n333333332111111xxxx11111\r\n333333332111111111111111\r\n333333332111111111111111\r\n333333332111111111111111\r\nxx3333332111111111111111\r\nxxxxxxxxxxxxxxxxxxx11111\r\nxxxxxxxxxxxxxxxxxxx11111\r\nxxxxxxxxxxxxxxxxxxx11111', 'PUHC42orangeJPAKHHA47loungey_chairSAPAKJHV48loungey_tablebigbPBPAKHHA49loungey_chairQBPAKRAHA52loungey_chairJQAKPAHA57loungey_chairSAQAKJHU58loungey_tablebigaPBQAKHHA59loungey_chairQBQAKRAHB62loungey_tableJRAKHHA72loungey_chairJSAKHHh713theater_chairQCSAIHHh714theater_chairRCSAIHHh715theater_chairSCSAIHHh716theater_chairPDSAIHHh717theater_chairQDSAIHHh718theater_chairRDSAIHHz721stairQESAIHHL89lightpoleQBPBKHHq813pomomaskiQCPBJJHq814pomomaskiRCPBJHHq815pomomaskiSCPBJHHq816pomomaskiPDPBJHHq817pomomaskiQDPBJHHq818pomomaskiRDPBJHHq819pomomaskiSDPBJIHz821stairQEPBIHHC92orangeJQBKHHh913theater_chairQCQBJHHh914theater_chairRCQBJHHh915theater_chairSCQBJHHh916theater_chairPDQBJHHh917theater_chairQDQBJHHh918theater_chairRDQBJHHh919theater_chairSDQBJHHh920theater_chairPEQBJHHz921stairQEQBIHHA102loungey_chairJRBKPAHA109loungey_chairQBRBKPAHB112loungey_tableJSBKHHB119loungey_tableQBSBKHHA122loungey_chairJPCKHHA129loungey_chairQBPCKHHd1217cubicb_chairQDPCIRAHc1219cubico_chairSDPCIJHd1315cubicb_chairSCQCIJHL1319lightpoleSDQCIHHd1320cubicb_chairPEQCIRAHL149lightpoleQBRCKHHA152loungey_chairJSCKPAHd1514cubicb_chairRCSCIPAHc1519cubico_chairSDSCIPAHB162loungey_tableJPDKHHA167loungey_chairSAPDKJHB168loungey_tablePBPDKJHA169loungey_chairQBPDKRAHd1613cubicb_chairQCPDIJHd1614cubicb_chairRCPDIRAHC1619orangeSDPDIHHA172loungey_chairJQDKHHA177loungey_chairSAQDKJHB178loungey_tablePBQDKJHA179loungey_chairQBQDKRAHd1719cubicb_chairSDQDIJHC182orangeJRDKHHd1814cubicb_chairRCRDIPAHK192bardesqueJSDKHHK202bardesqueJPEKIHb203bar_chairKPEKRAHL209lightpoleQBPEKHHd2014cubicb_chairRCPEIHHd2019cubicb_chairSDPEIJHc2020cubico_chairPEPEIRAHK212bardesqueJQEKIHb213bar_chairKQEKRAHd2119cubicb_chairSDQEIHHK222bardesqueJREKIHb223bar_chairKREKRAHL2216lightpolePDREIHHc2218cubico_chairRDREIHHK232bardesqueJSEKIHb233bar_chairKSEKRAHK242bardesqueJPFKIHb243bar_chairKPFKRAHK252bardesqueJQFKJ', '0');
INSERT INTO `room_models` VALUES ('the_den', '3', '22', '0', '0', '00000000xxxxxxxx\r\n0000000000000000\r\n0000000000000000\r\n000000000000xx00\r\n0000000000000000\r\n0000000000000000\r\n0000000000000000\r\nx000000000000000\r\n0000000000000000\r\n0000000000000000\r\n0000000000000000\r\n0000000000000000\r\nx000000000000000\r\nx000000000000000\r\nx000000000000000\r\nx000000000000000\r\nx000000000000000\r\nx000000000000000\r\nx000000000000000\r\nx000000000000000\r\nxxx00xxxxxxxxxxx\r\nxxx00xxxxxxxxxxx\r\nxxx00xxxxxxxxxxx\r\nGV00000000xxxxxxxx\r\n0000000000000000\r\n0000000000000000\r\n000000000000xx00\r\n0000000000000000\r\n0000000000000000\r\n0000000000000000\r\nx000000000000000\r\n0000000000000000\r\n0000000000000000\r\n0000000000000000\r\n0000000000000000\r\nx000000000000000\r\nx000000000000000\r\nx000000000000000\r\nx000000000000000\r\nx000000000000000\r\nx000000000000000\r\nx000000000000000\r\nx000000000000000\r\nxxx00xxxxxxxxxxx\r\nxxx00xxxxxxxxxxx\r\nxxx00xxxxxxxxxxx', '', '0');
INSERT INTO `room_models` VALUES ('model_s', '0', '3', '0', '2', 'xxxxxx\r\nx00000\r\nx00000\r\n000000\r\nx00000\r\nx00000\r\nx00000\r\nx00000', '', '0');
INSERT INTO `room_models` VALUES ('park_a', '2', '15', '0', '2', 'xxxxxxxxxxxxxxxxxxxxxxxxxxxxxxxxxxxxxxxxxxxx\r\nxxxxxxxxxxxxxxxxxxxxxxxxxxxxxxxxxxxxxxxxxxxx\r\nxxxxxxxxxxxxxxxxxxxxxxxxxxxxxx0xxxxxxxxxxxxx\r\nxxxxxxxxxxxxxxxxxxxxxxxxxxxxxx00xxxxxxxxxxxx\r\nxxxxxxxxxxxxx0x00xxxxxxxxxxx0x000xxxxxxxxxxx\r\nxxxxxxxxxxxx0000000000000000000000xxxxxxxxxx\r\nxxxxxxxxxxx000000000000000000000000xxxxxxxxx\r\nxxxxxxxxxxx0000000000000000000000000xxxxxxxx\r\nxxxxxxxxxxx00000000000000000000000000xxxxxxx\r\nxxxxxxxx000000000000000000000000000000xxxxxx\r\nxxxxxxx00000000000000000000000000000000xxxxx\r\nxxxxxxx000000000000000000000000000000000xxxx\r\nxxxxxxx0000000000000000000000000000000000xxx\r\nxxxxxxxxx000000000000000000000000000000000xx\r\n00000000000000000000xx00000000000000000000xx\r\n0000000000000000000xxxx00000000000xxxxxxx0xx\r\n0000000000000000000xxxx00000000000x00000xxxx\r\nxxxxx00x0000000000xxxxx0xxxxxx0000x0000000xx\r\nxxxxx0000000000000xxxxx0xx000x0000x000000xxx\r\nxxxxx0000000000000xxxxx0x000000000x00000xxxx\r\nxxxxx000000x0000000xxxx0x000000000xxx00xxxxx\r\nxxxxxxxx000x0000000xxx00xxx000000x0000xxxxxx\r\nxxxxxxxx000x000000xxxx0x0000000000000xxxxxxx\r\nxxxxxxxx000x000000011100000000000000xxxxxxxx\r\nxxxxxxxx000x00000001110000000000000xxxxxxxxx\r\nxxxxxxxxx00x0000000111x00000000x00xxxxxxxxxx\r\nxxxxxxxxxx0x0000000xxx0000000xxxxxxxxxxxxxxx\r\nxxxxxxxxxxxx000000xxxx0000000xxxxxxxxxxxxxxx\r\nxxxxxxxxxxxx000000xxx00xxxxx00xxxxxxxxxxxxxx\r\nxxxxxxxxxxxxxxxxx0xxx0xx000x00xxxxxxxxxxxxxx\r\nxxxxxxxxxxxxxxxxx0xxx0x000000xxxxxxxxxxxxxxx\r\nxxxxxxxxxxxxxxxxx0xxxxx00000xxxxxxxxxxxxxxxx\r\nxxxxxxxxxxxxxxxxx0xxxxx00xxxxxxxxxxxxxxxxxxx\r\nxxxxxxxxxxxxxxxxxxxxxxx0xxxxxxxxxxxxxxxxxxxx', 'RPHN527parkfence2SFQAHHHN529parkfence2QGQAHHHM619parkfence1SDRAHHHO620parkfence3PERAHPAHO621parkfence3QERAHPAHO622parkfence3RERAHPAHN623parkfence2SERAHPAHO624parkfence3PFRAHPAHO625parkfence3QFRAHPAHO626parkfence3RFRAHPAHM627parkfence1SFRAHJHO629parkfence3QGRAHJHN717parkfence2QDSAHHHO719parkfence3SDSAHJHO723parkfence3SESAHJHO727parkfence3SFSAHJHO729parkfence3QGSAHJHO817parkfence3QDPBHJHO819parkfence3SDPBHJHN821parkfence2QEPBHHHO823parkfence3SEPBHJHN825parkfence2QFPBHHHO827parkfence3SFPBHJHO829parkfence3QGPBHJHL98bench2PBQBHPAHK99benchQBQBHPAHO917parkfence3QDQBHJHN919parkfence2SDQBHRAHO921parkfence3QEQBHJHN923parkfence2SEQBHRAHO925parkfence3QFQBHJHN927parkfence2SFQBHRAHO929parkfence3QGQBHJHO1017parkfence3QDRBHJHO1021parkfence3QERBHJHO1025parkfence3QFRBHJHO1029parkfence3QGRBHJHL117bench2SASBHJHM1117parkfence1QDSBHPAHO1118parkfence3RDSBHPAHO1119parkfence3SDSBHPAHO1120parkfence3PESBHPAHN1121parkfence2QESBHJHO1122parkfence3RESBHPAHO1123parkfence3SESBHPAHO1124parkfence3PFSBHPAHN1125parkfence2QFSBHJHO1126parkfence3RFSBHPAHO1127parkfence3SFSBHPAHO1128parkfence3PGSBHPAHM1129parkfence1QGSBHRAHK127benchSAPCHJHL1635bench2SHPDHJHL1637bench2QIPDHPAHK1638benchRIPDHPAHK1735benchSHQDHJHL1827bench2SFRDHPAHK1828benchPGRDHPAHL1835bench2SHRDHJHL1925bench2QFSDHJHK1935benchSHSDHJHK2025benchQFPEHJHL2925bench2QFQGHPAHK2926benchRFQGHPAHL3023bench2SERGHJHK3123benchSESGHJ@`SGSBMRDPBPA0.0I2Mqueue_tile2JMPGRAH0.0I2Mqueue_tile2SAMPFSAJ0.0I2Mqueue_tile2QBMRFSAPA0.0I2Mqueue_tile2SFMSERBJ0.0I2Mqueue_tile2SCMRFPBPA0.0I2Mqueue_tile2REMPGQBH0.0I2Mqueue_tile2PGMPFRBH0.0I2Mqueue_tile2PCMPEPBH0.0I2Mqueue_tile2QGMRFRBJ0.0I2Mqueue_tile2QDMRDQBPA0.0I2Mqueue_tile2RFMRERBJ0.0I2Mqueue_tile2PFMSDRBJ0.0I2Mqueue_tile2PDMPGPBH0.0I2Mqueue_tile2RGMSFRBJ0.0I2Mqueue_tile2RAMRESAPA0.0I2Mqueue_tile2RBMPGSAH0.0I2Mqueue_tile2SDMREQBPA0.0I2Mqueue_tile2QEMRFQBPA0.0I2Mqueue_tile2RCMPFPBH0.0I2Mqueue_tile2KMRDSAPA0.0I2Mqueue_tile2PAMPESAJ0.0I2Mqueue_tile2PBMQFSAJ0.0I2Mqueue_tile2IMPGQAH0.0I2Mqueue_tile2SEMRDRBJ0.0I2Mqueue_tile2QCMREPBPA0.0I2Mqueue_tile2SGMPGRBH0.0I2Mqueue_tile2QAMQESAJ0.0I2Mqueue_tile2QFMPERBH0.0I2Mqueue_tile2RDMPEQBH0.0I2Mqueue_tile2PEMPFQBH0.0I2Mqueue_tile2', '0');
INSERT INTO `room_models` VALUES ('park_b', '11', '2', '0', '6', '0000x0000000\r\n0000xx000000\r\n000000000000\r\n00000000000x\r\n000000000000\r\n00x0000x0000', '', '0');
INSERT INTO `room_models` VALUES ('model_0', '0', '4', '0', '2', 'xxxxxxxxxxxxxxxxxxxxxxxxxxxxxxxxxxxxxxxxxxxxxxxxxxxxxxxxxxxxxxxxxxxxx\r\nx00000000xx00000000xx00000000xxxxxxxxxxxxxxxxxxxxxxxxxxxxxxxxxxxxxxxx\r\nx00000000xx00000000xx00000000xxxxxxxxxxxxxxxxxxxxxxxxxxxxxxxxxxxxxxxx\r\nx00000000xx00000000xx00000000xxxxxxxxxxxxxxxxxxxxxxxxxxxxxxxxxxxx0000\r\n000000000xx00000000xx00000000xxxxxxxxxxxxxxxxxxxxxxxxxxxxxxxxxxxx0000\r\nx00000000xx00000000xx00000000xxxxxxxxxxxxxxxxxxxxxxxxxxxxxxxxxxxx0000\r\nx00000000xx00000000xx00000000xxxxxxxxxxxxxxxxxxxxxxxxxxxxxxxxxxxx0000\r\nx00000000xx00000000xx00000000xxxxxxxxxxxxxxxxxxxxxxxxxxxxxxxxxxxxxxxx\r\nx00000000xx00000000xx00000000xxxxxxxxxxxxxxxxxxxxxxxxxxxxxxxxxxxxxxxx\r\nxxxxxxxxxxxxxxxxxxxxxxxxxxxxxxxxxxxxxxxxxxxxxxxxxxxxxxxxxxxxxxxxxxxxx', '', '1');
INSERT INTO `room_models` VALUES ('model_v', '0', '3', '2', '2', 'xxxxxxxxxxxxxxxxxxxx\r\nx222221111111111111x\r\nx222221111111111111x\r\n2222221111111111111x\r\nx222221111111111111x\r\nx222221111111111111x\r\nx222221111111111111x\r\nxxxxxxxx1111xxxxxxxx\r\nxxxxxxxx0000xxxxxxxx\r\nx000000x0000x000000x\r\nx000000x0000x000000x\r\nx00000000000x000000x\r\nx00000000000x000000x\r\nx000000000000000000x\r\nx000000000000000000x\r\nxxxxxxxx00000000000x\r\nx000000x00000000000x\r\nx000000x0000xxxxxxxx\r\nx00000000000x000000x\r\nx00000000000x000000x\r\nx00000000000x000000x\r\nx00000000000x000000x\r\nxxxxxxxx0000x000000x\r\nx000000x0000x000000x\r\nx000000x0000x000000x\r\nx000000000000000000x\r\nx000000000000000000x\r\nx000000000000000000x\r\nx000000000000000000x\r\nxxxxxxxxxxxxxxxxxxxx', '', '1');
INSERT INTO `room_models` VALUES ('model_t', '0', '3', '2', '2', 'xxxxxxxxxxxxxxxxxxxxxxxxxxxxx\r\nx222222222222222222222222222x\r\nx222222222222222222222222222x\r\n2222222222222222222222222222x\r\nx222222222222222222222222222x\r\nx2222xxxxxx222222xxxxxxx2222x\r\nx2222xxxxxx111111xxxxxxx2222x\r\nx2222xx111111111111111xx2222x\r\nx2222xx111111111111111xx2222x\r\nx2222xx11xxx1111xxxx11xx2222x\r\nx2222xx11xxx0000xxxx11xx2222x\r\nx22222111x00000000xx11xx2222x\r\nx22222111x00000000xx11xx2222x\r\nx22222111x00000000xx11xx2222x\r\nx22222111x00000000xx11xx2222x\r\nx22222111x00000000xx11xx2222x\r\nx22222111x00000000xx11xx2222x\r\nx2222xx11xxxxxxxxxxx11xx2222x\r\nx2222xx11xxxxxxxxxxx11xx2222x\r\nx2222xx111111111111111xx2222x\r\nx2222xx111111111111111xx2222x\r\nx2222xxxxxxxxxxxxxxxxxxx2222x\r\nx2222xxxxxxxxxxxxxxxxxxx2222x\r\nx222222222222222222222222222x\r\nx222222222222222222222222222x\r\nx222222222222222222222222222x\r\nx222222222222222222222222222x\r\nxxxxxxxxxxxxxxxxxxxxxxxxxxxxx', '', '1');
INSERT INTO `room_models` VALUES ('model_x', '0', '12', '0', '2', 'xxxxxxxxxxxxxxxxxxxx\r\nx000000000000000000x\r\nx000000000000000000x\r\nx000000000000000000x\r\nx000000000000000000x\r\nx000000000000000000x\r\nx000000000000000000x\r\nxxx00xxx0000xxx00xxx\r\nx000000x0000x000000x\r\nx000000x0000x000000x\r\nx000000x0000x000000x\r\nx000000x0000x000000x\r\n0000000x0000x000000x\r\nx000000x0000x000000x\r\nx000000x0000x000000x\r\nx000000x0000x000000x\r\nx000000x0000x000000x\r\nx000000x0000x000000x\r\nx000000xxxxxx000000x\r\nx000000000000000000x\r\nx000000000000000000x\r\nx000000000000000000x\r\nx000000000000000000x\r\nx000000000000000000x\r\nx000000000000000000x\r\nxxxxxxxxxxxxxxxxxxxx', '', '1');
INSERT INTO `room_models` VALUES ('model_w', '0', '3', '2', '2', 'xxxxxxxxxxxxxxxxxxxxxxxxxxx\r\nx2222xx1111111111xx11111111\r\nx2222xx1111111111xx11111111\r\n222222111111111111111111111\r\nx22222111111111111111111111\r\nx22222111111111111111111111\r\nx22222111111111111111111111\r\nx2222xx1111111111xx11111111\r\nx2222xx1111111111xx11111111\r\nx2222xx1111111111xxxx1111xx\r\nx2222xx1111111111xxxx0000xx\r\nxxxxxxx1111111111xx00000000\r\nxxxxxxx1111111111xx00000000\r\nx22222111111111111000000000\r\nx22222111111111111000000000\r\nx22222111111111111000000000\r\nx22222111111111111000000000\r\nx2222xx1111111111xx00000000\r\nx2222xx1111111111xx00000000\r\nx2222xxxx1111xxxxxxxxxxxxxx\r\nx2222xxxx0000xxxxxxxxxxxxxx\r\nx2222x0000000000xxxxxxxxxxx\r\nx2222x0000000000xxxxxxxxxxx\r\nx2222x0000000000xxxxxxxxxxx\r\nx2222x0000000000xxxxxxxxxxx\r\nx2222x0000000000xxxxxxxxxxx\r\nx2222x0000000000xxxxxxxxxxx', '', '1');
INSERT INTO `room_models` VALUES ('model_z', '0', '9', '0', '2', 'xxxxxxxxxxxxxxxxxxxxxxxxxxxxxxx\r\nxxxxxxxxxxx00000000000000000000\r\nxxxxxxxxxxx00000000000000000000\r\nxxxxxxxxxxx00000000000000000000\r\nx00000000xx00000000000000000000\r\nx00000000xx00000000000000000000\r\nx00000000xx00000000000000000000\r\nx00000000xx00000000000000000000\r\nx00000000xx00000000000000000000\r\n000000000xx00000000000000000000\r\nx00000000xx00000000000000000000\r\nx00000000xx00000000000000000000\r\nx00000000xx00000000000000000000\r\nx00000000xx00000000000000000000\r\nx00000000xx00000000000000000000\r\nx00000000xx00000000000000000000\r\nxxxxxxxxxxx00000000000000000000\r\nxxxxxxxxxxx00000000000000000000\r\nxxxxxxxxxxx00000000000000000000\r\nxxxxxxxxxxxxxxxxxxxxxxxxxxxxxxx', '', '1');
INSERT INTO `room_models` VALUES ('model_u', '0', '17', '1', '2', 'xxxxxxxxxxxxxxxxxxxxxxxx\r\nx1111100000000000000000x\r\nx1111100000000000000000x\r\nx1111100000000000000000x\r\nx1111100000000000000000x\r\nx1111100000000000000000x\r\nx1111100000000000000000x\r\nx1111100000000000000000x\r\nx1111100000000000000000x\r\nx1111100000000000000000x\r\nx1111100000000000000000x\r\nx1111100000000000000000x\r\nx1111100000000000000000x\r\nx1111100000000000000000x\r\nx1111100000000000000000x\r\nx1111100000000000000000x\r\nx1111100000000000000000x\r\n11111100000000000000000x\r\nx1111100000000000000000x\r\nx1111100000000000000000x\r\nx1111100000000000000000x\r\nx1111100000000000000000x\r\nx1111100000000000000000x\r\nx1111100000000000000000x\r\nx1111100000000000000000x\r\nx1111100000000000000000x\r\nx1111100000000000000000x\r\nx1111100000000000000000x\r\nx1111100000000000000000x\r\nx1111100000000000000000x\r\nx1111100000000000000000x\r\nx1111100000000000000000x\r\nx1111100000000000000000x\r\nx1111100000000000000000x\r\nx1111100000000000000000x\r\nxxxxxxxxxxxxxxxxxxxxxxxx', '', '1');
INSERT INTO `room_models` VALUES ('model_y', '0', '3', '0', '2', 'xxxxxxxxxxxxxxxxxxxxxxxxxxxx\r\nx00000000xx0000000000xx0000x\r\nx00000000xx0000000000xx0000x\r\n000000000xx0000000000xx0000x\r\nx00000000xx0000000000xx0000x\r\nx00000000xx0000xx0000xx0000x\r\nx00000000xx0000xx0000xx0000x\r\nx00000000xx0000xx0000000000x\r\nx00000000xx0000xx0000000000x\r\nxxxxx0000xx0000xx0000000000x\r\nxxxxx0000xx0000xx0000000000x\r\nxxxxx0000xx0000xxxxxxxxxxxxx\r\nxxxxx0000xx0000xxxxxxxxxxxxx\r\nx00000000xx0000000000000000x\r\nx00000000xx0000000000000000x\r\nx00000000xx0000000000000000x\r\nx00000000xx0000000000000000x\r\nx0000xxxxxxxxxxxxxxxxxx0000x\r\nx0000xxxxxxxxxxxxxxxxxx0000x\r\nx00000000000000000000000000x\r\nx00000000000000000000000000x\r\nx00000000000000000000000000x\r\nx00000000000000000000000000x\r\nxxxxxxxxxxxxxxxxxxxxxxxxxxxx', '', '1');
INSERT INTO `room_models` VALUES ('model_oscar', '0', '15', '1', '2', 'xxxxxxxxxxxxxxxxxxxxxxxxxxxxxxxxxxxxxxxxxxxxxxxxxxxxxxxxxxxxxxxx\r\nxxxxxxxxxxxxxxxxxxxxxxxxxxxxxxxxxxxxxxxxxxxxxxxxxxxxxxxxxxxxxxxx\r\nxxxxxxxxx11111111xxxxxxxxxxxxxxxxxxxxxxxxxxxxxxxxxxxxxxxxxxxxxxx\r\nxxxxxxxxx11111111xxxxxxxxxxxxxxxxxxxxxxxxxxxxxxxxxxxxxxxxxxxxxxx\r\nxxxxxxxxx11111111xxxxxxxxxxxxxxxxxxxxxxxxxxxxxxxxxxxxxxxxxxxxxxx\r\nxxxxxxxxx11111111xxxxxxxxxxxxxxxxxxxxxxxxxxxxxxxxxxxxxxxxxxxxxxx\r\nxxxxxxxxx11111111xxxxxxxxxxxxxxxxxxxxxxxxxxxxxxxxxxxxxxxxxxxxxxx\r\nxxxxxxxxx11111111xxxxxxxxxxxxxxxxxxxxxxxxxxxxxxxxxxxxxxxxxxxxxxx\r\nxxxxxxxxx11111111xxxxxxxxxxxxxxxxxxxxxxxxxxxxxxxxxxxxxxxxxxxxxxx\r\nxxxxxxxxx11111111xxxxxxxxxxxxxxxxxxxxxxxxxxxxxxxxxxxxxxxxxxxxxxx\r\nxxxxxxxxxxxx11xxxxxxxxxxxxxxxxxxxxxxxxxxxxxxxxxxxxxxxxxxxxxxxxxx\r\nx1111111x11111111x00000000xxxxxxxxxxxxxxxxxxxxxxxxxxxxxxxxxxxxxx\r\nx1111111x11111111x00000000xxxxxxxxxxxxxxxxxxxxxxxxxxxxxxxxxxxxxx\r\nx1111111x11111111x00000000xxxxxxxxxxxxxxxxxxxxxxxxxxxxxxxxxxxxxx\r\nx1111111111111111100000000xxxxxxxxxxxxxxxxxxxxxxxxxxxxxxxxxxxxxx\r\nx1111111111111111100000000xxxxxxxxxxxxxxxxxxxxxxxxxxxxxxxxxxxxxx\r\nx1111111x11111111x00000000xxxxxxxxxxxxxxxxxxxxxxxxxxxxxxxxxxxxxx\r\nx1111111x11111111x00000000xxxxxxxxxxxxxxxxxxxxxxxxxxxxxxxxxxxxxx\r\nx1111111x11111111x00000000xxxxxxxxxxxxxxxxxxxxxxxxxxxxxxxxxxxxxx\r\nxxxxxxxxxxxx11xxxxxxxxxxxxxxxxxxxxxxxxxxxxxxxxxxxxxxxxxxxxxxxxxx\r\nxxxxxxxxx00000000xxxxxxxxxxxxxxxxxxxxxxxxxxxxxxxxxxxxxxxxxxxxxxx\r\nxxxxxxxxx00000000xxxxxxxxxxxxxxxxxxxxxxxxxxxxxxxxxxxxxxxxxxxxxxx\r\nxxxxxxxxx00000000xxxxxxxxxxxxxxxxxxxxxxxxxxxxxxxxxxxxxxxxxxxxxxx\r\nxxxxxxxxx00000000xxxxxxxxxxxxxxxxxxxxxxxxxxxxxxxxxxxxxxxxxxxxxxx\r\nxxxxxxxxx00000000xxxxxxxxxxxxxxxxxxxxxxxxxxxxxxxxxxxxxxxxxxxxxxx\r\nxxxxxxxxx00000000xxxxxxxxxxxxxxxxxxxxxxxxxxxxxxxxxxxxxxxxxxxxxxx\r\nxxxxxxxxx00000000xxxxxxxxxxxxxxxxxxxxxxxxxxxxxxxxxxxxxxxxxxxxxxx\r\nxxxxxxxxx00000000xxxxxxxxxxxxxxxxxxxxxxxxxxxxxxxxxxxxxxxxxxxxxxx\r\nxxxxxxxxxxxxxxxxxxxxxxxxxxxxxxxxxxxxxxxxxxxxxxxxxxxxxxxxxxxxxxxx', '', '1');
INSERT INTO `room_models` VALUES ('model_b2g', '0', '0', '0', '2', 'xxxxxxxxxxxxxx\r\nx00000x000000x\r\nx000000000000x\r\nx00000x000000x\r\nx00000x000000x\r\nx00000x000000x\r\nx00000x000000x\r\nxxx0xxx000000x\r\nx000000000000x\r\nx000000000000x\r\nx000000000000x\r\nx000000000000x\r\nx000000000000x\r\nx000000000000x\r\nx000000000000x\r\nx000000000000x\r\nx000000000000x\r\nx00000xx00000x\r\nxxxxxxxxxxxxxx', '', '1');
INSERT INTO `room_models` VALUES ('model_opening', '0', '23', '2', '2', 'xxxxxxxxxxxxxxxxxxx\r\nxxxxxxx222222222222\r\nxxxxxxx222222222222\r\nxxxxxxx222222222222\r\nxxxxxxx222222222222\r\nxxxxxxx222222222222\r\nxxxxxxx222222222222\r\nxxxxxxx222222222222\r\nxxxxxxx111111111111\r\nx222221111111111111\r\nx222221111111111111\r\nx222221111111111111\r\nx222221111111111111\r\nx222221111111111111\r\nx222221111111111111\r\nx222221111111111111\r\nx222221111111111111\r\nx2222xx111111111111\r\nx2222xx000000000000\r\nx2222xx000000000000\r\nx2222xx000000000000\r\nx2222xx000000000000\r\nx2222xx000000000000\r\n22222xx000000000000\r\nx2222xx000000000000\r\nxxxxxxxxxxxxxxxxxxx', '', '1');

-- ----------------------------
-- Table structure for `room_rights`
-- ----------------------------
CREATE TABLE `room_rights` (
  `room_id` int(10) unsigned NOT NULL,
  `user_id` int(10) unsigned NOT NULL,
  KEY `room_id` (`room_id`)
) ENGINE=MyISAM DEFAULT CHARSET=latin1;

-- ----------------------------
-- Records of room_rights
-- ----------------------------

-- ----------------------------
-- Table structure for `server_status`
-- ----------------------------
CREATE TABLE `server_status` (
  `status` enum('0','1','2') NOT NULL DEFAULT '0',
  `users_online` int(11) NOT NULL DEFAULT '0',
  `rooms_loaded` int(11) NOT NULL DEFAULT '0',
  `server_ver` text NOT NULL,
  `stamp` double NOT NULL
) ENGINE=MyISAM DEFAULT CHARSET=latin1;

-- ----------------------------
-- Records of server_status
-- ----------------------------
INSERT INTO `server_status` VALUES ('1', '1', '1', 'uberEmulator', '1288794916.97541');

-- ----------------------------
-- Table structure for `site_app_form`
-- ----------------------------
CREATE TABLE `site_app_form` (
  `id` varchar(24) NOT NULL,
  `caption` varchar(120) NOT NULL,
  `descr` text NOT NULL,
  `field_type` enum('textbox','textarea','checkbox') NOT NULL,
  `required` enum('0','1') NOT NULL DEFAULT '1',
  `order_num` int(11) NOT NULL,
  PRIMARY KEY (`id`)
) ENGINE=MyISAM DEFAULT CHARSET=latin1;

-- ----------------------------
-- Records of site_app_form
-- ----------------------------

-- ----------------------------
-- Table structure for `site_app_openings`
-- ----------------------------
CREATE TABLE `site_app_openings` (
  `id` int(11) NOT NULL AUTO_INCREMENT,
  `name` varchar(100) NOT NULL,
  `text_descr` text NOT NULL,
  `text_reqs` text NOT NULL,
  `text_duties` text NOT NULL,
  PRIMARY KEY (`id`)
) ENGINE=MyISAM AUTO_INCREMENT=5 DEFAULT CHARSET=latin1;

-- ----------------------------
-- Records of site_app_openings
-- ----------------------------

-- ----------------------------
-- Table structure for `site_config`
-- ----------------------------
CREATE TABLE `site_config` (
  `maintenance` enum('0','1') NOT NULL DEFAULT '0'
) ENGINE=MyISAM DEFAULT CHARSET=latin1;

-- ----------------------------
-- Records of site_config
-- ----------------------------
INSERT INTO `site_config` VALUES ('0');

-- ----------------------------
-- Table structure for `site_cron`
-- ----------------------------
CREATE TABLE `site_cron` (
  `id` int(11) NOT NULL AUTO_INCREMENT,
  `prio` int(11) NOT NULL DEFAULT '5',
  `enabled` enum('0','1') NOT NULL DEFAULT '1',
  `scriptfile` varchar(50) NOT NULL,
  `last_exec` int(11) NOT NULL,
  `exec_every` int(11) NOT NULL,
  PRIMARY KEY (`id`)
) ENGINE=MyISAM AUTO_INCREMENT=6 DEFAULT CHARSET=latin1;

-- ----------------------------
-- Records of site_cron
-- ----------------------------
INSERT INTO `site_cron` VALUES ('1', '5', '1', 'mod_forum.php', '1288794773', '7200');
INSERT INTO `site_cron` VALUES ('2', '4', '1', 'moderation_cleanup.php', '1288794773', '7200');
INSERT INTO `site_cron` VALUES ('3', '5', '1', 'respect.php', '1288794773', '86400');
INSERT INTO `site_cron` VALUES ('4', '5', '1', 'serverstat.php', '1288794773', '120');
INSERT INTO `site_cron` VALUES ('5', '3', '1', 'credits.php', '1288794773', '10800');

-- ----------------------------
-- Table structure for `site_hotcampaigns`
-- ----------------------------
CREATE TABLE `site_hotcampaigns` (
  `id` int(11) NOT NULL AUTO_INCREMENT,
  `order_id` int(11) NOT NULL DEFAULT '1',
  `enabled` enum('0','1') NOT NULL DEFAULT '1',
  `image_url` text NOT NULL,
  `caption` text NOT NULL,
  `descr` text NOT NULL,
  `url` text NOT NULL,
  PRIMARY KEY (`id`)
) ENGINE=MyISAM DEFAULT CHARSET=latin1;

-- ----------------------------
-- Records of site_hotcampaigns
-- ----------------------------

-- ----------------------------
-- Table structure for `site_minimail`
-- ----------------------------
CREATE TABLE `site_minimail` (
  `id` int(10) unsigned NOT NULL AUTO_INCREMENT,
  `sender_id` int(10) unsigned NOT NULL,
  `receiver_id` int(10) unsigned NOT NULL,
  `folder` enum('inbox','sent','trash') NOT NULL DEFAULT 'inbox',
  `is_read` enum('0','1') NOT NULL DEFAULT '0',
  `subject` varchar(120) NOT NULL,
  `date` varchar(120) NOT NULL,
  `isodate` varchar(120) NOT NULL,
  `timestamp` int(11) NOT NULL,
  `body` text NOT NULL,
  PRIMARY KEY (`id`)
) ENGINE=MyISAM DEFAULT CHARSET=latin1;

-- ----------------------------
-- Records of site_minimail
-- ----------------------------

-- ----------------------------
-- Table structure for `site_navi`
-- ----------------------------
CREATE TABLE `site_navi` (
  `id` int(10) unsigned NOT NULL AUTO_INCREMENT,
  `parent_id` int(10) unsigned NOT NULL DEFAULT '0',
  `order_id` int(11) NOT NULL,
  `caption` text NOT NULL,
  `class` text NOT NULL,
  `url` text NOT NULL,
  `visibility` enum('0','1','2','3') NOT NULL COMMENT '0 = Never, 1 = Always, 2 = Logged in only, 3 = Guests only',
  PRIMARY KEY (`id`),
  KEY `parent_id` (`parent_id`)
) ENGINE=MyISAM AUTO_INCREMENT=20 DEFAULT CHARSET=latin1;

-- ----------------------------
-- Records of site_navi
-- ----------------------------
INSERT INTO `site_navi` VALUES ('1', '0', '1', '%habboName%', 'metab', '%www%/me', '2');
INSERT INTO `site_navi` VALUES ('2', '1', '1', 'Home', '', '/me', '2');
INSERT INTO `site_navi` VALUES ('5', '0', '2', 'Community', '', '%www%/community', '1');
INSERT INTO `site_navi` VALUES ('4', '1', '3', 'Account Settings', '', '%www%/profile', '2');
INSERT INTO `site_navi` VALUES ('6', '0', '3', 'Credits', '', '%www%/credits', '1');
INSERT INTO `site_navi` VALUES ('7', '5', '1', 'Community', '', '%www%/community', '1');
INSERT INTO `site_navi` VALUES ('8', '0', '1', 'Register now!', 'tab-register-now', '%www%/register', '3');
INSERT INTO `site_navi` VALUES ('9', '6', '1', 'Credits', '', '%www%/credits', '1');
INSERT INTO `site_navi` VALUES ('10', '6', '3', 'Pixels', '', '%www%/credits/pixels', '1');
INSERT INTO `site_navi` VALUES ('11', '6', '2', 'iSpaz Club', '', '%www%/credits/uberclub', '1');
INSERT INTO `site_navi` VALUES ('12', '0', '4', 'VIP Shop (%vipbalance%)', 'viptab', '/vip/shop', '0');
INSERT INTO `site_navi` VALUES ('13', '12', '1', 'Shop Home', '', '%www%/vip/shop', '2');
INSERT INTO `site_navi` VALUES ('14', '1', '2', 'My Page', '', '%www%/home/%habboName%', '2');
INSERT INTO `site_navi` VALUES ('15', '1', '4', 'iSpaz Club', '', '%www%/credits/uberclub', '2');
INSERT INTO `site_navi` VALUES ('16', '5', '3', 'iSpaz Staff', '', '%www%/community/staff', '1');
INSERT INTO `site_navi` VALUES ('17', '5', '2', 'News', '', '%www%/articles', '1');
INSERT INTO `site_navi` VALUES ('18', '12', '2', 'Get Points', '', '%www%/vip/getpoints', '2');
INSERT INTO `site_navi` VALUES ('19', '5', '4', 'Staff Blog', '', '/blog', '0');

-- ----------------------------
-- Table structure for `site_news`
-- ----------------------------
CREATE TABLE `site_news` (
  `id` int(10) unsigned NOT NULL AUTO_INCREMENT,
  `seo_link` varchar(120) NOT NULL DEFAULT 'news-article',
  `title` text NOT NULL,
  `category_id` int(10) unsigned NOT NULL DEFAULT '1',
  `topstory_image` text NOT NULL,
  `body` text NOT NULL,
  `snippet` text NOT NULL,
  `datestr` varchar(50) NOT NULL,
  `timestamp` int(11) NOT NULL,
  PRIMARY KEY (`id`)
) ENGINE=MyISAM AUTO_INCREMENT=2 DEFAULT CHARSET=latin1;

-- ----------------------------
-- Records of site_news
-- ----------------------------
INSERT INTO `site_news` VALUES ('1', 'ispaz-is-back', 'iSpaz is back!', '4', 'http://localhost/images/ts/ts_generic_8.gif', '<h1 style=\"text-align: center;\">iSpaz is BACK!</h1>\r\n<p>&nbsp;</p>\r\n<p>Welcome back to iSpaz Hotel ~ The best habbo retro online ~</p>\r\n<p>&nbsp;</p>\r\n<p>We are/was a very popular hotel. We are run on a highly stable VPS from myhosting.</p>\r\n<p>Our emulator is one of the most highly featured on the net. With the following:</p>\r\n<p>&nbsp;</p>\r\n<p>Moonwalk (For everybody)</p>\r\n<p>HC Reminders (When you run out)</p>\r\n<p>Stabibility - Coming super soon!</p>\r\n<p>Very amazing catalog (For everyone)</p>\r\n<p>&nbsp;</p>\r\n<p>We will update the news continually to show new updates.</p>\r\n<p>&nbsp;</p>\r\n<p>I write to much more, but for now..this is all I am writing now. Have Fun ~</p>', 'Welcome back to iSpaz...', '25-Sep-2010', '1285463973');

-- ----------------------------
-- Table structure for `site_news_categories`
-- ----------------------------
CREATE TABLE `site_news_categories` (
  `id` int(10) unsigned NOT NULL AUTO_INCREMENT,
  `caption` text NOT NULL,
  PRIMARY KEY (`id`)
) ENGINE=MyISAM AUTO_INCREMENT=13 DEFAULT CHARSET=latin1;

-- ----------------------------
-- Records of site_news_categories
-- ----------------------------
INSERT INTO `site_news_categories` VALUES ('12', 'Uncategorized');
INSERT INTO `site_news_categories` VALUES ('1', 'Uber');
INSERT INTO `site_news_categories` VALUES ('2', 'Technical');
INSERT INTO `site_news_categories` VALUES ('3', 'Updates');
INSERT INTO `site_news_categories` VALUES ('4', 'Competitions');
INSERT INTO `site_news_categories` VALUES ('5', 'Polls');
INSERT INTO `site_news_categories` VALUES ('6', 'Sponsored');
INSERT INTO `site_news_categories` VALUES ('7', 'Credits');
INSERT INTO `site_news_categories` VALUES ('8', 'Uber Club');
INSERT INTO `site_news_categories` VALUES ('9', 'VIP');
INSERT INTO `site_news_categories` VALUES ('10', 'Furni');
INSERT INTO `site_news_categories` VALUES ('11', 'Support');

-- ----------------------------
-- Table structure for `tele_links`
-- ----------------------------
CREATE TABLE `tele_links` (
  `tele_one_id` int(10) unsigned NOT NULL,
  `tele_two_id` int(10) unsigned NOT NULL,
  KEY `tele_one_id` (`tele_one_id`)
) ENGINE=MyISAM DEFAULT CHARSET=latin1;

-- ----------------------------
-- Records of tele_links
-- ----------------------------

-- ----------------------------
-- Table structure for `users`
-- ----------------------------
CREATE TABLE `users` (
  `id` int(11) unsigned NOT NULL AUTO_INCREMENT,
  `username` varchar(50) NOT NULL,
  `real_name` varchar(100) NOT NULL DEFAULT '',
  `password` varchar(50) NOT NULL,
  `mail` varchar(50) NOT NULL DEFAULT 'defaultuser@meth0d.org',
  `auth_ticket` text NOT NULL,
  `rank` int(11) unsigned NOT NULL DEFAULT '1',
  `credits` int(11) NOT NULL DEFAULT '0',
  `vip_points` int(11) NOT NULL DEFAULT '0',
  `activity_points` int(11) NOT NULL DEFAULT '0',
  `activity_points_lastupdate` double NOT NULL DEFAULT '0',
  `look` varchar(100) NOT NULL DEFAULT 'hr-115-42.hd-190-1.ch-215-62.lg-285-91.sh-290-62',
  `gender` enum('M','F') NOT NULL DEFAULT 'M',
  `motto` varchar(50) NOT NULL,
  `account_created` varchar(50) NOT NULL,
  `last_online` varchar(50) NOT NULL,
  `online` enum('0','1') NOT NULL DEFAULT '0',
  `ip_last` varchar(120) NOT NULL,
  `ip_reg` varchar(120) NOT NULL,
  `home_room` int(10) unsigned NOT NULL DEFAULT '0',
  `respect` int(11) NOT NULL DEFAULT '0',
  `daily_respect_points` int(11) NOT NULL DEFAULT '3',
  `daily_pet_respect_points` int(11) NOT NULL DEFAULT '3',
  `newbie_status` int(11) NOT NULL DEFAULT '0',
  `is_muted` enum('0','1') NOT NULL DEFAULT '0',
  `mutant_penalty` enum('0','1','2') NOT NULL DEFAULT '0',
  `mutant_penalty_expire` int(11) NOT NULL DEFAULT '0',
  `block_newfriends` enum('0','1') NOT NULL DEFAULT '0',
  PRIMARY KEY (`id`)
) ENGINE=MyISAM AUTO_INCREMENT=3 DEFAULT CHARSET=latin1;

-- ----------------------------
-- Records of users
-- ----------------------------
INSERT INTO `users` VALUES ('1', 'josh', '', 'c7c336444dff0e5bb3780afd0d7d8bcddf7d61a3', 'j@j.com', '', '7', '3000', '0', '5380', '1288794850.61661', 'hd-180-1.ch-210-66.lg-270-82.sh-290-91.hr-100-', 'M', '', '24-Sep-2010', '10/27/2010 10:37:18 AM', '1', '127.0.0.1', '', '0', '0', '3', '3', '2', '0', '0', '0', '0');
INSERT INTO `users` VALUES ('2', 'test', '', 'c7c336444dff0e5bb3780afd0d7d8bcddf7d61a3', 'll@l.com', '', '1', '3000', '0', '1710', '1285450125.9335', 'hd-180-1.ch-210-66.lg-270-82.sh-290-91.hr-100-', 'M', 'hi', '25-Sep-2010', '9/25/2010 3:11:50 PM', '0', '127.0.0.1', '', '0', '0', '3', '3', '2', '0', '0', '0', '0');

-- ----------------------------
-- Table structure for `user_achievements`
-- ----------------------------
CREATE TABLE `user_achievements` (
  `user_id` int(10) unsigned NOT NULL,
  `achievement_id` int(10) unsigned NOT NULL,
  `achievement_level` int(11) NOT NULL,
  KEY `user_id` (`user_id`)
) ENGINE=MyISAM DEFAULT CHARSET=latin1;

-- ----------------------------
-- Records of user_achievements
-- ----------------------------
INSERT INTO `user_achievements` VALUES ('7', '11', '1');
INSERT INTO `user_achievements` VALUES ('8', '11', '1');
INSERT INTO `user_achievements` VALUES ('1', '12', '6');
INSERT INTO `user_achievements` VALUES ('2', '12', '2');

-- ----------------------------
-- Table structure for `user_badges`
-- ----------------------------
CREATE TABLE `user_badges` (
  `user_id` int(10) unsigned NOT NULL,
  `badge_id` varchar(100) NOT NULL,
  `badge_slot` int(11) NOT NULL DEFAULT '0',
  KEY `user_id` (`user_id`)
) ENGINE=MyISAM DEFAULT CHARSET=latin1;

-- ----------------------------
-- Records of user_badges
-- ----------------------------
INSERT INTO `user_badges` VALUES ('7', 'Z63', '0');
INSERT INTO `user_badges` VALUES ('7', 'ACH_BasicClub1', '0');
INSERT INTO `user_badges` VALUES ('8', 'Z63', '0');
INSERT INTO `user_badges` VALUES ('1', 'ACH_RoomEntry6', '0');
INSERT INTO `user_badges` VALUES ('2', 'ACH_RoomEntry2', '0');
INSERT INTO `user_badges` VALUES ('2', 'HC1', '0');
INSERT INTO `user_badges` VALUES ('2', 'ACH_BasicClub1', '0');

-- ----------------------------
-- Table structure for `user_effects`
-- ----------------------------
CREATE TABLE `user_effects` (
  `user_id` int(10) unsigned NOT NULL,
  `effect_id` int(11) NOT NULL DEFAULT '1',
  `total_duration` int(11) NOT NULL DEFAULT '3600',
  `is_activated` enum('0','1') NOT NULL DEFAULT '0',
  `activated_stamp` double NOT NULL DEFAULT '0',
  KEY `user_id` (`user_id`)
) ENGINE=MyISAM DEFAULT CHARSET=latin1;

-- ----------------------------
-- Records of user_effects
-- ----------------------------

-- ----------------------------
-- Table structure for `user_favorites`
-- ----------------------------
CREATE TABLE `user_favorites` (
  `user_id` int(10) unsigned NOT NULL,
  `room_id` int(10) unsigned NOT NULL,
  KEY `user_id` (`user_id`)
) ENGINE=MyISAM DEFAULT CHARSET=latin1;

-- ----------------------------
-- Records of user_favorites
-- ----------------------------

-- ----------------------------
-- Table structure for `user_ignores`
-- ----------------------------
CREATE TABLE `user_ignores` (
  `user_id` int(10) unsigned NOT NULL,
  `ignore_id` int(10) unsigned NOT NULL,
  KEY `user_id` (`user_id`)
) ENGINE=MyISAM DEFAULT CHARSET=latin1;

-- ----------------------------
-- Records of user_ignores
-- ----------------------------

-- ----------------------------
-- Table structure for `user_info`
-- ----------------------------
CREATE TABLE `user_info` (
  `user_id` int(11) NOT NULL,
  `bans` int(11) NOT NULL DEFAULT '0',
  `cautions` int(11) NOT NULL DEFAULT '0',
  `reg_timestamp` double NOT NULL DEFAULT '0',
  `login_timestamp` double NOT NULL DEFAULT '0',
  `cfhs` int(11) NOT NULL DEFAULT '0',
  `cfhs_abusive` int(11) NOT NULL DEFAULT '0',
  PRIMARY KEY (`user_id`)
) ENGINE=MyISAM DEFAULT CHARSET=latin1;

-- ----------------------------
-- Records of user_info
-- ----------------------------
INSERT INTO `user_info` VALUES ('1', '0', '0', '1285362402', '1288794850.4356', '0', '0');
INSERT INTO `user_info` VALUES ('2', '0', '0', '1285427449', '1285445299.10891', '0', '0');

-- ----------------------------
-- Table structure for `user_items`
-- ----------------------------
CREATE TABLE `user_items` (
  `id` int(10) unsigned NOT NULL,
  `user_id` int(10) unsigned NOT NULL,
  `base_item` int(10) unsigned NOT NULL,
  `extra_data` text NOT NULL,
  PRIMARY KEY (`id`)
) ENGINE=MyISAM DEFAULT CHARSET=latin1;

-- ----------------------------
-- Records of user_items
-- ----------------------------
INSERT INTO `user_items` VALUES ('11', '2', '320', '0');
INSERT INTO `user_items` VALUES ('12', '2', '320', '0');
INSERT INTO `user_items` VALUES ('13', '2', '437', '');
INSERT INTO `user_items` VALUES ('14', '2', '437', '');
INSERT INTO `user_items` VALUES ('17', '1', '437', '');

-- ----------------------------
-- Table structure for `user_pets`
-- ----------------------------
CREATE TABLE `user_pets` (
  `id` int(10) unsigned NOT NULL AUTO_INCREMENT,
  `user_id` int(10) unsigned NOT NULL,
  `room_id` int(10) unsigned NOT NULL,
  `name` varchar(32) NOT NULL DEFAULT 'Unnamed',
  `race` varchar(3) NOT NULL DEFAULT '000',
  `color` varchar(6) NOT NULL DEFAULT 'FFFFFF',
  `type` int(10) unsigned NOT NULL,
  `expirience` int(11) NOT NULL,
  `energy` int(11) NOT NULL,
  `nutrition` int(11) NOT NULL DEFAULT '100',
  `respect` int(11) NOT NULL DEFAULT '0',
  `createstamp` double NOT NULL DEFAULT '0',
  `x` int(11) NOT NULL DEFAULT '0',
  `y` int(11) NOT NULL DEFAULT '0',
  `z` double NOT NULL DEFAULT '0',
  PRIMARY KEY (`id`),
  KEY `user_id` (`user_id`)
) ENGINE=MyISAM AUTO_INCREMENT=8 DEFAULT CHARSET=latin1;

-- ----------------------------
-- Records of user_pets
-- ----------------------------
INSERT INTO `user_pets` VALUES ('1', '2', '5522', 'Josh', '000', 'FFFFFF', '0', '10', '105', '100', '0', '1285428710.19092', '0', '0', '0');
INSERT INTO `user_pets` VALUES ('2', '2', '5522', 'hi', '000', 'FFFFFF', '0', '0', '100', '100', '0', '1285429800.7813', '0', '0', '0');
INSERT INTO `user_pets` VALUES ('3', '2', '5522', 'lol', '000', 'FF7B3A', '0', '0', '100', '100', '0', '1285429811.05889', '0', '0', '0');
INSERT INTO `user_pets` VALUES ('4', '2', '5522', 'cr', '000', 'FCFAD3', '0', '0', '100', '100', '0', '1285429833.9592', '0', '0', '0');
INSERT INTO `user_pets` VALUES ('5', '2', '5522', 'ta', '000', 'FFFFFF', '0', '0', '100', '100', '0', '1285429844.87682', '0', '0', '0');
INSERT INTO `user_pets` VALUES ('6', '2', '5523', 'jb', '000', 'FFFFFF', '3', '0', '100', '100', '0', '1285430982.05086', '0', '0', '0');
INSERT INTO `user_pets` VALUES ('7', '2', '5523', 'h34', '000', 'FF7B3A', '1', '0', '100', '100', '0', '1285431010.81151', '0', '0', '0');

-- ----------------------------
-- Table structure for `user_presents`
-- ----------------------------
CREATE TABLE `user_presents` (
  `item_id` int(10) unsigned NOT NULL,
  `base_id` int(10) unsigned NOT NULL,
  `amount` int(11) NOT NULL,
  `extra_data` text NOT NULL,
  KEY `item_id` (`item_id`)
) ENGINE=MyISAM DEFAULT CHARSET=latin1;

-- ----------------------------
-- Records of user_presents
-- ----------------------------

-- ----------------------------
-- Table structure for `user_roomvisits`
-- ----------------------------
CREATE TABLE `user_roomvisits` (
  `user_id` int(10) unsigned NOT NULL,
  `room_id` int(10) unsigned NOT NULL,
  `entry_timestamp` double NOT NULL,
  `exit_timestamp` double NOT NULL,
  `hour` int(11) NOT NULL,
  `minute` int(11) NOT NULL,
  KEY `user_id` (`user_id`)
) ENGINE=MyISAM DEFAULT CHARSET=latin1;

-- ----------------------------
-- Records of user_roomvisits
-- ----------------------------
INSERT INTO `user_roomvisits` VALUES ('1', '5527', '1288794857.02098', '0', '10', '34');

-- ----------------------------
-- Table structure for `user_subscriptions`
-- ----------------------------
CREATE TABLE `user_subscriptions` (
  `user_id` int(10) unsigned NOT NULL,
  `subscription_id` varchar(50) NOT NULL,
  `timestamp_activated` int(11) NOT NULL,
  `timestamp_expire` int(11) NOT NULL,
  KEY `user_id` (`user_id`)
) ENGINE=MyISAM DEFAULT CHARSET=latin1;

-- ----------------------------
-- Records of user_subscriptions
-- ----------------------------
INSERT INTO `user_subscriptions` VALUES ('7', 'habbo_club', '1279498114', '1295568514');
INSERT INTO `user_subscriptions` VALUES ('2', 'habbo_club', '1285431289', '1293466489');

-- ----------------------------
-- Table structure for `user_tags`
-- ----------------------------
CREATE TABLE `user_tags` (
  `id` int(11) NOT NULL AUTO_INCREMENT,
  `user_id` int(10) unsigned NOT NULL,
  `tag` varchar(100) NOT NULL,
  PRIMARY KEY (`id`),
  KEY `user_id` (`user_id`)
) ENGINE=MyISAM DEFAULT CHARSET=latin1;

-- ----------------------------
-- Records of user_tags
-- ----------------------------

-- ----------------------------
-- Table structure for `user_wardrobe`
-- ----------------------------
CREATE TABLE `user_wardrobe` (
  `user_id` int(10) unsigned NOT NULL,
  `slot_id` int(10) unsigned NOT NULL,
  `look` varchar(120) NOT NULL,
  `gender` enum('F','M') NOT NULL DEFAULT 'M',
  KEY `user_id` (`user_id`)
) ENGINE=MyISAM DEFAULT CHARSET=latin1;

-- ----------------------------
-- Records of user_wardrobe
-- ----------------------------

-- ----------------------------
-- Table structure for `vip_items`
-- ----------------------------
CREATE TABLE `vip_items` (
  `id` int(10) unsigned NOT NULL AUTO_INCREMENT,
  `type` varchar(120) NOT NULL,
  `name` text NOT NULL,
  `descr` text NOT NULL,
  `price` int(11) NOT NULL DEFAULT '5',
  `image` varchar(120) NOT NULL DEFAULT '',
  `featured` enum('0','1') NOT NULL DEFAULT '1',
  PRIMARY KEY (`id`)
) ENGINE=MyISAM AUTO_INCREMENT=2 DEFAULT CHARSET=latin1;

-- ----------------------------
-- Records of vip_items
-- ----------------------------
INSERT INTO `vip_items` VALUES ('1', 'cr5000', 'Instant credits update - 5000 credits', 'This will set your credits balance to 5000. This is considered a refill only, meaning your credits balance will *not* go above 5000 by purchasing this product.', '5', '%www%/images/money_stash.png', '1');

-- ----------------------------
-- Table structure for `wiredaction`
-- ----------------------------
CREATE TABLE `wiredaction` (
  `slotid` int(11) NOT NULL,
  `typeaction` varchar(10) NOT NULL,
  `whataction` varchar(10) NOT NULL,
  `itemid` int(11) DEFAULT NULL
) ENGINE=MyISAM DEFAULT CHARSET=latin1;

-- ----------------------------
-- Records of wiredaction
-- ----------------------------
INSERT INTO `wiredaction` VALUES ('1', 'kick', '', '0');
INSERT INTO `wiredaction` VALUES ('1', 'status', '1', '10');
INSERT INTO `wiredaction` VALUES ('1', 'status', '0', '10');

-- ----------------------------
-- Table structure for `wiredtrigger`
-- ----------------------------
CREATE TABLE `wiredtrigger` (
  `slotid` int(10) NOT NULL,
  `roomid` int(10) NOT NULL,
  `triggertype` varchar(10) NOT NULL,
  `whattrigger` varchar(10) NOT NULL,
  PRIMARY KEY (`slotid`)
) ENGINE=MyISAM DEFAULT CHARSET=latin1;

-- ----------------------------
-- Records of wiredtrigger
-- ----------------------------
INSERT INTO `wiredtrigger` VALUES ('1', '5520', 'walkon', '11');
